
--
-- Table structure for table `prstshp_gender`
--

CREATE TABLE `prstshp_gender` (
  `id_gender` int(11) NOT NULL AUTO_INCREMENT,
  `type` tinyint(1) NOT NULL,
  PRIMARY KEY (`id_gender`)
) ENGINE=InnoDB AUTO_INCREMENT=5 DEFAULT CHARSET=utf8mb4 ROW_FORMAT=DYNAMIC;

--
-- Dumping data for table `prstshp_gender`
--

INSERT INTO `prstshp_gender` VALUES (1,0),(2,1),(4,2);

--
-- Table structure for table `prstshp_gender_lang`
--

CREATE TABLE `prstshp_gender_lang` (
  `id_gender` int(10) unsigned NOT NULL,
  `id_lang` int(10) unsigned NOT NULL,
  `name` varchar(20) NOT NULL,
  PRIMARY KEY (`id_gender`,`id_lang`),
  KEY `id_gender` (`id_gender`)
) ENGINE=InnoDB DEFAULT CHARSET=utf8mb4 ROW_FORMAT=DYNAMIC;

--
-- Dumping data for table `prstshp_gender_lang`
--

INSERT INTO `prstshp_gender_lang` VALUES (1,1,'Mr.'),(1,2,'M.'),(1,3,'Sr.'),(1,4,'Herr'),(1,5,'Sig.'),(1,7,'Sig.'),(2,1,'Ms.'),(2,2,'Mme'),(2,3,'Sra.'),(2,4,'Frau'),(2,5,'Sig.ra'),(2,7,'Sig.ra'),(4,1,'Unknown'),(4,2,'Inconnu'),(4,4,'Neutral'),(4,7,'Neutrale');

--
-- Table structure for table `prstshp_group`
--

CREATE TABLE `prstshp_group` (
  `id_group` int(10) unsigned NOT NULL AUTO_INCREMENT,
  `reduction` decimal(5,2) NOT NULL DEFAULT '0.00',
  `price_display_method` tinyint(4) NOT NULL DEFAULT '0',
  `show_prices` tinyint(1) unsigned NOT NULL DEFAULT '1',
  `date_add` datetime NOT NULL,
  `date_upd` datetime NOT NULL,
  PRIMARY KEY (`id_group`)
) ENGINE=InnoDB AUTO_INCREMENT=5 DEFAULT CHARSET=utf8mb4 ROW_FORMAT=DYNAMIC;

--
-- Dumping data for table `prstshp_group`
--

INSERT INTO `prstshp_group` VALUES (1,0.00,0,1,'2012-02-12 17:57:10','2013-01-23 10:23:44'),(2,0.00,0,1,'2013-09-24 14:02:15','2016-03-01 22:24:03'),(3,0.00,0,1,'2013-01-23 10:12:11','2013-01-23 10:12:11'),(4,0.00,0,1,'2013-01-23 10:30:38','2013-01-23 10:30:38');

--
-- Table structure for table `prstshp_group_lang`
--

CREATE TABLE `prstshp_group_lang` (
  `id_group` int(10) unsigned NOT NULL,
  `id_lang` int(10) unsigned NOT NULL,
  `name` varchar(32) NOT NULL,
  PRIMARY KEY (`id_group`,`id_lang`)
) ENGINE=InnoDB DEFAULT CHARSET=utf8mb4 ROW_FORMAT=DYNAMIC;

--
-- Dumping data for table `prstshp_group_lang`
--

INSERT INTO `prstshp_group_lang` VALUES (1,1,'All shop clients'),(1,2,'All shop clients'),(1,4,'Alle Shop-Kunden'),(1,7,'Alle Shop-Kunden'),(2,1,'Visitor'),(2,2,'Visiteur'),(2,4,'Gast'),(2,7,'Ospite'),(3,1,'Fenn Dealers Europe'),(3,2,'Fenn Dealers Europe'),(3,4,'Fenn Dealers Europe'),(3,7,'Fenn Dealers Europe'),(4,1,'DLRG'),(4,2,'DLRG'),(4,4,'DLRG'),(4,7,'DLRG');

--
-- Table structure for table `prstshp_group_reduction`
--

CREATE TABLE `prstshp_group_reduction` (
  `id_group_reduction` mediumint(8) unsigned NOT NULL AUTO_INCREMENT,
  `id_group` int(10) unsigned NOT NULL,
  `id_category` int(10) unsigned NOT NULL,
  `reduction` decimal(5,4) NOT NULL DEFAULT '0.0000',
  PRIMARY KEY (`id_group_reduction`),
  UNIQUE KEY `id_group` (`id_group`,`id_category`)
) ENGINE=InnoDB DEFAULT CHARSET=utf8mb4 ROW_FORMAT=DYNAMIC;

--
-- Dumping data for table `prstshp_group_reduction`
--


--
-- Table structure for table `prstshp_group_shop`
--

CREATE TABLE `prstshp_group_shop` (
  `id_group` int(11) unsigned NOT NULL,
  `id_shop` int(11) unsigned NOT NULL,
  PRIMARY KEY (`id_group`,`id_shop`),
  KEY `id_shop` (`id_shop`)
) ENGINE=InnoDB DEFAULT CHARSET=utf8mb4 ROW_FORMAT=DYNAMIC;

--
-- Dumping data for table `prstshp_group_shop`
--

INSERT INTO `prstshp_group_shop` VALUES (1,1),(2,1),(3,1),(4,1);

--
-- Table structure for table `prstshp_gsitemap_sitemap`
--

CREATE TABLE `prstshp_gsitemap_sitemap` (
  `link` varchar(255) DEFAULT NULL,
  `id_shop` int(11) DEFAULT '0'
) ENGINE=InnoDB DEFAULT CHARSET=utf8;

--
-- Dumping data for table `prstshp_gsitemap_sitemap`
--

INSERT INTO `prstshp_gsitemap_sitemap` VALUES ('1_en_0_sitemap.xml',1),('1_fr_0_sitemap.xml',1),('1_de_0_sitemap.xml',1);

--
-- Table structure for table `prstshp_guest`
--

CREATE TABLE `prstshp_guest` (
  `id_guest` int(10) unsigned NOT NULL AUTO_INCREMENT,
  `id_operating_system` int(10) unsigned DEFAULT NULL,
  `id_web_browser` int(10) unsigned DEFAULT NULL,
  `id_customer` int(10) unsigned DEFAULT NULL,
  `javascript` tinyint(1) DEFAULT '0',
  `screen_resolution_x` smallint(5) unsigned DEFAULT NULL,
  `screen_resolution_y` smallint(5) unsigned DEFAULT NULL,
  `screen_color` tinyint(3) unsigned DEFAULT NULL,
  `sun_java` tinyint(1) DEFAULT NULL,
  `adobe_flash` tinyint(1) DEFAULT NULL,
  `adobe_director` tinyint(1) DEFAULT NULL,
  `apple_quicktime` tinyint(1) DEFAULT NULL,
  `real_player` tinyint(1) DEFAULT NULL,
  `windows_media` tinyint(1) DEFAULT NULL,
  `accept_language` varchar(8) DEFAULT NULL,
  `mobile_theme` tinyint(1) NOT NULL DEFAULT '0',
  PRIMARY KEY (`id_guest`),
  KEY `id_customer` (`id_customer`),
  KEY `id_operating_system` (`id_operating_system`),
  KEY `id_web_browser` (`id_web_browser`)
) ENGINE=InnoDB AUTO_INCREMENT=2874544 DEFAULT CHARSET=utf8mb4;

--
-- Dumping data for table `prstshp_guest`
--

INSERT INTO `prstshp_guest` VALUES (1285,0,11,5334,0,0,0,0,0,0,0,0,0,0,'de',0),(1549,0,3,5318,0,0,0,0,0,0,0,0,0,0,'de',0),(2020,3,1,5319,0,0,0,0,0,0,0,0,0,0,'de-de',0),(2930,0,10,5320,0,0,0,0,0,0,0,0,0,0,'de',0),(3392,0,11,5329,0,0,0,0,0,0,0,0,0,0,'de',1),(4762,0,11,5332,0,0,0,0,0,0,0,0,0,0,'fr',1),(5193,0,0,5257,0,0,0,0,0,0,0,0,0,0,'',0),(7243,0,3,133,0,0,0,0,0,0,0,0,0,0,'de',0),(9907,0,11,2363,0,0,0,0,0,0,0,0,0,0,'de',0),(10976,0,11,5405,0,0,0,0,0,0,0,0,0,0,'de',1),(11106,0,0,4943,0,0,0,0,0,0,0,0,0,0,'',0),(11691,0,0,5333,0,0,0,0,0,0,0,0,0,0,'',0),(13664,3,1,5335,0,0,0,0,0,0,0,0,0,0,'de-de',0),(13742,3,1,5336,0,0,0,0,0,0,0,0,0,0,'de-at',1),(14659,3,1,5339,0,0,0,0,0,0,0,0,0,0,'cs-cz',1),(15136,0,0,1698,0,0,0,0,0,0,0,0,0,0,'',0),(15316,3,1,5340,0,0,0,0,0,0,0,0,0,0,'de-de',0),(17207,0,0,4055,0,0,0,0,0,0,0,0,0,0,'',0),(17235,0,11,5366,0,0,0,0,0,0,0,0,0,0,'en',0),(21500,3,1,5357,0,0,0,0,0,0,0,0,0,0,'fr-fr',0),(22274,0,3,5347,0,0,0,0,0,0,0,0,0,0,'de',0),(24078,0,11,5352,0,0,0,0,0,0,0,0,0,0,'de',1),(26207,3,1,5353,0,0,0,0,0,0,0,0,0,0,'de-de',1),(26517,0,3,205,0,0,0,0,0,0,0,0,0,0,'de',0),(35555,3,1,5371,0,0,0,0,0,0,0,0,0,0,'de-de',1),(40339,0,11,5372,0,0,0,0,0,0,0,0,0,0,'de',0),(40517,0,10,5373,0,0,0,0,0,0,0,0,0,0,'fr',0),(44017,0,3,5375,0,0,0,0,0,0,0,0,0,0,'de',0),(47774,0,0,5391,0,0,0,0,0,0,0,0,0,0,'',0),(47796,0,10,5398,0,0,0,0,0,0,0,0,0,0,'de',0),(48154,0,11,5382,0,0,0,0,0,0,0,0,0,0,'de',0),(51116,0,11,1403,0,0,0,0,0,0,0,0,0,0,'de',0),(51205,0,0,733,0,0,0,0,0,0,0,0,0,0,'',0),(55753,0,11,1226,0,0,0,0,0,0,0,0,0,0,'fr',0),(56658,0,3,5389,0,0,0,0,0,0,0,0,0,0,'de',0),(56779,0,0,5387,0,0,0,0,0,0,0,0,0,0,'',0),(59258,0,3,5393,0,0,0,0,0,0,0,0,0,0,'de',0),(60849,0,11,5397,0,0,0,0,0,0,0,0,0,0,'fr',0),(60984,0,3,5411,0,0,0,0,0,0,0,0,0,0,'es',0),(61137,0,11,258,0,0,0,0,0,0,0,0,0,0,'de',0),(63790,0,0,4892,0,0,0,0,0,0,0,0,0,0,'',0),(70893,0,0,5412,0,0,0,0,0,0,0,0,0,0,'',0),(71035,0,0,4442,0,0,0,0,0,0,0,0,0,0,'',0),(72532,0,11,5414,0,0,0,0,0,0,0,0,0,0,'nl',0),(79653,0,3,5444,0,0,0,0,0,0,0,0,0,0,'de',0),(80063,3,1,5421,0,0,0,0,0,0,0,0,0,0,'de-de',0),(81549,3,11,5440,0,0,0,0,0,0,0,0,0,0,'de',0),(83831,0,3,5430,0,0,0,0,0,0,0,0,0,0,'de',0),(85178,0,3,5431,0,0,0,0,0,0,0,0,0,0,'de',0),(85441,0,11,4188,0,0,0,0,0,0,0,0,0,0,'de',1),(86832,0,3,5434,0,0,0,0,0,0,0,0,0,0,'de',0),(86951,0,11,5436,0,0,0,0,0,0,0,0,0,0,'de',0),(92013,0,0,5466,0,0,0,0,0,0,0,0,0,0,'',0),(92359,3,1,5464,0,0,0,0,0,0,0,0,0,0,'de-de',1),(96373,3,1,2661,0,0,0,0,0,0,0,0,0,0,'fr-fr',0),(98825,0,0,1062,0,0,0,0,0,0,0,0,0,0,'',0),(98913,0,3,5454,0,0,0,0,0,0,0,0,0,0,'fr',0),(99068,0,3,5455,0,0,0,0,0,0,0,0,0,0,'de',0),(99817,3,1,5458,0,0,0,0,0,0,0,0,0,0,'fr-be',1),(101017,0,10,5460,0,0,0,0,0,0,0,0,0,0,'de',0),(102410,0,3,5462,0,0,0,0,0,0,0,0,0,0,'de',0),(102954,3,1,4100,0,0,0,0,0,0,0,0,0,0,'nl',1),(109078,3,1,5473,0,0,0,0,0,0,0,0,0,0,'de-de',1),(110987,0,3,5478,0,0,0,0,0,0,0,0,0,0,'de',0),(111928,0,11,5479,0,0,0,0,0,0,0,0,0,0,'fr',0),(113137,0,11,5480,0,0,0,0,0,0,0,0,0,0,'es',0),(118347,0,11,5488,0,0,0,0,0,0,0,0,0,0,'de',1),(122284,0,0,5494,0,0,0,0,0,0,0,0,0,0,'',0),(122404,0,3,5495,0,0,0,0,0,0,0,0,0,0,'de',0),(122484,0,11,5496,0,0,0,0,0,0,0,0,0,0,'de',0),(124097,0,3,5501,0,0,0,0,0,0,0,0,0,0,'de',0),(125080,0,3,5505,0,0,0,0,0,0,0,0,0,0,'de',0),(128938,3,1,5509,0,0,0,0,0,0,0,0,0,0,'zh-tw',1),(131903,0,10,5511,0,0,0,0,0,0,0,0,0,0,'de',0),(132438,3,1,5515,0,0,0,0,0,0,0,0,0,0,'de-ch',1),(132727,0,11,4504,0,0,0,0,0,0,0,0,0,0,'de',0),(132833,0,3,5534,0,0,0,0,0,0,0,0,0,0,'de',0),(135269,3,1,5520,0,0,0,0,0,0,0,0,0,0,'de-ch',0),(138485,0,3,5524,0,0,0,0,0,0,0,0,0,0,'de',0),(140385,0,11,975,0,0,0,0,0,0,0,0,0,0,'de',1),(143081,0,0,5528,0,0,0,0,0,0,0,0,0,0,'',0),(143694,0,3,5531,0,0,0,0,0,0,0,0,0,0,'de',0),(146118,3,1,5539,0,0,0,0,0,0,0,0,0,0,'de-de',0),(147081,0,11,5532,0,0,0,0,0,0,0,0,0,0,'de',0),(149974,0,11,5533,0,0,0,0,0,0,0,0,0,0,'de',0),(157799,0,11,5541,0,0,0,0,0,0,0,0,0,0,'de',0),(158523,0,3,5542,0,0,0,0,0,0,0,0,0,0,'de',0),(159365,0,3,1330,0,0,0,0,0,0,0,0,0,0,'de',0),(173113,0,3,1271,0,0,0,0,0,0,0,0,0,0,'en',0),(173564,0,3,5557,0,0,0,0,0,0,0,0,0,0,'de',0),(174529,0,10,5555,0,0,0,0,0,0,0,0,0,0,'de',0),(174744,0,11,5556,0,0,0,0,0,0,0,0,0,0,'de',0),(174859,0,11,3614,0,0,0,0,0,0,0,0,0,0,'fr',0),(176295,3,1,5564,0,0,0,0,0,0,0,0,0,0,'de-de',1),(180311,0,0,5563,0,0,0,0,0,0,0,0,0,0,'',0),(181127,0,3,1785,0,0,0,0,0,0,0,0,0,0,'de',0),(181783,0,0,5565,0,0,0,0,0,0,0,0,0,0,'',0),(183993,0,3,5568,0,0,0,0,0,0,0,0,0,0,'de',0),(185028,3,1,5584,0,0,0,0,0,0,0,0,0,0,'de-ch',0),(186452,3,1,5570,0,0,0,0,0,0,0,0,0,0,'de-de',1),(189110,3,1,5572,0,0,0,0,0,0,0,0,0,0,'fr-fr',0),(194036,0,11,5576,0,0,0,0,0,0,0,0,0,0,'de',1),(194613,3,1,5581,0,0,0,0,0,0,0,0,0,0,'de-de',1),(196477,3,1,5588,0,0,0,0,0,0,0,0,0,0,'de-de',1),(200894,0,0,1017,0,0,0,0,0,0,0,0,0,0,'',0),(202717,0,11,5589,0,0,0,0,0,0,0,0,0,0,'de',1),(205009,0,11,5590,0,0,0,0,0,0,0,0,0,0,'fr',0),(206678,3,1,5595,0,0,0,0,0,0,0,0,0,0,'fr-fr',1),(216897,0,11,5604,0,0,0,0,0,0,0,0,0,0,'de',0),(218301,3,1,5607,0,0,0,0,0,0,0,0,0,0,'de-at',0),(218611,0,3,5610,0,0,0,0,0,0,0,0,0,0,'de',0),(219246,0,11,5611,0,0,0,0,0,0,0,0,0,0,'de',1),(219248,3,1,5636,0,0,0,0,0,0,0,0,0,0,'de-de',0),(226464,0,11,5616,0,0,0,0,0,0,0,0,0,0,'de',1),(226491,0,3,5617,0,0,0,0,0,0,0,0,0,0,'de',0),(228150,3,1,5620,0,0,0,0,0,0,0,0,0,0,'de-de',0),(228265,0,3,5621,0,0,0,0,0,0,0,0,0,0,'de',0),(229692,0,11,5622,0,0,0,0,0,0,0,0,0,0,'es',0),(232655,3,1,5623,0,0,0,0,0,0,0,0,0,0,'nb-no',1),(235130,0,11,5630,0,0,0,0,0,0,0,0,0,0,'de',1),(235281,0,11,5628,0,0,0,0,0,0,0,0,0,0,'de',0),(236452,0,11,5633,0,0,0,0,0,0,0,0,0,0,'de',0),(237684,0,11,5647,0,0,0,0,0,0,0,0,0,0,'de',1),(239732,3,1,5638,0,0,0,0,0,0,0,0,0,0,'de-de',1),(240705,0,11,5640,0,0,0,0,0,0,0,0,0,0,'fr',0),(241209,0,11,3677,0,0,0,0,0,0,0,0,0,0,'cs',0),(241907,0,11,5709,0,0,0,0,0,0,0,0,0,0,'de',0),(242612,3,1,5652,0,0,0,0,0,0,0,0,0,0,'es-es',1),(246875,0,11,1669,0,0,0,0,0,0,0,0,0,0,'de',0),(248188,0,11,5679,0,0,0,0,0,0,0,0,0,0,'de',0),(248901,0,11,5657,0,0,0,0,0,0,0,0,0,0,'fr',0),(251466,0,11,5659,0,0,0,0,0,0,0,0,0,0,'fr',1),(251576,0,11,5662,0,0,0,0,0,0,0,0,0,0,'de',1),(255004,0,11,4084,0,0,0,0,0,0,0,0,0,0,'de',1),(255634,0,3,5696,0,0,0,0,0,0,0,0,0,0,'de',0),(255645,3,1,5687,0,0,0,0,0,0,0,0,0,0,'fr-fr',1),(256569,0,11,5693,0,0,0,0,0,0,0,0,0,0,'de',1),(258778,3,1,5667,0,0,0,0,0,0,0,0,0,0,'de-de',0),(259166,3,1,5668,0,0,0,0,0,0,0,0,0,0,'de-de',0),(259355,0,11,5681,0,0,0,0,0,0,0,0,0,0,'de',1),(261693,3,1,5673,0,0,0,0,0,0,0,0,0,0,'de-ch',0),(261896,0,3,5701,0,0,0,0,0,0,0,0,0,0,'de',0),(263035,0,3,5676,0,0,0,0,0,0,0,0,0,0,'de',0),(263647,0,11,5680,0,0,0,0,0,0,0,0,0,0,'de',0),(265793,0,0,4650,0,0,0,0,0,0,0,0,0,0,'',0),(268514,3,1,4265,0,0,0,0,0,0,0,0,0,0,'de-de',1),(268515,0,3,5684,0,0,0,0,0,0,0,0,0,0,'de',0),(275896,0,0,1147,0,0,0,0,0,0,0,0,0,0,'',0),(280558,0,11,5707,0,0,0,0,0,0,0,0,0,0,'fr',0),(282087,0,0,5716,0,0,0,0,0,0,0,0,0,0,'',0),(282213,0,11,5714,0,0,0,0,0,0,0,0,0,0,'de',1),(285442,3,1,5717,0,0,0,0,0,0,0,0,0,0,'fr-fr',1),(286840,0,0,1793,0,0,0,0,0,0,0,0,0,0,'',0),(288300,0,11,2788,0,0,0,0,0,0,0,0,0,0,'de',0),(290794,0,11,5722,0,0,0,0,0,0,0,0,0,0,'de',1),(299979,0,11,5728,0,0,0,0,0,0,0,0,0,0,'en',1),(303147,3,1,5726,0,0,0,0,0,0,0,0,0,0,'de-de',0),(304422,0,11,5762,0,0,0,0,0,0,0,0,0,0,'de',1),(310424,3,1,5744,0,0,0,0,0,0,0,0,0,0,'de-de',1),(310462,0,3,5739,0,0,0,0,0,0,0,0,0,0,'fr',0),(312197,0,11,5745,0,0,0,0,0,0,0,0,0,0,'de',0),(313519,0,11,5749,0,0,0,0,0,0,0,0,0,0,'de',1),(317818,0,0,3878,0,0,0,0,0,0,0,0,0,0,'',0),(318669,0,11,5750,0,0,0,0,0,0,0,0,0,0,'de',0),(319886,0,11,5751,0,0,0,0,0,0,0,0,0,0,'de',1),(321467,0,11,5753,0,0,0,0,0,0,0,0,0,0,'de',0),(324897,0,0,4958,0,0,0,0,0,0,0,0,0,0,'',0),(329130,0,11,5761,0,0,0,0,0,0,0,0,0,0,'de',1),(334841,0,11,5767,0,0,0,0,0,0,0,0,0,0,'de',1),(336106,0,11,5768,0,0,0,0,0,0,0,0,0,0,'cs',0),(343544,0,3,5771,0,0,0,0,0,0,0,0,0,0,'de',0),(352127,0,11,5781,0,0,0,0,0,0,0,0,0,0,'fr',1),(353714,3,1,5778,0,0,0,0,0,0,0,0,0,0,'de-de',1),(353812,0,10,5779,0,0,0,0,0,0,0,0,0,0,'de',0),(353914,3,1,5780,0,0,0,0,0,0,0,0,0,0,'de-de',0),(354096,0,10,4579,0,0,0,0,0,0,0,0,0,0,'de',0),(354770,0,3,5804,0,0,0,0,0,0,0,0,0,0,'de',0),(354833,0,0,5741,0,0,0,0,0,0,0,0,0,0,'',0),(354944,0,11,5800,0,0,0,0,0,0,0,0,0,0,'de',1),(354975,0,11,5784,0,0,0,0,0,0,0,0,0,0,'de',0),(355661,0,11,5814,0,0,0,0,0,0,0,0,0,0,'de',0),(356357,3,11,5787,0,0,0,0,0,0,0,0,0,0,'fr',0),(356819,0,3,5788,0,0,0,0,0,0,0,0,0,0,'de',0),(358270,3,1,5802,0,0,0,0,0,0,0,0,0,0,'de-de',1),(358762,0,3,5792,0,0,0,0,0,0,0,0,0,0,'de',0),(361820,0,11,5810,0,0,0,0,0,0,0,0,0,0,'fr',0),(361829,0,11,5799,0,0,0,0,0,0,0,0,0,0,'de',1),(361912,3,1,5803,0,0,0,0,0,0,0,0,0,0,'de-de',1),(362044,0,0,5801,0,0,0,0,0,0,0,0,0,0,'',0),(362120,0,0,5832,0,0,0,0,0,0,0,0,0,0,'',0),(364391,0,11,5811,0,0,0,0,0,0,0,0,0,0,'de',0),(364753,0,11,5815,0,0,0,0,0,0,0,0,0,0,'fr',0),(365562,0,10,5817,0,0,0,0,0,0,0,0,0,0,'de',0),(365947,0,0,5820,0,0,0,0,0,0,0,0,0,0,'',0),(369588,0,11,1618,0,0,0,0,0,0,0,0,0,0,'nl',1),(370242,0,11,5823,0,0,0,0,0,0,0,0,0,0,'de',0),(372035,0,11,3384,0,0,0,0,0,0,0,0,0,0,'fr',0),(374016,0,3,5824,0,0,0,0,0,0,0,0,0,0,'fr',0),(376875,0,0,81,0,0,0,0,0,0,0,0,0,0,'',0),(376928,0,0,5831,0,0,0,0,0,0,0,0,0,0,'',0),(382310,0,11,5863,0,0,0,0,0,0,0,0,0,0,'de',0),(383325,0,0,5889,0,0,0,0,0,0,0,0,0,0,'',0),(383659,0,11,5854,0,0,0,0,0,0,0,0,0,0,'de',0),(384820,3,1,5862,0,0,0,0,0,0,0,0,0,0,'fr-fr',1),(386888,0,11,5873,0,0,0,0,0,0,0,0,0,0,'de',1),(387734,3,1,2603,0,0,0,0,0,0,0,0,0,0,'de-de',0),(390348,0,11,5897,0,0,0,0,0,0,0,0,0,0,'de',1),(392444,0,3,5895,0,0,0,0,0,0,0,0,0,0,'de',0),(397970,0,11,5896,0,0,0,0,0,0,0,0,0,0,'de',0),(398137,0,3,5899,0,0,0,0,0,0,0,0,0,0,'de',0),(403517,3,1,5906,0,0,0,0,0,0,0,0,0,0,'ca-es',1),(403592,0,3,1627,0,0,0,0,0,0,0,0,0,0,'de',0),(407700,0,11,5914,0,0,0,0,0,0,0,0,0,0,'en',1),(414619,0,11,5923,0,0,0,0,0,0,0,0,0,0,'de',1),(424089,0,11,5928,0,0,0,0,0,0,0,0,0,0,'de',1),(425761,0,0,5904,0,0,0,0,0,0,0,0,0,0,'',0),(429844,3,1,5931,0,0,0,0,0,0,0,0,0,0,'fr-fr',1),(430269,0,3,5937,0,0,0,0,0,0,0,0,0,0,'en',0),(431193,4,3,5934,0,0,0,0,0,0,0,0,0,0,'de',0),(431194,0,11,5947,0,0,0,0,0,0,0,0,0,0,'de',1),(435431,0,3,5942,0,0,0,0,0,0,0,0,0,0,'fr',0),(436208,0,3,75,0,0,0,0,0,0,0,0,0,0,'de',0),(436227,0,3,5943,0,0,0,0,0,0,0,0,0,0,'en',0),(436432,0,0,240,0,0,0,0,0,0,0,0,0,0,'',0),(437292,0,11,5945,0,0,0,0,0,0,0,0,0,0,'de',0),(439310,3,1,4228,0,0,0,0,0,0,0,0,0,0,'de-de',0),(439342,0,0,4007,0,0,0,0,0,0,0,0,0,0,'',0),(440500,3,1,5951,0,0,0,0,0,0,0,0,0,0,'fr-fr',1),(444961,0,0,5566,0,0,0,0,0,0,0,0,0,0,'',0),(448856,3,1,5963,0,0,0,0,0,0,0,0,0,0,'de-ch',0),(452149,0,11,5965,0,0,0,0,0,0,0,0,0,0,'de',0),(452162,0,10,2822,0,0,0,0,0,0,0,0,0,0,'de',0),(455443,0,11,5970,0,0,0,0,0,0,0,0,0,0,'de',0),(455741,0,11,5972,0,0,0,0,0,0,0,0,0,0,'de',1),(455957,0,11,5973,0,0,0,0,0,0,0,0,0,0,'de',0),(455979,0,0,5974,0,0,0,0,0,0,0,0,0,0,'',0),(457355,0,11,5976,0,0,0,0,0,0,0,0,0,0,'de',1),(457925,0,3,6048,0,0,0,0,0,0,0,0,0,0,'de',0),(460907,0,11,5987,0,0,0,0,0,0,0,0,0,0,'de',1),(462498,0,11,5991,0,0,0,0,0,0,0,0,0,0,'fr',0),(464783,3,1,5996,0,0,0,0,0,0,0,0,0,0,'fr-fr',1),(466024,0,11,5998,0,0,0,0,0,0,0,0,0,0,'de',0),(467647,0,10,5999,0,0,0,0,0,0,0,0,0,0,'de',0),(467912,3,1,4156,0,0,0,0,0,0,0,0,0,0,'de-de',0),(468504,0,3,6003,0,0,0,0,0,0,0,0,0,0,'de',0),(469669,0,3,2501,0,0,0,0,0,0,0,0,0,0,'de',0),(469913,0,0,6005,0,0,0,0,0,0,0,0,0,0,'',0),(474553,0,11,6014,0,0,0,0,0,0,0,0,0,0,'de',0),(475954,0,11,6016,0,0,0,0,0,0,0,0,0,0,'de',1),(477406,3,1,6032,0,0,0,0,0,0,0,0,0,0,'es-es',1),(479252,3,1,6024,0,0,0,0,0,0,0,0,0,0,'fr-fr',1),(483947,0,3,5202,0,0,0,0,0,0,0,0,0,0,'de',0),(486774,0,0,6041,0,0,0,0,0,0,0,0,0,0,'',0),(487025,0,11,6042,0,0,0,0,0,0,0,0,0,0,'de',0),(487195,0,0,6043,0,0,0,0,0,0,0,0,0,0,'',0),(491194,0,11,6096,0,0,0,0,0,0,0,0,0,0,'nl',0),(492461,0,10,6049,0,0,0,0,0,0,0,0,0,0,'de',0),(492517,0,11,6085,0,0,0,0,0,0,0,0,0,0,'en',0),(493182,0,11,6090,0,0,0,0,0,0,0,0,0,0,'nl',0),(495271,0,0,4889,0,0,0,0,0,0,0,0,0,0,'',0),(495491,0,11,6062,0,0,0,0,0,0,0,0,0,0,'de',1),(495967,0,11,6063,0,0,0,0,0,0,0,0,0,0,'fr',1),(498692,3,1,1580,0,0,0,0,0,0,0,0,0,0,'de-de',1),(501140,3,1,6091,0,0,0,0,0,0,0,0,0,0,'de-de',1),(502932,0,11,6071,0,0,0,0,0,0,0,0,0,0,'de',1),(505442,0,11,6075,0,0,0,0,0,0,0,0,0,0,'de',1),(506652,0,0,6079,0,0,0,0,0,0,0,0,0,0,'',0),(506760,0,11,6078,0,0,0,0,0,0,0,0,0,0,'fr',0),(510942,0,0,6092,0,0,0,0,0,0,0,0,0,0,'',0),(511018,3,1,6144,0,0,0,0,0,0,0,0,0,0,'de-de',0),(514616,0,11,6100,0,0,0,0,0,0,0,0,0,0,'nl',0),(514825,3,1,6101,0,0,0,0,0,0,0,0,0,0,'fr-fr',1),(516752,3,1,6105,0,0,0,0,0,0,0,0,0,0,'de-de',0),(520093,0,11,6107,0,0,0,0,0,0,0,0,0,0,'de',0),(520673,0,11,6110,0,0,0,0,0,0,0,0,0,0,'de',0),(520714,3,1,6111,0,0,0,0,0,0,0,0,0,0,'de-de',1),(526643,3,1,6116,0,0,0,0,0,0,0,0,0,0,'de-de',0),(526983,3,1,3313,0,0,0,0,0,0,0,0,0,0,'nb-no',1),(528076,0,11,3828,0,0,0,0,0,0,0,0,0,0,'de',0),(529917,0,11,6122,0,0,0,0,0,0,0,0,0,0,'de',0),(531893,3,1,6124,0,0,0,0,0,0,0,0,0,0,'de-de',0),(532213,3,1,6127,0,0,0,0,0,0,0,0,0,0,'da-dk',1),(533549,3,1,6128,0,0,0,0,0,0,0,0,0,0,'de-de',0),(537122,0,11,6142,0,0,0,0,0,0,0,0,0,0,'en',0),(539518,0,3,6136,0,0,0,0,0,0,0,0,0,0,'de',0),(539687,0,11,6137,0,0,0,0,0,0,0,0,0,0,'de',1),(539839,0,11,6138,0,0,0,0,0,0,0,0,0,0,'de',0),(539937,0,11,6140,0,0,0,0,0,0,0,0,0,0,'cs',0),(539940,0,11,6139,0,0,0,0,0,0,0,0,0,0,'fr',1),(543134,0,11,6148,0,0,0,0,0,0,0,0,0,0,'de',0),(543741,3,1,6175,0,0,0,0,0,0,0,0,0,0,'fr-fr',0),(545354,0,3,6151,0,0,0,0,0,0,0,0,0,0,'de',0),(546320,0,11,446,0,0,0,0,0,0,0,0,0,0,'de',0),(560996,3,11,6163,0,0,0,0,0,0,0,0,0,0,'de',0),(577512,0,0,6190,0,0,0,0,0,0,0,0,0,0,'',0),(583803,0,0,1033,0,0,0,0,0,0,0,0,0,0,'',0),(589780,0,3,6183,0,0,0,0,0,0,0,0,0,0,'de',1),(590870,0,3,6181,0,0,0,0,0,0,0,0,0,0,'de',0),(594029,0,0,4949,0,0,0,0,0,0,0,0,0,0,'',0),(598860,3,3,6184,0,0,0,0,0,0,0,0,0,0,'nb',0),(603561,0,3,6197,0,0,0,0,0,0,0,0,0,0,'de',0),(628729,3,1,6201,0,0,0,0,0,0,0,0,0,0,'de-de',0),(631875,3,1,6205,0,0,0,0,0,0,0,0,0,0,'fr-fr',0),(648276,0,11,6220,0,0,0,0,0,0,0,0,0,0,'fr',0),(653308,0,0,3950,0,0,0,0,0,0,0,0,0,0,'',0),(669921,0,3,6235,0,0,0,0,0,0,0,0,0,0,'de',0),(672196,3,1,6236,0,0,0,0,0,0,0,0,0,0,'de-at',0),(674253,3,1,6277,0,0,0,0,0,0,0,0,0,0,'de-ch',0),(674382,0,3,6259,0,0,0,0,0,0,0,0,0,0,'de',0),(678737,0,3,6244,0,0,0,0,0,0,0,0,0,0,'de',0),(678821,0,10,6245,0,0,0,0,0,0,0,0,0,0,'de',0),(684691,0,0,6255,0,0,0,0,0,0,0,0,0,0,'',0),(686330,0,11,6263,0,0,0,0,0,0,0,0,0,0,'fr',0),(692524,0,11,6267,0,0,0,0,0,0,0,0,0,0,'de',0),(692541,0,11,6270,0,0,0,0,0,0,0,0,0,0,'de',0),(696150,0,11,6275,0,0,0,0,0,0,0,0,0,0,'de',1),(699945,0,3,6292,0,0,0,0,0,0,0,0,0,0,'de',0),(700157,0,0,6285,0,0,0,0,0,0,0,0,0,0,'',0),(701352,3,1,6287,0,0,0,0,0,0,0,0,0,0,'de-de',0),(704500,0,11,6295,0,0,0,0,0,0,0,0,0,0,'de',0),(710918,3,11,6300,0,0,0,0,0,0,0,0,0,0,'da',0),(711812,0,11,6309,0,0,0,0,0,0,0,0,0,0,'de',1),(713563,0,0,2962,0,0,0,0,0,0,0,0,0,0,'',0),(713680,3,1,6315,0,0,0,0,0,0,0,0,0,0,'fr-fr',0),(714529,0,11,5367,0,0,0,0,0,0,0,0,0,0,'de',1),(715669,0,3,6310,0,0,0,0,0,0,0,0,0,0,'de',0),(715948,3,1,6313,0,0,0,0,0,0,0,0,0,0,'en-au',0),(716113,3,1,6324,0,0,0,0,0,0,0,0,0,0,'fr-fr',1),(719382,0,11,6317,0,0,0,0,0,0,0,0,0,0,'de',0),(723391,0,11,6322,0,0,0,0,0,0,0,0,0,0,'nl',1),(725918,0,0,6328,0,0,0,0,0,0,0,0,0,0,'',0),(726527,3,1,6325,0,0,0,0,0,0,0,0,0,0,'fr-fr',0),(734050,3,1,6361,0,0,0,0,0,0,0,0,0,0,'de-de',1),(741342,0,11,6336,0,0,0,0,0,0,0,0,0,0,'de',0),(772601,0,11,6374,0,0,0,0,0,0,0,0,0,0,'de',0),(774362,0,0,6369,0,0,0,0,0,0,0,0,0,0,'',0),(775184,0,11,6375,0,0,0,0,0,0,0,0,0,0,'de',0),(775940,0,3,6388,0,0,0,0,0,0,0,0,0,0,'de',0),(778866,0,0,6129,0,0,0,0,0,0,0,0,0,0,'',0),(779606,0,0,6379,0,0,0,0,0,0,0,0,0,0,'',0),(784583,0,11,6389,0,0,0,0,0,0,0,0,0,0,'nl',0),(785570,0,11,6400,0,0,0,0,0,0,0,0,0,0,'sv',0),(796149,0,0,1922,0,0,0,0,0,0,0,0,0,0,'',0),(796257,0,0,6397,0,0,0,0,0,0,0,0,0,0,'',0),(803337,0,3,6406,0,0,0,0,0,0,0,0,0,0,'de',0),(806435,0,0,6413,0,0,0,0,0,0,0,0,0,0,'',0),(814219,3,1,6448,0,0,0,0,0,0,0,0,0,0,'de-ch',0),(815743,0,0,4703,0,0,0,0,0,0,0,0,0,0,'',0),(817451,0,11,6431,0,0,0,0,0,0,0,0,0,0,'de',0),(818410,0,3,6426,0,0,0,0,0,0,0,0,0,0,'de',0),(819971,3,1,3617,0,0,0,0,0,0,0,0,0,0,'en',0),(820117,3,1,6430,0,0,0,0,0,0,0,0,0,0,'nl-nl',0),(821033,0,11,6465,0,0,0,0,0,0,0,0,0,0,'de',0),(821430,0,0,6432,0,0,0,0,0,0,0,0,0,0,'',0),(823129,0,0,6433,0,0,0,0,0,0,0,0,0,0,'',0),(824124,0,11,1546,0,0,0,0,0,0,0,0,0,0,'de',0),(824370,3,1,6435,0,0,0,0,0,0,0,0,0,0,'de-ch',1),(827634,0,11,6442,0,0,0,0,0,0,0,0,0,0,'de',0),(851131,0,0,6444,0,0,0,0,0,0,0,0,0,0,'',0),(863757,0,0,6445,0,0,0,0,0,0,0,0,0,0,'',0),(864019,0,3,6446,0,0,0,0,0,0,0,0,0,0,'de',0),(870172,0,0,6454,0,0,0,0,0,0,0,0,0,0,'',0),(872709,3,1,6455,0,0,0,0,0,0,0,0,0,0,'de-de',0),(874338,3,3,6456,0,0,0,0,0,0,0,0,0,0,'de',0),(875499,0,11,6458,0,0,0,0,0,0,0,0,0,0,'cs',0),(877781,0,0,4278,0,0,0,0,0,0,0,0,0,0,'',0),(880707,0,10,6488,0,0,0,0,0,0,0,0,0,0,'en',0),(887809,0,3,6470,0,0,0,0,0,0,0,0,0,0,'de',0),(888797,0,0,1757,0,0,0,0,0,0,0,0,0,0,'',0),(895725,0,11,6478,0,0,0,0,0,0,0,0,0,0,'fr',0),(896925,0,11,6479,0,0,0,0,0,0,0,0,0,0,'en',0),(900206,0,11,6480,0,0,0,0,0,0,0,0,0,0,'de',0),(900439,0,11,6495,0,0,0,0,0,0,0,0,0,0,'pt',1),(905978,0,0,6519,0,0,0,0,0,0,0,0,0,0,'',0),(908854,0,11,6494,0,0,0,0,0,0,0,0,0,0,'en',1),(916154,3,1,6497,0,0,0,0,0,0,0,0,0,0,'de-de',1),(918435,0,0,6508,0,0,0,0,0,0,0,0,0,0,'',0),(922644,0,0,3179,0,0,0,0,0,0,0,0,0,0,'',0),(926577,0,0,6512,0,0,0,0,0,0,0,0,0,0,'',0),(929323,0,11,6510,0,0,0,0,0,0,0,0,0,0,'en',1),(929434,0,11,6511,0,0,0,0,0,0,0,0,0,0,'nl',0),(933748,0,0,5822,0,0,0,0,0,0,0,0,0,0,'',0),(936167,0,3,6520,0,0,0,0,0,0,0,0,0,0,'fr',0),(943576,0,11,6575,0,0,0,0,0,0,0,0,0,0,'de',1),(948700,0,11,6535,0,0,0,0,0,0,0,0,0,0,'el',1),(949651,0,11,6548,0,0,0,0,0,0,0,0,0,0,'en',1),(950499,0,3,625,0,0,0,0,0,0,0,0,0,0,'de',0),(953949,0,11,6542,0,0,0,0,0,0,0,0,0,0,'es',1),(957289,0,11,6554,0,0,0,0,0,0,0,0,0,0,'de',1),(964679,0,3,6557,0,0,0,0,0,0,0,0,0,0,'de',0),(969090,0,3,6562,0,0,0,0,0,0,0,0,0,0,'de',0),(974686,0,11,6578,0,0,0,0,0,0,0,0,0,0,'de',0),(976342,0,0,6598,0,0,0,0,0,0,0,0,0,0,'',0),(980721,0,11,6574,0,0,0,0,0,0,0,0,0,0,'de',0),(983055,0,11,6580,0,0,0,0,0,0,0,0,0,0,'nl',0),(986128,0,3,6582,0,0,0,0,0,0,0,0,0,0,'de',0),(992075,0,11,6588,0,0,0,0,0,0,0,0,0,0,'zh',0),(992565,0,3,6591,0,0,0,0,0,0,0,0,0,0,'de',0),(992685,0,11,41,0,0,0,0,0,0,0,0,0,0,'de',0),(992757,0,11,769,0,0,0,0,0,0,0,0,0,0,'de',0),(994819,0,3,6593,0,0,0,0,0,0,0,0,0,0,'de',0),(996760,3,1,6594,0,0,0,0,0,0,0,0,0,0,'de-at',0),(996786,3,1,6613,0,0,0,0,0,0,0,0,0,0,'de-de',0),(1008006,3,1,6604,0,0,0,0,0,0,0,0,0,0,'fr-fr',1),(1010130,0,3,4400,0,0,0,0,0,0,0,0,0,0,'de',0),(1014760,3,1,6608,0,0,0,0,0,0,0,0,0,0,'de-ch',0),(1018204,3,1,6610,0,0,0,0,0,0,0,0,0,0,'de-de',0),(1021270,0,11,6611,0,0,0,0,0,0,0,0,0,0,'en',1),(1021802,0,0,2774,0,0,0,0,0,0,0,0,0,0,'',0),(1027888,3,1,6635,0,0,0,0,0,0,0,0,0,0,'de-de',1),(1028734,0,11,6625,0,0,0,0,0,0,0,0,0,0,'de',0),(1028948,0,0,6634,0,0,0,0,0,0,0,0,0,0,'',0),(1031484,0,11,6627,0,0,0,0,0,0,0,0,0,0,'hu',0),(1037509,3,1,6644,0,0,0,0,0,0,0,0,0,0,'fr-fr',1),(1046513,0,11,6640,0,0,0,0,0,0,0,0,0,0,'de',0),(1296980,0,0,6654,0,0,0,0,0,0,0,0,0,0,'',0),(1298029,0,3,6660,0,0,0,0,0,0,0,0,0,0,'de',0),(1309946,3,1,6664,0,0,0,0,0,0,0,0,0,0,'de-de',0),(1312923,0,11,2377,0,0,0,0,0,0,0,0,0,0,'es',0),(1316070,3,1,6662,0,0,0,0,0,0,0,0,0,0,'fr-fr',0),(1320707,0,11,6673,0,0,0,0,0,0,0,0,0,0,'fr',0),(1321899,0,11,4057,0,0,0,0,0,0,0,0,0,0,'el',0),(1324275,0,11,6669,0,0,0,0,0,0,0,0,0,0,'de',0),(1336354,3,1,6670,0,0,0,0,0,0,0,0,0,0,'da-dk',0),(1354955,4,11,6675,0,0,0,0,0,0,0,0,0,0,'fr',0),(1365496,3,3,6684,0,0,0,0,0,0,0,0,0,0,'de',0),(1376378,3,1,6686,0,0,0,0,0,0,0,0,0,0,'de-ch',0),(1395697,3,1,6704,0,0,0,0,0,0,0,0,0,0,'fr-fr',0),(1404697,0,0,2177,0,0,0,0,0,0,0,0,0,0,'',0),(1409696,0,0,6716,0,0,0,0,0,0,0,0,0,0,'',0),(1422847,0,3,6718,0,0,0,0,0,0,0,0,0,0,'de',0),(1422859,0,3,6719,0,0,0,0,0,0,0,0,0,0,'de',0),(1430825,0,0,3911,0,0,0,0,0,0,0,0,0,0,'',0),(1438918,0,11,6791,0,0,0,0,0,0,0,0,0,0,'en',0),(1445246,0,3,6731,0,0,0,0,0,0,0,0,0,0,'de',0),(1446771,0,3,6757,0,0,0,0,0,0,0,0,0,0,'nl',0),(1446918,0,0,2902,0,0,0,0,0,0,0,0,0,0,'',0),(1450139,3,1,6743,0,0,0,0,0,0,0,0,0,0,'de-ch',0),(1451673,0,11,6742,0,0,0,0,0,0,0,0,0,0,'de',0),(1451753,0,11,2575,0,0,0,0,0,0,0,0,0,0,'fr',1),(1452178,0,3,6769,0,0,0,0,0,0,0,0,0,0,'de',0),(1457667,0,11,6748,0,0,0,0,0,0,0,0,0,0,'fr',1),(1484406,0,0,6761,0,0,0,0,0,0,0,0,0,0,'',0),(1489626,0,11,6765,0,0,0,0,0,0,0,0,0,0,'nl',0),(1489778,0,11,6786,0,0,0,0,0,0,0,0,0,0,'fr',1),(1490169,0,3,6766,0,0,0,0,0,0,0,0,0,0,'de',0),(1498479,0,11,6782,0,0,0,0,0,0,0,0,0,0,'de',1),(1507830,0,11,6793,0,0,0,0,0,0,0,0,0,0,'fr',0),(1509172,0,0,6803,0,0,0,0,0,0,0,0,0,0,'',0),(1530514,0,11,6819,0,0,0,0,0,0,0,0,0,0,'de',0),(1532738,0,11,6822,0,0,0,0,0,0,0,0,0,0,'en',0),(1534854,0,3,1168,0,0,0,0,0,0,0,0,0,0,'fi',0),(1536383,0,11,6851,0,0,0,0,0,0,0,0,0,0,'nl',0),(1536498,0,11,6829,0,0,0,0,0,0,0,0,0,0,'fr',0),(1545444,0,0,6838,0,0,0,0,0,0,0,0,0,0,'',0),(1547039,0,11,6839,0,0,0,0,0,0,0,0,0,0,'de',1),(1555109,0,11,6845,0,0,0,0,0,0,0,0,0,0,'de',0),(1570354,0,11,6875,0,0,0,0,0,0,0,0,0,0,'de',0),(1577755,0,3,6878,0,0,0,0,0,0,0,0,0,0,'de',0),(1583723,3,1,6906,0,0,0,0,0,0,0,0,0,0,'sv-se',0),(1590122,3,11,6924,0,0,0,0,0,0,0,0,0,0,'fi',0),(1591690,0,3,6896,0,0,0,0,0,0,0,0,0,0,'de',0),(1593438,0,0,6900,0,0,0,0,0,0,0,0,0,0,'',0),(1604460,0,11,6910,0,0,0,0,0,0,0,0,0,0,'de',0),(1604677,0,11,6911,0,0,0,0,0,0,0,0,0,0,'de',0),(1605143,0,11,6912,0,0,0,0,0,0,0,0,0,0,'de',0),(1605144,0,11,6932,0,0,0,0,0,0,0,0,0,0,'de',1),(1606519,0,11,6915,0,0,0,0,0,0,0,0,0,0,'sv',0),(1608043,0,11,6917,0,0,0,0,0,0,0,0,0,0,'de',1),(1612963,0,0,2189,0,0,0,0,0,0,0,0,0,0,'',0),(1614170,0,3,1646,0,0,0,0,0,0,0,0,0,0,'de',0),(1614960,0,11,2586,0,0,0,0,0,0,0,0,0,0,'de',0),(1617266,3,1,6927,0,0,0,0,0,0,0,0,0,0,'de-de',1),(1619375,0,11,6925,0,0,0,0,0,0,0,0,0,0,'de',0),(1627938,0,11,6940,0,0,0,0,0,0,0,0,0,0,'de',1),(1629362,0,11,6954,0,0,0,0,0,0,0,0,0,0,'de',0),(1630711,0,11,1055,0,0,0,0,0,0,0,0,0,0,'de',0),(1630881,0,3,6942,0,0,0,0,0,0,0,0,0,0,'de',0),(1632345,0,11,6948,0,0,0,0,0,0,0,0,0,0,'ro',0),(1633893,3,1,6956,0,0,0,0,0,0,0,0,0,0,'nl-be',1),(1634312,0,11,2342,0,0,0,0,0,0,0,0,0,0,'nl',0),(1634496,0,3,2601,0,0,0,0,0,0,0,0,0,0,'de',0),(1638478,3,1,6967,0,0,0,0,0,0,0,0,0,0,'cs-cz',1),(1639442,0,0,1424,0,0,0,0,0,0,0,0,0,0,'',0),(1645114,0,11,6981,0,0,0,0,0,0,0,0,0,0,'fr',1),(1645150,0,11,6976,0,0,0,0,0,0,0,0,0,0,'de',1),(1645888,3,1,6977,0,0,0,0,0,0,0,0,0,0,'de-ch',1),(1645977,0,0,6978,0,0,0,0,0,0,0,0,0,0,'',0),(1646022,0,11,6979,0,0,0,0,0,0,0,0,0,0,'de',0),(1646213,0,11,6980,0,0,0,0,0,0,0,0,0,0,'de',0),(1648408,3,1,6983,0,0,0,0,0,0,0,0,0,0,'de-de',1),(1671423,3,1,7004,0,0,0,0,0,0,0,0,0,0,'fr-fr',0),(1673555,0,11,7012,0,0,0,0,0,0,0,0,0,0,'de',1),(1674059,0,0,7006,0,0,0,0,0,0,0,0,0,0,'',0),(1678467,0,0,5706,0,0,0,0,0,0,0,0,0,0,'',0),(1678598,0,11,7014,0,0,0,0,0,0,0,0,0,0,'de',0),(1679563,0,11,7023,0,0,0,0,0,0,0,0,0,0,'de',0),(1684073,0,3,2191,0,0,0,0,0,0,0,0,0,0,'de',0),(1684528,3,1,7015,0,0,0,0,0,0,0,0,0,0,'de-de',1),(1693414,0,11,7022,0,0,0,0,0,0,0,0,0,0,'nl',0),(1694834,0,11,7024,0,0,0,0,0,0,0,0,0,0,'de',0),(1694844,0,11,7025,0,0,0,0,0,0,0,0,0,0,'de',0),(1695848,0,0,7077,0,0,0,0,0,0,0,0,0,0,'',0),(1696364,3,1,7033,0,0,0,0,0,0,0,0,0,0,'de-de',1),(1698890,3,11,7055,0,0,0,0,0,0,0,0,0,0,'es',0),(1708302,3,1,7036,0,0,0,0,0,0,0,0,0,0,'de-de',0),(1713910,0,11,7061,0,0,0,0,0,0,0,0,0,0,'fr',1),(1714220,0,0,7063,0,0,0,0,0,0,0,0,0,0,'',0),(1720254,3,1,7054,0,0,0,0,0,0,0,0,0,0,'de-ch',0),(1720465,0,3,7051,0,0,0,0,0,0,0,0,0,0,'de',0),(1720786,0,11,7052,0,0,0,0,0,0,0,0,0,0,'de',0),(1721451,3,1,3680,0,0,0,0,0,0,0,0,0,0,'nl-nl',1),(1724803,0,11,7059,0,0,0,0,0,0,0,0,0,0,'en',1),(1725036,0,11,7057,0,0,0,0,0,0,0,0,0,0,'nl',0),(1725166,0,0,7058,0,0,0,0,0,0,0,0,0,0,'',0),(1729454,0,11,7064,0,0,0,0,0,0,0,0,0,0,'de',0),(1731691,0,11,7066,0,0,0,0,0,0,0,0,0,0,'de',0),(1732614,3,1,7083,0,0,0,0,0,0,0,0,0,0,'fr-fr',0),(1736278,3,11,7072,0,0,0,0,0,0,0,0,0,0,'fr',0),(1739941,0,0,6518,0,0,0,0,0,0,0,0,0,0,'',0),(1741038,0,3,7075,0,0,0,0,0,0,0,0,0,0,'de',0),(1741424,0,3,7093,0,0,0,0,0,0,0,0,0,0,'de',0),(1754837,0,0,7099,0,0,0,0,0,0,0,0,0,0,'',0),(1758389,0,3,7085,0,0,0,0,0,0,0,0,0,0,'de',0),(1766296,0,0,3977,0,0,0,0,0,0,0,0,0,0,'',0),(1768092,3,1,7091,0,0,0,0,0,0,0,0,0,0,'de-de',1),(1769552,0,11,7092,0,0,0,0,0,0,0,0,0,0,'de',0),(1771227,0,3,7094,0,0,0,0,0,0,0,0,0,0,'de',0),(1773327,0,0,7101,0,0,0,0,0,0,0,0,0,0,'',0),(1774456,0,11,7096,0,0,0,0,0,0,0,0,0,0,'de',0),(1774654,0,3,7109,0,0,0,0,0,0,0,0,0,0,'de',0),(1780106,3,1,7140,0,0,0,0,0,0,0,0,0,0,'de-ch',1),(1780965,0,11,7110,0,0,0,0,0,0,0,0,0,0,'de',1),(1786122,0,11,7105,0,0,0,0,0,0,0,0,0,0,'de',1),(1789089,0,0,7167,0,0,0,0,0,0,0,0,0,0,'',0),(1789878,0,0,5326,0,0,0,0,0,0,0,0,0,0,'',0),(1792204,0,0,7114,0,0,0,0,0,0,0,0,0,0,'',0),(1793741,0,3,2558,0,0,0,0,0,0,0,0,0,0,'de',0),(1796255,0,0,4846,0,0,0,0,0,0,0,0,0,0,'',0),(1796595,0,11,4904,0,0,0,0,0,0,0,0,0,0,'de',1),(1806710,0,3,7133,0,0,0,0,0,0,0,0,0,0,'de',0),(1806824,3,1,7138,0,0,0,0,0,0,0,0,0,0,'en-gb',0),(1808715,0,0,7135,0,0,0,0,0,0,0,0,0,0,'',0),(1813968,0,11,7142,0,0,0,0,0,0,0,0,0,0,'de',0),(1817245,3,1,7147,0,0,0,0,0,0,0,0,0,0,'nl-nl',0),(1819512,0,0,3364,0,0,0,0,0,0,0,0,0,0,'',0),(1824803,3,1,7156,0,0,0,0,0,0,0,0,0,0,'fr',1),(1825135,0,11,7155,0,0,0,0,0,0,0,0,0,0,'de',1),(1832530,0,11,7170,0,0,0,0,0,0,0,0,0,0,'de',1),(1835831,0,11,7168,0,0,0,0,0,0,0,0,0,0,'de',0),(1837000,0,0,5855,0,0,0,0,0,0,0,0,0,0,'',0),(1838248,0,11,7173,0,0,0,0,0,0,0,0,0,0,'sv',0),(1840493,3,1,7202,0,0,0,0,0,0,0,0,0,0,'fr',1),(1848013,0,11,7193,0,0,0,0,0,0,0,0,0,0,'de',1),(1850157,0,11,7196,0,0,0,0,0,0,0,0,0,0,'de',1),(1852648,0,0,3951,0,0,0,0,0,0,0,0,0,0,'',0),(1853873,3,11,7205,0,0,0,0,0,0,0,0,0,0,'cs',0),(1853915,0,0,2607,0,0,0,0,0,0,0,0,0,0,'',0),(1855204,0,11,7255,0,0,0,0,0,0,0,0,0,0,'de',0),(1858264,0,3,7211,0,0,0,0,0,0,0,0,0,0,'de',0),(1864520,0,11,7228,0,0,0,0,0,0,0,0,0,0,'de',0),(1864683,3,1,7238,0,0,0,0,0,0,0,0,0,0,'fr',0),(1864718,0,0,7125,0,0,0,0,0,0,0,0,0,0,'',0),(1864763,0,0,7233,0,0,0,0,0,0,0,0,0,0,'',0),(1864814,0,11,7235,0,0,0,0,0,0,0,0,0,0,'de',1),(1865551,0,11,7237,0,0,0,0,0,0,0,0,0,0,'pl',0),(1868199,0,11,7265,0,0,0,0,0,0,0,0,0,0,'en',0),(1868351,0,0,6651,0,0,0,0,0,0,0,0,0,0,'',0),(1871005,3,1,7246,0,0,0,0,0,0,0,0,0,0,'fr-fr',1),(1871339,0,0,7248,0,0,0,0,0,0,0,0,0,0,'',0),(1872438,0,11,7250,0,0,0,0,0,0,0,0,0,0,'nl',0),(1872708,3,1,7253,0,0,0,0,0,0,0,0,0,0,'de-ch',0),(1885387,0,11,7270,0,0,0,0,0,0,0,0,0,0,'de',1),(1886755,0,11,7275,0,0,0,0,0,0,0,0,0,0,'de',0),(1896127,3,1,7285,0,0,0,0,0,0,0,0,0,0,'fr',1),(1897727,3,1,1345,0,0,0,0,0,0,0,0,0,0,'de',1),(1901167,0,11,4532,0,0,0,0,0,0,0,0,0,0,'fr',1),(1905101,0,11,7290,0,0,0,0,0,0,0,0,0,0,'de',0),(1912374,0,11,7292,0,0,0,0,0,0,0,0,0,0,'en',0),(1914703,0,11,7296,0,0,0,0,0,0,0,0,0,0,'nl',1),(1917175,0,3,7295,0,0,0,0,0,0,0,0,0,0,'de',0),(1919349,0,0,3821,0,0,0,0,0,0,0,0,0,0,'',0),(1921574,3,1,7298,0,0,0,0,0,0,0,0,0,0,'de',1),(1922949,0,0,7304,0,0,0,0,0,0,0,0,0,0,'',0),(1924365,0,0,7321,0,0,0,0,0,0,0,0,0,0,'',0),(1925601,0,0,6004,0,0,0,0,0,0,0,0,0,0,'',0),(1925886,0,0,1320,0,0,0,0,0,0,0,0,0,0,'',0),(1927038,0,11,7307,0,0,0,0,0,0,0,0,0,0,'fr',0),(1928395,0,3,7305,0,0,0,0,0,0,0,0,0,0,'nl',0),(1929613,0,11,7308,0,0,0,0,0,0,0,0,0,0,'de',0),(1930633,0,11,7310,0,0,0,0,0,0,0,0,0,0,'nl',0),(1932165,0,3,7325,0,0,0,0,0,0,0,0,0,0,'de',0),(1932306,0,3,7313,0,0,0,0,0,0,0,0,0,0,'de',0),(1935732,0,3,7349,0,0,0,0,0,0,0,0,0,0,'de',0),(1936436,0,11,7317,0,0,0,0,0,0,0,0,0,0,'fr',0),(1942650,3,1,7331,0,0,0,0,0,0,0,0,0,0,'fr',1),(1942705,3,1,7328,0,0,0,0,0,0,0,0,0,0,'de-de',0),(1942751,0,11,7337,0,0,0,0,0,0,0,0,0,0,'de',0),(1944033,0,11,7343,0,0,0,0,0,0,0,0,0,0,'de',1),(1944593,3,1,7333,0,0,0,0,0,0,0,0,0,0,'de',0),(1945145,3,1,7336,0,0,0,0,0,0,0,0,0,0,'de',0),(1945455,0,11,7382,0,0,0,0,0,0,0,0,0,0,'de',1),(1945485,0,0,4603,0,0,0,0,0,0,0,0,0,0,'',0),(1948978,0,11,7339,0,0,0,0,0,0,0,0,0,0,'de',0),(1950457,0,11,7340,0,0,0,0,0,0,0,0,0,0,'pl',1),(1950639,4,11,7341,0,0,0,0,0,0,0,0,0,0,'de',1),(1959691,0,11,7350,0,0,0,0,0,0,0,0,0,0,'nl',0),(1961710,0,11,7351,0,0,0,0,0,0,0,0,0,0,'de',1),(1961829,0,0,7302,0,0,0,0,0,0,0,0,0,0,'',0),(1962708,3,1,7406,0,0,0,0,0,0,0,0,0,0,'de',1),(1964195,0,11,7355,0,0,0,0,0,0,0,0,0,0,'de',0),(1965744,0,0,4743,0,0,0,0,0,0,0,0,0,0,'',0),(1965896,3,1,7356,0,0,0,0,0,0,0,0,0,0,'pt',0),(1966000,0,11,7358,0,0,0,0,0,0,0,0,0,0,'de',0),(1967194,0,0,2139,0,0,0,0,0,0,0,0,0,0,'',0),(1972789,0,11,7364,0,0,0,0,0,0,0,0,0,0,'nl',0),(1982951,0,11,7374,0,0,0,0,0,0,0,0,0,0,'nl',1),(1989037,0,11,7314,0,0,0,0,0,0,0,0,0,0,'de',1),(2000475,0,3,7394,0,0,0,0,0,0,0,0,0,0,'de',0),(2001708,0,0,7342,0,0,0,0,0,0,0,0,0,0,'',0),(2002327,0,3,7397,0,0,0,0,0,0,0,0,0,0,'de',0),(2004001,0,11,7400,0,0,0,0,0,0,0,0,0,0,'fr',0),(2005130,0,11,7401,0,0,0,0,0,0,0,0,0,0,'de',0),(2007299,3,3,7403,0,0,0,0,0,0,0,0,0,0,'en',0),(2009996,0,3,7405,0,0,0,0,0,0,0,0,0,0,'de',0),(2011942,0,11,7414,0,0,0,0,0,0,0,0,0,0,'fr',0),(2019751,4,3,7412,0,0,0,0,0,0,0,0,0,0,'de',0),(2020190,0,11,7413,0,0,0,0,0,0,0,0,0,0,'de',1),(2022414,3,1,4583,0,0,0,0,0,0,0,0,0,0,'nb',1),(2026458,3,1,7420,0,0,0,0,0,0,0,0,0,0,'de',0),(2027100,0,11,7423,0,0,0,0,0,0,0,0,0,0,'nl',1),(2034234,3,1,7446,0,0,0,0,0,0,0,0,0,0,'nl',0),(2038826,0,0,7435,0,0,0,0,0,0,0,0,0,0,'',0),(2039185,0,11,7437,0,0,0,0,0,0,0,0,0,0,'nl',0),(2039552,0,0,7448,0,0,0,0,0,0,0,0,0,0,'',0),(2042613,0,11,7454,0,0,0,0,0,0,0,0,0,0,'en',0),(2049540,0,0,7102,0,0,0,0,0,0,0,0,0,0,'',0),(2049711,0,11,7456,0,0,0,0,0,0,0,0,0,0,'fr',1),(2051310,3,1,7455,0,0,0,0,0,0,0,0,0,0,'de',0),(2054726,3,1,7460,0,0,0,0,0,0,0,0,0,0,'pt',1),(2059658,0,11,7465,0,0,0,0,0,0,0,0,0,0,'en',1),(2061510,0,11,7475,0,0,0,0,0,0,0,0,0,0,'de',0),(2066951,3,1,7470,0,0,0,0,0,0,0,0,0,0,'de',0),(2067952,0,0,7472,0,0,0,0,0,0,0,0,0,0,'',0),(2070881,0,11,7474,0,0,0,0,0,0,0,0,0,0,'da',1),(2076923,0,11,7479,0,0,0,0,0,0,0,0,0,0,'de',1),(2081325,0,3,7484,0,0,0,0,0,0,0,0,0,0,'de',0),(2085982,0,0,7485,0,0,0,0,0,0,0,0,0,0,'',0),(2090880,0,11,7490,0,0,0,0,0,0,0,0,0,0,'de',0),(2091268,0,10,7492,0,0,0,0,0,0,0,0,0,0,'de',0),(2095287,3,1,7526,0,0,0,0,0,0,0,0,0,0,'de',1),(2110896,0,0,2309,0,0,0,0,0,0,0,0,0,0,'',0),(2112410,0,3,7514,0,0,0,0,0,0,0,0,0,0,'de',0),(2112959,0,3,7515,0,0,0,0,0,0,0,0,0,0,'de',0),(2121381,0,11,7523,0,0,0,0,0,0,0,0,0,0,'el',0),(2124018,0,0,7549,0,0,0,0,0,0,0,0,0,0,'',0),(2125426,0,11,7525,0,0,0,0,0,0,0,0,0,0,'nl',0),(2127551,0,0,1469,0,0,0,0,0,0,0,0,0,0,'',0),(2132372,0,11,7527,0,0,0,0,0,0,0,0,0,0,'de',0),(2132620,0,11,7528,0,0,0,0,0,0,0,0,0,0,'de',1),(2137380,0,11,7542,0,0,0,0,0,0,0,0,0,0,'de',0),(2138161,0,0,2339,0,0,0,0,0,0,0,0,0,0,'',0),(2138557,3,1,7551,0,0,0,0,0,0,0,0,0,0,'de',1),(2138703,0,11,7537,0,0,0,0,0,0,0,0,0,0,'de',0),(2138822,0,11,2123,0,0,0,0,0,0,0,0,0,0,'nl',0),(2139167,0,3,7534,0,0,0,0,0,0,0,0,0,0,'de',0),(2139262,0,0,7522,0,0,0,0,0,0,0,0,0,0,'',0),(2143582,3,11,3164,0,0,0,0,0,0,0,0,0,0,'fr',0),(2149208,3,1,7560,0,0,0,0,0,0,0,0,0,0,'fr-fr',0),(2149266,0,11,88,0,0,0,0,0,0,0,0,0,0,'de',1),(2151678,0,0,4315,0,0,0,0,0,0,0,0,0,0,'',0),(2152590,0,11,7561,0,0,0,0,0,0,0,0,0,0,'en',0),(2153324,3,1,7554,0,0,0,0,0,0,0,0,0,0,'de',0),(2153388,0,11,7548,0,0,0,0,0,0,0,0,0,0,'nl',0),(2155112,3,1,7591,0,0,0,0,0,0,0,0,0,0,'fr',1),(2155184,3,1,7558,0,0,0,0,0,0,0,0,0,0,'nl',1),(2160582,0,3,7559,0,0,0,0,0,0,0,0,0,0,'de',0),(2162126,0,11,7562,0,0,0,0,0,0,0,0,0,0,'de',0),(2169660,0,0,7567,0,0,0,0,0,0,0,0,0,0,'',0),(2170201,0,11,7570,0,0,0,0,0,0,0,0,0,0,'en',1),(2173595,0,0,7581,0,0,0,0,0,0,0,0,0,0,'',0),(2173705,0,11,7577,0,0,0,0,0,0,0,0,0,0,'de',1),(2179336,0,11,7584,0,0,0,0,0,0,0,0,0,0,'en',0),(2181683,0,0,4417,0,0,0,0,0,0,0,0,0,0,'',0),(2182981,0,11,7586,0,0,0,0,0,0,0,0,0,0,'de',0),(2186313,0,11,7589,0,0,0,0,0,0,0,0,0,0,'de',0),(2187501,3,1,7592,0,0,0,0,0,0,0,0,0,0,'de',0),(2187659,0,3,7593,0,0,0,0,0,0,0,0,0,0,'de',0),(2188268,0,3,7594,0,0,0,0,0,0,0,0,0,0,'de',0),(2188768,0,0,433,0,0,0,0,0,0,0,0,0,0,'',0),(2200676,0,0,5982,0,0,0,0,0,0,0,0,0,0,'',0),(2205495,0,11,7631,0,0,0,0,0,0,0,0,0,0,'de',1),(2205712,0,0,760,0,0,0,0,0,0,0,0,0,0,'',0),(2206942,0,11,7613,0,0,0,0,0,0,0,0,0,0,'nl',0),(2206951,0,11,7625,0,0,0,0,0,0,0,0,0,0,'nl',0),(2207188,0,11,7614,0,0,0,0,0,0,0,0,0,0,'en',0),(2210696,0,0,7622,0,0,0,0,0,0,0,0,0,0,'',0),(2221105,0,0,7672,0,0,0,0,0,0,0,0,0,0,'',0),(2228285,3,1,7649,0,0,0,0,0,0,0,0,0,0,'en',1),(2228815,0,3,7651,0,0,0,0,0,0,0,0,0,0,'de',0),(2229849,0,11,2319,0,0,0,0,0,0,0,0,0,0,'de',1),(2230825,0,0,7653,0,0,0,0,0,0,0,0,0,0,'',0),(2231747,3,1,7655,0,0,0,0,0,0,0,0,0,0,'en-ie',0),(2235574,0,11,7790,0,0,0,0,0,0,0,0,0,0,'de',1),(2241454,3,1,7682,0,0,0,0,0,0,0,0,0,0,'de',1),(2243627,0,11,7669,0,0,0,0,0,0,0,0,0,0,'de',0),(2247999,0,11,7678,0,0,0,0,0,0,0,0,0,0,'de',0),(2249526,0,11,7716,0,0,0,0,0,0,0,0,0,0,'de',0),(2249952,0,11,7683,0,0,0,0,0,0,0,0,0,0,'de',0),(2253936,4,3,7686,0,0,0,0,0,0,0,0,0,0,'fr',0),(2255481,3,11,7687,0,0,0,0,0,0,0,0,0,0,'fr',0),(2256846,0,0,7688,0,0,0,0,0,0,0,0,0,0,'',0),(2259713,0,0,7690,0,0,0,0,0,0,0,0,0,0,'',0),(2262339,0,0,7697,0,0,0,0,0,0,0,0,0,0,'',0),(2263505,0,11,7702,0,0,0,0,0,0,0,0,0,0,'de',0),(2264344,0,11,7706,0,0,0,0,0,0,0,0,0,0,'de',0),(2271380,3,1,7717,0,0,0,0,0,0,0,0,0,0,'de-ch',1),(2275350,0,11,7724,0,0,0,0,0,0,0,0,0,0,'de',0),(2278010,0,11,7725,0,0,0,0,0,0,0,0,0,0,'en',0),(2278362,0,11,7728,0,0,0,0,0,0,0,0,0,0,'de',0),(2287001,0,0,7752,0,0,0,0,0,0,0,0,0,0,'',0),(2287361,0,11,7743,0,0,0,0,0,0,0,0,0,0,'de',1),(2287532,0,11,7740,0,0,0,0,0,0,0,0,0,0,'de',1),(2288626,0,0,7745,0,0,0,0,0,0,0,0,0,0,'',0),(2291273,0,11,7746,0,0,0,0,0,0,0,0,0,0,'de',0),(2293195,3,1,7747,0,0,0,0,0,0,0,0,0,0,'de',1),(2294541,3,1,7759,0,0,0,0,0,0,0,0,0,0,'de',1),(2298592,0,11,7763,0,0,0,0,0,0,0,0,0,0,'es',0),(2299599,0,0,7756,0,0,0,0,0,0,0,0,0,0,'',0),(2303482,0,11,7767,0,0,0,0,0,0,0,0,0,0,'de',1),(2311165,0,11,7765,0,0,0,0,0,0,0,0,0,0,'de',1),(2311299,3,1,7766,0,0,0,0,0,0,0,0,0,0,'de',0),(2312544,0,11,4320,0,0,0,0,0,0,0,0,0,0,'de',0),(2318912,0,3,7774,0,0,0,0,0,0,0,0,0,0,'de',0),(2319106,0,11,7775,0,0,0,0,0,0,0,0,0,0,'nl',1),(2319459,3,1,7777,0,0,0,0,0,0,0,0,0,0,'en-gb',1),(2320671,0,11,7792,0,0,0,0,0,0,0,0,0,0,'en',0),(2327232,3,11,7863,0,0,0,0,0,0,0,0,0,0,'de',0),(2327548,3,1,7781,0,0,0,0,0,0,0,0,0,0,'en',1),(2330420,0,0,7787,0,0,0,0,0,0,0,0,0,0,'',0),(2335571,0,11,7794,0,0,0,0,0,0,0,0,0,0,'de',0),(2342993,0,3,7799,0,0,0,0,0,0,0,0,0,0,'hu',0),(2344204,0,0,7798,0,0,0,0,0,0,0,0,0,0,'',0),(2353974,0,0,7809,0,0,0,0,0,0,0,0,0,0,'',0),(2354098,0,0,7808,0,0,0,0,0,0,0,0,0,0,'',0),(2354660,0,0,7807,0,0,0,0,0,0,0,0,0,0,'',0),(2361187,0,11,7818,0,0,0,0,0,0,0,0,0,0,'en',0),(2364004,4,3,7822,0,0,0,0,0,0,0,0,0,0,'de',0),(2366639,0,3,7858,0,0,0,0,0,0,0,0,0,0,'de',0),(2371482,0,3,7827,0,0,0,0,0,0,0,0,0,0,'fr',1),(2372228,0,0,7833,0,0,0,0,0,0,0,0,0,0,'',0),(2380463,0,0,6500,0,0,0,0,0,0,0,0,0,0,'',0),(2385799,0,11,7842,0,0,0,0,0,0,0,0,0,0,'es',0),(2388069,0,0,7862,0,0,0,0,0,0,0,0,0,0,'',0),(2399624,3,11,7848,0,0,0,0,0,0,0,0,0,0,'en',0),(2400711,0,0,7851,0,0,0,0,0,0,0,0,0,0,'',0),(2400814,0,11,7861,0,0,0,0,0,0,0,0,0,0,'de',0),(2404169,0,11,7852,0,0,0,0,0,0,0,0,0,0,'cs',1),(2410389,3,3,7855,0,0,0,0,0,0,0,0,0,0,'en',0),(2412833,0,11,7856,0,0,0,0,0,0,0,0,0,0,'da',0),(2435431,3,1,7872,0,0,0,0,0,0,0,0,0,0,'fr',1),(2440960,0,11,7877,0,0,0,0,0,0,0,0,0,0,'de',1),(2443043,0,11,7880,0,0,0,0,0,0,0,0,0,0,'de',0),(2480353,0,3,7894,0,0,0,0,0,0,0,0,0,0,'de',0),(2500865,0,11,7895,0,0,0,0,0,0,0,0,0,0,'de',0),(2535662,0,11,7900,0,0,0,0,0,0,0,0,0,0,'de',1),(2537570,3,1,8083,0,0,0,0,0,0,0,0,0,0,'nl',1),(2539237,0,0,7902,0,0,0,0,0,0,0,0,0,0,'',0),(2541836,0,0,7897,0,0,0,0,0,0,0,0,0,0,'',0),(2545416,0,11,7910,0,0,0,0,0,0,0,0,0,0,'es',1),(2546084,0,0,4323,0,0,0,0,0,0,0,0,0,0,'',0),(2546130,0,0,7913,0,0,0,0,0,0,0,0,0,0,'',0),(2546746,0,11,7915,0,0,0,0,0,0,0,0,0,0,'de',0),(2549301,0,11,7918,0,0,0,0,0,0,0,0,0,0,'cs',0),(2566156,0,11,7929,0,0,0,0,0,0,0,0,0,0,'de',0),(2569659,3,1,7931,0,0,0,0,0,0,0,0,0,0,'fr-fr',0),(2574110,0,11,7937,0,0,0,0,0,0,0,0,0,0,'en',0),(2574426,0,0,7938,0,0,0,0,0,0,0,0,0,0,'',0),(2578122,0,11,7941,0,0,0,0,0,0,0,0,0,0,'fr',0),(2580519,3,1,7943,0,0,0,0,0,0,0,0,0,0,'en',1),(2586169,0,0,7947,0,0,0,0,0,0,0,0,0,0,'',0),(2586434,0,0,7948,0,0,0,0,0,0,0,0,0,0,'',0),(2589959,0,0,7950,0,0,0,0,0,0,0,0,0,0,'',0),(2595560,0,3,7955,0,0,0,0,0,0,0,0,0,0,'en',0),(2596524,0,0,7959,0,0,0,0,0,0,0,0,0,0,'',0),(2596955,0,11,7961,0,0,0,0,0,0,0,0,0,0,'fr',1),(2597054,3,1,7962,0,0,0,0,0,0,0,0,0,0,'de',1),(2599651,0,11,7967,0,0,0,0,0,0,0,0,0,0,'de',0),(2600431,0,0,7969,0,0,0,0,0,0,0,0,0,0,'',0),(2603708,0,0,7982,0,0,0,0,0,0,0,0,0,0,'',0),(2604376,0,11,8011,0,0,0,0,0,0,0,0,0,0,'de',0),(2606278,0,11,7979,0,0,0,0,0,0,0,0,0,0,'de',0),(2609387,3,1,7987,0,0,0,0,0,0,0,0,0,0,'de',0),(2610497,0,11,8001,0,0,0,0,0,0,0,0,0,0,'de',0),(2614580,0,0,8005,0,0,0,0,0,0,0,0,0,0,'',0),(2615970,0,0,8016,0,0,0,0,0,0,0,0,0,0,'',0),(2616169,0,11,8042,0,0,0,0,0,0,0,0,0,0,'de',0),(2619095,0,11,8003,0,0,0,0,0,0,0,0,0,0,'fr',1),(2620518,0,11,8007,0,0,0,0,0,0,0,0,0,0,'de',0),(2620893,0,11,4845,0,0,0,0,0,0,0,0,0,0,'es',0),(2622892,0,11,8009,0,0,0,0,0,0,0,0,0,0,'de',0),(2624470,3,1,8074,0,0,0,0,0,0,0,0,0,0,'de',1),(2624659,0,3,8012,0,0,0,0,0,0,0,0,0,0,'de',0),(2625996,0,11,8017,0,0,0,0,0,0,0,0,0,0,'de',0),(2628904,0,11,8025,0,0,0,0,0,0,0,0,0,0,'de',0),(2628937,0,11,8026,0,0,0,0,0,0,0,0,0,0,'de',1),(2629037,0,11,4964,0,0,0,0,0,0,0,0,0,0,'de',0),(2629200,3,1,8028,0,0,0,0,0,0,0,0,0,0,'en',1),(2629625,0,0,8032,0,0,0,0,0,0,0,0,0,0,'',0),(2629818,0,0,8031,0,0,0,0,0,0,0,0,0,0,'',0),(2634000,0,0,8048,0,0,0,0,0,0,0,0,0,0,'',0),(2637987,0,0,8047,0,0,0,0,0,0,0,0,0,0,'',0),(2639276,0,0,8041,0,0,0,0,0,0,0,0,0,0,'',0),(2640185,0,3,8050,0,0,0,0,0,0,0,0,0,0,'de',0),(2642590,3,1,8063,0,0,0,0,0,0,0,0,0,0,'de',0),(2644020,0,11,8060,0,0,0,0,0,0,0,0,0,0,'nl',1),(2650554,0,11,8068,0,0,0,0,0,0,0,0,0,0,'de',1),(2650642,3,1,8081,0,0,0,0,0,0,0,0,0,0,'de',1),(2650786,0,0,1305,0,0,0,0,0,0,0,0,0,0,'',0),(2652246,0,11,8073,0,0,0,0,0,0,0,0,0,0,'nl',0),(2652304,3,1,8080,0,0,0,0,0,0,0,0,0,0,'de',0),(2652453,0,11,8076,0,0,0,0,0,0,0,0,0,0,'de',0),(2653538,3,1,8075,0,0,0,0,0,0,0,0,0,0,'de-de',0),(2655140,0,0,8079,0,0,0,0,0,0,0,0,0,0,'',0),(2659490,0,0,8085,0,0,0,0,0,0,0,0,0,0,'',0),(2661495,0,11,8091,0,0,0,0,0,0,0,0,0,0,'nl',0),(2662245,0,11,8087,0,0,0,0,0,0,0,0,0,0,'de',0),(2663966,3,1,8093,0,0,0,0,0,0,0,0,0,0,'de',0),(2668298,0,11,8103,0,0,0,0,0,0,0,0,0,0,'en',0),(2668388,0,0,8105,0,0,0,0,0,0,0,0,0,0,'',0),(2669374,3,1,8107,0,0,0,0,0,0,0,0,0,0,'en',0),(2669735,0,0,8108,0,0,0,0,0,0,0,0,0,0,'',0),(2671756,0,0,8123,0,0,0,0,0,0,0,0,0,0,'',0),(2672110,0,0,3671,0,0,0,0,0,0,0,0,0,0,'',0),(2674453,0,3,8112,0,0,0,0,0,0,0,0,0,0,'de',0),(2674491,0,0,8113,0,0,0,0,0,0,0,0,0,0,'',0),(2676072,0,11,8116,0,0,0,0,0,0,0,0,0,0,'nl',0),(2676724,0,11,8120,0,0,0,0,0,0,0,0,0,0,'cs',0),(2678207,0,11,8119,0,0,0,0,0,0,0,0,0,0,'de',0),(2684332,0,11,8122,0,0,0,0,0,0,0,0,0,0,'de',0),(2690167,0,0,8125,0,0,0,0,0,0,0,0,0,0,'',0),(2691383,0,0,8127,0,0,0,0,0,0,0,0,0,0,'',0),(2691735,0,11,8128,0,0,0,0,0,0,0,0,0,0,'de',1),(2693953,0,11,8132,0,0,0,0,0,0,0,0,0,0,'de',0),(2698507,0,3,8137,0,0,0,0,0,0,0,0,0,0,'fr',0),(2699459,0,0,8139,0,0,0,0,0,0,0,0,0,0,'',0),(2699476,0,0,5783,0,0,0,0,0,0,0,0,0,0,'',0),(2703278,3,1,8149,0,0,0,0,0,0,0,0,0,0,'de',0),(2706365,0,0,8153,0,0,0,0,0,0,0,0,0,0,'',0),(2710188,3,1,8163,0,0,0,0,0,0,0,0,0,0,'de-de',1),(2710350,0,0,5866,0,0,0,0,0,0,0,0,0,0,'',0),(2711526,0,11,8164,0,0,0,0,0,0,0,0,0,0,'de',1),(2716047,0,0,3091,0,0,0,0,0,0,0,0,0,0,'',0),(2716605,0,11,8173,0,0,0,0,0,0,0,0,0,0,'pt',1),(2721117,0,3,8176,0,0,0,0,0,0,0,0,0,0,'de',1),(2722304,3,1,8268,0,0,0,0,0,0,0,0,0,0,'de',0),(2723837,0,11,8180,0,0,0,0,0,0,0,0,0,0,'cs',0),(2729296,3,1,8191,0,0,0,0,0,0,0,0,0,0,'de',0),(2730299,0,3,8192,0,0,0,0,0,0,0,0,0,0,'de',0),(2730819,0,0,8194,0,0,0,0,0,0,0,0,0,0,'',0),(2731596,0,0,8197,0,0,0,0,0,0,0,0,0,0,'',0),(2731782,0,3,8198,0,0,0,0,0,0,0,0,0,0,'fr',0),(2736730,0,0,7814,0,0,0,0,0,0,0,0,0,0,'',0),(2737768,4,11,8240,0,0,0,0,0,0,0,0,0,0,'de',1),(2739439,0,11,8211,0,0,0,0,0,0,0,0,0,0,'de',0),(2739799,0,11,8213,0,0,0,0,0,0,0,0,0,0,'de',0),(2740833,0,0,8220,0,0,0,0,0,0,0,0,0,0,'',0),(2745517,0,11,8215,0,0,0,0,0,0,0,0,0,0,'de',0),(2745633,0,0,5075,0,0,0,0,0,0,0,0,0,0,'',0),(2746002,0,11,8227,0,0,0,0,0,0,0,0,0,0,'de',1),(2747217,0,0,7616,0,0,0,0,0,0,0,0,0,0,'',0),(2748456,3,1,8230,0,0,0,0,0,0,0,0,0,0,'fr',1),(2748675,0,0,5450,0,0,0,0,0,0,0,0,0,0,'',0),(2748806,0,3,8221,0,0,0,0,0,0,0,0,0,0,'en',0),(2753357,0,0,8226,0,0,0,0,0,0,0,0,0,0,'',0),(2757190,3,1,8233,0,0,0,0,0,0,0,0,0,0,'de',0),(2757306,3,1,8237,0,0,0,0,0,0,0,0,0,0,'de',1),(2758378,3,1,8234,0,0,0,0,0,0,0,0,0,0,'de',1),(2758592,0,11,8256,0,0,0,0,0,0,0,0,0,0,'cs',0),(2759000,3,1,8286,0,0,0,0,0,0,0,0,0,0,'de-de',0),(2764480,0,11,8248,0,0,0,0,0,0,0,0,0,0,'de',0),(2766257,0,0,8252,0,0,0,0,0,0,0,0,0,0,'',0),(2766924,0,0,6808,0,0,0,0,0,0,0,0,0,0,'',0),(2769695,0,3,8253,0,0,0,0,0,0,0,0,0,0,'de',0),(2769731,3,1,8254,0,0,0,0,0,0,0,0,0,0,'de',0),(2770969,0,11,8259,0,0,0,0,0,0,0,0,0,0,'en',0),(2771566,0,0,8261,0,0,0,0,0,0,0,0,0,0,'',0),(2771582,3,1,8260,0,0,0,0,0,0,0,0,0,0,'de-de',0),(2772052,0,3,8263,0,0,0,0,0,0,0,0,0,0,'de',0),(2772294,0,11,8264,0,0,0,0,0,0,0,0,0,0,'de',1),(2772668,0,0,8271,0,0,0,0,0,0,0,0,0,0,'',0),(2773884,0,0,5559,0,0,0,0,0,0,0,0,0,0,'',0),(2774752,0,0,8160,0,0,0,0,0,0,0,0,0,0,'',0),(2775151,0,0,6515,0,0,0,0,0,0,0,0,0,0,'',0),(2776253,0,3,8278,0,0,0,0,0,0,0,0,0,0,'de',0),(2777590,3,11,8279,0,0,0,0,0,0,0,0,0,0,'de',0),(2777800,0,0,8281,0,0,0,0,0,0,0,0,0,0,'',0),(2778140,0,11,8282,0,0,0,0,0,0,0,0,0,0,'de',1),(2780376,3,1,8285,0,0,0,0,0,0,0,0,0,0,'de',0),(2780690,3,1,8297,0,0,0,0,0,0,0,0,0,0,'de',1),(2783951,0,3,8295,0,0,0,0,0,0,0,0,0,0,'de',0),(2788024,3,1,8300,0,0,0,0,0,0,0,0,0,0,'de',1),(2792376,0,11,952,0,0,0,0,0,0,0,0,0,0,'de',0),(2793502,0,0,6689,0,0,0,0,0,0,0,0,0,0,'',0),(2793641,0,11,8310,0,0,0,0,0,0,0,0,0,0,'fr',0),(2795077,0,0,8314,0,0,0,0,0,0,0,0,0,0,'',0),(2801690,3,1,8326,0,0,0,0,0,0,0,0,0,0,'de',0),(2801922,0,11,8372,0,0,0,0,0,0,0,0,0,0,'de',1),(2805232,0,3,8338,0,0,0,0,0,0,0,0,0,0,'de',0),(2805901,0,11,8330,0,0,0,0,0,0,0,0,0,0,'fr',0),(2807999,0,0,8336,0,0,0,0,0,0,0,0,0,0,'',0),(2808211,0,0,8243,0,0,0,0,0,0,0,0,0,0,'',0),(2808552,0,11,8339,0,0,0,0,0,0,0,0,0,0,'fr',0),(2810249,3,1,8402,0,0,0,0,0,0,0,0,0,0,'en',1),(2810404,0,0,8345,0,0,0,0,0,0,0,0,0,0,'',0),(2810777,0,0,8437,0,0,0,0,0,0,0,0,0,0,'',0),(2812145,0,11,8347,0,0,0,0,0,0,0,0,0,0,'en',1),(2812736,0,0,8358,0,0,0,0,0,0,0,0,0,0,'',0),(2812948,0,3,8352,0,0,0,0,0,0,0,0,0,0,'de',1),(2817369,0,0,2262,0,0,0,0,0,0,0,0,0,0,'',0),(2822718,0,11,8380,0,0,0,0,0,0,0,0,0,0,'nl',1),(2825543,3,1,8483,0,0,0,0,0,0,0,0,0,0,'de-ch',0),(2825694,0,11,8435,0,0,0,0,0,0,0,0,0,0,'en',0),(2826044,3,1,8387,0,0,0,0,0,0,0,0,0,0,'nb',1),(2826126,0,11,8389,0,0,0,0,0,0,0,0,0,0,'es',1),(2829813,0,0,8394,0,0,0,0,0,0,0,0,0,0,'',0),(2832047,0,3,8405,0,0,0,0,0,0,0,0,0,0,'fr',0),(2833902,0,3,8409,0,0,0,0,0,0,0,0,0,0,'de',0),(2834907,0,11,8411,0,0,0,0,0,0,0,0,0,0,'de',0),(2834928,0,11,8433,0,0,0,0,0,0,0,0,0,0,'de',0),(2841451,0,0,8478,0,0,0,0,0,0,0,0,0,0,'',0),(2842436,0,0,8424,0,0,0,0,0,0,0,0,0,0,'',0),(2842812,0,0,8427,0,0,0,0,0,0,0,0,0,0,'',0),(2843037,0,0,8426,0,0,0,0,0,0,0,0,0,0,'',0),(2844908,0,11,8434,0,0,0,0,0,0,0,0,0,0,'de',0),(2845294,3,1,8436,0,0,0,0,0,0,0,0,0,0,'ro',1),(2845586,0,0,6788,0,0,0,0,0,0,0,0,0,0,'',0),(2848394,0,3,8438,0,0,0,0,0,0,0,0,0,0,'de',0),(2850969,0,11,8443,0,0,0,0,0,0,0,0,0,0,'de',0),(2854909,0,11,8462,0,0,0,0,0,0,0,0,0,0,'cs',0),(2856199,0,11,8472,0,0,0,0,0,0,0,0,0,0,'el',1),(2856244,0,0,8395,0,0,0,0,0,0,0,0,0,0,'',0),(2856493,0,0,8450,0,0,0,0,0,0,0,0,0,0,'',0),(2857651,0,0,8454,0,0,0,0,0,0,0,0,0,0,'',0),(2860237,0,11,8465,0,0,0,0,0,0,0,0,0,0,'nl',1),(2861087,0,11,8466,0,0,0,0,0,0,0,0,0,0,'zh',1),(2863074,0,0,8448,0,0,0,0,0,0,0,0,0,0,'',0),(2869210,0,0,8475,0,0,0,0,0,0,0,0,0,0,'',0),(2869214,0,0,8474,0,0,0,0,0,0,0,0,0,0,'',0),(2873238,0,11,8485,0,0,0,0,0,0,0,0,0,0,'de',0);

--
-- Table structure for table `prstshp_homeslider`
--

CREATE TABLE `prstshp_homeslider` (
  `id_homeslider_slides` int(10) unsigned NOT NULL AUTO_INCREMENT,
  `id_shop` int(10) unsigned NOT NULL,
  PRIMARY KEY (`id_homeslider_slides`,`id_shop`)
) ENGINE=InnoDB AUTO_INCREMENT=62 DEFAULT CHARSET=utf8;

--
-- Dumping data for table `prstshp_homeslider`
--

INSERT INTO `prstshp_homeslider` VALUES (1,1),(6,1),(7,1),(9,1),(14,1),(15,1),(17,1),(22,1),(23,1),(25,1),(26,1),(27,1),(29,1),(32,1),(36,1),(40,1),(41,1),(42,1),(47,1),(51,1),(52,1),(54,1),(55,1),(57,1),(58,1),(59,1),(60,1),(61,1);

--
-- Table structure for table `prstshp_homeslider_slides`
--

CREATE TABLE `prstshp_homeslider_slides` (
  `id_homeslider_slides` int(10) unsigned NOT NULL AUTO_INCREMENT,
  `position` int(10) unsigned NOT NULL DEFAULT '0',
  `active` tinyint(1) unsigned NOT NULL DEFAULT '0',
  PRIMARY KEY (`id_homeslider_slides`)
) ENGINE=InnoDB AUTO_INCREMENT=62 DEFAULT CHARSET=utf8;

--
-- Dumping data for table `prstshp_homeslider_slides`
--

INSERT INTO `prstshp_homeslider_slides` VALUES (1,6,0),(6,25,0),(7,22,0),(9,14,0),(14,24,0),(15,7,0),(17,21,0),(22,8,0),(23,9,0),(25,18,0),(26,16,0),(27,13,1),(29,19,0),(32,20,0),(36,15,0),(40,17,0),(41,5,1),(42,11,1),(47,19,0),(51,12,0),(52,23,0),(54,10,1),(55,4,1),(57,3,1),(58,2,1),(59,26,0),(60,1,0),(61,0,1);

--
-- Table structure for table `prstshp_homeslider_slides_lang`
--

CREATE TABLE `prstshp_homeslider_slides_lang` (
  `id_homeslider_slides` int(10) unsigned NOT NULL,
  `id_lang` int(10) unsigned NOT NULL,
  `title` varchar(255) NOT NULL,
  `description` text NOT NULL,
  `legend` varchar(255) NOT NULL,
  `url` varchar(255) NOT NULL,
  `image` varchar(255) NOT NULL,
  PRIMARY KEY (`id_homeslider_slides`,`id_lang`)
) ENGINE=InnoDB DEFAULT CHARSET=utf8;

--
-- Dumping data for table `prstshp_homeslider_slides_lang`
--

INSERT INTO `prstshp_homeslider_slides_lang` VALUES (1,1,'Paddling on the Edge','<div class=\"right_top\">\n<p>Ready for some adventures?</p>\n<h3>Surfski</h3>\n<h4>Ask us. We support you!</h4>\n<p><button>Shop now!</button></p>\n</div>','sample-1','https://wetiz.eu/en/4-surfski','223157c29775ef68b0fef436b4e84d183c3ebe30_f2a8ad6e2901c2c36dcf76cbd09a7da407cc40b0_wetiz-surfski-wrack.jpg'),(1,2,'Pagayer à la Limite','<div class=\"right_top\">\n<p>Prêt pour de nouvelles aventures?</p>\n<h3>Ski Kayaks</h3>\n<h4>Demandez-nous. Nous vous soutiendrons!</h4>\n<p><button>Achetez maintenant!</button></p>\n</div>','sample-1','https://wetiz.eu/fr/4-ski-kayaks','a2add98bd8ffebf068cf2c6ccd7ea85a63d83a4c_f2a8ad6e2901c2c36dcf76cbd09a7da407cc40b0_wetiz-surfski-wrack.jpg'),(1,3,'Sample 1','<div class=\"right_top\">\n<p>Passionate about cycling?</p>\n<h3>BUY &amp; ENJOY</h3>\n<h4>YOUR CYCLING EXPERIENCE!</h4>\n<p><button>Shop now!</button></p>\n</div>','sample-1','index.php?id_category=21&controller=category','213e598b3772363e0148f2b1c1b76a0273ed2b12_slide.jpg'),(1,4,'Paddeln am Limit','<div class=\"right_top\">\n<p>Auf der Suche nach Abenteuern?</p>\n<h3>Surfski</h3>\n<h4>Wir beraten Sie!</h4>\n<p><button>Jetzt kaufen!</button></p>\n</div>','sample-1','https://wetiz.eu/de/4-surfskis','6049566c59fa6f198e92c803653fb5ce7bc6543d_f2a8ad6e2901c2c36dcf76cbd09a7da407cc40b0_wetiz-surfski-wrack.jpg'),(1,5,'Sample 1','<div class=\"right_top\">\n<p>Passionate about cycling?</p>\n<h3>BUY &amp; ENJOY</h3>\n<h4>YOUR CYCLING EXPERIENCE!</h4>\n<p><button>Shop now!</button></p>\n</div>','sample-1','index.php?id_category=21&controller=category','213e598b3772363e0148f2b1c1b76a0273ed2b12_slide.jpg'),(1,7,'Pagaiando al Limite','<div class=\"right_top\">\n<p>Pronto per l\'avventura?</p>\n<h3>Surf ski</h3>\n<h4>Ti aiutiamo noi</h4>\n<p><button>Scopri ora!</button></p>\n</div>','sample-1','https://wetiz.eu/it/4-surfskis','00822ef2fc1b0e443bdd88e1819ee84cafdeb771_f2a8ad6e2901c2c36dcf76cbd09a7da407cc40b0_wetiz-surfski-wrack.jpg'),(6,1,'Wetiz Torpedo Lifesaving Fin','<div class=\"right_top\">\n<p>Build to save hundredths of a second!</p>\n<h3>The Torpedo Fin</h3>\n<h4></h4>\n<p><button>Discover now!</button></p>\n</div>','Wetiz Torpedo Lifesaving Fin','https://wetiz.eu/en/flossen/1171-torpedo-flosse.html','ffe2a9f25bd909244e9622d43a2193c02ea6c047_Fins-Thomas-Vilaceca-Wetiz.jpg'),(6,2,'Wetiz Torpedo Lifesaving Fin','<div class=\"right_top\">\n<p><span class=\"HwtZe\" xml:lang=\"fr\" lang=\"fr\"><span class=\"jCAhz ChMk0b\"><span class=\"ryNqvb\">Pour le centième de seconde décisif!</span></span></span></p>\n<h3>La palme Torpedo</h3>\n<h4></h4>\n<p><button>Découvrez maintenant!</button></p>\n</div>','Wetiz Torpedo Lifesaving Fin ','https://wetiz.eu/en/flossen/1171-torpedo-flosse.html','43838da62618b425ea67f372c3f510cbe9b5d828_Fins-Thomas-Vilaceca-Wetiz.jpg'),(6,4,'Wetiz Torpedo Lifesaving Flosse','<div class=\"right_top\">\n<p>Für die entscheidende Hundertstelsekunde!</p>\n<h3>Die Torpedo Flosse</h3>\n<h4></h4>\n<p><button>Jetzt entdecken!</button></p>\n</div>','Wetiz Torpedo Lifesaving Flosse / Copyright-Hinweis: \"Foto: Steph Dittschar\"','https://wetiz.eu/de/flossen/1171-torpedo-flosse.html','55dc4e54d9b47e5e4347c44f72d9d4fd8c064bc3_Fins-Thomas-Vilaceca-Wetiz.jpg'),(6,7,'Wetiz Torpedo Lifesaving Flosse','<div class=\"right_top\">\n<p>Für die entscheidende Hundertstelsekunde!</p>\n<h3>Die Torpedo Flosse</h3>\n<h4></h4>\n<p><button>Jetzt entdecken!</button></p>\n</div>','Wetiz Torpedo Lifesaving Flosse / Copyright-Hinweis: \"Foto: Steph Dittschar\"','https://wetiz.eu/de/flossen/1171-torpedo-flosse.html','55dc4e54d9b47e5e4347c44f72d9d4fd8c064bc3_Fins-Thomas-Vilaceca-Wetiz.jpg'),(7,1,'Merry Christmas','<p><span style=\"color:#ffffff;\">From <strong>23 December 2024 to 06 January 2025</strong>, our office will have limited staffing.</span></p>\n<p><span style=\"color:#ffffff;\">In urgent cases, please contact us by e-mail.</span></p>\n<p><span style=\"color:#ffffff;\"><strong>THANK YOU FOR YOUR UNDERSTANDING !</strong></span></p>','Neue Designs','https://wetiz.eu/en/54-gift-ideas','f2eb0de9d2e783b78bf2961e47eb85b437eb2095_Wetiz-Slider-Weihnachten_Geschenke.jpg'),(7,2,'Merry Christmas','<p><span style=\"color:#ffffff;\">From <strong>23 December 2024 to 06 January 2025</strong>, our office will have limited staffing.</span></p>\n<p><span style=\"color:#ffffff;\">In urgent cases, please contact us by e-mail.</span></p>\n<p><span style=\"color:#ffffff;\"><strong>THANK YOU FOR YOUR UNDERSTANDING !</strong></span></p>\n<p></p>','Neue Designs','https://wetiz.eu/fr/54-idee-de-cadeau','c61e3f29560869127a8220b72f01fb6b158c039d_Wetiz-Slider-Weihnachten_Geschenke.jpg'),(7,4,'Merry Christmas','<p><span style=\"color:#ffffff;\">Vom <strong>23. Dezember 2024 bis 06. Januar 2025</strong> ist unser Büro eingeschränkt besetzt.</span></p>\n<p><span style=\"color:#ffffff;\">In dringenden Fällen bitten wir um Kontaktaufnahme per mail.</span></p>\n<p><span style=\"color:#ffffff;\"><strong>DANKE FÜR EUER VERSTÄNDNIS !</strong></span></p>','Merry Christmas','https://wetiz.eu/de/54-geschenkideen','6885b3a10afb67427f1041ebc0f2e6b2d25d56a0_Wetiz-Slider-Weihnachten_Geschenke.jpg'),(7,7,'Merry Christmas','<p><span style=\"color:#ffffff;\">From <strong>23 December 2024 to 06 January 2025</strong>, our office will have limited staffing.</span></p>\n<p><span style=\"color:#ffffff;\">In urgent cases, please contact us by e-mail.</span></p>\n<p><span style=\"color:#ffffff;\"><strong>THANK YOU FOR YOUR UNDERSTANDING !</strong></span></p>\n<p></p>','Merry Christmas','https://wetiz.eu/it/54-idee-regalo','cbf838b364257d5faac54139f45513f8b6f70782_Wetiz-Slider-Weihnachten_Geschenke.jpg'),(9,1,'Fennix Julz – Lifesaving Surfski','<div class=\"right_top\">\n<p><span style=\"color:#000000;\">The Legend</span></p>\n<h3><span style=\"color:#000000;\">Fennix Julz</span></h3>\n<h4><span style=\"color:#000000;\">Lifesaving Surfski</span></h4>\n<p><span style=\"color:#000000;\"><button>Discover now!</button></span></p>\n</div>','Fennix Julz – Lifesaving Surfski','https://wetiz.eu/en/32-livesaving-surskis','a8027d28b6b4ab31048d7432a2e6a0771d8f6d3d_Sammy Feys.jpg'),(9,2,'Fennix Julz – Lifesaving Surfski','<div class=\"right_top\">\n<p><span style=\"color:#000000;\">The Legend</span></p>\n<h3><span style=\"color:#000000;\">Fennix Julz</span></h3>\n<h4><span style=\"color:#000000;\">Lifesaving Surfski</span></h4>\n<p><span style=\"color:#000000;\"><button>Découvrez maintenant!</button></span></p>\n</div>','Fennix Julz – Lifesaving Surfski','https://wetiz.eu/fr/32-livesaving-surskis','a38901025157f619240798b0ddd7720942efbce1_Sammy Feys.jpg'),(9,4,'Fennix Julz – Lifesaving Surfski','<div class=\"right_top\">\n<p><span style=\"color:#000000;\">Die Legende<br /></span></p>\n<h3><span style=\"color:#000000;\">Fennix Julz</span></h3>\n<h4><span style=\"color:#000000;\">Lifesaving Surfski</span></h4>\n<p><span style=\"color:#000000;\"><button>Jetzt entdecken!</button></span></p>\n</div>','Fennix Julz – Lifesaving Surfski','https://wetiz.eu/de/32-livesaving-surskis','e5410d6c4cd98ceedbff1cd180af3e9603fafd91_Sammy Feys.jpg'),(9,7,'Fennix Julz – Lifesaving Surfski','<div class=\"right_top\">\n<p><span style=\"color:#000000;\">La leggenda</span></p>\n<h3><span style=\"color:#000000;\">Fennix Julz</span></h3>\n<h4><span style=\"color:#000000;\">da salvamento</span></h4>\n<p><span style=\"color:#000000;\"><button>Scopri ora!</button></span></p>\n</div>','Fennix Julz – Lifesaving Surfski','https://wetiz.eu/it/32-livesaving-surskis','09e91556d4e0228747853c3ea91341bc741b8770_Sammy Feys.jpg'),(14,1,'Wetiz Carbon Pro Team','<div class=\"left_top\">\n<p><span class=\"st\"><em>Judit Vergés</em></span> in paradise</p>\n<h3>Carbon Pro</h3>\n<h4>The Teamrider Board!</h4>\n<p><button>Discover!</button></p>\n</div>','Wetiz Carbon Pro Team','https://wetiz.eu/en/58-pro-carbon','523bad957a12edf545a84699b6a649cd5ebc526d__Wetiz-Slider-Lifesaving-Paddle-Board-Carbon-Judit-Verges.jpg'),(14,2,'Wetiz Carbon Pro Team','<div class=\"left_top\">\n<p><span class=\"st\"><em>Judit Vergés</em></span></p>\n<h3>Carbone Pro</h3>\n<h4>La planche des team riders!</h4>\n<p><button>Découvrir maintenant</button></p>\n</div>','Wetiz Carbon Pro Team','https://wetiz.eu/fr/58-pro-carbon','c87e1938915eb57c03fa7c804bbefeaa2ae1d713__Wetiz-Slider-Lifesaving-Paddle-Board-Carbon-Judit-Verges.jpg'),(14,4,'Wetiz Carbon Pro Team','<div class=\"left_top\">\n<p><span class=\"st\"><em>Judit Vergés im Paddelparadies<br /></em></span></p>\n<h3>Carbon Pro</h3>\n<h4>Gebaut für die Herausforderung.</h4>\n<p><button>Jetzt entdecken!</button></p>\n</div>','Wetiz Carbon Pro Team','https://wetiz.eu/de/58-pro-carbon','e2619f7b36fb6ffcd07836645ce87a3af3616180__Wetiz-Slider-Lifesaving-Paddle-Board-Carbon-Judit-Verges.jpg'),(14,7,'Wetiz Carbon Pro Tracksta','<div class=\"left_top\">\n<p><span class=\"st\"><em>Judit Vergés</em></span> in paradiso</p>\n<h3>Carbon Pro</h3>\n<h4>La tavola del Team Wetiz!</h4>\n<p><button>Scopri ora!</button></p>\n</div>','Wetiz Carbon Pro Tracksta','https://wetiz.eu/de/58-pro-carbon','fae63b892bdcb68aaff5bd9f5f122cd65a9a0768__Wetiz-Slider-Lifesaving-Paddle-Board-Carbon-Judit-Verges.jpg'),(15,1,'Surf Rescue Boards','<div class=\"right_top\">\n<p>Prof. Lifesaving Equipment</p>\n<h3>Equipment</h3>\n<h4>to save lives</h4>\n<p><button>Shop now!</button></p>\n</div>','Prof. Rettungsausrüstung ','https://wetiz.eu/en/15-professional-equipment','1d7373194e93362ce7094c1d43947aad86a17011_97ba618e52e73fbdff378f29c1b4c5f8c8c55252__Wetiz-Slider-Surf-Rescue-Lifesaving-Boards.jpg'),(15,2,'Des Planches De Sauvetage','<div class=\"right_top\">\n<p>Equipement professionnel</p>\n<h3>Equipement</h3>\n<h4>pour sauver des vies</h4>\n<p><button>Découvrez maintenant!</button></p>\n</div>','Prof. Rettungsausrüstung ','https://wetiz.eu/fr/15-professional-equipment','a94d2fc5e83cba23e98dd1a27109bac04c308fe0_97ba618e52e73fbdff378f29c1b4c5f8c8c55252__Wetiz-Slider-Surf-Rescue-Lifesaving-Boards.jpg'),(15,4,'Surf Rescue Boards','<div class=\"right_top\">\n<p style=\"text-align:left;\"><span style=\"color:#ffffff;\">Prof. Rettungsausrüstung</span></p>\n<h3 style=\"text-align:left;\"><span style=\"color:#ffffff;\">Ausrüstung</span></h3>\n<h4 style=\"text-align:left;\"><span style=\"color:#ffffff;\">die Leben rettet</span></h4>\n<p style=\"text-align:left;\"><button>Jetzt entdecken!</button></p>\n</div>','Prof. Rettungsausrüstung ','https://wetiz.eu/de/15-professional-equipment','f408ccd9c1ee80646e3ae2c92d3ba37b5653efa2_97ba618e52e73fbdff378f29c1b4c5f8c8c55252__Wetiz-Slider-Surf-Rescue-Lifesaving-Boards.jpg'),(15,7,'Attrezzatura professionale','<div class=\"right_top\">\n<p>Attrezzatura professionale</p>\n<h3>Attrezzatura</h3>\n<h4>che salva la vita</h4>\n<p><button>Scopri ora!</button></p>\n</div>','Attrezzatura professionale','https://wetiz.eu/it/15-attrezzatura-professionale','734ef2cc3e19ff36345996be5a84c7a5237b4449_97ba618e52e73fbdff378f29c1b4c5f8c8c55252__Wetiz-Slider-Surf-Rescue-Lifesaving-Boards.jpg'),(17,1,'Lifesaving Surfskis','<div class=\"right_top\">\n<p>Are you searching?</p>\n<h3>Lifesaving Surfski</h3>\n<h4>Ask us. We support you!</h4>\n<p><button>Discover Now!</button></p>\n</div>','Lifesaving Surfskis ','https://wetiz.eu/de/32-livesaving-surskis','585bda91c841c859d78ea1326110ac0742a6e9cc_filcow_-8 (002).jpg'),(17,2,'Lifesaving Surfskis','<div class=\"right_top\">\n<p>Prêt pour de nouvelles aventures?</p>\n<h3>Lifesaving Ski</h3>\n<h4>Demandez nous. Nous vous soutiendrons!</h4>\n<p><button> Découvrir maintenant!</button></p>\n</div>','Lifesaving Surfskis ','https://wetiz.eu/de/32-livesaving-surskis','b271b1a9cf97523ec769f3373ca5701bc17f7372_filcow_-8 (002).jpg'),(17,4,'Lifesaving Surfskis','<div class=\"right_top\">\n<p>Auf der Suche?</p>\n<h3>Lifesaving Ski</h3>\n<h4>Wir beraten dich!</h4>\n<p><button>Jetzt entdecken!</button></p>\n</div>','Lifesaving Surfskis ','https://wetiz.eu/de/32-livesaving-surskis','b673ab765aeccad28eb13c9c464e1ebd403e4bfd_filcow_-8 (002).jpg'),(17,7,'Lifesaving Surfskis','<div class=\"right_top\">\n<p>Cosa cerchi?</p>\n<h3>Surf ski da salvamento</h3>\n<h4>Contattaci per supporto!</h4>\n<p><button>Scopri ora!</button></p>\n</div>','Lifesaving Surfskis ','https://wetiz.eu/de/32-livesaving-surskis','ec3dd563e0cc0d79b58c87c18208c8073d2f6b96_filcow_-8 (002).jpg'),(22,1,'Wetiz Competition Fins ','<div class=\"right_top\">\n<p>3... 2... 1... GO </p>\n<h3>Fins</h3>\n<h4>for lifesaving competitions</h4>\n<p><button>Discover now!</button></p>\n</div>','Wetiz Rettungsschwimmen Flossen ','https://wetiz.eu/en/27-ts-models','301fef558e0a95de624a2dd5e05d49475fd742b4_c6ff5ddfcc65896cfd4acd3a368bb805baa6d51d__Wetiz-Slider-Flossen-Lifesaving.jpg'),(22,2,'Wetiz Palmes Compétition ','<div class=\"right_top\">\n<p>3... 2... 1... GO </p>\n<h3>Palmes</h3>\n<h4>pour le sport sauveteur</h4>\n<p><button> Découvrez maintenant</button></p>\n</div>','Wetiz Rettungsschwimmen Flossen ','https://wetiz.eu/fr/27-modeles-ts','97bed343c830026a23945273c55582979d59ca1a_c6ff5ddfcc65896cfd4acd3a368bb805baa6d51d__Wetiz-Slider-Flossen-Lifesaving.jpg'),(22,4,'Wetiz Wettkampf Flossen ','<div class=\"right_top\">\n<p>3... 2... 1... GO </p>\n<h3>Flossen</h3>\n<h4>für den Rettungsschwimmsport</h4>\n<p><button>Jetzt entdecken!</button></p>\n</div>','Wetiz Rettungsschwimmen Flossen ','https://wetiz.eu/de/27-flossen','6a14874cbb402731faf277d8566bb11b054346e6_c6ff5ddfcc65896cfd4acd3a368bb805baa6d51d__Wetiz-Slider-Flossen-Lifesaving.jpg'),(22,7,'Wetiz Pinne da Competizione','<div class=\"right_top\">\n<p>3... 2... 1... VIA </p>\n<h3>Pinne salvamento</h3>\n<h4>da competizione</h4>\n<p><button>Scopri ora!</button></p>\n</div>','Wetiz Rettungsschwimmen Flossen ','https://wetiz.eu/it/27-pinne','e907f3df9d95819fb32374a07871652698e810cc_c6ff5ddfcc65896cfd4acd3a368bb805baa6d51d__Wetiz-Slider-Flossen-Lifesaving.jpg'),(23,1,'New Season - New Board','<div class=\"left_top\">\n<p>2024 getting tough. </p>\n<h3>Ready?</h3>\n<h4>Boards for every level</h4>\n<p><button>Discover now!</button></p>\n</div>','Boards Lifesaving Paddle Boards','https://wetiz.eu/en/10-boards','4c566b9724fbe6691b811dfb2583e2a6a2b72861_TZ_225.jpg'),(23,2,'New Season - New Board','<div class=\"left_top\">\n<p><span class=\"HwtZe\" xml:lang=\"fr\" lang=\"fr\"><span class=\"jCAhz ChMk0b\"><span class=\"ryNqvb\">2024 sera sportive.</span></span></span></p>\n<h3>Prêt?</h3>\n<h4><span class=\"HwtZe\" xml:lang=\"fr\" lang=\"fr\"><span class=\"jCAhz ChMk0b\"><span class=\"ryNqvb\">Des planches pour tous les niveaux</span></span></span></h4>\n<p><button>Découvrez maintenant!<br /></button></p>\n</div>','Boards Lifesaving Paddle Boards','https://wetiz.eu/fr/10-planches','c5c2fa2e00fc7029d4b14e3d3521a91012fc6830_TZ_225.jpg'),(23,4,'New Season - New Board','<div class=\"left_top\">\n<h4>Boards für jedes Level</h4>\n<p><button>Jetzt entdecken!</button></p>\n</div>','Boards Lifesaving Paddle Boards','https://wetiz.eu/de/10-boards','1673515719e9ff9f27b3be261e81fd29664253f5_TZ_225.jpg'),(23,7,'New Season - New Board','<div class=\"left_top\">\n<p>2024 intenso</p>\n<h3>Pronto?</h3>\n<h4>Tavole per ogni livello</h4>\n<p><button>Scopri ora!</button></p>\n</div>','Boards Lifesaving Paddle Boards','https://wetiz.eu/it/10-tavole','06a9fb488563aa110c41df114d3f3970fb9a515d_TZ_225.jpg'),(25,1,'Production Boards','<div class=\"right_top\">\n<p><span style=\"color:#ffffff;\">Developed with passion</span></p>\n<h3><span style=\"color:#ffffff;\">Boards</span></h3>\n<h4><span style=\"color:#ffffff;\">Everything starts with an idea</span></h4>\n<p><span style=\"color:#ffffff;\"><button>Discover now!</button></span></p>\n</div>','Production Boards','https://wetiz.eu/en/10-boards','388762b6625679ebbbf8fe6e3c16a2dbeb778c91__Wetiz-Slider-Lifesaving-Paddle-Board-Production.jpg'),(25,2,'Production Planches','<div class=\"right_top\">\n<p><span class=\"HwtZe\" xml:lang=\"fr\" style=\"color:#ffffff;\" lang=\"fr\"><span class=\"jCAhz ChMk0b\"><span class=\"ryNqvb\">Développé avec passion</span></span></span></p>\n<h3><span style=\"color:#ffffff;\">Des planches</span></h3>\n<h4><span style=\"color:#ffffff;\">Tout commence par une idée<br /></span></h4>\n<p><span style=\"color:#ffffff;\"><button>Découvrez maintenant!</button></span></p>\n</div>','Production Boards','https://wetiz.eu/fr/10-planches','ff173d511b4098da06f460d8be8e95d3c81bb3e6__Wetiz-Slider-Lifesaving-Paddle-Board-Production.jpg'),(25,4,'Produktion Boards','<div class=\"right_top\">\n<p><span style=\"color:#ffffff;\">Mit Leidenschaft entwickelt </span></p>\n<h3><span style=\"color:#ffffff;\">Boards</span></h3>\n<h4><span style=\"color:#ffffff;\">Alles beginnt mit einer Idee</span></h4>\n<p><span style=\"color:#ffffff;\"><button>Jetzt entdecken!</button></span></p>\n</div>','Production Boards','https://wetiz.eu/de/10-boards','8f6839d39fa0beb219bb5ed635b50171bb8fbf99__Wetiz-Slider-Lifesaving-Paddle-Board-Production.jpg'),(25,7,'Produzione Tavole','<div class=\"right_top\">\n<p><span class=\"HwtZe\" xml:lang=\"it\" style=\"color:#ffffff;\" lang=\"it\"><span class=\"jCAhz ChMk0b\"><span class=\"ryNqvb\">Sviluppato con passione</span></span></span></p>\n<h3><span style=\"color:#ffffff;\">Tavola</span></h3>\n<h4><span style=\"color:#ffffff;\">Tutto inizia da un\'idea</span></h4>\n<p><span style=\"color:#ffffff;\"><button>Scopri ora!</button></span></p>\n</div>','Production Boards','https://wetiz.eu/it/10-tavole','d6ec4826feb131399e4bcd566cc0402078881ae4__Wetiz-Slider-Lifesaving-Paddle-Board-Production.jpg'),(26,1,'Start now!','<div class=\"left_top\">\n<p><span style=\"color:#000000;\">Lick your board into shape<br /></span></p>\n<h3><span style=\"color:#000000;\">Board maintenance </span></h3>\n<h4><span style=\"color:#000000;\">Spare parts and accesories<br /></span></h4>\n<p><span style=\"color:#000000;\"><button>Shop now!</button></span></p>\n</div>','Repair and Replace paddle Board','https://wetiz.eu/en/70-repair-and-replace','99016d282026f04c3c6eaa605006d3c74d5e7631__Wetiz-Slider-Repair-Replace.jpg'),(26,2,'Allez-y maintenant!','<div class=\"left_top\">\n<p><span class=\"HwtZe\" xml:lang=\"fr\" style=\"color:#000000;\" lang=\"fr\"><span class=\"jCAhz ChMk0b\"><span class=\"ryNqvb\">Mettez votre planche en forme maintenant</span></span></span></p>\n<h3><span style=\"color:#000000;\">Soins de votre planche</span></h3>\n<h4><span style=\"color:#000000;\">D<span class=\"HwtZe\" xml:lang=\"fr\" lang=\"fr\"><span class=\"jCAhz ChMk0b\"><span class=\"ryNqvb\">es pièces de rechange et accessoires<br /></span></span></span></span></h4>\n<p><span style=\"color:#000000;\"><button>Achetez maintenant!<br /></button></span></p>\n</div>','Repair and Replace paddle Board','https://wetiz.eu/fr/70-repair-and-replace','cb982f20fb62be6f28294f29cd6320608d055c10__Wetiz-Slider-Repair-Replace.jpg'),(26,4,'Pack\'s jetzt an!','<div class=\"left_top\">\n<p><span style=\"color:#000000;\">Bring jetzt dein Board auf Vordermann</span></p>\n<h3><span style=\"color:#000000;\">Board Pflege</span></h3>\n<h4><span style=\"color:#000000;\">Ersatzteile und Zubehör</span></h4>\n<p><span style=\"color:#000000;\"><button>Jetzt einkaufen!</button></span></p>\n</div>','Repair and Replace paddle Board','https://wetiz.eu/de/70-reparatur-und-ersatzteile','7dfc494ef63bc9ef54fdbbdd1a6f2fde110c93aa__Wetiz-Slider-Repair-Replace.jpg'),(26,7,'Vai avanti adesso!','<div class=\"left_top\">\n<p><span class=\"HwtZe\" xml:lang=\"it\" style=\"color:#000000;\" lang=\"it\"><span class=\"jCAhz ChMk0b\"><span class=\"ryNqvb\">Metti subito in forma la tua tavola</span></span></span></p>\n<h3><span class=\"HwtZe\" xml:lang=\"it\" style=\"color:#000000;\" lang=\"it\"><span class=\"jCAhz ChMk0b\"><span class=\"ryNqvb\">Cura della tavola</span></span></span></h3>\n<h4><span class=\"HwtZe\" xml:lang=\"it\" style=\"color:#000000;\" lang=\"it\"><span class=\"jCAhz ChMk0b\"><span class=\"ryNqvb\">Ricambi e accessori</span></span></span></h4>\n<p><span style=\"color:#000000;\"><button>Acquista ora!</button></span></p>\n</div>','Repair and Replace paddle Board','https://wetiz.eu/it/70-manutenzione-e-riparazione','5471e13240041a8e1dca640bee3e4f720e345b54__Wetiz-Slider-Repair-Replace.jpg'),(27,1,'European Lifesaving Championships','<div class=\"left_top\">\n<h4>3, 2, 1, GO</h4>\n<h4></h4>\n<p><button>Discover now!</button></p>\n</div>','Wetiz Carbon Pro Team','https://elc2025.eu/en/','e1c2bd895002ee1ecd41193b7b5243cc6ef1efe8__Wetiz-Slider-Lifesaving-Paddle-Boards-Carbon-Pro.jpg'),(27,2,'European Lifesaving Championships','<div class=\"left_top\">\n<h4>3, 2, 1, GO</h4>\n<h4></h4>\n<p><button>Découvrez maintenant!</button></p>\n</div>','Wetiz Carbon Pro Team','https://elc2025.eu/en/','0a6bfb6c8802ce6480b963e31bd0c9f66685e4f3__Wetiz-Slider-Lifesaving-Paddle-Boards-Carbon-Pro.jpg'),(27,4,'','<div class=\"left_top\">\n<h4>3, 2, 1, GO</h4>\n<p><button>Jetzt entdecken!</button></p>\n</div>','','','bb45d8c95fd0510decda534699c3dbb6e21003b2__Wetiz-Slider-Lifesaving-Paddle-Boards-Carbon-Pro.jpg'),(27,7,'European Lifesaving Championships','<div class=\"left_top\">\n<h4></h4>\n<h4></h4>\n<p><button>Scopri ora!</button></p>\n</div>','','https://elc2025.eu/en/','4b3b6e1e26e41a6f12ae0b393354f22ad30e2fe2__Wetiz-Slider-Lifesaving-Paddle-Boards-Carbon-Pro.jpg'),(29,1,'Wetiz Pro Carbon ','<div class=\"right_top\">\n<p><span style=\"color:#000000;\">My passion.</span></p>\n<h3><span style=\"color:#000000;\">Paddle out.</span></h3>\n<h4><span style=\"color:#000000;\">Boards for every level</span></h4>\n<p><button>Discover now!</button></p>\n</div>','Wetiz Carbon Pro Judit Verges','https://wetiz.eu/en/10-boards','eab3c1f0579e2d701e69a64bc43e714d6a66d019_df7a852a247afee72694779dc679f07bd968e6bc__Wetiz-Judit-Verges-Paddle-Board-Carbon-Pro-Drone.jpg'),(29,2,'Wetiz Pro Carbon ','<div class=\"right_top\">\n<p><span style=\"color:#000000;\">2021 getting tough.</span></p>\n<h3><span style=\"color:#000000;\">Ready?</span></h3>\n<h4><span style=\"color:#000000;\">Boards for every level</span></h4>\n<p><button>Découvrir maintenant!</button></p>\n</div>','Wetiz Carbon Pro Judit Verges','https://wetiz.eu/fr/10-boards','6eb7758990175017756bdc5bb087805b7df5a08e_df7a852a247afee72694779dc679f07bd968e6bc__Wetiz-Judit-Verges-Paddle-Board-Carbon-Pro-Drone.jpg'),(29,4,'Waves Drone Judit','<div class=\"right_top\">\n<p><span style=\"color:#000000;\">Meine Passion.</span></p>\n<h3><span style=\"color:#000000;\">Rauspaddeln.</span></h3>\n<h4><span style=\"color:#000000;\">Boards für jedes Level</span></h4>\n<p><button>Jetzt entdecken!</button></p>\n</div>','Wetiz Carbon Pro Judit Verges','https://wetiz.eu/de/10-boards','a3a60886e76601c5a5ac063dd475dddf9066ae9f_df7a852a247afee72694779dc679f07bd968e6bc__Wetiz-Judit-Verges-Paddle-Board-Carbon-Pro-Drone.jpg'),(29,7,'Wetiz Pro Carbon ','<div class=\"right_top\">\n<p><span style=\"color:#000000;\">La mia passione</span></p>\n<h3><span style=\"color:#000000;\">Pronto?</span></h3>\n<h4><span style=\"color:#000000;\">Tavole per ogni livello</span></h4>\n<p><button>Scopri ora!</button></p>\n</div>','Wetiz Carbon Pro Judit Verges','https://wetiz.eu/it10-boards','b18fcf045a00b661915238673d58d61bcff219dd_df7a852a247afee72694779dc679f07bd968e6bc__Wetiz-Judit-Verges-Paddle-Board-Carbon-Pro-Drone.jpg'),(32,1,'Sammy Feys - Free Carbon Pro','<p style=\"text-align:right;\"><span class=\"st\" style=\"color:#ffffff;\">Sammy Feys with his Free Board<em><br /></em></span></p>\n<h3 style=\"text-align:right;\"><span style=\"color:#ffffff;\">Carbon Pro</span></h3>\n<h4 style=\"text-align:right;\"><span style=\"color:#ffffff;\">The team rider board</span></h4>\n<p style=\"text-align:right;\"><span style=\"color:#ffffff;\"><button>Discover now!</button></span></p>','Sammy','https://wetiz.eu/de/58-pro-carbon','7197502a24c36c0a2b7b1f87111e1013bb3458cc_sammy-1-3 (Free Carbon Pro) - Maß Slider.jpg'),(32,2,'Sammy Feys - Free Carbon Pro','<p style=\"text-align:right;\"><span class=\"st\" style=\"color:#ffffff;\">Sammy Feys avec son Free Planche<em><br /></em></span></p>\n<h3 style=\"text-align:right;\"><span style=\"color:#ffffff;\">Carbon Pro</span></h3>\n<h4 style=\"text-align:right;\"><span style=\"color:#ffffff;\">La planche des team riders</span></h4>\n<p style=\"text-align:right;\"><span style=\"color:#ffffff;\"><button>Découvrir maintenant!</button></span></p>','Sammy','https://wetiz.eu/de/58-pro-carbon','f5c3e0753307ee52a0aed7d360d82b8ffa6f944b_sammy-1-3 (Free Carbon Pro) - Maß Slider.jpg'),(32,4,'Sammy Feys - Carbon Pro','<p style=\"text-align:right;\"><span class=\"st\" style=\"color:#ffffff;\">Sammy Feys mit seinem Free Board<em><br /></em></span></p>\n<h3 style=\"text-align:right;\"><span style=\"color:#ffffff;\">Carbon Pro</span></h3>\n<h4 style=\"text-align:right;\"><span style=\"color:#ffffff;\">Das Board der Teamfahrer</span></h4>\n<p style=\"text-align:right;\"><span style=\"color:#ffffff;\"><button>Jetzt entdecken!</button></span></p>','Sammy','https://wetiz.eu/de/58-pro-carbon','1dd389cd423fbccbe22ec9bbd8cd732d5fba32c4_Wetiz-Lifesaving-Paddle-Board-Carbon-Wave - Kopie.jpg'),(32,7,'Sammy Feys - Free Carbon Pro','<p style=\"text-align:right;\"><span style=\"color:#ffffff;\">Sammy Feys - Tavola Free</span></p>\n<h3 style=\"text-align:right;\"><span style=\"color:#ffffff;\">Carbon Pro</span></h3>\n<h4 style=\"text-align:right;\"><span style=\"color:#ffffff;\">La tavola del Team Wetiz</span></h4>\n<p style=\"text-align:right;\"><span style=\"color:#ffffff;\"><button>Scopri ora!</button></span></p>','Sammy','https://wetiz.eu/de/58-pro-carbon','46bc180cc136c355ce92927c339415cb8e60ec92_sammy-1-3 (Free Carbon Pro) - Maß Slider.jpg'),(36,1,'Team Wetiz','<div class=\"right_top\">\n<div class=\"left_top\">\n<p><span style=\"color:#ffffff;\">My passion<br /></span></p>\n<h3><span style=\"color:#ffffff;\">My sport<br /></span></h3>\n<h4><span style=\"color:#ffffff;\">with the best material<br /></span></h4>\n<p><span style=\"color:#ffffff;\"></span></p>\n</div>\n</div>\n<p></p>','Janka Krohn - Team Wetiz','','48967f6e740165061c7a12d2c1fc78cc9dddd79e_Bild für Slider Shop - Kopie (2).jpg'),(36,2,'Team Wetiz','<div class=\"right_top\">\n<div class=\"left_top\">\n<p><span style=\"color:#ffffff;\">Ma passion<br /></span></p>\n<h3><span style=\"color:#ffffff;\">Mon sport<br /></span></h3>\n<h4><span style=\"color:#ffffff;\">avec le meilleur matériel</span><span style=\"color:#ffffff;\"></span></h4>\n</div>\n</div>\n<p></p>','Janka Krohn - Team Wetiz','','53dbf38659b5c2667a5ee87c787526e57bc315e4_Bild für Slider Shop - Kopie (2).jpg'),(36,4,'Team Wetiz','<div class=\"right_top\">\n<div class=\"left_top\">\n<p><span style=\"color:#ffffff;\">Meine Leidenschaft<br /></span></p>\n<h3><span style=\"color:#ffffff;\">Mein Sport<br /></span></h3>\n<h4><span style=\"color:#ffffff;\">mit dem besten Material</span></h4>\n<p><span style=\"color:#ffffff;\"></span></p>\n</div>\n</div>','Janka Krohn - Team Wetiz','','d0864cef73ab8c7b19f31b3d0e46a421f60bbcd2_Bild für Slider Shop - Kopie (2).jpg'),(36,7,'Team Wetiz','<div class=\"right_top\">\n<div class=\"right_top\">\n<div class=\"left_top\">\n<p><span style=\"color:#ffffff;\">La mia passione<br /></span></p>\n<h3><span style=\"color:#ffffff;\">Il mio sport<br /></span></h3>\n<h4><span style=\"color:#ffffff;\">con il miglior materiale</span><span style=\"color:#ffffff;\"></span></h4>\n</div>\n</div>\n</div>','Janka Krohn - Team Wetiz','','d2d1105e37e8847d3d8c0064809f00c8844fcf32_Bild für Slider Shop - Kopie (2).jpg'),(40,1,'','','','','b97ffd8ecd7a8068304a3742a1dfa9a19cc57506_2e0c56ac2d0f6d77ed438c0fea38640ac8c6aa1d__Wetiz-Judit-Verges-Paddle-Board-Carbon-Pro-Drone.jpg'),(40,2,'','','','','bf876be85848648f8daa7d9e68895fa60a851431_2e0c56ac2d0f6d77ed438c0fea38640ac8c6aa1d__Wetiz-Judit-Verges-Paddle-Board-Carbon-Pro-Drone.jpg'),(40,4,'','','','','a2afd1bf140cae3c74526bba5eb500322361d1e1_2e0c56ac2d0f6d77ed438c0fea38640ac8c6aa1d__Wetiz-Judit-Verges-Paddle-Board-Carbon-Pro-Drone.jpg'),(40,7,'','','','','e32a222aa3dfd5556bc8b4694f1c7a52ca6ad67f_2e0c56ac2d0f6d77ed438c0fea38640ac8c6aa1d__Wetiz-Judit-Verges-Paddle-Board-Carbon-Pro-Drone.jpg'),(41,1,'','','','','6652250bc562fb59b05712aaa6456ea0c87522da_fd8c550b3acb6cd8d5c1cc145d26ad6805e9bf0d_wetiz-surfski-cape-recife-.jpg'),(41,2,'','','','','40d1fca2c8c7e91eae1ab411f36d1ff1425dd1f1_fd8c550b3acb6cd8d5c1cc145d26ad6805e9bf0d_wetiz-surfski-cape-recife-.jpg'),(41,4,'','','','','b46cffb52d90083885513a4ae1a30d009e111aed_fd8c550b3acb6cd8d5c1cc145d26ad6805e9bf0d_wetiz-surfski-cape-recife-.jpg'),(41,7,'','','','','d0c4dcd6138f39de4660a4d7005e5f9da8776482_fd8c550b3acb6cd8d5c1cc145d26ad6805e9bf0d_wetiz-surfski-cape-recife-.jpg'),(42,1,'','','','','9c9c1f500712ae2d755f23806eee10280c0b5b80_523bad957a12edf545a84699b6a649cd5ebc526d__Wetiz-Slider-Lifesaving-Paddle-Board-Carbon-Judit-Verges.jpg'),(42,2,'','','','','49134e3dba67d6efaac891a4179a9275d95eef87_523bad957a12edf545a84699b6a649cd5ebc526d__Wetiz-Slider-Lifesaving-Paddle-Board-Carbon-Judit-Verges.jpg'),(42,4,'','','','','9f1a612bfe9f0e9be00c69e91b90ced6e87debaa_523bad957a12edf545a84699b6a649cd5ebc526d__Wetiz-Slider-Lifesaving-Paddle-Board-Carbon-Judit-Verges.jpg'),(42,7,'','','','','28238d3237f1372aafde21801412954220c5b437_523bad957a12edf545a84699b6a649cd5ebc526d__Wetiz-Slider-Lifesaving-Paddle-Board-Carbon-Judit-Verges.jpg'),(47,1,'','','','',''),(47,2,'','','','',''),(47,4,'Happy New Year 2025','','','',''),(47,7,'','','','',''),(51,1,'','','','','b59f3b419db1765b7a4572651fb6523d5709fccd_Bodenseechallenge25_Slider-web.png'),(51,2,'','','','','7dcb2b2766e249331d631105a0016877fc77c728_Bodenseechallenge25_Slider-web.png'),(51,4,'','','','','77d502199c14bd0bebd0de42011a5383eaa2df6e_a.jpg'),(51,7,'','','','','8ed120580a260776b9ef89fb47ca477f9befb07f_Bodenseechallenge25_Slider-web.png'),(52,1,'','','','','3d9af4e5c4cc864faf2c2a53de0a70ae09c53415_Slider Irland.jpg'),(52,2,'','','','','01d861dd0f257669c0be4d60cbf15d0d842f28f8_Slider Irland.jpg'),(52,4,'','<p><span style=\"color:#000000;background-color:#ffffff;\"><strong>ORDER BEFORE THIS WEEK IS OVER!</strong></span></p>','','','a641fef8ad6b50864e878ff53e80000f3de7b8ef_Slider Irland.jpg'),(52,7,'','','','','d8895b8f39bb7ff3b981fd49e648c4e624c6f1f6_Slider Irland.jpg'),(54,1,'','','','https://wetiz.eu/de/surfski-zubehoer/1605-135007-surf-ski-ruder.html#/505-design-swordlord','19d4ca232514ec5cd01c764aceac2a8258b50616_FENN-Sticker-Set-04.jpg'),(54,2,'','','','https://wetiz.eu/de/surfski-zubehoer/1605-135007-surf-ski-ruder.html#/505-design-swordlord','d4a4e2f76bb349c82311586c0a8ccdd3e16a491d_FENN-Sticker-Set-04.jpg'),(54,4,'','','','https://wetiz.eu/de/surfski-zubehoer/1605-135007-surf-ski-ruder.html#/505-design-swordlord','4698b6afbecb6383d26dd36a180bac90451dbf92_FENN-Sticker-Set-04.jpg'),(54,7,'','','','https://wetiz.eu/de/surfski-zubehoer/1605-135007-surf-ski-ruder.html#/505-design-swordlord','4f97c66870901fcc00ce029455505e5567972ddd_FENN-Sticker-Set-04.jpg'),(55,1,'','','','https://wetiz.eu/de/surfski-zubehoer/1605-135007-surf-ski-ruder.html#/505-design-swordlord','d3c87e167a8e8f4f15134de7ad413ac751252cd0_FENN-Sticker-Set-01.png'),(55,2,'','','','https://wetiz.eu/de/surfski-zubehoer/1605-135007-surf-ski-ruder.html#/505-design-swordlord','7fae1b96e996b4982fe10a988c22b1ff4aa4acab_FENN-Sticker-Set-01.png'),(55,4,'','','','https://wetiz.eu/de/surfski-zubehoer/1605-135007-surf-ski-ruder.html#/505-design-swordlord','3384e5af6ff027ce6609d332ffa67ca22a2b4515_FENN-Sticker-Set-01.png'),(55,7,'','','','https://wetiz.eu/de/surfski-zubehoer/1605-135007-surf-ski-ruder.html#/505-design-swordlord','47737ae32b9cefdaae3a31ea12956fbeefa34049_FENN-Sticker-Set-01.png'),(57,1,'','','','https://wetiz.eu/en/search?s=mock+','5181d5a0ecbbfe535a8e782cc6dd86a67bb6c710_MOCK-Sale_slider.jpg'),(57,2,'','','','https://wetiz.eu/fr/recherche?s=mock+','7fc39e9011bbe5c19671bb8203b55558afb57dfb_MOCK-Sale_slider.jpg'),(57,4,'','','','https://wetiz.eu/de/suche?controller=search&s=mock+','6d865aea6b5ba6a36b8bc911c041399b9e431be1_MOCK-Sale_slider.jpg'),(57,7,'','','','https://wetiz.eu/it/ricerca?s=mock+','8986e85fcc361fe395fd6e568ec1315357f8c80c_MOCK-Sale_slider.jpg'),(58,1,'','','','','53b315abfb82751b63771eef1902d9b27c6ec237_Cold-conditions-clothing.png'),(58,2,'','','','','6b061e62c484ab9bee84202aa3db0157590c6f04_Cold-conditions-clothing.png'),(58,4,'','','','','be109ae1269c25451628d06bb396c9767500a0ec_Cold-conditions-clothing.png'),(58,7,'','','','','9943dd201f82bc1571f3474a411017177a9a368d_Cold-conditions-clothing.png'),(59,1,'','','','',''),(59,2,'','','','',''),(59,4,'','<p></p>\n<p></p><video width=\"444\" height=\"222\" style=\"margin-left:auto;margin-right:auto;\" controls=\"\">\n<source src=\"/img/cms/Rescue-Can-Storage-System-Wetiz.mov\"></source>\n</video>','','','bfb627c2a33c3f6032adaf9389939db463fa0a6f_weisserHintergrund.png'),(59,7,'','','','',''),(60,1,'','','','','6b6c6c6d2a8df5ff811016aec925d7e480cf9900_wetiz_x-mas-break-2.jpg'),(60,2,'','','','','f8121fe1b1732393835a64bcd394db38fa4c39cc_wetiz_x-mas-break-2.jpg'),(60,4,'','','','','5229898eb2362ce72321911b0d52a126c7962808_wetiz_x-mas-break-2.jpg'),(60,7,'','','','','d62ba1933bfd1f5ac47f760b6f6bd9be88fe7fdc_wetiz_x-mas-break-2.jpg'),(61,1,'','','','https://my.raceresult.com/363415/registration','92f0d9412e930196b0387806568b8dee0551a860_HSF26_1.png'),(61,2,'','','','https://my.raceresult.com/363415/registration','d9c672281287ac0f2c6e31ef215b17479ca4b54d_HSF26_1.png'),(61,4,'','','','https://my.raceresult.com/363415/registration','1423b182c1c8f4781769502dfc466dd1695a3fa1_HSF26_1.png'),(61,7,'','','','https://my.raceresult.com/363415/registration','7a359905d216a18a8960eeb300633a83ec2523cc_HSF26_1.png');

--
-- Table structure for table `prstshp_hook`
--

CREATE TABLE `prstshp_hook` (
  `id_hook` int(10) unsigned NOT NULL AUTO_INCREMENT,
  `name` varchar(191) NOT NULL,
  `title` varchar(255) NOT NULL,
  `description` mediumtext,
  `active` tinyint(1) unsigned NOT NULL DEFAULT '1',
  `position` tinyint(1) NOT NULL DEFAULT '1',
  PRIMARY KEY (`id_hook`),
  UNIQUE KEY `hook_name` (`name`)
) ENGINE=InnoDB AUTO_INCREMENT=920 DEFAULT CHARSET=utf8mb4;

--
-- Dumping data for table `prstshp_hook`
--

INSERT INTO `prstshp_hook` VALUES (2,'actionValidateOrder','New orders','',1,1),(3,'displayMaintenance','Maintenance Page','This hook displays new elements on the maintenance page',1,1),(4,'actionPaymentConfirmation','Payment confirmation','This hook displays new elements after the payment is validated',1,1),(5,'displayPaymentReturn','Payment return','',1,1),(6,'actionUpdateQuantity','Quantity update','Quantity is updated only when a customer effectively places their order',1,1),(7,'displayRightColumn','Right column blocks','This hook displays new elements in the right-hand column',1,1),(8,'displayLeftColumn','Left column blocks','This hook displays new elements in the left-hand column',1,1),(9,'displayHome','Homepage content','This hook displays new elements on the homepage',1,1),(10,'Header','Pages html head section','This hook adds additional elements in the head section of your pages (head section of html)',1,1),(11,'actionCartSave','Cart creation and update','This hook is displayed when a product is added to the cart or if the cart\'s content is modified',1,1),(12,'actionAuthentication','Successful customer authentication','This hook is displayed after a customer successfully signs in',1,1),(13,'actionProductAdd','Product creation','This hook is displayed after a product is created',1,1),(14,'actionProductUpdate','Product update','This hook is displayed after a product has been updated',1,1),(15,'displayTop','Top of pages','This hook displays additional elements at the top of your pages',1,1),(16,'displayRightColumnProduct','New elements on the product page (right column)','This hook displays new elements in the right-hand column of the product page',1,1),(17,'actionProductDelete','Product deletion','This hook is called when a product is deleted',1,1),(18,'displayFooterProduct','Product footer','This hook adds new blocks under the product\'s description',1,1),(19,'displayInvoice','Invoice','This hook displays new blocks on the invoice (order)',1,1),(20,'actionOrderStatusUpdate','Order status update - Event','This hook launches modules when the status of an order changes.',1,1),(21,'displayAdminOrder','Display new elements in the Back Office, tab AdminOrder','This hook launches modules when the AdminOrder tab is displayed in the Back Office',1,1),(22,'displayAdminOrderTabOrder','Display new elements in Back Office, AdminOrder, panel Order','This hook launches modules when the AdminOrder tab is displayed in the Back Office and extends / override Order panel tabs',1,1),(23,'displayAdminOrderTabShip','Display new elements in Back Office, AdminOrder, panel Shipping','This hook launches modules when the AdminOrder tab is displayed in the Back Office and extends / override Shipping panel tabs',1,1),(24,'displayAdminOrderContentOrder','Display new elements in Back Office, AdminOrder, panel Order','This hook launches modules when the AdminOrder tab is displayed in the Back Office and extends / override Order panel content',1,1),(25,'displayAdminOrderContentShip','Display new elements in Back Office, AdminOrder, panel Shipping','This hook launches modules when the AdminOrder tab is displayed in the Back Office and extends / override Shipping panel content',1,1),(26,'displayFooter','Footer','This hook displays new blocks in the footer',1,1),(27,'displayPDFInvoice','PDF Invoice','This hook allows you to display additional information on PDF invoices',1,1),(28,'displayInvoiceLegalFreeText','PDF Invoice - Legal Free Text','This hook allows you to modify the legal free text on PDF invoices',1,1),(29,'displayAdminCustomers','Display new elements in the Back Office, tab AdminCustomers','This hook launches modules when the AdminCustomers tab is displayed in the Back Office',1,1),(30,'displayOrderConfirmation','Order confirmation page','This hook is called within an order\'s confirmation page',1,1),(31,'actionCustomerAccountAdd','Successful customer account creation','This hook is called when a new customer creates an account successfully',1,1),(32,'displayCustomerAccount','Customer account displayed in Front Office','This hook displays new elements on the customer account page',1,1),(34,'actionOrderSlipAdd','Order slip creation','This hook is called when a new credit slip is added regarding client order',1,1),(37,'displayShoppingCartFooter','Shopping cart footer','This hook displays some specific information on the shopping cart\'s page',1,1),(38,'displayCustomerAccountForm','Customer account creation form','This hook displays some information on the form to create a customer account',1,1),(39,'displayAdminStatsModules','Stats - Modules','',1,1),(40,'displayAdminStatsGraphEngine','Graph engines','',1,1),(41,'actionOrderReturn','Returned product','This hook is displayed when a customer returns a product ',1,1),(42,'displayProductAdditionalInfo','Product page actions','This hook adds new action buttons on the product page',1,1),(43,'displayBackOfficeHome','Administration panel homepage','This hook is displayed on the admin panel\'s homepage',1,1),(44,'displayAdminStatsGridEngine','Grid engines','',1,1),(45,'actionWatermark','Watermark','',1,1),(46,'actionProductCancel','Product cancelled','This hook is called when you cancel a product in an order',1,1),(47,'displayLeftColumnProduct','New elements on the product page (left column)','This hook displays new elements in the left-hand column of the product page',1,1),(48,'actionProductOutOfStock','Out-of-stock product','This hook displays new action buttons if a product is out of stock',1,1),(49,'actionProductAttributeUpdate','Product attribute update','This hook is displayed when a product\'s attribute is updated',1,1),(50,'displayCarrierList','Extra carrier (module mode)','',1,1),(51,'displayShoppingCart','Shopping cart - Additional button','This hook displays new action buttons within the shopping cart',1,1),(54,'actionCarrierUpdate','Carrier Update','This hook is called when a carrier is updated',1,1),(55,'actionOrderStatusPostUpdate','Post update of order status','',1,1),(56,'displayCustomerAccountFormTop','Block above the form for create an account','This hook is displayed above the customer\'s account creation form',1,1),(57,'displayBackOfficeHeader','Administration panel header','This hook is displayed in the header of the admin panel',1,1),(58,'displayBackOfficeTop','Administration panel hover the tabs','This hook is displayed on the roll hover of the tabs within the admin panel',1,1),(59,'displayBackOfficeFooter','Administration panel footer','This hook is displayed within the admin panel\'s footer',1,1),(60,'actionProductAttributeDelete','Product attribute deletion','This hook is displayed when a product\'s attribute is deleted',1,1),(61,'actionCarrierProcess','Carrier process','',1,1),(63,'displayBeforeCarrier','Before carriers list','This hook is displayed before the carrier list in Front Office',1,1),(64,'displayOrderDetail','Order detail','This hook is displayed within the order\'s details in Front Office',1,1),(65,'actionPaymentCCAdd','Payment CC added','',1,1),(67,'actionCategoryAdd','Category creation','This hook is displayed when a category is created',1,1),(68,'actionCategoryUpdate','Category modification','This hook is displayed when a category is modified',1,1),(69,'actionCategoryDelete','Category deletion','This hook is displayed when a category is deleted',1,1),(71,'displayPaymentTop','Top of payment page','This hook is displayed at the top of the payment page',1,1),(72,'actionHtaccessCreate','After htaccess creation','This hook is displayed after the htaccess creation',1,1),(73,'actionAdminMetaSave','After saving the configuration in AdminMeta','This hook is displayed after saving the configuration in AdminMeta',1,1),(74,'displayAttributeGroupForm','Add fields to the form \'attribute group\'','This hook adds fields to the form \'attribute group\'',1,1),(75,'actionAttributeGroupSave','Saving an attribute group','This hook is called while saving an attributes group',1,1),(76,'actionAttributeGroupDelete','Deleting attribute group','This hook is called while deleting an attributes  group',1,1),(77,'displayFeatureForm','Add fields to the form \'feature\'','This hook adds fields to the form \'feature\'',1,1),(78,'actionFeatureSave','Saving attributes\' features','This hook is called while saving an attributes features',1,1),(79,'actionFeatureDelete','Deleting attributes\' features','This hook is called while deleting an attributes features',1,1),(80,'actionProductSave','Saving products','This hook is called while saving products',1,1),(82,'displayAttributeGroupPostProcess','On post-process in admin attribute group','This hook is called on post-process in admin attribute group',1,1),(83,'displayFeaturePostProcess','On post-process in admin feature','This hook is called on post-process in admin feature',1,1),(84,'displayFeatureValueForm','Add fields to the form \'feature value\'','This hook adds fields to the form \'feature value\'',1,1),(85,'displayFeatureValuePostProcess','On post-process in admin feature value','This hook is called on post-process in admin feature value',1,1),(86,'actionFeatureValueDelete','Deleting attributes\' features\' values','This hook is called while deleting an attributes features value',1,1),(87,'actionFeatureValueSave','Saving an attributes features value','This hook is called while saving an attributes features value',1,1),(88,'displayAttributeForm','Add fields to the form \'attribute value\'','This hook adds fields to the form \'attribute value\'',1,1),(89,'actionAttributePostProcess','On post-process in admin feature value','This hook is called on post-process in admin feature value',1,1),(90,'actionAttributeDelete','Deleting an attributes features value','This hook is called while deleting an attributes features value',1,1),(91,'actionAttributeSave','Saving an attributes features value','This hook is called while saving an attributes features value',1,1),(92,'actionTaxManager','Tax Manager Factory','',1,1),(93,'displayMyAccountBlock','My account block','This hook displays extra information within the \'my account\' block\"',1,1),(94,'actionModuleInstallBefore','actionModuleInstallBefore','',1,1),(95,'actionModuleInstallAfter','actionModuleInstallAfter','',1,1),(98,'displayTopColumn','Top column blocks','This hook displays new elements in the top of columns',1,1),(99,'displayBackOfficeCategory','Display new elements in the Back Office, tab AdminCategories','This hook launches modules when the AdminCategories tab is displayed in the Back Office',1,1),(100,'displayProductListFunctionalButtons','Display new elements in the Front Office, products list','This hook launches modules when the products list is displayed in the Front Office',1,1),(101,'displayNav','Navigation','',1,1),(102,'displayOverrideTemplate','Change the default template of current controller','',1,1),(103,'actionAdminLoginControllerSetMedia','Set media on admin login page header','This hook is called after adding media to admin login page header',1,1),(104,'actionOrderEdited','Order edited','This hook is called when an order is edited.',1,1),(105,'actionEmailAddBeforeContent','Add extra content before mail content','This hook is called just before fetching mail template',1,1),(106,'actionEmailAddAfterContent','Add extra content after mail content','This hook is called just after fetching mail template',1,1),(107,'actionObjectProductUpdateAfter','actionObjectProductUpdateAfter','',1,0),(108,'actionObjectProductDeleteAfter','actionObjectProductDeleteAfter','',1,0),(109,'displayCompareExtraInformation','displayCompareExtraInformation','',1,1),(110,'displaySocialSharing','displaySocialSharing','',1,1),(111,'displayBanner','displayBanner','',1,1),(112,'actionObjectLanguageAddAfter','actionObjectLanguageAddAfter','',1,0),(113,'displayPaymentEU','displayPaymentEU','',1,1),(114,'actionCartListOverride','actionCartListOverride','',1,0),(115,'actionAdminMetaControllerUpdate_optionsBefore','actionAdminMetaControllerUpdate_optionsBefore','',1,0),(116,'actionAdminLanguagesControllerStatusBefore','actionAdminLanguagesControllerStatusBefore','',1,0),(117,'actionObjectCmsUpdateAfter','actionObjectCmsUpdateAfter','',1,0),(118,'actionObjectCmsDeleteAfter','actionObjectCmsDeleteAfter','',1,0),(119,'actionShopDataDuplication','actionShopDataDuplication','',1,0),(120,'actionAdminStoresControllerUpdate_optionsAfter','actionAdminStoresControllerUpdate_optionsAfter','',1,0),(121,'actionObjectManufacturerDeleteAfter','actionObjectManufacturerDeleteAfter','',1,0),(122,'actionObjectManufacturerAddAfter','actionObjectManufacturerAddAfter','',1,0),(123,'actionObjectManufacturerUpdateAfter','actionObjectManufacturerUpdateAfter','',1,0),(125,'actionModuleRegisterHookAfter','actionModuleRegisterHookAfter','',1,0),(126,'actionModuleUnRegisterHookAfter','actionModuleUnRegisterHookAfter','',1,0),(127,'displayMyAccountBlockfooter','My account block','Display extra informations inside the \"my account\" block',1,1),(128,'displayMobileTopSiteMap','displayMobileTopSiteMap','',1,1),(129,'displaySearch','displaySearch','',1,1),(130,'actionObjectSupplierDeleteAfter','actionObjectSupplierDeleteAfter','',1,0),(131,'actionObjectSupplierAddAfter','actionObjectSupplierAddAfter','',1,0),(132,'actionObjectSupplierUpdateAfter','actionObjectSupplierUpdateAfter','',1,0),(133,'actionObjectCategoryUpdateAfter','actionObjectCategoryUpdateAfter','',1,0),(134,'actionObjectCategoryDeleteAfter','actionObjectCategoryDeleteAfter','',1,0),(135,'actionObjectCategoryAddAfter','actionObjectCategoryAddAfter','',1,0),(136,'actionObjectCmsAddAfter','actionObjectCmsAddAfter','',1,0),(137,'actionObjectProductAddAfter','actionObjectProductAddAfter','',1,0),(138,'dashboardZoneOne','dashboardZoneOne','',1,0),(139,'dashboardData','dashboardData','',1,0),(140,'actionObjectOrderAddAfter','actionObjectOrderAddAfter','',1,0),(141,'actionObjectCustomerAddAfter','actionObjectCustomerAddAfter','',1,0),(142,'actionObjectCustomerMessageAddAfter','actionObjectCustomerMessageAddAfter','',1,0),(143,'actionObjectCustomerThreadAddAfter','actionObjectCustomerThreadAddAfter','',1,0),(144,'actionObjectOrderReturnAddAfter','actionObjectOrderReturnAddAfter','',1,0),(145,'actionAdminControllerSetMedia','actionAdminControllerSetMedia','',1,0),(146,'dashboardZoneTwo','dashboardZoneTwo','',1,0),(147,'displayProductListReviews','displayProductListReviews','',1,1),(166,'moduleRoutes','moduleRoutes','',1,0),(167,'displayProductListImages','displayProductListImages','',1,1),(168,'displayAdminProductsExtra','displayAdminProductsExtra','',1,1),(169,'displayProductVideoTab','displayProductVideoTab','',1,1),(170,'displayProductVideoTabContent','displayProductVideoTabContent','',1,1),(171,'displayHeaderLoginButtons','displayHeaderLoginButtons','',1,1),(172,'displaySocialLoginButtons','displaySocialLoginButtons','',1,1),(173,'displaySmartBlogLeft','displaySmartBlogLeft','This is blog page left column',1,1),(174,'displaySmartBlogRight','displaySmartBlogRight','This is blog page Right column',1,1),(175,'displaySmartBeforePost','displaySmartBeforePost','This is blog Single page before blog post',1,1),(176,'displaySmartAfterPost','displaySmartAfterPost','This is blog Single page after blog post',1,1),(177,'actionsbnewpost','actionsbnewpost','this is action hook.',1,1),(178,'actionsbupdatepost','actionsbupdatepost','this is action hook.',1,1),(179,'actionsbdeletepost','actionsbdeletepost','this is action hook.',1,1),(180,'actionsbtogglepost','actionsbtogglepost','this is action hook.',1,1),(181,'actionsbnewcat','actionsbnewcat','this is action hook.',1,1),(182,'actionsbupdatecat','actionsbupdatecat','this is action hook.',1,1),(183,'actionsbdeletecat','actionsbdeletecat','this is action hook.',1,1),(184,'actionsbtogglecat','actionsbtogglecat','this is action hook.',1,1),(185,'actionsbpostcomment','actionsbpostcomment','this is action hook.',1,1),(186,'actionsbappcomment','actionsbappcomment','this is action hook.',1,1),(187,'actionsbsingle','actionsbsingle','this is action hook.',1,1),(188,'actionsbcat','actionsbcat','this is action hook.',1,1),(189,'actionsbsearch','actionsbsearch','this is action hook.',1,1),(190,'actionsbheader','actionsbheader','this is action hook.',1,1),(191,'displayBeforeShoppingCartBlock','displayBeforeShoppingCartBlock','Display content after Shopping Cart',1,1),(192,'displayAfterShoppingCartBlock','displayAfterShoppingCartBlock','Display content after Shopping Cart',1,1),(193,'displayProductPriceBlock','displayProductPriceBlock','',1,1),(194,'overrideTOSDisplay','overrideTOSDisplay','',1,0),(195,'advancedPaymentOptions','advancedPaymentOptions','',1,0),(196,'displayCartTotalPriceLabel','displayCartTotalPriceLabel','',1,1),(197,'actionPSCleanerGetModulesTables','actionPSCleanerGetModulesTables','',1,0),(198,'displayMobileHeader','displayMobileHeader','',1,1),(199,'displayMobileShoppingCartTop','displayMobileShoppingCartTop','',1,1),(200,'displayMobileAddToCartTop','displayMobileAddToCartTop','',1,1),(201,'displayInvoiceDiscountsBlock','displayInvoiceDiscountsBlock','',1,1),(202,'displayInvoiceDiscountsList','displayInvoiceDiscountsList','',1,1),(203,'actionProductCoverage','actionProductCoverage','',1,0),(204,'gSitemapAppendUrls','GSitemap Append URLs','This hook allows a module to add URLs to a generated sitemap',1,1),(205,'displayCartExtraProductActions','Extra buttons in shopping cart','This hook adds extra buttons to the product lines, in the shopping cart',1,0),(206,'registerGDPRConsent','registerGDPRConsent','',1,0),(207,'actionDeleteGDPRCustomer','actionDeleteGDPRCustomer','',1,0),(208,'displayGDPRConsent','displayGDPRConsent','',1,1),(209,'ActionBeforeCartUpdateQty','ActionBeforeCartUpdateQty','',1,0),(210,'actionExportGDPRData','actionExportGDPRData','',1,0),(211,'actionObjectOrderReturnUpdateAfter','actionObjectOrderReturnUpdateAfter','',1,0),(212,'actionGetIDDeliveryAddressByIDCarrier','','',1,0),(213,'actionGetIDOrderStateByIDCarrier','','',1,0),(214,'displayMobileTop','displayMobileTop','',1,1),(215,'actionObjectAddressUpdateBefore','actionObjectAddressUpdateBefore','',1,0),(216,'actionValidateCustomerAddressForm','actionValidateCustomerAddressForm','',1,0),(217,'actionObjectAddressUpdateAfter','actionObjectAddressUpdateAfter','',1,0),(218,'displayAdminAfterHeader','displayAdminAfterHeader','',1,1),(219,'displayAfterCarrier','After carriers list','This hook is displayed after the carrier list in Front Office',1,1),(220,'displayCarrierExtraContent','Display additional content for a carrier (e.g pickup points)','This hook calls only the module related to the carrier, in order to add options when needed.',1,1),(221,'validateCustomerFormFields','Customer registration form validation','This hook is called to a module when it has sent additional fields with additionalCustomerFormFields',1,1),(222,'displayProductExtraContent','Display extra content on the product page','This hook expects ProductExtraContent instances, which will be properly displayed by the template on the product page.',1,1),(223,'displayNavFullWidth','Navigation','This hook displays full width navigation menu at the top of your pages',1,1),(224,'displayAfterBodyOpeningTag','Very top of pages','Use this hook for advertisement or modals you want to load first.',1,1),(225,'displayBeforeBodyClosingTag','Very bottom of pages','Use this hook for your modals or any content you want to load at the very end.',1,1),(227,'filterCmsContent','Filter the content page','This hook is called just before fetching content page',1,1),(228,'filterCmsCategoryContent','Filter the content page category','This hook is called just before fetching content page category',1,1),(229,'filterProductContent','Filter the content page product','This hook is called just before fetching content page product',1,1),(230,'filterCategoryContent','Filter the content page category','This hook is called just before fetching content page category',1,1),(231,'filterManufacturerContent','Filter the content page manufacturer','This hook is called just before fetching content page manufacturer',1,1),(232,'filterSupplierContent','Filter the content page supplier','This hook is called just before fetching content page supplier',1,1),(233,'filterHtmlContent','Filter HTML field before rending a page','This hook is called just before fetching a page on HTML field',1,1),(234,'displayDashboardTop','Dashboard Top','Displays the content in the dashboard\'s top area',1,1),(235,'actionObjectProductInCartDeleteBefore','Cart product removal','This hook is called before a product is removed from a cart',1,1),(236,'actionObjectProductInCartDeleteAfter','Cart product removal','This hook is called after a product is removed from a cart',1,1),(237,'actionUpdateLangAfter','Update \"lang\" tables','Update \"lang\" tables after adding or updating a language',1,1),(238,'actionOutputHTMLBefore','Filter the whole HTML page','This hook is used to filter the whole HTML page before it is rendered (only front)',1,1),(239,'displayAfterProductThumbs','Display extra content below product thumbs','This hook displays new elements below product images ex. additional media',1,1),(240,'actionDispatcherBefore','Before dispatch','This hook is called at the beginning of the dispatch method of the Dispatcher',1,1),(241,'actionDispatcherAfter','After dispatch','This hook is called at the end of the dispatch method of the Dispatcher',1,1),(242,'actionClearCache','Clear smarty cache','This hook is called when the cache of the theme is cleared',1,1),(243,'actionClearCompileCache','Clear smarty compile cache','This hook is called when smarty\'s compile cache is cleared',1,1),(244,'actionClearSf2Cache','Clear Sf2 cache','This hook is called when the Symfony cache is cleared',1,1),(245,'filterProductSearch','Filter search products result','This hook is called in order to allow to modify search product result',1,1),(246,'actionProductSearchAfter','Event triggered after search product completed','This hook is called after the product search. Parameters are already filtered',1,1),(247,'actionEmailSendBefore','Before sending an email','This hook is used to filter the content or the metadata of an email before sending it or even prevent its sending',1,1),(248,'displayProductPageDrawer','Product Page Drawer','This hook displays content in the right sidebar of the product page',1,1),(249,'displayAdminProductsMainStepLeftColumnMiddle','Display new elements in back office product page, left column of','This hook launches modules when the back office product page is displayed',1,1),(250,'displayAdminProductsMainStepLeftColumnBottom','Display new elements in back office product page, left column of','This hook launches modules when the back office product page is displayed',1,1),(251,'displayAdminProductsMainStepRightColumnBottom','Display new elements in back office product page, right column o','This hook launches modules when the back office product page is displayed',1,1),(252,'displayAdminProductsQuantitiesStepBottom','Display new elements in back office product page, Quantities/Com','This hook launches modules when the back office product page is displayed',1,1),(253,'displayAdminProductsPriceStepBottom','Display new elements in back office product page, Price tab','This hook launches modules when the back office product page is displayed',1,1),(254,'displayAdminProductsOptionsStepTop','Display new elements in back office product page, Options tab','This hook launches modules when the back office product page is displayed',1,1),(255,'displayAdminProductsOptionsStepBottom','Display new elements in back office product page, Options tab','This hook launches modules when the back office product page is displayed',1,1),(256,'displayAdminProductsSeoStepBottom','Display new elements in back office product page, SEO tab','This hook launches modules when the back office product page is displayed',1,1),(257,'displayAdminProductsShippingStepBottom','Display new elements in back office product page, Shipping tab','This hook launches modules when the back office product page is displayed',1,1),(258,'displayAdminProductsCombinationBottom','Display new elements in back office product page, Combination ta','This hook launches modules when the back office product page is displayed',1,1),(259,'displayWrapperTop','Main wrapper section (top)','This hook displays new elements in the top of the main wrapper',1,1),(260,'displayWrapperBottom','Main wrapper section (bottom)','This hook displays new elements in the bottom of the main wrapper',1,1),(261,'displayContentWrapperTop','Content wrapper section (top)','This hook displays new elements in the top of the content wrapper',1,1),(262,'displayContentWrapperBottom','Content wrapper section (bottom)','This hook displays new elements in the bottom of the content wrapper',1,1),(263,'displayAdminCustomersAddressesItemAction','Display new elements in the Back Office, tab AdminCustomers, Add','This hook launches modules when the Addresses list into the AdminCustomers tab is displayed in the Back Office',1,1),(264,'displayDashboardToolbarTopMenu','Display new elements in back office page with a dashboard, on to','This hook launches modules when a page with a dashboard is displayed',1,1),(265,'displayDashboardToolbarIcons','Display new elements in back office page with dashboard, on icon','This hook launches modules when the back office with dashboard is displayed',1,1),(266,'actionAdministrationPageForm','Manage Administration Page form fields','This hook adds, update or remove fields of the Administration Page form',1,1),(268,'actionPerformancePageForm','Manage Performance Page form fields','This hook adds, update or remove fields of the Performance Page form',1,1),(270,'actionMaintenancePageForm','Manage Maintenance Page form fields','This hook adds, update or remove fields of the Maintenance Page form',1,1),(272,'displayAdminEndContent','Administration end of content','This hook is displayed at the end of the main content, before the footer',1,1),(273,'actionListMailThemes','List the available email themes and layouts','This hook allows to add/remove available email themes (ThemeInterface) and/or to add/remove their layouts (LayoutInterface)',1,1),(274,'actionGetMailThemeFolder','Define the folder of an email theme','This hook allows to change the folder of an email theme (useful if you theme is in a module for example)',1,1),(275,'actionBuildMailLayoutVariables','Build the variables used in email layout rendering','This hook allows to change the variables used when an email layout is rendered',1,1),(276,'actionGetMailLayoutTransformations','Define the transformation to apply on layout','This hook allows to add/remove TransformationInterface used to generate an email layout',1,1),(277,'actionSqlRequestFormBuilderModifier','Modify sql request identifiable object form','This hook allows to modify sql request identifiable object forms content by modifying form builder data or FormBuilder itself',1,1),(278,'actionCustomerFormBuilderModifier','Modify customer identifiable object form','This hook allows to modify customer identifiable object forms content by modifying form builder data or FormBuilder itself',1,1),(279,'actionLanguageFormBuilderModifier','Modify language identifiable object form','This hook allows to modify language identifiable object forms content by modifying form builder data or FormBuilder itself',1,1),(280,'actionCurrencyFormBuilderModifier','Modify currency identifiable object form','This hook allows to modify currency identifiable object forms content by modifying form builder data or FormBuilder itself',1,1),(281,'actionWebserviceKeyFormBuilderModifier','Modify webservice key identifiable object form','This hook allows to modify webservice key identifiable object forms content by modifying form builder data or FormBuilder itself',1,1),(282,'actionMetaFormBuilderModifier','Modify meta identifiable object form','This hook allows to modify meta identifiable object forms content by modifying form builder data or FormBuilder itself',1,1),(283,'actionCategoryFormBuilderModifier','Modify category identifiable object form','This hook allows to modify category identifiable object forms content by modifying form builder data or FormBuilder itself',1,1),(284,'actionRootCategoryFormBuilderModifier','Modify root category identifiable object form','This hook allows to modify root category identifiable object forms content by modifying form builder data or FormBuilder itself',1,1),(285,'actionContactFormBuilderModifier','Modify contact identifiable object form','This hook allows to modify contact identifiable object forms content by modifying form builder data or FormBuilder itself',1,1),(286,'actionCmsPageCategoryFormBuilderModifier','Modify cms page category identifiable object form','This hook allows to modify cms page category identifiable object forms content by modifying form builder data or FormBuilder itself',1,1),(287,'actionTaxFormBuilderModifier','Modify tax identifiable object form','This hook allows to modify tax identifiable object forms content by modifying form builder data or FormBuilder itself',1,1),(288,'actionManufacturerFormBuilderModifier','Modify manufacturer identifiable object form','This hook allows to modify manufacturer identifiable object forms content by modifying form builder data or FormBuilder itself',1,1),(289,'actionEmployeeFormBuilderModifier','Modify employee identifiable object form','This hook allows to modify employee identifiable object forms content by modifying form builder data or FormBuilder itself',1,1),(290,'actionProfileFormBuilderModifier','Modify profile identifiable object form','This hook allows to modify profile identifiable object forms content by modifying form builder data or FormBuilder itself',1,1),(291,'actionCmsPageFormBuilderModifier','Modify cms page identifiable object form','This hook allows to modify cms page identifiable object forms content by modifying form builder data or FormBuilder itself',1,1),(292,'actionManufacturerAddressFormBuilderModifier','Modify manufacturer address identifiable object form','This hook allows to modify manufacturer address identifiable object forms content by modifying form builder data or FormBuilder itself',1,1),(293,'actionBeforeUpdateSqlRequestFormHandler','Modify sql request identifiable object data before updating it','This hook allows to modify sql request identifiable object forms data before it was updated',1,1),(294,'actionBeforeUpdateCustomerFormHandler','Modify customer identifiable object data before updating it','This hook allows to modify customer identifiable object forms data before it was updated',1,1),(295,'actionBeforeUpdateLanguageFormHandler','Modify language identifiable object data before updating it','This hook allows to modify language identifiable object forms data before it was updated',1,1),(296,'actionBeforeUpdateCurrencyFormHandler','Modify currency identifiable object data before updating it','This hook allows to modify currency identifiable object forms data before it was updated',1,1),(297,'actionBeforeUpdateWebserviceKeyFormHandler','Modify webservice key identifiable object data before updating i','This hook allows to modify webservice key identifiable object forms data before it was updated',1,1),(298,'actionBeforeUpdateMetaFormHandler','Modify meta identifiable object data before updating it','This hook allows to modify meta identifiable object forms data before it was updated',1,1),(299,'actionBeforeUpdateCategoryFormHandler','Modify category identifiable object data before updating it','This hook allows to modify category identifiable object forms data before it was updated',1,1),(300,'actionBeforeUpdateRootCategoryFormHandler','Modify root category identifiable object data before updating it','This hook allows to modify root category identifiable object forms data before it was updated',1,1),(301,'actionBeforeUpdateContactFormHandler','Modify contact identifiable object data before updating it','This hook allows to modify contact identifiable object forms data before it was updated',1,1),(302,'actionBeforeUpdateCmsPageCategoryFormHandler','Modify cms page category identifiable object data before updatin','This hook allows to modify cms page category identifiable object forms data before it was updated',1,1),(303,'actionBeforeUpdateTaxFormHandler','Modify tax identifiable object data before updating it','This hook allows to modify tax identifiable object forms data before it was updated',1,1),(304,'actionBeforeUpdateManufacturerFormHandler','Modify manufacturer identifiable object data before updating it','This hook allows to modify manufacturer identifiable object forms data before it was updated',1,1),(305,'actionBeforeUpdateEmployeeFormHandler','Modify employee identifiable object data before updating it','This hook allows to modify employee identifiable object forms data before it was updated',1,1),(306,'actionBeforeUpdateProfileFormHandler','Modify profile identifiable object data before updating it','This hook allows to modify profile identifiable object forms data before it was updated',1,1),(307,'actionBeforeUpdateCmsPageFormHandler','Modify cms page identifiable object data before updating it','This hook allows to modify cms page identifiable object forms data before it was updated',1,1),(308,'actionBeforeUpdateManufacturerAddressFormHandler','Modify manufacturer address identifiable object data before upda','This hook allows to modify manufacturer address identifiable object forms data before it was updated',1,1),(309,'actionAfterUpdateSqlRequestFormHandler','Modify sql request identifiable object data after updating it','This hook allows to modify sql request identifiable object forms data after it was updated',1,1),(310,'actionAfterUpdateCustomerFormHandler','Modify customer identifiable object data after updating it','This hook allows to modify customer identifiable object forms data after it was updated',1,1),(311,'actionAfterUpdateLanguageFormHandler','Modify language identifiable object data after updating it','This hook allows to modify language identifiable object forms data after it was updated',1,1),(312,'actionAfterUpdateCurrencyFormHandler','Modify currency identifiable object data after updating it','This hook allows to modify currency identifiable object forms data after it was updated',1,1),(313,'actionAfterUpdateWebserviceKeyFormHandler','Modify webservice key identifiable object data after updating it','This hook allows to modify webservice key identifiable object forms data after it was updated',1,1),(314,'actionAfterUpdateMetaFormHandler','Modify meta identifiable object data after updating it','This hook allows to modify meta identifiable object forms data after it was updated',1,1),(315,'actionAfterUpdateCategoryFormHandler','Modify category identifiable object data after updating it','This hook allows to modify category identifiable object forms data after it was updated',1,1),(316,'actionAfterUpdateRootCategoryFormHandler','Modify root category identifiable object data after updating it','This hook allows to modify root category identifiable object forms data after it was updated',1,1),(317,'actionAfterUpdateContactFormHandler','Modify contact identifiable object data after updating it','This hook allows to modify contact identifiable object forms data after it was updated',1,1),(318,'actionAfterUpdateCmsPageCategoryFormHandler','Modify cms page category identifiable object data after updating','This hook allows to modify cms page category identifiable object forms data after it was updated',1,1),(319,'actionAfterUpdateTaxFormHandler','Modify tax identifiable object data after updating it','This hook allows to modify tax identifiable object forms data after it was updated',1,1),(320,'actionAfterUpdateManufacturerFormHandler','Modify manufacturer identifiable object data after updating it','This hook allows to modify manufacturer identifiable object forms data after it was updated',1,1),(321,'actionAfterUpdateEmployeeFormHandler','Modify employee identifiable object data after updating it','This hook allows to modify employee identifiable object forms data after it was updated',1,1),(322,'actionAfterUpdateProfileFormHandler','Modify profile identifiable object data after updating it','This hook allows to modify profile identifiable object forms data after it was updated',1,1),(323,'actionAfterUpdateCmsPageFormHandler','Modify cms page identifiable object data after updating it','This hook allows to modify cms page identifiable object forms data after it was updated',1,1),(324,'actionAfterUpdateManufacturerAddressFormHandler','Modify manufacturer address identifiable object data after updat','This hook allows to modify manufacturer address identifiable object forms data after it was updated',1,1),(325,'actionBeforeCreateSqlRequestFormHandler','Modify sql request identifiable object data before creating it','This hook allows to modify sql request identifiable object forms data before it was created',1,1),(326,'actionBeforeCreateCustomerFormHandler','Modify customer identifiable object data before creating it','This hook allows to modify customer identifiable object forms data before it was created',1,1),(327,'actionBeforeCreateLanguageFormHandler','Modify language identifiable object data before creating it','This hook allows to modify language identifiable object forms data before it was created',1,1),(328,'actionBeforeCreateCurrencyFormHandler','Modify currency identifiable object data before creating it','This hook allows to modify currency identifiable object forms data before it was created',1,1),(329,'actionBeforeCreateWebserviceKeyFormHandler','Modify webservice key identifiable object data before creating i','This hook allows to modify webservice key identifiable object forms data before it was created',1,1),(330,'actionBeforeCreateMetaFormHandler','Modify meta identifiable object data before creating it','This hook allows to modify meta identifiable object forms data before it was created',1,1),(331,'actionBeforeCreateCategoryFormHandler','Modify category identifiable object data before creating it','This hook allows to modify category identifiable object forms data before it was created',1,1),(332,'actionBeforeCreateRootCategoryFormHandler','Modify root category identifiable object data before creating it','This hook allows to modify root category identifiable object forms data before it was created',1,1),(333,'actionBeforeCreateContactFormHandler','Modify contact identifiable object data before creating it','This hook allows to modify contact identifiable object forms data before it was created',1,1),(334,'actionBeforeCreateCmsPageCategoryFormHandler','Modify cms page category identifiable object data before creatin','This hook allows to modify cms page category identifiable object forms data before it was created',1,1),(335,'actionBeforeCreateTaxFormHandler','Modify tax identifiable object data before creating it','This hook allows to modify tax identifiable object forms data before it was created',1,1),(336,'actionBeforeCreateManufacturerFormHandler','Modify manufacturer identifiable object data before creating it','This hook allows to modify manufacturer identifiable object forms data before it was created',1,1),(337,'actionBeforeCreateEmployeeFormHandler','Modify employee identifiable object data before creating it','This hook allows to modify employee identifiable object forms data before it was created',1,1),(338,'actionBeforeCreateProfileFormHandler','Modify profile identifiable object data before creating it','This hook allows to modify profile identifiable object forms data before it was created',1,1),(339,'actionBeforeCreateCmsPageFormHandler','Modify cms page identifiable object data before creating it','This hook allows to modify cms page identifiable object forms data before it was created',1,1),(340,'actionBeforeCreateManufacturerAddressFormHandler','Modify manufacturer address identifiable object data before crea','This hook allows to modify manufacturer address identifiable object forms data before it was created',1,1),(341,'actionAfterCreateSqlRequestFormHandler','Modify sql request identifiable object data after creating it','This hook allows to modify sql request identifiable object forms data after it was created',1,1),(342,'actionAfterCreateCustomerFormHandler','Modify customer identifiable object data after creating it','This hook allows to modify customer identifiable object forms data after it was created',1,1),(343,'actionAfterCreateLanguageFormHandler','Modify language identifiable object data after creating it','This hook allows to modify language identifiable object forms data after it was created',1,1),(344,'actionAfterCreateCurrencyFormHandler','Modify currency identifiable object data after creating it','This hook allows to modify currency identifiable object forms data after it was created',1,1),(345,'actionAfterCreateWebserviceKeyFormHandler','Modify webservice key identifiable object data after creating it','This hook allows to modify webservice key identifiable object forms data after it was created',1,1),(346,'actionAfterCreateMetaFormHandler','Modify meta identifiable object data after creating it','This hook allows to modify meta identifiable object forms data after it was created',1,1),(347,'actionAfterCreateCategoryFormHandler','Modify category identifiable object data after creating it','This hook allows to modify category identifiable object forms data after it was created',1,1),(348,'actionAfterCreateRootCategoryFormHandler','Modify root category identifiable object data after creating it','This hook allows to modify root category identifiable object forms data after it was created',1,1),(349,'actionAfterCreateContactFormHandler','Modify contact identifiable object data after creating it','This hook allows to modify contact identifiable object forms data after it was created',1,1),(350,'actionAfterCreateCmsPageCategoryFormHandler','Modify cms page category identifiable object data after creating','This hook allows to modify cms page category identifiable object forms data after it was created',1,1),(351,'actionAfterCreateTaxFormHandler','Modify tax identifiable object data after creating it','This hook allows to modify tax identifiable object forms data after it was created',1,1),(352,'actionAfterCreateManufacturerFormHandler','Modify manufacturer identifiable object data after creating it','This hook allows to modify manufacturer identifiable object forms data after it was created',1,1),(353,'actionAfterCreateEmployeeFormHandler','Modify employee identifiable object data after creating it','This hook allows to modify employee identifiable object forms data after it was created',1,1),(354,'actionAfterCreateProfileFormHandler','Modify profile identifiable object data after creating it','This hook allows to modify profile identifiable object forms data after it was created',1,1),(355,'actionAfterCreateCmsPageFormHandler','Modify cms page identifiable object data after creating it','This hook allows to modify cms page identifiable object forms data after it was created',1,1),(356,'actionAfterCreateManufacturerAddressFormHandler','Modify manufacturer address identifiable object data after creat','This hook allows to modify manufacturer address identifiable object forms data after it was created',1,1),(357,'actionShippingPreferencesPageForm','Modify shipping preferences page options form content','This hook allows to modify shipping preferences page options form FormBuilder',1,1),(358,'actionOrdersInvoicesByDateForm','Modify orders invoices by date options form content','This hook allows to modify orders invoices by date options form FormBuilder',1,1),(359,'actionOrdersInvoicesByStatusForm','Modify orders invoices by status options form content','This hook allows to modify orders invoices by status options form FormBuilder',1,1),(360,'actionOrdersInvoicesOptionsForm','Modify orders invoices options options form content','This hook allows to modify orders invoices options options form FormBuilder',1,1),(361,'actionCustomerPreferencesPageForm','Modify customer preferences page options form content','This hook allows to modify customer preferences page options form FormBuilder',1,1),(362,'actionOrderPreferencesPageForm','Modify order preferences page options form content','This hook allows to modify order preferences page options form FormBuilder',1,1),(363,'actionProductPreferencesPageForm','Modify product preferences page options form content','This hook allows to modify product preferences page options form FormBuilder',1,1),(364,'actionGeneralPageForm','Modify general page options form content','This hook allows to modify general page options form FormBuilder',1,1),(365,'actionLogsPageForm','Modify logs page options form content','This hook allows to modify logs page options form FormBuilder',1,1),(366,'actionOrderDeliverySlipOptionsForm','Modify order delivery slip options options form content','This hook allows to modify order delivery slip options options form FormBuilder',1,1),(367,'actionOrderDeliverySlipPdfForm','Modify order delivery slip pdf options form content','This hook allows to modify order delivery slip pdf options form FormBuilder',1,1),(368,'actionGeolocationPageForm','Modify geolocation page options form content','This hook allows to modify geolocation page options form FormBuilder',1,1),(369,'actionLocalizationPageForm','Modify localization page options form content','This hook allows to modify localization page options form FormBuilder',1,1),(370,'actionPaymentPreferencesForm','Modify payment preferences options form content','This hook allows to modify payment preferences options form FormBuilder',1,1),(371,'actionEmailConfigurationForm','Modify email configuration options form content','This hook allows to modify email configuration options form FormBuilder',1,1),(372,'actionRequestSqlForm','Modify request sql options form content','This hook allows to modify request sql options form FormBuilder',1,1),(373,'actionBackupForm','Modify backup options form content','This hook allows to modify backup options form FormBuilder',1,1),(374,'actionWebservicePageForm','Modify webservice page options form content','This hook allows to modify webservice page options form FormBuilder',1,1),(375,'actionMetaPageForm','Modify meta page options form content','This hook allows to modify meta page options form FormBuilder',1,1),(376,'actionEmployeeForm','Modify employee options form content','This hook allows to modify employee options form FormBuilder',1,1),(377,'actionCurrencyForm','Modify currency options form content','This hook allows to modify currency options form FormBuilder',1,1),(378,'actionShopLogoForm','Modify shop logo options form content','This hook allows to modify shop logo options form FormBuilder',1,1),(379,'actionTaxForm','Modify tax options form content','This hook allows to modify tax options form FormBuilder',1,1),(380,'actionMailThemeForm','Modify mail theme options form content','This hook allows to modify mail theme options form FormBuilder',1,1),(381,'actionPerformancePageSave','Modify performance page options form saved data','This hook allows to modify data of performance page options form after it was saved',1,1),(382,'actionMaintenancePageSave','Modify maintenance page options form saved data','This hook allows to modify data of maintenance page options form after it was saved',1,1),(383,'actionAdministrationPageSave','Modify administration page options form saved data','This hook allows to modify data of administration page options form after it was saved',1,1),(384,'actionShippingPreferencesPageSave','Modify shipping preferences page options form saved data','This hook allows to modify data of shipping preferences page options form after it was saved',1,1),(385,'actionOrdersInvoicesByDateSave','Modify orders invoices by date options form saved data','This hook allows to modify data of orders invoices by date options form after it was saved',1,1),(386,'actionOrdersInvoicesByStatusSave','Modify orders invoices by status options form saved data','This hook allows to modify data of orders invoices by status options form after it was saved',1,1),(387,'actionOrdersInvoicesOptionsSave','Modify orders invoices options options form saved data','This hook allows to modify data of orders invoices options options form after it was saved',1,1),(388,'actionCustomerPreferencesPageSave','Modify customer preferences page options form saved data','This hook allows to modify data of customer preferences page options form after it was saved',1,1),(389,'actionOrderPreferencesPageSave','Modify order preferences page options form saved data','This hook allows to modify data of order preferences page options form after it was saved',1,1),(390,'actionProductPreferencesPageSave','Modify product preferences page options form saved data','This hook allows to modify data of product preferences page options form after it was saved',1,1),(391,'actionGeneralPageSave','Modify general page options form saved data','This hook allows to modify data of general page options form after it was saved',1,1),(392,'actionLogsPageSave','Modify logs page options form saved data','This hook allows to modify data of logs page options form after it was saved',1,1),(393,'actionOrderDeliverySlipOptionsSave','Modify order delivery slip options options form saved data','This hook allows to modify data of order delivery slip options options form after it was saved',1,1),(394,'actionOrderDeliverySlipPdfSave','Modify order delivery slip pdf options form saved data','This hook allows to modify data of order delivery slip pdf options form after it was saved',1,1),(395,'actionGeolocationPageSave','Modify geolocation page options form saved data','This hook allows to modify data of geolocation page options form after it was saved',1,1),(396,'actionLocalizationPageSave','Modify localization page options form saved data','This hook allows to modify data of localization page options form after it was saved',1,1),(397,'actionPaymentPreferencesSave','Modify payment preferences options form saved data','This hook allows to modify data of payment preferences options form after it was saved',1,1),(398,'actionEmailConfigurationSave','Modify email configuration options form saved data','This hook allows to modify data of email configuration options form after it was saved',1,1),(399,'actionRequestSqlSave','Modify request sql options form saved data','This hook allows to modify data of request sql options form after it was saved',1,1),(400,'actionBackupSave','Modify backup options form saved data','This hook allows to modify data of backup options form after it was saved',1,1),(401,'actionWebservicePageSave','Modify webservice page options form saved data','This hook allows to modify data of webservice page options form after it was saved',1,1),(402,'actionMetaPageSave','Modify meta page options form saved data','This hook allows to modify data of meta page options form after it was saved',1,1),(403,'actionEmployeeSave','Modify employee options form saved data','This hook allows to modify data of employee options form after it was saved',1,1),(404,'actionCurrencySave','Modify currency options form saved data','This hook allows to modify data of currency options form after it was saved',1,1),(405,'actionShopLogoSave','Modify shop logo options form saved data','This hook allows to modify data of shop logo options form after it was saved',1,1),(406,'actionTaxSave','Modify tax options form saved data','This hook allows to modify data of tax options form after it was saved',1,1),(407,'actionMailThemeSave','Modify mail theme options form saved data','This hook allows to modify data of mail theme options form after it was saved',1,1),(408,'actionCategoryGridDefinitionModifier','Modify category grid definition','This hook allows to alter category grid columns, actions and filters',1,1),(409,'actionEmployeeGridDefinitionModifier','Modify employee grid definition','This hook allows to alter employee grid columns, actions and filters',1,1),(410,'actionContactGridDefinitionModifier','Modify contact grid definition','This hook allows to alter contact grid columns, actions and filters',1,1),(411,'actionCustomerGridDefinitionModifier','Modify customer grid definition','This hook allows to alter customer grid columns, actions and filters',1,1),(412,'actionLanguageGridDefinitionModifier','Modify language grid definition','This hook allows to alter language grid columns, actions and filters',1,1),(413,'actionCurrencyGridDefinitionModifier','Modify currency grid definition','This hook allows to alter currency grid columns, actions and filters',1,1),(414,'actionSupplierGridDefinitionModifier','Modify supplier grid definition','This hook allows to alter supplier grid columns, actions and filters',1,1),(415,'actionProfileGridDefinitionModifier','Modify profile grid definition','This hook allows to alter profile grid columns, actions and filters',1,1),(416,'actionCmsPageCategoryGridDefinitionModifier','Modify cms page category grid definition','This hook allows to alter cms page category grid columns, actions and filters',1,1),(417,'actionTaxGridDefinitionModifier','Modify tax grid definition','This hook allows to alter tax grid columns, actions and filters',1,1),(418,'actionManufacturerGridDefinitionModifier','Modify manufacturer grid definition','This hook allows to alter manufacturer grid columns, actions and filters',1,1),(419,'actionManufacturerAddressGridDefinitionModifier','Modify manufacturer address grid definition','This hook allows to alter manufacturer address grid columns, actions and filters',1,1),(420,'actionCmsPageGridDefinitionModifier','Modify cms page grid definition','This hook allows to alter cms page grid columns, actions and filters',1,1),(421,'actionBackupGridQueryBuilderModifier','Modify backup grid query builder','This hook allows to alter Doctrine query builder for backup grid',1,1),(422,'actionCategoryGridQueryBuilderModifier','Modify category grid query builder','This hook allows to alter Doctrine query builder for category grid',1,1),(423,'actionEmployeeGridQueryBuilderModifier','Modify employee grid query builder','This hook allows to alter Doctrine query builder for employee grid',1,1),(424,'actionContactGridQueryBuilderModifier','Modify contact grid query builder','This hook allows to alter Doctrine query builder for contact grid',1,1),(425,'actionCustomerGridQueryBuilderModifier','Modify customer grid query builder','This hook allows to alter Doctrine query builder for customer grid',1,1),(426,'actionLanguageGridQueryBuilderModifier','Modify language grid query builder','This hook allows to alter Doctrine query builder for language grid',1,1),(427,'actionCurrencyGridQueryBuilderModifier','Modify currency grid query builder','This hook allows to alter Doctrine query builder for currency grid',1,1),(428,'actionSupplierGridQueryBuilderModifier','Modify supplier grid query builder','This hook allows to alter Doctrine query builder for supplier grid',1,1),(429,'actionProfileGridQueryBuilderModifier','Modify profile grid query builder','This hook allows to alter Doctrine query builder for profile grid',1,1),(430,'actionCmsPageCategoryGridQueryBuilderModifier','Modify cms page category grid query builder','This hook allows to alter Doctrine query builder for cms page category grid',1,1),(431,'actionTaxGridQueryBuilderModifier','Modify tax grid query builder','This hook allows to alter Doctrine query builder for tax grid',1,1),(432,'actionManufacturerGridQueryBuilderModifier','Modify manufacturer grid query builder','This hook allows to alter Doctrine query builder for manufacturer grid',1,1),(433,'actionManufacturerAddressGridQueryBuilderModifier','Modify manufacturer address grid query builder','This hook allows to alter Doctrine query builder for manufacturer address grid',1,1),(434,'actionCmsPageGridQueryBuilderModifier','Modify cms page grid query builder','This hook allows to alter Doctrine query builder for cms page grid',1,1),(435,'actionLogsGridDataModifier','Modify logs grid data','This hook allows to modify logs grid data',1,1),(436,'actionEmailLogsGridDataModifier','Modify email logs grid data','This hook allows to modify email logs grid data',1,1),(437,'actionSqlRequestGridDataModifier','Modify sql request grid data','This hook allows to modify sql request grid data',1,1),(438,'actionBackupGridDataModifier','Modify backup grid data','This hook allows to modify backup grid data',1,1),(439,'actionWebserviceKeyGridDataModifier','Modify webservice key grid data','This hook allows to modify webservice key grid data',1,1),(440,'actionMetaGridDataModifier','Modify meta grid data','This hook allows to modify meta grid data',1,1),(441,'actionCategoryGridDataModifier','Modify category grid data','This hook allows to modify category grid data',1,1),(442,'actionEmployeeGridDataModifier','Modify employee grid data','This hook allows to modify employee grid data',1,1),(443,'actionContactGridDataModifier','Modify contact grid data','This hook allows to modify contact grid data',1,1),(444,'actionCustomerGridDataModifier','Modify customer grid data','This hook allows to modify customer grid data',1,1),(445,'actionLanguageGridDataModifier','Modify language grid data','This hook allows to modify language grid data',1,1),(446,'actionCurrencyGridDataModifier','Modify currency grid data','This hook allows to modify currency grid data',1,1),(447,'actionSupplierGridDataModifier','Modify supplier grid data','This hook allows to modify supplier grid data',1,1),(448,'actionProfileGridDataModifier','Modify profile grid data','This hook allows to modify profile grid data',1,1),(449,'actionCmsPageCategoryGridDataModifier','Modify cms page category grid data','This hook allows to modify cms page category grid data',1,1),(450,'actionTaxGridDataModifier','Modify tax grid data','This hook allows to modify tax grid data',1,1),(451,'actionManufacturerGridDataModifier','Modify manufacturer grid data','This hook allows to modify manufacturer grid data',1,1),(452,'actionManufacturerAddressGridDataModifier','Modify manufacturer address grid data','This hook allows to modify manufacturer address grid data',1,1),(453,'actionCmsPageGridDataModifier','Modify cms page grid data','This hook allows to modify cms page grid data',1,1),(454,'actionCategoryGridFilterFormModifier','Modify category grid filters','This hook allows to modify filters for category grid',1,1),(455,'actionEmployeeGridFilterFormModifier','Modify employee grid filters','This hook allows to modify filters for employee grid',1,1),(456,'actionContactGridFilterFormModifier','Modify contact grid filters','This hook allows to modify filters for contact grid',1,1),(457,'actionCustomerGridFilterFormModifier','Modify customer grid filters','This hook allows to modify filters for customer grid',1,1),(458,'actionLanguageGridFilterFormModifier','Modify language grid filters','This hook allows to modify filters for language grid',1,1),(459,'actionCurrencyGridFilterFormModifier','Modify currency grid filters','This hook allows to modify filters for currency grid',1,1),(460,'actionSupplierGridFilterFormModifier','Modify supplier grid filters','This hook allows to modify filters for supplier grid',1,1),(461,'actionProfileGridFilterFormModifier','Modify profile grid filters','This hook allows to modify filters for profile grid',1,1),(462,'actionCmsPageCategoryGridFilterFormModifier','Modify cms page category grid filters','This hook allows to modify filters for cms page category grid',1,1),(463,'actionTaxGridFilterFormModifier','Modify tax grid filters','This hook allows to modify filters for tax grid',1,1),(464,'actionManufacturerGridFilterFormModifier','Modify manufacturer grid filters','This hook allows to modify filters for manufacturer grid',1,1),(465,'actionManufacturerAddressGridFilterFormModifier','Modify manufacturer address grid filters','This hook allows to modify filters for manufacturer address grid',1,1),(466,'actionCmsPageGridFilterFormModifier','Modify cms page grid filters','This hook allows to modify filters for cms page grid',1,1),(467,'actionCategoryGridPresenterModifier','Modify category grid template data','This hook allows to modify data which is about to be used in template for category grid',1,1),(468,'actionEmployeeGridPresenterModifier','Modify employee grid template data','This hook allows to modify data which is about to be used in template for employee grid',1,1),(469,'actionContactGridPresenterModifier','Modify contact grid template data','This hook allows to modify data which is about to be used in template for contact grid',1,1),(470,'actionCustomerGridPresenterModifier','Modify customer grid template data','This hook allows to modify data which is about to be used in template for customer grid',1,1),(471,'actionLanguageGridPresenterModifier','Modify language grid template data','This hook allows to modify data which is about to be used in template for language grid',1,1),(472,'actionCurrencyGridPresenterModifier','Modify currency grid template data','This hook allows to modify data which is about to be used in template for currency grid',1,1),(473,'actionSupplierGridPresenterModifier','Modify supplier grid template data','This hook allows to modify data which is about to be used in template for supplier grid',1,1),(474,'actionProfileGridPresenterModifier','Modify profile grid template data','This hook allows to modify data which is about to be used in template for profile grid',1,1),(475,'actionCmsPageCategoryGridPresenterModifier','Modify cms page category grid template data','This hook allows to modify data which is about to be used in template for cms page category grid',1,1),(476,'actionTaxGridPresenterModifier','Modify tax grid template data','This hook allows to modify data which is about to be used in template for tax grid',1,1),(477,'actionManufacturerGridPresenterModifier','Modify manufacturer grid template data','This hook allows to modify data which is about to be used in template for manufacturer grid',1,1),(478,'actionManufacturerAddressGridPresenterModifier','Modify manufacturer address grid template data','This hook allows to modify data which is about to be used in template for manufacturer address grid',1,1),(479,'actionCmsPageGridPresenterModifier','Modify cms page grid template data','This hook allows to modify data which is about to be used in template for cms page grid',1,1),(480,'displayAdminOrderTop','Admin Order Top','This hook displays content at the top of the order view page',1,1),(481,'displayAdminOrderSide','Admin Order Side Column','This hook displays content in the order view page in the side column under the customer view',1,1),(482,'displayAdminOrderSideBottom','Admin Order Side Column Bottom','This hook displays content in the order view page at the bottom of the side column',1,1),(483,'displayAdminOrderMain','Admin Order Main Column','This hook displays content in the order view page in the main column under the details view',1,1),(484,'displayAdminOrderMainBottom','Admin Order Main Column Bottom','This hook displays content in the order view page at the bottom of the main column',1,1),(485,'displayAdminOrderTabLink','Admin Order Tab Link','This hook displays new tab links on the order view page',1,1),(486,'displayAdminOrderTabContent','Admin Order Tab Content','This hook displays new tab contents on the order view page',1,1),(487,'actionGetAdminOrderButtons','Admin Order Buttons','This hook is used to generate the buttons collection on the order view page (see ActionsBarButtonsCollection)',1,1),(488,'displayFooterCategory','Category footer','This hook adds new blocks under the products listing in a category/search',1,1),(489,'displayBackOfficeOrderActions','Admin Order Actions','This hook displays content in the order view page after action buttons (or aliased to side column in migrated page)',1,1),(490,'actionAdminAdminPreferencesControllerPostProcessBefore','On post-process in Admin Preferences','This hook is called on Admin Preferences post-process before processing the form',1,1),(491,'displayAdditionalCustomerAddressFields','Display additional customer address fields','This hook allows to display extra field values added in an address form using hook \'additionalCustomerAddressFields\'',1,1),(492,'actionFrontControllerInitBefore','Perform actions before front office controller initialization','This hook is launched before the initialization of all front office controllers',1,1),(493,'actionFrontControllerInitAfter','Perform actions after front office controller initialization','This hook is launched after the initialization of all front office controllers',1,1),(494,'actionAdminControllerInitAfter','Perform actions after admin controller initialization','This hook is launched after the initialization of all admin controllers',1,1),(495,'actionAdminControllerInitBefore','Perform actions before admin controller initialization','This hook is launched before the initialization of all admin controllers',1,1),(496,'actionControllerInitAfter','Perform actions after controller initialization','This hook is launched after the initialization of all controllers',1,1),(497,'actionControllerInitBefore','Perform actions before controller initialization','This hook is launched before the initialization of all controllers',1,1),(498,'actionAdminLoginControllerBefore','Perform actions before admin login controller initialization','This hook is launched before the initialization of the login controller',1,1),(499,'actionAdminLoginControllerLoginBefore','Perform actions before admin login controller login action initialization','This hook is launched before the initialization of the login action in login controller',1,1),(500,'actionAdminLoginControllerLoginAfter','Perform actions after admin login controller login action initialization','This hook is launched after the initialization of the login action in login controller',1,1),(501,'actionAdminLoginControllerForgotBefore','Perform actions before admin login controller forgot action initialization','This hook is launched before the initialization of the forgot action in login controller',1,1),(502,'actionAdminLoginControllerForgotAfter','Perform actions after admin login controller forgot action initialization','This hook is launched after the initialization of the forgot action in login controller',1,1),(503,'actionAdminLoginControllerResetBefore','Perform actions before admin login controller reset action initialization','This hook is launched before the initialization of the reset action in login controller',1,1),(504,'actionAdminLoginControllerResetAfter','Perform actions after admin login controller reset action initialization','This hook is launched after the initialization of the reset action in login controller',1,1),(505,'displayHeader','Pages html head section','This hook adds additional elements in the head section of your pages (head section of html)',1,1),(507,'actionOrderMessageFormBuilderModifier','Modify order message identifiable object form','This hook allows to modify order message identifiable object forms content by modifying form builder data or FormBuilder itself',1,1),(508,'actionCatalogPriceRuleFormBuilderModifier','Modify catalog price rule identifiable object form','This hook allows to modify catalog price rule identifiable object forms content by modifying form builder data or FormBuilder itself',1,1),(509,'actionAttachmentFormBuilderModifier','Modify attachment identifiable object form','This hook allows to modify attachment identifiable object forms content by modifying form builder data or FormBuilder itself',1,1),(510,'actionBeforeUpdateFeatureFormHandler','Modify feature identifiable object data before updating it','This hook allows to modify feature identifiable object forms data before it was updated',1,1),(511,'actionBeforeUpdateOrderMessageFormHandler','Modify order message identifiable object data before updating it','This hook allows to modify order message identifiable object forms data before it was updated',1,1),(512,'actionBeforeUpdateCatalogPriceRuleFormHandler','Modify catalog price rule identifiable object data before updating it','This hook allows to modify catalog price rule identifiable object forms data before it was updated',1,1),(513,'actionBeforeUpdateAttachmentFormHandler','Modify attachment identifiable object data before updating it','This hook allows to modify attachment identifiable object forms data before it was updated',1,1),(514,'actionAfterUpdateOrderMessageFormHandler','Modify order message identifiable object data after updating it','This hook allows to modify order message identifiable object forms data after it was updated',1,1),(515,'actionAfterUpdateCatalogPriceRuleFormHandler','Modify catalog price rule identifiable object data after updating it','This hook allows to modify catalog price rule identifiable object forms data after it was updated',1,1),(516,'actionAfterUpdateAttachmentFormHandler','Modify attachment identifiable object data after updating it','This hook allows to modify attachment identifiable object forms data after it was updated',1,1),(517,'actionBeforeCreateFeatureFormHandler','Modify feature identifiable object data before creating it','This hook allows to modify feature identifiable object forms data before it was created',1,1),(518,'actionBeforeCreateOrderMessageFormHandler','Modify order message identifiable object data before creating it','This hook allows to modify order message identifiable object forms data before it was created',1,1),(519,'actionBeforeCreateCatalogPriceRuleFormHandler','Modify catalog price rule identifiable object data before creating it','This hook allows to modify catalog price rule identifiable object forms data before it was created',1,1),(520,'actionBeforeCreateAttachmentFormHandler','Modify attachment identifiable object data before creating it','This hook allows to modify attachment identifiable object forms data before it was created',1,1),(521,'actionAfterCreateOrderMessageFormHandler','Modify order message identifiable object data after creating it','This hook allows to modify order message identifiable object forms data after it was created',1,1),(522,'actionAfterCreateCatalogPriceRuleFormHandler','Modify catalog price rule identifiable object data after creating it','This hook allows to modify catalog price rule identifiable object forms data after it was created',1,1),(523,'actionAfterCreateAttachmentFormHandler','Modify attachment identifiable object data after creating it','This hook allows to modify attachment identifiable object forms data after it was created',1,1),(524,'actionMerchandiseReturnForm','Modify merchandise return options form content','This hook allows to modify merchandise return options form FormBuilder',1,1),(525,'actionCreditSlipForm','Modify credit slip options form content','This hook allows to modify credit slip options form FormBuilder',1,1),(526,'actionMerchandiseReturnSave','Modify merchandise return options form saved data','This hook allows to modify data of merchandise return options form after it was saved',1,1),(527,'actionCreditSlipSave','Modify credit slip options form saved data','This hook allows to modify data of credit slip options form after it was saved',1,1),(528,'actionEmptyCategoryGridDefinitionModifier','Modify empty category grid definition','This hook allows to alter empty category grid columns, actions and filters',1,1),(529,'actionNoQtyProductWithCombinationGridDefinitionModifier','Modify no qty product with combination grid definition','This hook allows to alter no qty product with combination grid columns, actions and filters',1,1),(530,'actionNoQtyProductWithoutCombinationGridDefinitionModifier','Modify no qty product without combination grid definition','This hook allows to alter no qty product without combination grid columns, actions and filters',1,1),(531,'actionDisabledProductGridDefinitionModifier','Modify disabled product grid definition','This hook allows to alter disabled product grid columns, actions and filters',1,1),(532,'actionProductWithoutImageGridDefinitionModifier','Modify product without image grid definition','This hook allows to alter product without image grid columns, actions and filters',1,1),(533,'actionProductWithoutDescriptionGridDefinitionModifier','Modify product without description grid definition','This hook allows to alter product without description grid columns, actions and filters',1,1),(534,'actionProductWithoutPriceGridDefinitionModifier','Modify product without price grid definition','This hook allows to alter product without price grid columns, actions and filters',1,1),(535,'actionOrderGridDefinitionModifier','Modify order grid definition','This hook allows to alter order grid columns, actions and filters',1,1),(536,'actionCatalogPriceRuleGridDefinitionModifier','Modify catalog price rule grid definition','This hook allows to alter catalog price rule grid columns, actions and filters',1,1),(537,'actionOrderMessageGridDefinitionModifier','Modify order message grid definition','This hook allows to alter order message grid columns, actions and filters',1,1),(538,'actionAttachmentGridDefinitionModifier','Modify attachment grid definition','This hook allows to alter attachment grid columns, actions and filters',1,1),(539,'actionAttributeGroupGridDefinitionModifier','Modify attribute group grid definition','This hook allows to alter attribute group grid columns, actions and filters',1,1),(540,'actionMerchandiseReturnGridDefinitionModifier','Modify merchandise return grid definition','This hook allows to alter merchandise return grid columns, actions and filters',1,1),(541,'actionTaxRulesGroupGridDefinitionModifier','Modify tax rules group grid definition','This hook allows to alter tax rules group grid columns, actions and filters',1,1),(542,'actionAddressGridDefinitionModifier','Modify address grid definition','This hook allows to alter address grid columns, actions and filters',1,1),(543,'actionCreditSlipGridDefinitionModifier','Modify credit slip grid definition','This hook allows to alter credit slip grid columns, actions and filters',1,1),(544,'actionEmptyCategoryGridQueryBuilderModifier','Modify empty category grid query builder','This hook allows to alter Doctrine query builder for empty category grid',1,1),(545,'actionNoQtyProductWithCombinationGridQueryBuilderModifier','Modify no qty product with combination grid query builder','This hook allows to alter Doctrine query builder for no qty product with combination grid',1,1),(546,'actionNoQtyProductWithoutCombinationGridQueryBuilderModifier','Modify no qty product without combination grid query builder','This hook allows to alter Doctrine query builder for no qty product without combination grid',1,1),(547,'actionDisabledProductGridQueryBuilderModifier','Modify disabled product grid query builder','This hook allows to alter Doctrine query builder for disabled product grid',1,1),(548,'actionProductWithoutImageGridQueryBuilderModifier','Modify product without image grid query builder','This hook allows to alter Doctrine query builder for product without image grid',1,1),(549,'actionProductWithoutDescriptionGridQueryBuilderModifier','Modify product without description grid query builder','This hook allows to alter Doctrine query builder for product without description grid',1,1),(550,'actionProductWithoutPriceGridQueryBuilderModifier','Modify product without price grid query builder','This hook allows to alter Doctrine query builder for product without price grid',1,1),(551,'actionOrderGridQueryBuilderModifier','Modify order grid query builder','This hook allows to alter Doctrine query builder for order grid',1,1),(552,'actionCatalogPriceRuleGridQueryBuilderModifier','Modify catalog price rule grid query builder','This hook allows to alter Doctrine query builder for catalog price rule grid',1,1),(553,'actionOrderMessageGridQueryBuilderModifier','Modify order message grid query builder','This hook allows to alter Doctrine query builder for order message grid',1,1),(554,'actionAttachmentGridQueryBuilderModifier','Modify attachment grid query builder','This hook allows to alter Doctrine query builder for attachment grid',1,1),(555,'actionAttributeGroupGridQueryBuilderModifier','Modify attribute group grid query builder','This hook allows to alter Doctrine query builder for attribute group grid',1,1),(556,'actionMerchandiseReturnGridQueryBuilderModifier','Modify merchandise return grid query builder','This hook allows to alter Doctrine query builder for merchandise return grid',1,1),(557,'actionTaxRulesGroupGridQueryBuilderModifier','Modify tax rules group grid query builder','This hook allows to alter Doctrine query builder for tax rules group grid',1,1),(558,'actionAddressGridQueryBuilderModifier','Modify address grid query builder','This hook allows to alter Doctrine query builder for address grid',1,1),(559,'actionCreditSlipGridQueryBuilderModifier','Modify credit slip grid query builder','This hook allows to alter Doctrine query builder for credit slip grid',1,1),(560,'actionEmptyCategoryGridDataModifier','Modify empty category grid data','This hook allows to modify empty category grid data',1,1),(561,'actionNoQtyProductWithCombinationGridDataModifier','Modify no qty product with combination grid data','This hook allows to modify no qty product with combination grid data',1,1),(562,'actionNoQtyProductWithoutCombinationGridDataModifier','Modify no qty product without combination grid data','This hook allows to modify no qty product without combination grid data',1,1),(563,'actionDisabledProductGridDataModifier','Modify disabled product grid data','This hook allows to modify disabled product grid data',1,1),(564,'actionProductWithoutImageGridDataModifier','Modify product without image grid data','This hook allows to modify product without image grid data',1,1),(565,'actionProductWithoutDescriptionGridDataModifier','Modify product without description grid data','This hook allows to modify product without description grid data',1,1),(566,'actionProductWithoutPriceGridDataModifier','Modify product without price grid data','This hook allows to modify product without price grid data',1,1),(567,'actionOrderGridDataModifier','Modify order grid data','This hook allows to modify order grid data',1,1),(568,'actionCatalogPriceRuleGridDataModifier','Modify catalog price rule grid data','This hook allows to modify catalog price rule grid data',1,1),(569,'actionOrderMessageGridDataModifier','Modify order message grid data','This hook allows to modify order message grid data',1,1),(570,'actionAttachmentGridDataModifier','Modify attachment grid data','This hook allows to modify attachment grid data',1,1),(571,'actionAttributeGroupGridDataModifier','Modify attribute group grid data','This hook allows to modify attribute group grid data',1,1),(572,'actionMerchandiseReturnGridDataModifier','Modify merchandise return grid data','This hook allows to modify merchandise return grid data',1,1),(573,'actionTaxRulesGroupGridDataModifier','Modify tax rules group grid data','This hook allows to modify tax rules group grid data',1,1),(574,'actionAddressGridDataModifier','Modify address grid data','This hook allows to modify address grid data',1,1),(575,'actionCreditSlipGridDataModifier','Modify credit slip grid data','This hook allows to modify credit slip grid data',1,1),(576,'actionEmptyCategoryGridFilterFormModifier','Modify empty category grid filters','This hook allows to modify filters for empty category grid',1,1),(577,'actionNoQtyProductWithCombinationGridFilterFormModifier','Modify no qty product with combination grid filters','This hook allows to modify filters for no qty product with combination grid',1,1),(578,'actionNoQtyProductWithoutCombinationGridFilterFormModifier','Modify no qty product without combination grid filters','This hook allows to modify filters for no qty product without combination grid',1,1),(579,'actionDisabledProductGridFilterFormModifier','Modify disabled product grid filters','This hook allows to modify filters for disabled product grid',1,1),(580,'actionProductWithoutImageGridFilterFormModifier','Modify product without image grid filters','This hook allows to modify filters for product without image grid',1,1),(581,'actionProductWithoutDescriptionGridFilterFormModifier','Modify product without description grid filters','This hook allows to modify filters for product without description grid',1,1),(582,'actionProductWithoutPriceGridFilterFormModifier','Modify product without price grid filters','This hook allows to modify filters for product without price grid',1,1),(583,'actionOrderGridFilterFormModifier','Modify order grid filters','This hook allows to modify filters for order grid',1,1),(584,'actionCatalogPriceRuleGridFilterFormModifier','Modify catalog price rule grid filters','This hook allows to modify filters for catalog price rule grid',1,1),(585,'actionOrderMessageGridFilterFormModifier','Modify order message grid filters','This hook allows to modify filters for order message grid',1,1),(586,'actionAttachmentGridFilterFormModifier','Modify attachment grid filters','This hook allows to modify filters for attachment grid',1,1),(587,'actionAttributeGroupGridFilterFormModifier','Modify attribute group grid filters','This hook allows to modify filters for attribute group grid',1,1),(588,'actionMerchandiseReturnGridFilterFormModifier','Modify merchandise return grid filters','This hook allows to modify filters for merchandise return grid',1,1),(589,'actionTaxRulesGroupGridFilterFormModifier','Modify tax rules group grid filters','This hook allows to modify filters for tax rules group grid',1,1),(590,'actionAddressGridFilterFormModifier','Modify address grid filters','This hook allows to modify filters for address grid',1,1),(591,'actionCreditSlipGridFilterFormModifier','Modify credit slip grid filters','This hook allows to modify filters for credit slip grid',1,1),(592,'actionEmptyCategoryGridPresenterModifier','Modify empty category grid template data','This hook allows to modify data which is about to be used in template for empty category grid',1,1),(593,'actionNoQtyProductWithCombinationGridPresenterModifier','Modify no qty product with combination grid template data','This hook allows to modify data which is about to be used in template for no qty product with combination grid',1,1),(594,'actionNoQtyProductWithoutCombinationGridPresenterModifier','Modify no qty product without combination grid template data','This hook allows to modify data which is about to be used in template for no qty product without combination grid',1,1),(595,'actionDisabledProductGridPresenterModifier','Modify disabled product grid template data','This hook allows to modify data which is about to be used in template for disabled product grid',1,1),(596,'actionProductWithoutImageGridPresenterModifier','Modify product without image grid template data','This hook allows to modify data which is about to be used in template for product without image grid',1,1),(597,'actionProductWithoutDescriptionGridPresenterModifier','Modify product without description grid template data','This hook allows to modify data which is about to be used in template for product without description grid',1,1),(598,'actionProductWithoutPriceGridPresenterModifier','Modify product without price grid template data','This hook allows to modify data which is about to be used in template for product without price grid',1,1),(599,'actionOrderGridPresenterModifier','Modify order grid template data','This hook allows to modify data which is about to be used in template for order grid',1,1),(600,'actionCatalogPriceRuleGridPresenterModifier','Modify catalog price rule grid template data','This hook allows to modify data which is about to be used in template for catalog price rule grid',1,1),(601,'actionOrderMessageGridPresenterModifier','Modify order message grid template data','This hook allows to modify data which is about to be used in template for order message grid',1,1),(602,'actionAttachmentGridPresenterModifier','Modify attachment grid template data','This hook allows to modify data which is about to be used in template for attachment grid',1,1),(603,'actionAttributeGroupGridPresenterModifier','Modify attribute group grid template data','This hook allows to modify data which is about to be used in template for attribute group grid',1,1),(604,'actionMerchandiseReturnGridPresenterModifier','Modify merchandise return grid template data','This hook allows to modify data which is about to be used in template for merchandise return grid',1,1),(605,'actionTaxRulesGroupGridPresenterModifier','Modify tax rules group grid template data','This hook allows to modify data which is about to be used in template for tax rules group grid',1,1),(606,'actionAddressGridPresenterModifier','Modify address grid template data','This hook allows to modify data which is about to be used in template for address grid',1,1),(607,'actionCreditSlipGridPresenterModifier','Modify credit slip grid template data','This hook allows to modify data which is about to be used in template for credit slip grid',1,1),(608,'displayAfterTitleTag','After title tag','Use this hook to add content after title tag',1,1),(609,'displayAdminGridTableBefore','Display before Grid table','This hook adds new blocks before Grid component table.',1,1),(610,'displayAdminGridTableAfter','Display after Grid table','This hook adds new blocks after Grid component table.',1,1),(611,'actionPresentCart','Cart Presenter','This hook is called before a cart is presented',1,1),(612,'actionPresentOrder','Order footer','This hook is called before an order is presented',1,1),(613,'actionPresentOrderReturn','Order Return Presenter','This hook is called before an order return is presented',1,1),(614,'actionPresentProduct','Product Presenter','This hook is called before a product is presented',1,1),(615,'actionModuleUninstallBefore','Module uninstall before','This hook is called before module uninstall process',1,1),(616,'actionModuleUninstallAfter','Module uninstall after','This hook is called at the end of module uninstall process',1,1),(617,'displayCartModalContent','Cart Presenter','This hook displays content in the middle of the window that appears after adding product to cart',1,1),(618,'displayCartModalFooter','Cart Presenter','This hook displays content in the bottom of window that appears after adding product to cart',1,1),(619,'displayHeaderCategory','Category header','This hook adds new blocks above the products listing in a category/search',1,1),(620,'actionCheckoutRender','Checkout process render','This hook is called when checkout process is constructed',1,1),(621,'actionPresentProductListing','Product Listing Presenter','This hook is called before a product listing is presented',1,1),(622,'actionGetProductPropertiesAfterUnitPrice','Product Properties','This hook is called after defining the properties of a product',1,1),(623,'actionProductSearchProviderRunQueryBefore','Runs an action before ProductSearchProviderInterface::RunQuery()','Required to modify an SQL query before executing it',1,1),(624,'actionProductSearchProviderRunQueryAfter','Runs an action after ProductSearchProviderInterface::RunQuery()','Required to return a previous state of an SQL query or/and to change a result of the SQL query after executing it',1,1),(625,'actionOverrideEmployeeImage','Override Employee Image','This hook is used to override the employee image',1,1),(626,'actionFrontControllerSetVariables','Add variables in JavaScript object and Smarty templates','Add variables to javascript object that is available in Front Office. These are also available in smarty templates in modules.your_module_name.',1,1),(627,'displayAdminOrderCreateExtraButtons','Add buttons on the create order page dropdown','Add buttons on the create order page dropdown',1,1),(628,'actionFeatureFlagForm','Modify feature flag options form content','This hook allows to modify the Feature Flag page form FormBuilder',1,1),(629,'actionFeatureFlagSave','Modify feature flag options form saved data','This hook allows to modify the Feature Flag data being submitted through the form after it was saved',1,1),(630,'actionProductFormBuilderModifier','Modify product identifiable object form','This hook allows to modify product identifiable object form content by modifying form builder data or FormBuilder itself',1,1),(631,'actionBeforeUpdateProductFormHandler','Modify product identifiable object data before updating it','This hook allows to modify product identifiable object form data before it was updated',1,1),(632,'actionAfterUpdateProductFormHandler','Modify product identifiable object data after updating it','This hook allows to modify product identifiable object form data after it was updated',1,1),(633,'actionBeforeCreateProductFormHandler','Modify product identifiable object data before creating it','This hook allows to modify product identifiable object form data before it was created',1,1),(634,'actionAfterCreateProductFormHandler','Modify product identifiable object data after creating it','This hook allows to modify product identifiable object form data after it was created',1,1),(635,'actionCustomerAddressGridDefinitionModifier','Modify customer address grid definition','This hook allows to alter customer address grid columns, actions and filters',1,1),(636,'actionCartRuleGridDefinitionModifier','Modify cart rule grid definition','This hook allows to alter cart rule grid columns, actions and filters',1,1),(637,'actionOrderStatesGridDefinitionModifier','Modify order states grid definition','This hook allows to alter order states grid columns, actions and filters',1,1),(638,'actionOrderReturnStatesGridDefinitionModifier','Modify order return states grid definition','This hook allows to alter order return states grid columns, actions and filters',1,1),(639,'actionOutstandingGridDefinitionModifier','Modify outstanding grid definition','This hook allows to alter outstanding grid columns, actions and filters',1,1),(640,'actionCarrierGridDefinitionModifier','Modify carrier grid definition','This hook allows to alter carrier grid columns, actions and filters',1,1),(641,'actionZoneGridDefinitionModifier','Modify zone grid definition','This hook allows to alter zone grid columns, actions and filters',1,1),(642,'actionCustomerDiscountGridQueryBuilderModifier','Modify customer discount grid query builder','This hook allows to alter Doctrine query builder for customer discount grid',1,1),(643,'actionCustomerAddressGridQueryBuilderModifier','Modify customer address grid query builder','This hook allows to alter Doctrine query builder for customer address grid',1,1),(644,'actionCartRuleGridQueryBuilderModifier','Modify cart rule grid query builder','This hook allows to alter Doctrine query builder for cart rule grid',1,1),(645,'actionOrderStatesGridQueryBuilderModifier','Modify order states grid query builder','This hook allows to alter Doctrine query builder for order states grid',1,1),(646,'actionOrderReturnStatesGridQueryBuilderModifier','Modify order return states grid query builder','This hook allows to alter Doctrine query builder for order return states grid',1,1),(647,'actionOutstandingGridQueryBuilderModifier','Modify outstanding grid query builder','This hook allows to alter Doctrine query builder for outstanding grid',1,1),(648,'actionCarrierGridQueryBuilderModifier','Modify carrier grid query builder','This hook allows to alter Doctrine query builder for carrier grid',1,1),(649,'actionZoneGridQueryBuilderModifier','Modify zone grid query builder','This hook allows to alter Doctrine query builder for zone grid',1,1),(650,'actionCustomerDiscountGridDataModifier','Modify customer discount grid data','This hook allows to modify customer discount grid data',1,1),(651,'actionCustomerAddressGridDataModifier','Modify customer address grid data','This hook allows to modify customer address grid data',1,1),(652,'actionCartRuleGridDataModifier','Modify cart rule grid data','This hook allows to modify cart rule grid data',1,1),(653,'actionOrderStatesGridDataModifier','Modify order states grid data','This hook allows to modify order states grid data',1,1),(654,'actionOrderReturnStatesGridDataModifier','Modify order return states grid data','This hook allows to modify order return states grid data',1,1),(655,'actionOutstandingGridDataModifier','Modify outstanding grid data','This hook allows to modify outstanding grid data',1,1),(656,'actionCarrierGridDataModifier','Modify carrier grid data','This hook allows to modify carrier grid data',1,1),(657,'actionZoneGridDataModifier','Modify zone grid data','This hook allows to modify zone grid data',1,1),(658,'actionCustomerDiscountGridFilterFormModifier','Modify customer discount grid filters','This hook allows to modify filters for customer discount grid',1,1),(659,'actionCustomerAddressGridFilterFormModifier','Modify customer address grid filters','This hook allows to modify filters for customer address grid',1,1),(660,'actionCartRuleGridFilterFormModifier','Modify cart rule grid filters','This hook allows to modify filters for cart rule grid',1,1),(661,'actionOrderStatesGridFilterFormModifier','Modify order states grid filters','This hook allows to modify filters for order states grid',1,1),(662,'actionOrderReturnStatesGridFilterFormModifier','Modify order return states grid filters','This hook allows to modify filters for order return states grid',1,1),(663,'actionOutstandingGridFilterFormModifier','Modify outstanding grid filters','This hook allows to modify filters for outstanding grid',1,1),(664,'actionCarrierGridFilterFormModifier','Modify carrier grid filters','This hook allows to modify filters for carrier grid',1,1),(665,'actionZoneGridFilterFormModifier','Modify zone grid filters','This hook allows to modify filters for zone grid',1,1),(666,'actionCustomerDiscountGridPresenterModifier','Modify customer discount grid template data','This hook allows to modify data which is about to be used in template for customer discount grid',1,1),(667,'actionCustomerAddressGridPresenterModifier','Modify customer address grid template data','This hook allows to modify data which is about to be used in template for customer address grid',1,1),(668,'actionCartRuleGridPresenterModifier','Modify cart rule grid template data','This hook allows to modify data which is about to be used in template for cart rule grid',1,1),(669,'actionOrderStatesGridPresenterModifier','Modify order states grid template data','This hook allows to modify data which is about to be used in template for order states grid',1,1),(670,'actionOrderReturnStatesGridPresenterModifier','Modify order return states grid template data','This hook allows to modify data which is about to be used in template for order return states grid',1,1),(671,'actionOutstandingGridPresenterModifier','Modify outstanding grid template data','This hook allows to modify data which is about to be used in template for outstanding grid',1,1),(672,'actionCarrierGridPresenterModifier','Modify carrier grid template data','This hook allows to modify data which is about to be used in template for carrier grid',1,1),(673,'actionZoneGridPresenterModifier','Modify zone grid template data','This hook allows to modify data which is about to be used in template for zone grid',1,1),(674,'actionCustomerDiscountGridDefinitionModifier','Modify customer discount grid definition','This hook allows to alter customer discount grid columns, actions and filters',1,1),(675,'actionPerformancePageSmartyForm','Modify performance page smarty options form content','This hook allows to modify performance page smarty options form FormBuilder',1,1),(676,'actionPerformancePageDebugModeForm','Modify performance page debug mode options form content','This hook allows to modify performance page debug mode options form FormBuilder',1,1),(677,'actionPerformancePageOptionalFeaturesForm','Modify performance page optional features options form content','This hook allows to modify performance page optional features options form FormBuilder',1,1),(678,'actionPerformancePageCombineCompressCacheForm','Modify performance page combine compress cache options form content','This hook allows to modify performance page combine compress cache options form FormBuilder',1,1),(679,'actionPerformancePageMediaServersForm','Modify performance page media servers options form content','This hook allows to modify performance page media servers options form FormBuilder',1,1),(680,'actionPerformancePagecachingForm','Modify performance pagecaching options form content','This hook allows to modify performance pagecaching options form FormBuilder',1,1),(681,'actionAdministrationPageGeneralForm','Modify administration page general options form content','This hook allows to modify administration page general options form FormBuilder',1,1),(682,'actionAdministrationPageUploadQuotaForm','Modify administration page upload quota options form content','This hook allows to modify administration page upload quota options form FormBuilder',1,1),(683,'actionAdministrationPageNotificationsForm','Modify administration page notifications options form content','This hook allows to modify administration page notifications options form FormBuilder',1,1),(684,'actionShippingPreferencesPageHandlingForm','Modify shipping preferences page handling options form content','This hook allows to modify shipping preferences page handling options form FormBuilder',1,1),(685,'actionShippingPreferencesPageCarrierOptionsForm','Modify shipping preferences page carrier options options form content','This hook allows to modify shipping preferences page carrier options options form FormBuilder',1,1),(686,'actionOrderPreferencesPageGeneralForm','Modify order preferences page general options form content','This hook allows to modify order preferences page general options form FormBuilder',1,1),(687,'actionOrderPreferencesPageGiftOptionsForm','Modify order preferences page gift options options form content','This hook allows to modify order preferences page gift options options form FormBuilder',1,1),(688,'actionProductPreferencesPageGeneralForm','Modify product preferences page general options form content','This hook allows to modify product preferences page general options form FormBuilder',1,1),(689,'actionProductPreferencesPagePaginationForm','Modify product preferences page pagination options form content','This hook allows to modify product preferences page pagination options form FormBuilder',1,1),(690,'actionProductPreferencesPagePageForm','Modify product preferences page page options form content','This hook allows to modify product preferences page page options form FormBuilder',1,1),(691,'actionProductPreferencesPageStockForm','Modify product preferences page stock options form content','This hook allows to modify product preferences page stock options form FormBuilder',1,1),(692,'actionGeolocationPageByAddressForm','Modify geolocation page by address options form content','This hook allows to modify geolocation page by address options form FormBuilder',1,1),(693,'actionGeolocationPageWhitelistForm','Modify geolocation page whitelist options form content','This hook allows to modify geolocation page whitelist options form FormBuilder',1,1),(694,'actionGeolocationPageOptionsForm','Modify geolocation page options options form content','This hook allows to modify geolocation page options options form FormBuilder',1,1),(695,'actionLocalizationPageConfigurationForm','Modify localization page configuration options form content','This hook allows to modify localization page configuration options form FormBuilder',1,1),(696,'actionLocalizationPageLocalUnitsForm','Modify localization page local units options form content','This hook allows to modify localization page local units options form FormBuilder',1,1),(697,'actionLocalizationPageAdvancedForm','Modify localization page advanced options form content','This hook allows to modify localization page advanced options form FormBuilder',1,1),(698,'actionPerformancePageSmartySave','Modify performance page smarty options form saved data','This hook allows to modify data of performance page smarty options form after it was saved',1,1),(699,'actionPerformancePageDebugModeSave','Modify performance page debug mode options form saved data','This hook allows to modify data of performance page debug mode options form after it was saved',1,1),(700,'actionPerformancePageOptionalFeaturesSave','Modify performance page optional features options form saved data','This hook allows to modify data of performance page optional features options form after it was saved',1,1),(701,'actionPerformancePageCombineCompressCacheSave','Modify performance page combine compress cache options form saved data','This hook allows to modify data of performance page combine compress cache options form after it was saved',1,1),(702,'actionPerformancePageMediaServersSave','Modify performance page media servers options form saved data','This hook allows to modify data of performance page media servers options form after it was saved',1,1),(703,'actionPerformancePagecachingSave','Modify performance pagecaching options form saved data','This hook allows to modify data of performance pagecaching options form after it was saved',1,1),(704,'actionAdministrationPageGeneralSave','Modify administration page general options form saved data','This hook allows to modify data of administration page general options form after it was saved',1,1),(705,'actionAdministrationPageUploadQuotaSave','Modify administration page upload quota options form saved data','This hook allows to modify data of administration page upload quota options form after it was saved',1,1),(706,'actionAdministrationPageNotificationsSave','Modify administration page notifications options form saved data','This hook allows to modify data of administration page notifications options form after it was saved',1,1),(707,'actionShippingPreferencesPageHandlingSave','Modify shipping preferences page handling options form saved data','This hook allows to modify data of shipping preferences page handling options form after it was saved',1,1),(708,'actionShippingPreferencesPageCarrierOptionsSave','Modify shipping preferences page carrier options options form saved data','This hook allows to modify data of shipping preferences page carrier options options form after it was saved',1,1),(709,'actionOrderPreferencesPageGeneralSave','Modify order preferences page general options form saved data','This hook allows to modify data of order preferences page general options form after it was saved',1,1),(710,'actionOrderPreferencesPageGiftOptionsSave','Modify order preferences page gift options options form saved data','This hook allows to modify data of order preferences page gift options options form after it was saved',1,1),(711,'actionProductPreferencesPageGeneralSave','Modify product preferences page general options form saved data','This hook allows to modify data of product preferences page general options form after it was saved',1,1),(712,'actionProductPreferencesPagePaginationSave','Modify product preferences page pagination options form saved data','This hook allows to modify data of product preferences page pagination options form after it was saved',1,1),(713,'actionProductPreferencesPagePageSave','Modify product preferences page page options form saved data','This hook allows to modify data of product preferences page page options form after it was saved',1,1),(714,'actionProductPreferencesPageStockSave','Modify product preferences page stock options form saved data','This hook allows to modify data of product preferences page stock options form after it was saved',1,1),(715,'actionGeolocationPageByAddressSave','Modify geolocation page by address options form saved data','This hook allows to modify data of geolocation page by address options form after it was saved',1,1),(716,'actionGeolocationPageWhitelistSave','Modify geolocation page whitelist options form saved data','This hook allows to modify data of geolocation page whitelist options form after it was saved',1,1),(717,'actionGeolocationPageOptionsSave','Modify geolocation page options options form saved data','This hook allows to modify data of geolocation page options options form after it was saved',1,1),(718,'actionLocalizationPageConfigurationSave','Modify localization page configuration options form saved data','This hook allows to modify data of localization page configuration options form after it was saved',1,1),(719,'actionLocalizationPageLocalUnitsSave','Modify localization page local units options form saved data','This hook allows to modify data of localization page local units options form after it was saved',1,1),(720,'actionLocalizationPageAdvancedSave','Modify localization page advanced options form saved data','This hook allows to modify data of localization page advanced options form after it was saved',1,1),(721,'actionOrderStateFormBuilderModifier','Modify order state identifiable object form','This hook allows to modify order state identifiable object forms content by modifying form builder data or FormBuilder itself',1,1),(722,'actionOrderReturnStateFormBuilderModifier','Modify order return state identifiable object form','This hook allows to modify order return state identifiable object forms content by modifying form builder data or FormBuilder itself',1,1),(723,'actionZoneFormBuilderModifier','Modify zone identifiable object form','This hook allows to modify zone identifiable object forms content by modifying form builder data or FormBuilder itself',1,1),(724,'actionBeforeUpdateOrderStateFormHandler','Modify order state identifiable object data before updating it','This hook allows to modify order state identifiable object forms data before it was updated',1,1),(725,'actionBeforeUpdateOrderReturnStateFormHandler','Modify order return state identifiable object data before updating it','This hook allows to modify order return state identifiable object forms data before it was updated',1,1),(726,'actionBeforeUpdateZoneFormHandler','Modify zone identifiable object data before updating it','This hook allows to modify zone identifiable object forms data before it was updated',1,1),(727,'actionAfterUpdateOrderStateFormHandler','Modify order state identifiable object data after updating it','This hook allows to modify order state identifiable object forms data after it was updated',1,1),(728,'actionAfterUpdateOrderReturnStateFormHandler','Modify order return state identifiable object data after updating it','This hook allows to modify order return state identifiable object forms data after it was updated',1,1),(729,'actionAfterUpdateZoneFormHandler','Modify zone identifiable object data after updating it','This hook allows to modify zone identifiable object forms data after it was updated',1,1),(730,'actionBeforeCreateOrderStateFormHandler','Modify order state identifiable object data before creating it','This hook allows to modify order state identifiable object forms data before it was created',1,1),(731,'actionBeforeCreateOrderReturnStateFormHandler','Modify order return state identifiable object data before creating it','This hook allows to modify order return state identifiable object forms data before it was created',1,1),(732,'actionBeforeCreateZoneFormHandler','Modify zone identifiable object data before creating it','This hook allows to modify zone identifiable object forms data before it was created',1,1),(733,'actionAfterCreateOrderStateFormHandler','Modify order state identifiable object data after creating it','This hook allows to modify order state identifiable object forms data after it was created',1,1),(734,'actionAfterCreateOrderReturnStateFormHandler','Modify order return state identifiable object data after creating it','This hook allows to modify order return state identifiable object forms data after it was created',1,1),(735,'actionAfterCreateZoneFormHandler','Modify zone identifiable object data after creating it','This hook allows to modify zone identifiable object forms data after it was created',1,1),(741,'actionValidateOrderAfter','New Order','This hook is called after validating an order by core',1,1),(742,'actionAdminOrdersTrackingNumberUpdate','After setting the tracking number for the order','This hook allows you to execute code after the unique tracking number for the order was added',1,1),(743,'actionAdminSecurityControllerPostProcessBefore','On post-process in Admin Security Controller','This hook is called on Admin Security Controller post-process before processing any form',1,1),(744,'actionAdminSecurityControllerPostProcessGeneralBefore','On post-process in Admin Security Controller','This hook is called on Admin Security Controller post-process before processing the General form',1,1),(745,'dashboardZoneThree','Dashboard column three','This hook is displayed in the third column of the dashboard',1,1),(746,'actionPresentPaymentOptions','Payment options Presenter','This hook is called before payment options are presented',1,1),(747,'actionCustomerLogoutBefore','Before customer logout','This hook allows you to execute code before customer logout',1,1),(748,'actionCustomerLogoutAfter','After customer logout','This hook allows you to execute code after customer logout',1,1),(749,'displayCheckoutBeforeConfirmation','Show custom content before checkout confirmation','This hook allows you to display custom content at the end of checkout process',1,1),(750,'displayCheckoutSummaryTop','Cart summary top','This hook allows you to display new elements in top of cart summary',1,1),(751,'displayAdminThemesListAfter','BO themes list extra content','This hook displays content after the themes list in the back office',1,1),(752,'displayModuleConfigureExtraButtons','Module configuration - After toolbar buttons','This hook allows to add toolbar\'s additional content on module configuration page',1,1),(753,'actionGetAlternativeSearchPanels','Additional search panel','This hook allows to add an additional search panel for external providers in PrestaShop back office',1,1),(754,'actionCreateProductFormBuilderModifier','Modify create product identifiable object form','This hook allows to modify create product identifiable object forms content by modifying form builder data or FormBuilder itself',1,1),(755,'actionCombinationListFormBuilderModifier','Modify combination list identifiable object form','This hook allows to modify combination list identifiable object forms content by modifying form builder data or FormBuilder itself',1,1),(756,'actionProductImageFormBuilderModifier','Modify product image identifiable object form','This hook allows to modify product image identifiable object forms content by modifying form builder data or FormBuilder itself',1,1),(757,'actionSearchEngineFormBuilderModifier','Modify search engine identifiable object form','This hook allows to modify search engine identifiable object forms content by modifying form builder data or FormBuilder itself',1,1),(758,'actionCategoryTreeSelectorFormBuilderModifier','Modify category tree selector identifiable object form','This hook allows to modify category tree selector identifiable object forms content by modifying form builder data or FormBuilder itself',1,1),(759,'actionSqlRequestFormDataProviderData','Provide sql request identifiable object form data for update','This hook allows to provide sql request identifiable object form data which will prefill the form in update/edition page',1,1),(760,'actionCustomerFormDataProviderData','Provide customer identifiable object form data for update','This hook allows to provide customer identifiable object form data which will prefill the form in update/edition page',1,1),(761,'actionLanguageFormDataProviderData','Provide language identifiable object form data for update','This hook allows to provide language identifiable object form data which will prefill the form in update/edition page',1,1),(762,'actionCurrencyFormDataProviderData','Provide currency identifiable object form data for update','This hook allows to provide currency identifiable object form data which will prefill the form in update/edition page',1,1),(763,'actionWebserviceKeyFormDataProviderData','Provide webservice key identifiable object form data for update','This hook allows to provide webservice key identifiable object form data which will prefill the form in update/edition page',1,1),(764,'actionMetaFormDataProviderData','Provide meta identifiable object form data for update','This hook allows to provide meta identifiable object form data which will prefill the form in update/edition page',1,1),(765,'actionCategoryFormDataProviderData','Provide category identifiable object form data for update','This hook allows to provide category identifiable object form data which will prefill the form in update/edition page',1,1),(766,'actionRootCategoryFormDataProviderData','Provide root category identifiable object form data for update','This hook allows to provide root category identifiable object form data which will prefill the form in update/edition page',1,1),(767,'actionContactFormDataProviderData','Provide contact identifiable object form data for update','This hook allows to provide contact identifiable object form data which will prefill the form in update/edition page',1,1),(768,'actionCmsPageCategoryFormDataProviderData','Provide cms page category identifiable object form data for update','This hook allows to provide cms page category identifiable object form data which will prefill the form in update/edition page',1,1),(769,'actionTaxFormDataProviderData','Provide tax identifiable object form data for update','This hook allows to provide tax identifiable object form data which will prefill the form in update/edition page',1,1),(770,'actionManufacturerFormDataProviderData','Provide manufacturer identifiable object form data for update','This hook allows to provide manufacturer identifiable object form data which will prefill the form in update/edition page',1,1),(771,'actionEmployeeFormDataProviderData','Provide employee identifiable object form data for update','This hook allows to provide employee identifiable object form data which will prefill the form in update/edition page',1,1),(772,'actionProfileFormDataProviderData','Provide profile identifiable object form data for update','This hook allows to provide profile identifiable object form data which will prefill the form in update/edition page',1,1),(773,'actionCmsPageFormDataProviderData','Provide cms page identifiable object form data for update','This hook allows to provide cms page identifiable object form data which will prefill the form in update/edition page',1,1),(774,'actionFeatureFormDataProviderData','Provide feature identifiable object form data for update','This hook allows to provide feature identifiable object form data which will prefill the form in update/edition page',1,1),(775,'actionOrderMessageFormDataProviderData','Provide order message identifiable object form data for update','This hook allows to provide order message identifiable object form data which will prefill the form in update/edition page',1,1),(776,'actionCatalogPriceRuleFormDataProviderData','Provide catalog price rule identifiable object form data for update','This hook allows to provide catalog price rule identifiable object form data which will prefill the form in update/edition page',1,1),(777,'actionAttachmentFormDataProviderData','Provide attachment identifiable object form data for update','This hook allows to provide attachment identifiable object form data which will prefill the form in update/edition page',1,1),(778,'actionOrderStateFormDataProviderData','Provide order state identifiable object form data for update','This hook allows to provide order state identifiable object form data which will prefill the form in update/edition page',1,1),(779,'actionOrderReturnStateFormDataProviderData','Provide order return state identifiable object form data for update','This hook allows to provide order return state identifiable object form data which will prefill the form in update/edition page',1,1),(780,'actionCreateProductFormDataProviderData','Provide create product identifiable object form data for update','This hook allows to provide create product identifiable object form data which will prefill the form in update/edition page',1,1),(781,'actionCombinationListFormDataProviderData','Provide combination list identifiable object form data for update','This hook allows to provide combination list identifiable object form data which will prefill the form in update/edition page',1,1),(782,'actionProductImageFormDataProviderData','Provide product image identifiable object form data for update','This hook allows to provide product image identifiable object form data which will prefill the form in update/edition page',1,1),(783,'actionZoneFormDataProviderData','Provide zone identifiable object form data for update','This hook allows to provide zone identifiable object form data which will prefill the form in update/edition page',1,1),(784,'actionSearchEngineFormDataProviderData','Provide search engine identifiable object form data for update','This hook allows to provide search engine identifiable object form data which will prefill the form in update/edition page',1,1),(785,'actionCategoryTreeSelectorFormDataProviderData','Provide category tree selector identifiable object form data for update','This hook allows to provide category tree selector identifiable object form data which will prefill the form in update/edition page',1,1),(786,'actionSqlRequestFormDataProviderDefaultData','Provide sql request identifiable object default form data for creation','This hook allows to provide sql request identifiable object form data which will prefill the form in creation page',1,1),(787,'actionCustomerFormDataProviderDefaultData','Provide customer identifiable object default form data for creation','This hook allows to provide customer identifiable object form data which will prefill the form in creation page',1,1),(788,'actionLanguageFormDataProviderDefaultData','Provide language identifiable object default form data for creation','This hook allows to provide language identifiable object form data which will prefill the form in creation page',1,1),(789,'actionCurrencyFormDataProviderDefaultData','Provide currency identifiable object default form data for creation','This hook allows to provide currency identifiable object form data which will prefill the form in creation page',1,1),(790,'actionWebserviceKeyFormDataProviderDefaultData','Provide webservice key identifiable object default form data for creation','This hook allows to provide webservice key identifiable object form data which will prefill the form in creation page',1,1),(791,'actionMetaFormDataProviderDefaultData','Provide meta identifiable object default form data for creation','This hook allows to provide meta identifiable object form data which will prefill the form in creation page',1,1),(792,'actionCategoryFormDataProviderDefaultData','Provide category identifiable object default form data for creation','This hook allows to provide category identifiable object form data which will prefill the form in creation page',1,1),(793,'actionRootCategoryFormDataProviderDefaultData','Provide root category identifiable object default form data for creation','This hook allows to provide root category identifiable object form data which will prefill the form in creation page',1,1),(794,'actionContactFormDataProviderDefaultData','Provide contact identifiable object default form data for creation','This hook allows to provide contact identifiable object form data which will prefill the form in creation page',1,1),(795,'actionCmsPageCategoryFormDataProviderDefaultData','Provide cms page category identifiable object default form data for creation','This hook allows to provide cms page category identifiable object form data which will prefill the form in creation page',1,1),(796,'actionTaxFormDataProviderDefaultData','Provide tax identifiable object default form data for creation','This hook allows to provide tax identifiable object form data which will prefill the form in creation page',1,1),(797,'actionManufacturerFormDataProviderDefaultData','Provide manufacturer identifiable object default form data for creation','This hook allows to provide manufacturer identifiable object form data which will prefill the form in creation page',1,1),(798,'actionEmployeeFormDataProviderDefaultData','Provide employee identifiable object default form data for creation','This hook allows to provide employee identifiable object form data which will prefill the form in creation page',1,1),(799,'actionProfileFormDataProviderDefaultData','Provide profile identifiable object default form data for creation','This hook allows to provide profile identifiable object form data which will prefill the form in creation page',1,1),(800,'actionCmsPageFormDataProviderDefaultData','Provide cms page identifiable object default form data for creation','This hook allows to provide cms page identifiable object form data which will prefill the form in creation page',1,1),(801,'actionFeatureFormDataProviderDefaultData','Provide feature identifiable object default form data for creation','This hook allows to provide feature identifiable object form data which will prefill the form in creation page',1,1),(802,'actionOrderMessageFormDataProviderDefaultData','Provide order message identifiable object default form data for creation','This hook allows to provide order message identifiable object form data which will prefill the form in creation page',1,1),(803,'actionCatalogPriceRuleFormDataProviderDefaultData','Provide catalog price rule identifiable object default form data for creation','This hook allows to provide catalog price rule identifiable object form data which will prefill the form in creation page',1,1),(804,'actionAttachmentFormDataProviderDefaultData','Provide attachment identifiable object default form data for creation','This hook allows to provide attachment identifiable object form data which will prefill the form in creation page',1,1),(805,'actionOrderStateFormDataProviderDefaultData','Provide order state identifiable object default form data for creation','This hook allows to provide order state identifiable object form data which will prefill the form in creation page',1,1),(806,'actionOrderReturnStateFormDataProviderDefaultData','Provide order return state identifiable object default form data for creation','This hook allows to provide order return state identifiable object form data which will prefill the form in creation page',1,1),(807,'actionCreateProductFormDataProviderDefaultData','Provide create product identifiable object default form data for creation','This hook allows to provide create product identifiable object form data which will prefill the form in creation page',1,1),(808,'actionCombinationListFormDataProviderDefaultData','Provide combination list identifiable object default form data for creation','This hook allows to provide combination list identifiable object form data which will prefill the form in creation page',1,1),(809,'actionProductImageFormDataProviderDefaultData','Provide product image identifiable object default form data for creation','This hook allows to provide product image identifiable object form data which will prefill the form in creation page',1,1),(810,'actionZoneFormDataProviderDefaultData','Provide zone identifiable object default form data for creation','This hook allows to provide zone identifiable object form data which will prefill the form in creation page',1,1),(811,'actionSearchEngineFormDataProviderDefaultData','Provide search engine identifiable object default form data for creation','This hook allows to provide search engine identifiable object form data which will prefill the form in creation page',1,1),(812,'actionCategoryTreeSelectorFormDataProviderDefaultData','Provide category tree selector identifiable object default form data for creation','This hook allows to provide category tree selector identifiable object form data which will prefill the form in creation page',1,1),(813,'actionBeforeUpdateCreateProductFormHandler','Modify create product identifiable object data before updating it','This hook allows to modify create product identifiable object forms data before it was updated',1,1),(814,'actionBeforeUpdateCombinationListFormHandler','Modify combination list identifiable object data before updating it','This hook allows to modify combination list identifiable object forms data before it was updated',1,1),(815,'actionBeforeUpdateProductImageFormHandler','Modify product image identifiable object data before updating it','This hook allows to modify product image identifiable object forms data before it was updated',1,1),(816,'actionBeforeUpdateSearchEngineFormHandler','Modify search engine identifiable object data before updating it','This hook allows to modify search engine identifiable object forms data before it was updated',1,1),(817,'actionBeforeUpdateCategoryTreeSelectorFormHandler','Modify category tree selector identifiable object data before updating it','This hook allows to modify category tree selector identifiable object forms data before it was updated',1,1),(818,'actionAfterUpdateCreateProductFormHandler','Modify create product identifiable object data after updating it','This hook allows to modify create product identifiable object forms data after it was updated',1,1),(819,'actionAfterUpdateCombinationListFormHandler','Modify combination list identifiable object data after updating it','This hook allows to modify combination list identifiable object forms data after it was updated',1,1),(820,'actionAfterUpdateSearchEngineFormHandler','Modify search engine identifiable object data after updating it','This hook allows to modify search engine identifiable object forms data after it was updated',1,1),(821,'actionAfterUpdateCategoryTreeSelectorFormHandler','Modify category tree selector identifiable object data after updating it','This hook allows to modify category tree selector identifiable object forms data after it was updated',1,1),(822,'actionBeforeCreateCreateProductFormHandler','Modify create product identifiable object data before creating it','This hook allows to modify create product identifiable object forms data before it was created',1,1),(823,'actionBeforeCreateCombinationListFormHandler','Modify combination list identifiable object data before creating it','This hook allows to modify combination list identifiable object forms data before it was created',1,1),(824,'actionBeforeCreateProductImageFormHandler','Modify product image identifiable object data before creating it','This hook allows to modify product image identifiable object forms data before it was created',1,1),(825,'actionBeforeCreateSearchEngineFormHandler','Modify search engine identifiable object data before creating it','This hook allows to modify search engine identifiable object forms data before it was created',1,1),(826,'actionBeforeCreateCategoryTreeSelectorFormHandler','Modify category tree selector identifiable object data before creating it','This hook allows to modify category tree selector identifiable object forms data before it was created',1,1),(827,'actionAfterCreateCreateProductFormHandler','Modify create product identifiable object data after creating it','This hook allows to modify create product identifiable object forms data after it was created',1,1),(828,'actionAfterCreateCombinationListFormHandler','Modify combination list identifiable object data after creating it','This hook allows to modify combination list identifiable object forms data after it was created',1,1),(829,'actionAfterCreateProductImageFormHandler','Modify product image identifiable object data after creating it','This hook allows to modify product image identifiable object forms data after it was created',1,1),(830,'actionAfterCreateSearchEngineFormHandler','Modify search engine identifiable object data after creating it','This hook allows to modify search engine identifiable object forms data after it was created',1,1),(831,'actionAfterCreateCategoryTreeSelectorFormHandler','Modify category tree selector identifiable object data after creating it','This hook allows to modify category tree selector identifiable object forms data after it was created',1,1),(832,'actionFeatureFlagStableForm','Modify feature flag stable options form content','This hook allows to modify feature flag stable options form FormBuilder',1,1),(833,'actionFeatureFlagBetaForm','Modify feature flag beta options form content','This hook allows to modify feature flag beta options form FormBuilder',1,1),(834,'actionSecurityPageGeneralForm','Modify security page general options form content','This hook allows to modify security page general options form FormBuilder',1,1),(835,'actionSecurityPagePasswordPolicyForm','Modify security page password policy options form content','This hook allows to modify security page password policy options form FormBuilder',1,1),(836,'actionFeatureFlagStableSave','Modify feature flag stable options form saved data','This hook allows to modify data of feature flag stable options form after it was saved',1,1),(837,'actionFeatureFlagBetaSave','Modify feature flag beta options form saved data','This hook allows to modify data of feature flag beta options form after it was saved',1,1),(838,'actionSecurityPageGeneralSave','Modify security page general options form saved data','This hook allows to modify data of security page general options form after it was saved',1,1),(839,'actionSecurityPagePasswordPolicySave','Modify security page password policy options form saved data','This hook allows to modify data of security page password policy options form after it was saved',1,1),(840,'actionCountryGridDefinitionModifier','Modify country grid definition','This hook allows to alter country grid columns, actions and filters',1,1),(841,'actionSearchEngineGridDefinitionModifier','Modify search engine grid definition','This hook allows to alter search engine grid columns, actions and filters',1,1),(842,'actionProductGridDefinitionModifier','Modify product grid definition','This hook allows to alter product grid columns, actions and filters',1,1),(843,'actionSecuritySessionEmployeeGridDefinitionModifier','Modify security session employee grid definition','This hook allows to alter security session employee grid columns, actions and filters',1,1),(844,'actionSecuritySessionCustomerGridDefinitionModifier','Modify security session customer grid definition','This hook allows to alter security session customer grid columns, actions and filters',1,1),(845,'actionStateGridDefinitionModifier','Modify state grid definition','This hook allows to alter state grid columns, actions and filters',1,1),(846,'actionTitleGridDefinitionModifier','Modify title grid definition','This hook allows to alter title grid columns, actions and filters',1,1),(847,'actionCountryGridQueryBuilderModifier','Modify country grid query builder','This hook allows to alter Doctrine query builder for country grid',1,1),(848,'actionSearchEngineGridQueryBuilderModifier','Modify search engine grid query builder','This hook allows to alter Doctrine query builder for search engine grid',1,1),(849,'actionProductGridQueryBuilderModifier','Modify product grid query builder','This hook allows to alter Doctrine query builder for product grid',1,1),(850,'actionSecuritySessionEmployeeGridQueryBuilderModifier','Modify security session employee grid query builder','This hook allows to alter Doctrine query builder for security session employee grid',1,1),(851,'actionSecuritySessionCustomerGridQueryBuilderModifier','Modify security session customer grid query builder','This hook allows to alter Doctrine query builder for security session customer grid',1,1),(852,'actionStateGridQueryBuilderModifier','Modify state grid query builder','This hook allows to alter Doctrine query builder for state grid',1,1),(853,'actionTitleGridQueryBuilderModifier','Modify title grid query builder','This hook allows to alter Doctrine query builder for title grid',1,1),(854,'actionCountryGridDataModifier','Modify country grid data','This hook allows to modify country grid data',1,1),(855,'actionSearchEngineGridDataModifier','Modify search engine grid data','This hook allows to modify search engine grid data',1,1),(856,'actionProductGridDataModifier','Modify product grid data','This hook allows to modify product grid data',1,1),(857,'actionSecuritySessionEmployeeGridDataModifier','Modify security session employee grid data','This hook allows to modify security session employee grid data',1,1),(858,'actionSecuritySessionCustomerGridDataModifier','Modify security session customer grid data','This hook allows to modify security session customer grid data',1,1),(859,'actionStateGridDataModifier','Modify state grid data','This hook allows to modify state grid data',1,1),(860,'actionTitleGridDataModifier','Modify title grid data','This hook allows to modify title grid data',1,1),(861,'actionCountryGridFilterFormModifier','Modify country grid filters','This hook allows to modify filters for country grid',1,1),(862,'actionSearchEngineGridFilterFormModifier','Modify search engine grid filters','This hook allows to modify filters for search engine grid',1,1),(863,'actionProductGridFilterFormModifier','Modify product grid filters','This hook allows to modify filters for product grid',1,1),(864,'actionSecuritySessionEmployeeGridFilterFormModifier','Modify security session employee grid filters','This hook allows to modify filters for security session employee grid',1,1),(865,'actionSecuritySessionCustomerGridFilterFormModifier','Modify security session customer grid filters','This hook allows to modify filters for security session customer grid',1,1),(866,'actionStateGridFilterFormModifier','Modify state grid filters','This hook allows to modify filters for state grid',1,1),(867,'actionTitleGridFilterFormModifier','Modify title grid filters','This hook allows to modify filters for title grid',1,1),(868,'actionCountryGridPresenterModifier','Modify country grid template data','This hook allows to modify data which is about to be used in template for country grid',1,1),(869,'actionSearchEngineGridPresenterModifier','Modify search engine grid template data','This hook allows to modify data which is about to be used in template for search engine grid',1,1),(870,'actionProductGridPresenterModifier','Modify product grid template data','This hook allows to modify data which is about to be used in template for product grid',1,1),(871,'actionSecuritySessionEmployeeGridPresenterModifier','Modify security session employee grid template data','This hook allows to modify data which is about to be used in template for security session employee grid',1,1),(872,'actionSecuritySessionCustomerGridPresenterModifier','Modify security session customer grid template data','This hook allows to modify data which is about to be used in template for security session customer grid',1,1),(873,'actionStateGridPresenterModifier','Modify state grid template data','This hook allows to modify data which is about to be used in template for state grid',1,1),(874,'actionTitleGridPresenterModifier','Modify title grid template data','This hook allows to modify data which is about to be used in template for title grid',1,1),(880,'displayFooterAfter','displayFooterAfter','',1,1),(881,'displayFooterBefore','displayFooterBefore','',1,1),(882,'displayReassurance','displayReassurance','',1,1),(883,'actionFrontControllerSetMedia','actionFrontControllerSetMedia','',1,1),(884,'displayNav1','displayNav1','',1,1),(885,'displayContactRightColumn','displayContactRightColumn','',1,1),(886,'displayContactLeftColumn','displayContactLeftColumn','',1,1),(887,'displayContactContent','displayContactContent','',1,1),(888,'actionAdminCurrenciesControllerSaveAfter','actionAdminCurrenciesControllerSaveAfter','',1,1),(889,'displayNav2','displayNav2','',1,1),(890,'displayOrderConfirmation2','displayOrderConfirmation2','',1,1),(891,'actionAdminGroupsControllerSaveAfter','actionAdminGroupsControllerSaveAfter','',1,1),(892,'actionObjectSpecificPriceCoreDeleteAfter','actionObjectSpecificPriceCoreDeleteAfter','',1,1),(893,'actionObjectSpecificPriceCoreAddAfter','actionObjectSpecificPriceCoreAddAfter','',1,1),(894,'actionObjectSpecificPriceCoreUpdateAfter','actionObjectSpecificPriceCoreUpdateAfter','',1,1),(895,'actionObjectCustomerUpdateBefore','actionObjectCustomerUpdateBefore','',1,1),(896,'additionalCustomerFormFields','additionalCustomerFormFields','',1,1),(897,'displayAdminCustomersForm','displayAdminCustomersForm','',1,1),(898,'actionCustomerAccountUpdate','actionCustomerAccountUpdate','',1,1),(899,'actionFeatureFormBuilderModifier','actionFeatureFormBuilderModifier','',1,1),(900,'actionAfterCreateFeatureFormHandler','actionAfterCreateFeatureFormHandler','',1,1),(901,'actionAfterUpdateFeatureFormHandler','actionAfterUpdateFeatureFormHandler','',1,1),(902,'productSearchProvider','productSearchProvider','',1,1),(903,'actionObjectSpecificPriceRuleUpdateBefore','actionObjectSpecificPriceRuleUpdateBefore','',1,1),(904,'actionAdminSpecificPriceRuleControllerSaveAfter','actionAdminSpecificPriceRuleControllerSaveAfter','',1,1),(905,'displayProductActions','','',1,1),(906,'paymentOptions','paymentOptions','',1,1),(907,'deleteProductAttribute','deleteProductAttribute','',1,1),(908,'actionObjectCurrencyAddAfter','actionObjectCurrencyAddAfter','',1,1),(909,'displayAdminCartsView','displayAdminCartsView','',1,1),(910,'displayOrderPreview','displayOrderPreview','',1,1),(911,'displayExpressCheckout','displayExpressCheckout','',1,1),(912,'displayPersonalInformationTop','displayPersonalInformationTop','',1,1),(913,'actionPaypalGetConflicts','actionPaypalGetConflicts','',1,1),(914,'actionPaypalGetConflictsAction','actionPaypalGetConflictsAction','',1,1),(915,'actionPaypalFixModuleTables','actionPaypalFixModuleTables','',1,1),(916,'actionListModules','actionListModules','',1,1),(917,'actionBeforeInstallModule','actionBeforeInstallModule','',1,1),(918,'actionBeforeUpgradeModule','actionBeforeUpgradeModule','',1,1),(919,'actionCartUpdateQuantityBefore','actionCartUpdateQuantityBefore','',1,1);

--
-- Table structure for table `prstshp_hook_alias`
--

CREATE TABLE `prstshp_hook_alias` (
  `id_hook_alias` int(10) unsigned NOT NULL AUTO_INCREMENT,
  `alias` varchar(191) NOT NULL,
  `name` varchar(191) NOT NULL,
  PRIMARY KEY (`id_hook_alias`),
  UNIQUE KEY `alias` (`alias`)
) ENGINE=InnoDB AUTO_INCREMENT=98 DEFAULT CHARSET=utf8mb4;

--
-- Dumping data for table `prstshp_hook_alias`
--

INSERT INTO `prstshp_hook_alias` VALUES (1,'payment','displayPayment'),(2,'newOrder','actionValidateOrder'),(3,'paymentConfirm','actionPaymentConfirmation'),(4,'paymentReturn','displayPaymentReturn'),(5,'updateQuantity','actionUpdateQuantity'),(6,'rightColumn','displayRightColumn'),(7,'leftColumn','displayLeftColumn'),(8,'home','displayHome'),(9,'Header','displayHeader'),(10,'cart','actionCartSave'),(11,'authentication','actionAuthentication'),(12,'addproduct','actionProductAdd'),(13,'updateproduct','actionProductUpdate'),(14,'top','displayTop'),(15,'extraRight','displayRightColumnProduct'),(16,'deleteproduct','actionProductDelete'),(17,'productfooter','displayFooterProduct'),(18,'invoice','displayInvoice'),(19,'updateOrderStatus','actionOrderStatusUpdate'),(20,'adminOrder','displayAdminOrder'),(21,'footer','displayFooter'),(22,'PDFInvoice','displayPDFInvoice'),(23,'adminCustomers','displayAdminCustomers'),(24,'orderConfirmation','displayOrderConfirmation'),(25,'createAccount','actionCustomerAccountAdd'),(26,'customerAccount','displayCustomerAccount'),(27,'orderSlip','actionOrderSlipAdd'),(30,'shoppingCart','displayShoppingCartFooter'),(31,'createAccountForm','displayCustomerAccountForm'),(32,'AdminStatsModules','displayAdminStatsModules'),(33,'GraphEngine','displayAdminStatsGraphEngine'),(34,'orderReturn','actionOrderReturn'),(35,'productActions','displayProductButtons'),(36,'backOfficeHome','displayBackOfficeHome'),(37,'GridEngine','displayAdminStatsGridEngine'),(38,'watermark','actionWatermark'),(39,'cancelProduct','actionProductCancel'),(40,'extraLeft','displayLeftColumnProduct'),(41,'productOutOfStock','actionProductOutOfStock'),(42,'updateProductAttribute','actionProductAttributeUpdate'),(43,'extraCarrier','displayCarrierList'),(44,'shoppingCartExtra','displayShoppingCart'),(45,'search','actionSearch'),(47,'updateCarrier','actionCarrierUpdate'),(48,'postUpdateOrderStatus','actionOrderStatusPostUpdate'),(49,'createAccountTop','displayCustomerAccountFormTop'),(50,'backOfficeHeader','displayBackOfficeHeader'),(51,'backOfficeTop','displayBackOfficeTop'),(52,'backOfficeFooter','displayBackOfficeFooter'),(53,'deleteProductAttribute','actionProductAttributeDelete'),(54,'processCarrier','actionCarrierProcess'),(55,'orderDetail','actionOrderDetail'),(56,'beforeCarrier','displayBeforeCarrier'),(57,'orderDetailDisplayed','displayOrderDetail'),(58,'paymentCCAdded','actionPaymentCCAdd'),(60,'categoryAddition','actionCategoryAdd'),(61,'categoryUpdate','actionCategoryUpdate'),(62,'categoryDeletion','actionCategoryDelete'),(63,'beforeAuthentication','actionBeforeAuthentication'),(64,'paymentTop','displayPaymentTop'),(65,'afterCreateHtaccess','actionHtaccessCreate'),(66,'afterSaveAdminMeta','actionAdminMetaSave'),(67,'attributeGroupForm','displayAttributeGroupForm'),(68,'afterSaveAttributeGroup','actionAttributeGroupSave'),(69,'afterDeleteAttributeGroup','actionAttributeGroupDelete'),(70,'featureForm','displayFeatureForm'),(71,'afterSaveFeature','actionFeatureSave'),(72,'afterDeleteFeature','actionFeatureDelete'),(73,'afterSaveProduct','actionProductSave'),(74,'productListAssign','actionProductListOverride'),(75,'postProcessAttributeGroup','displayAttributeGroupPostProcess'),(76,'postProcessFeature','displayFeaturePostProcess'),(77,'featureValueForm','displayFeatureValueForm'),(78,'postProcessFeatureValue','displayFeatureValuePostProcess'),(79,'afterDeleteFeatureValue','actionFeatureValueDelete'),(80,'afterSaveFeatureValue','actionFeatureValueSave'),(81,'attributeForm','displayAttributeForm'),(82,'postProcessAttribute','actionAttributePostProcess'),(83,'afterDeleteAttribute','actionAttributeDelete'),(84,'afterSaveAttribute','actionAttributeSave'),(85,'taxManager','actionTaxManager'),(86,'myAccountBlock','displayMyAccountBlock'),(87,'actionBeforeCartUpdateQty','actionCartUpdateQuantityBefore'),(88,'actionBeforeAjaxDie','actionAjaxDieBefore'),(89,'actionBeforeAuthentication','actionAuthenticationBefore'),(90,'actionBeforeSubmitAccount','actionSubmitAccountBefore'),(91,'actionAfterDeleteProductInCart','actionDeleteProductInCartAfter'),(92,'displayProductButtons','displayProductAdditionalInfo'),(93,'displayInvoice','displayAdminOrderTop'),(94,'displayBackOfficeOrderActions','displayAdminOrderSide'),(95,'actionFrontControllerAfterInit','actionFrontControllerInitAfter'),(96,'displayAdminListBefore','displayAdminGridTableBefore'),(97,'displayAdminListAfter','displayAdminGridTableAfter');

--
-- Table structure for table `prstshp_hook_module`
--

CREATE TABLE `prstshp_hook_module` (
  `id_module` int(10) unsigned NOT NULL,
  `id_shop` int(11) unsigned NOT NULL DEFAULT '1',
  `id_hook` int(10) unsigned NOT NULL,
  `position` tinyint(2) unsigned NOT NULL,
  PRIMARY KEY (`id_module`,`id_hook`,`id_shop`),
  KEY `id_hook` (`id_hook`),
  KEY `id_module` (`id_module`),
  KEY `position` (`id_shop`,`position`)
) ENGINE=InnoDB DEFAULT CHARSET=utf8mb4;

--
-- Dumping data for table `prstshp_hook_module`
--

INSERT INTO `prstshp_hook_module` VALUES (4,1,10,1),(4,1,13,1),(4,1,14,1),(4,1,17,1),(4,1,55,1),(8,1,101,1),(16,1,121,1),(16,1,122,1),(16,1,123,1),(17,1,125,1),(17,1,126,1),(25,1,130,1),(25,1,131,1),(25,1,132,1),(31,1,139,1),(31,1,140,1),(31,1,141,1),(31,1,142,1),(31,1,143,1),(31,1,144,1),(31,1,145,1),(32,1,146,1),(35,1,40,1),(36,1,44,1),(37,1,98,1),(40,1,39,1),(50,1,12,1),(50,1,31,1),(63,1,57,1),(63,1,112,1),(64,1,218,1),(66,1,18,1),(66,1,147,1),(66,1,229,1),(69,1,58,1),(88,1,167,1),(89,1,168,1),(89,1,169,1),(89,1,170,1),(92,1,56,1),(92,1,171,1),(92,1,172,1),(93,1,7,1),(97,1,166,1),(100,1,106,1),(100,1,191,1),(100,1,192,1),(100,1,193,1),(100,1,194,1),(100,1,195,1),(100,1,196,1),(104,1,2,1),(104,1,6,1),(104,1,41,1),(104,1,48,1),(104,1,49,1),(104,1,60,1),(104,1,104,1),(104,1,203,1),(104,1,210,1),(111,1,201,1),(111,1,202,1),(113,1,11,1),(113,1,21,1),(113,1,30,1),(113,1,46,1),(120,1,38,1),(122,1,32,1),(122,1,206,1),(122,1,207,1),(123,1,50,1),(123,1,211,1),(125,1,214,1),(126,1,43,1),(126,1,92,1),(126,1,215,1),(126,1,216,1),(126,1,217,1),(129,1,5,1),(129,1,113,1),(132,1,138,1),(133,1,26,1),(133,1,237,1),(133,1,391,1),(134,1,223,1),(134,1,224,1),(134,1,880,1),(134,1,882,1),(134,1,883,1),(135,1,120,1),(135,1,884,1),(135,1,885,1),(135,1,886,1),(136,1,889,1),(137,1,888,1),(139,1,505,1),(140,1,15,1),(141,1,129,1),(142,1,9,1),(143,1,890,1),(143,1,891,1),(146,1,892,1),(146,1,893,1),(146,1,894,1),(149,1,881,1),(149,1,895,1),(149,1,896,1),(149,1,898,1),(153,1,8,1),(153,1,67,1),(153,1,69,1),(153,1,75,1),(153,1,76,1),(153,1,78,1),(153,1,79,1),(153,1,80,1),(153,1,86,1),(153,1,87,1),(153,1,89,1),(153,1,91,1),(153,1,714,1),(153,1,899,1),(153,1,900,1),(153,1,901,1),(153,1,902,1),(153,1,903,1),(153,1,904,1),(154,1,887,1),(155,1,42,1),(156,1,906,1),(157,1,29,1),(157,1,90,1),(157,1,93,1),(157,1,905,1),(157,1,907,1),(161,1,219,1),(162,1,916,1),(162,1,917,1),(162,1,918,1),(166,1,61,1),(166,1,225,1),(172,1,20,1),(172,1,22,1),(172,1,24,1),(172,1,28,1),(172,1,34,1),(172,1,37,1),(172,1,239,1),(172,1,396,1),(172,1,480,1),(172,1,485,1),(172,1,486,1),(172,1,742,1),(172,1,909,1),(172,1,910,1),(172,1,911,1),(172,1,912,1),(172,1,913,1),(172,1,914,1),(172,1,915,1),(172,1,919,1),(6,1,10,2),(18,1,125,2),(18,1,126,2),(19,1,13,2),(19,1,14,2),(19,1,17,2),(32,1,55,2),(32,1,139,2),(32,1,145,2),(33,1,146,2),(37,1,119,2),(38,1,68,2),(41,1,39,2),(63,1,98,2),(64,1,57,2),(66,1,42,2),(84,1,101,2),(90,1,168,2),(93,1,112,2),(95,1,7,2),(104,1,206,2),(104,1,207,2),(111,1,2,2),(122,1,31,2),(123,1,21,2),(123,1,41,2),(126,1,38,2),(137,1,889,2),(140,1,107,2),(140,1,108,2),(140,1,117,2),(140,1,118,2),(140,1,133,2),(140,1,134,2),(140,1,135,2),(140,1,136,2),(140,1,137,2),(141,1,15,2),(141,1,505,2),(143,1,9,2),(149,1,210,2),(149,1,883,2),(150,1,881,2),(151,1,26,2),(156,1,5,2),(157,1,32,2),(157,1,60,2),(159,1,18,2),(161,1,211,2),(163,1,6,2),(163,1,49,2),(163,1,93,2),(163,1,104,2),(163,1,203,2),(164,1,138,2),(165,1,896,2),(166,1,11,2),(166,1,30,2),(166,1,46,2),(170,1,8,2),(172,1,223,2),(172,1,882,2),(172,1,905,2),(172,1,906,2),(8,1,10,3),(23,1,13,3),(23,1,14,3),(23,1,17,3),(31,1,138,3),(33,1,139,3),(33,1,145,3),(34,1,146,3),(42,1,39,3),(68,1,57,3),(68,1,125,3),(68,1,126,3),(93,1,98,3),(93,1,101,3),(117,1,7,3),(118,1,2,3),(134,1,881,3),(135,1,26,3),(138,1,889,3),(140,1,68,3),(140,1,119,3),(140,1,121,3),(140,1,122,3),(140,1,123,3),(140,1,130,3),(140,1,131,3),(140,1,132,3),(142,1,505,3),(145,1,9,3),(148,1,55,3),(149,1,31,3),(149,1,206,3),(149,1,207,3),(150,1,883,3),(161,1,21,3),(161,1,41,3),(161,1,60,3),(161,1,168,3),(163,1,32,3),(163,1,42,3),(163,1,210,3),(166,1,18,3),(169,1,112,3),(172,1,30,3),(9,1,10,4),(34,1,139,4),(35,1,145,4),(38,1,13,4),(38,1,14,4),(38,1,17,4),(43,1,39,4),(66,1,505,4),(87,1,57,4),(117,1,98,4),(126,1,2,4),(126,1,146,4),(139,1,889,4),(142,1,119,4),(143,1,68,4),(146,1,9,4),(151,1,125,4),(151,1,126,4),(154,1,206,4),(157,1,26,4),(157,1,883,4),(159,1,55,4),(163,1,41,4),(163,1,60,4),(163,1,207,4),(166,1,21,4),(172,1,18,4),(172,1,32,4),(172,1,42,4),(14,1,10,5),(45,1,39,5),(69,1,145,5),(89,1,145,5),(90,1,57,5),(143,1,13,5),(145,1,119,5),(147,1,9,5),(153,1,68,5),(161,1,505,5),(163,1,2,5),(163,1,206,5),(163,1,883,5),(166,1,26,5),(166,1,55,5),(172,1,21,5),(15,1,10,6),(46,1,39,6),(89,1,14,6),(90,1,17,6),(90,1,145,6),(95,1,57,6),(146,1,13,6),(148,1,9,6),(166,1,505,6),(172,1,55,6),(16,1,10,7),(47,1,39,7),(90,1,14,7),(93,1,57,7),(104,1,17,7),(122,1,145,7),(147,1,13,7),(169,1,9,7),(172,1,505,7),(17,1,10,8),(48,1,39,8),(97,1,57,8),(143,1,14,8),(143,1,17,8),(148,1,13,8),(157,1,145,8),(18,1,10,9),(49,1,39,9),(99,1,57,9),(146,1,14,9),(146,1,17,9),(161,1,13,9),(163,1,145,9),(19,1,10,10),(51,1,39,10),(111,1,57,10),(147,1,14,10),(147,1,17,10),(21,1,10,11),(52,1,39,11),(113,1,57,11),(148,1,14,11),(148,1,17,11),(23,1,10,12),(53,1,39,12),(118,1,57,12),(157,1,17,12),(161,1,14,12),(24,1,10,13),(54,1,39,13),(123,1,57,13),(161,1,17,13),(25,1,10,14),(55,1,39,14),(125,1,57,14),(163,1,17,14),(26,1,10,15),(56,1,39,15),(132,1,57,15),(57,1,39,16),(161,1,57,16),(29,1,10,17),(58,1,39,17),(166,1,57,17),(37,1,10,18),(59,1,39,18),(167,1,57,18),(38,1,10,19),(60,1,39,19),(39,1,10,20),(61,1,39,20),(62,1,39,21),(63,1,10,21),(73,1,10,22),(83,1,10,23),(84,1,10,24),(85,1,10,25),(87,1,10,26),(88,1,10,27),(89,1,10,28),(90,1,10,29),(91,1,10,30),(92,1,10,31),(93,1,10,32),(94,1,10,33),(95,1,10,34),(97,1,10,35),(99,1,10,36),(100,1,10,37),(104,1,10,38),(111,1,10,39),(113,1,10,40),(116,1,10,41),(117,1,10,42),(118,1,10,43),(119,1,10,44),(121,1,10,45),(123,1,10,46),(125,1,10,47),(126,1,10,48),(127,1,10,49);

--
-- Table structure for table `prstshp_hook_module_exceptions`
--

CREATE TABLE `prstshp_hook_module_exceptions` (
  `id_hook_module_exceptions` int(10) unsigned NOT NULL AUTO_INCREMENT,
  `id_shop` int(11) unsigned NOT NULL DEFAULT '1',
  `id_module` int(10) unsigned NOT NULL,
  `id_hook` int(10) unsigned NOT NULL,
  `file_name` varchar(255) DEFAULT NULL,
  PRIMARY KEY (`id_hook_module_exceptions`),
  KEY `id_module` (`id_module`),
  KEY `id_hook` (`id_hook`)
) ENGINE=InnoDB AUTO_INCREMENT=269 DEFAULT CHARSET=utf8mb4;

--
-- Dumping data for table `prstshp_hook_module_exceptions`
--



--
-- Table structure for table `prstshp_image`
--

CREATE TABLE `prstshp_image` (
  `id_image` int(10) unsigned NOT NULL AUTO_INCREMENT,
  `id_product` int(10) unsigned NOT NULL,
  `position` smallint(2) unsigned NOT NULL DEFAULT '0',
  `cover` tinyint(1) unsigned DEFAULT NULL,
  PRIMARY KEY (`id_image`),
  UNIQUE KEY `idx_product_image` (`id_image`,`id_product`,`cover`),
  UNIQUE KEY `id_product_cover` (`id_product`,`cover`),
  KEY `image_product` (`id_product`)
) ENGINE=InnoDB AUTO_INCREMENT=3763 DEFAULT CHARSET=utf8mb4 ROW_FORMAT=DYNAMIC;

--
-- Dumping data for table `prstshp_image`
--

INSERT INTO `prstshp_image` VALUES (26,845,1,1),(27,845,2,NULL),(100,100,1,1),(147,865,1,NULL),(148,865,2,NULL),(149,862,1,1),(150,862,2,NULL),(151,862,3,NULL),(153,865,3,NULL),(154,863,1,1),(156,861,2,NULL),(165,818,1,1),(166,18,1,1),(167,21,1,1),(168,22,1,1),(177,96,1,1),(182,803,1,1),(185,836,1,1),(196,829,1,1),(197,830,1,1),(198,831,1,1),(199,837,1,1),(200,844,1,1),(204,10,1,1),(211,16,1,1),(213,24,1,1),(214,26,1,1),(215,27,1,1),(217,29,1,1),(219,31,1,1),(226,39,1,1),(230,48,1,1),(233,52,1,1),(236,55,1,1),(245,820,1,1),(247,86,1,1),(248,87,1,1),(249,89,1,1),(250,93,1,1),(251,94,1,1),(253,98,1,1),(254,99,1,1),(255,101,1,1),(258,104,2,NULL),(259,104,6,NULL),(260,109,1,1),(261,663,1,1),(265,781,1,NULL),(271,782,1,1),(273,788,1,1),(275,790,1,1),(276,792,1,1),(277,793,1,1),(282,800,1,1),(284,801,1,1),(285,801,2,NULL),(286,801,3,NULL),(287,801,4,NULL),(291,822,1,1),(292,832,1,1),(294,834,1,1),(303,816,1,1),(304,816,2,NULL),(307,781,2,1),(308,26,2,NULL),(310,34,1,1),(314,37,1,1),(315,49,1,1),(316,829,2,NULL),(317,860,1,1),(322,872,1,1),(323,825,1,1),(324,826,1,1),(326,85,1,1),(327,874,1,1),(328,874,2,NULL),(334,873,1,1),(338,882,1,1),(339,883,1,1),(340,883,2,NULL),(341,886,1,1),(342,886,2,NULL),(343,886,3,NULL),(344,886,4,NULL),(346,886,5,NULL),(347,885,1,1),(348,887,1,1),(349,887,2,NULL),(350,889,1,1),(351,889,2,NULL),(353,886,7,NULL),(354,888,1,1),(355,892,1,1),(356,892,2,NULL),(358,42,1,1),(361,894,1,1),(363,893,1,1),(367,840,1,NULL),(371,896,1,1),(372,896,2,NULL),(374,88,1,1),(376,897,1,1),(377,900,1,1),(378,900,2,NULL),(379,920,1,1),(380,920,2,NULL),(381,898,1,1),(382,898,2,NULL),(383,901,1,1),(384,901,3,NULL),(385,901,2,NULL),(386,901,4,NULL),(387,902,1,1),(388,902,2,NULL),(389,902,3,NULL),(390,902,4,NULL),(391,902,5,NULL),(392,902,6,NULL),(393,903,1,1),(394,903,3,NULL),(395,903,4,NULL),(396,903,2,NULL),(397,904,1,1),(398,904,3,NULL),(399,904,2,NULL),(400,905,1,1),(401,905,2,NULL),(402,905,3,NULL),(403,905,4,NULL),(404,906,1,1),(405,906,2,NULL),(406,906,3,NULL),(407,907,1,1),(408,907,2,NULL),(409,907,3,NULL),(410,908,1,1),(411,908,2,NULL),(412,908,3,NULL),(413,909,1,1),(414,909,4,NULL),(415,909,2,NULL),(416,909,3,NULL),(417,910,1,1),(418,910,2,NULL),(419,910,3,NULL),(420,911,1,1),(421,911,2,NULL),(422,911,3,NULL),(423,911,4,NULL),(424,910,4,NULL),(425,912,1,1),(426,912,2,NULL),(427,912,3,NULL),(428,912,4,NULL),(429,913,1,1),(430,913,2,NULL),(431,913,3,NULL),(432,914,1,1),(433,914,2,NULL),(434,914,4,NULL),(435,914,3,NULL),(436,915,1,1),(437,915,2,NULL),(438,915,3,NULL),(439,916,1,1),(440,916,3,NULL),(441,916,2,NULL),(443,916,4,NULL),(445,917,2,NULL),(446,917,4,NULL),(447,918,1,1),(448,917,1,1),(449,917,3,NULL),(450,919,1,1),(451,919,2,NULL),(452,919,4,NULL),(453,919,3,NULL),(454,921,1,1),(455,921,2,NULL),(456,921,3,NULL),(458,922,1,1),(459,922,2,NULL),(460,922,3,NULL),(461,923,1,1),(462,923,2,NULL),(463,923,3,NULL),(464,924,1,1),(465,924,2,NULL),(466,924,3,NULL),(467,925,1,1),(468,925,2,NULL),(469,925,3,NULL),(470,926,1,1),(471,926,4,NULL),(472,926,2,NULL),(473,926,3,NULL),(474,927,1,1),(475,927,4,NULL),(476,927,2,NULL),(477,927,3,NULL),(478,929,1,1),(479,929,2,NULL),(480,929,3,NULL),(481,929,4,NULL),(482,930,1,1),(483,930,2,NULL),(484,930,3,NULL),(485,930,4,NULL),(486,930,5,NULL),(487,931,1,1),(488,931,2,NULL),(489,931,3,NULL),(490,932,1,1),(491,932,2,NULL),(492,932,3,NULL),(495,933,3,NULL),(496,933,1,1),(497,933,2,NULL),(498,934,1,1),(499,934,2,NULL),(500,935,1,1),(501,936,1,1),(502,936,2,NULL),(503,937,1,1),(504,937,3,NULL),(506,937,7,NULL),(507,937,6,NULL),(508,937,8,NULL),(512,937,9,NULL),(513,937,2,NULL),(516,937,4,NULL),(517,937,5,NULL),(518,939,1,1),(519,939,2,NULL),(520,939,3,NULL),(521,939,4,NULL),(522,918,3,NULL),(523,918,2,NULL),(525,918,4,NULL),(526,899,1,1),(528,93,2,NULL),(529,940,1,1),(530,65,1,1),(531,65,2,NULL),(535,941,1,1),(536,941,2,NULL),(537,943,1,1),(538,943,2,NULL),(539,944,1,1),(540,944,2,NULL),(541,944,3,NULL),(542,942,12,NULL),(543,945,1,1),(544,945,3,NULL),(546,945,4,NULL),(548,945,5,NULL),(549,946,1,1),(550,946,2,NULL),(551,946,3,NULL),(552,946,4,NULL),(553,947,5,NULL),(554,947,7,NULL),(555,947,8,NULL),(556,947,6,NULL),(560,950,1,1),(561,950,2,NULL),(562,871,1,1),(563,949,1,1),(564,875,1,1),(566,951,1,1),(567,945,6,NULL),(568,953,1,1),(569,953,3,NULL),(570,953,4,NULL),(571,953,5,NULL),(572,953,6,NULL),(573,954,1,1),(574,954,3,NULL),(575,954,4,NULL),(576,954,5,NULL),(577,954,6,NULL),(579,886,6,NULL),(591,959,2,NULL),(592,959,3,NULL),(594,960,2,NULL),(597,957,1,1),(599,959,1,1),(600,962,1,1),(601,963,1,1),(623,985,1,1),(624,986,1,1),(628,990,1,1),(629,991,1,1),(630,992,1,1),(635,996,1,1),(636,996,2,NULL),(642,840,2,NULL),(644,840,3,1),(645,663,2,NULL),(651,795,1,1),(653,795,2,NULL),(654,663,3,NULL),(655,1009,5,NULL),(658,947,3,NULL),(665,1012,2,NULL),(666,1013,1,NULL),(667,1013,2,1),(668,1012,1,1),(670,1015,1,NULL),(671,1004,1,1),(672,1004,2,NULL),(673,1004,3,NULL),(674,1004,4,NULL),(675,1004,5,NULL),(676,1016,1,1),(677,1016,2,NULL),(681,1020,1,1),(694,1022,1,NULL),(695,1023,1,1),(702,1032,1,1),(708,1036,1,1),(709,1037,1,1),(711,1037,2,NULL),(712,1037,3,NULL),(713,1039,1,1),(722,88,2,NULL),(723,88,3,NULL),(724,88,4,NULL),(725,88,5,NULL),(726,88,6,NULL),(727,88,7,NULL),(728,88,8,NULL),(729,88,9,NULL),(730,88,10,NULL),(731,88,11,NULL),(735,1044,1,1),(738,1048,1,1),(739,1049,1,1),(741,1050,1,1),(746,1052,1,1),(747,1052,2,NULL),(760,1056,1,1),(761,1057,1,1),(776,1067,1,1),(777,1068,1,1),(784,895,1,1),(794,1073,1,1),(796,804,1,1),(797,945,7,NULL),(798,954,7,NULL),(800,945,8,NULL),(804,1015,2,1),(805,1017,1,1),(806,663,4,NULL),(809,36,1,1),(810,861,1,1),(812,40,1,1),(813,1022,2,1),(814,1022,3,NULL),(815,1023,2,NULL),(817,1075,1,1),(818,1075,2,NULL),(819,1076,1,1),(820,1077,1,1),(821,1077,2,NULL),(822,1078,1,1),(823,1078,2,NULL),(824,1078,3,NULL),(825,947,4,NULL),(827,809,1,1),(828,1079,1,NULL),(829,1079,2,NULL),(830,1079,3,1),(831,1079,4,NULL),(838,1084,1,1),(839,1084,2,NULL),(840,1084,3,NULL),(841,1084,4,NULL),(842,1085,1,NULL),(843,1085,2,1),(844,1085,3,NULL),(850,1041,1,1),(851,1040,1,1),(852,1040,2,NULL),(853,1041,2,NULL),(856,960,1,1),(857,865,4,1),(858,797,1,1),(861,1091,1,1),(862,79,1,1),(863,79,2,NULL),(882,1074,3,NULL),(883,1074,2,NULL),(884,1074,4,NULL),(885,1074,1,1),(892,1096,1,NULL),(893,1096,2,1),(894,1096,3,NULL),(895,1097,1,NULL),(896,1097,3,NULL),(897,1097,2,1),(898,1098,1,NULL),(899,1098,3,NULL),(900,1098,2,1),(902,1099,1,NULL),(903,1099,2,1),(904,1099,3,NULL),(905,1100,1,NULL),(906,1100,2,1),(907,1100,3,NULL),(908,1101,1,1),(909,1102,1,NULL),(911,1102,2,NULL),(912,1102,3,1),(913,1103,1,1),(914,1103,2,NULL),(915,1103,3,NULL),(916,1104,3,NULL),(917,1104,5,NULL),(918,1104,4,NULL),(919,1104,2,1),(920,1104,1,NULL),(921,1105,3,NULL),(922,1105,6,NULL),(923,1105,4,NULL),(924,1105,5,NULL),(925,1105,1,1),(926,1105,2,NULL),(927,1106,3,NULL),(928,1106,4,NULL),(929,1106,5,NULL),(930,1106,6,NULL),(931,1106,2,1),(932,1106,1,NULL),(942,1107,3,NULL),(943,1107,4,NULL),(944,1107,5,NULL),(945,1107,6,NULL),(946,1107,2,1),(947,1107,1,NULL),(951,951,2,NULL),(954,1108,1,1),(959,881,1,NULL),(960,881,2,1),(961,881,3,NULL),(962,881,4,NULL),(973,947,9,NULL),(974,947,2,NULL),(975,947,1,1),(981,1111,1,1),(983,1038,1,NULL),(984,1038,2,NULL),(985,1038,3,1),(986,1038,4,NULL),(988,1113,1,NULL),(989,1113,2,NULL),(990,1113,3,1),(991,1113,4,NULL),(992,1114,3,NULL),(993,1114,2,NULL),(994,1114,1,1),(997,942,9,NULL),(998,942,8,NULL),(999,942,10,NULL),(1000,942,11,NULL),(1004,948,4,NULL),(1007,948,3,NULL),(1009,948,2,1),(1010,948,1,NULL),(1011,1115,3,NULL),(1012,1115,4,NULL),(1013,1115,2,1),(1014,1115,1,NULL),(1015,1116,3,NULL),(1016,1116,4,NULL),(1017,1116,5,NULL),(1018,1116,2,1),(1019,1116,1,NULL),(1020,1117,2,NULL),(1021,1117,3,NULL),(1022,1117,4,NULL),(1023,1117,5,NULL),(1024,1117,1,1),(1025,1117,6,NULL),(1026,1118,3,NULL),(1027,1118,4,NULL),(1028,1118,1,NULL),(1029,1118,2,1),(1030,1119,3,NULL),(1031,1119,4,NULL),(1032,1119,2,1),(1033,1119,1,NULL),(1036,19,1,NULL),(1037,19,2,1),(1038,1122,1,NULL),(1039,1122,2,1),(1040,1122,3,NULL),(1041,1123,1,NULL),(1042,1123,2,1),(1043,1123,3,NULL),(1046,1124,1,NULL),(1047,1124,2,1),(1051,1125,2,NULL),(1052,1125,1,1),(1053,982,1,1),(1054,982,2,NULL),(1055,982,3,NULL),(1056,982,4,NULL),(1057,981,1,NULL),(1058,981,2,1),(1059,981,3,NULL),(1060,1127,2,1),(1063,1127,1,NULL),(1066,1128,1,1),(1075,1133,1,NULL),(1076,1133,2,1),(1077,1133,3,NULL),(1078,1133,4,NULL),(1082,1135,1,NULL),(1083,1135,2,1),(1084,1135,3,NULL),(1113,1150,1,1),(1123,1152,1,1),(1129,1034,1,NULL),(1130,1034,2,1),(1137,1154,3,NULL),(1138,1154,4,NULL),(1139,1154,5,NULL),(1140,1154,6,NULL),(1141,1154,1,1),(1142,1155,3,NULL),(1143,1155,4,NULL),(1144,1155,5,NULL),(1145,1155,6,NULL),(1146,1155,1,1),(1147,1156,3,NULL),(1148,1156,4,NULL),(1149,1156,5,NULL),(1150,1156,6,NULL),(1151,1156,7,NULL),(1152,1156,1,1),(1159,1157,1,1),(1160,1157,2,NULL),(1169,1160,2,NULL),(1170,1160,3,NULL),(1171,1160,4,NULL),(1172,1160,5,1),(1173,1160,6,NULL),(1174,1160,7,NULL),(1175,1160,1,NULL),(1176,1160,8,NULL),(1177,1160,9,NULL),(1187,1161,1,NULL),(1188,1161,2,1),(1189,1161,3,NULL),(1190,1161,4,NULL),(1191,1161,5,NULL),(1192,1161,6,NULL),(1193,1161,7,NULL),(1194,1162,4,NULL),(1195,1162,3,NULL),(1196,1162,5,NULL),(1197,1162,6,1),(1198,1162,7,NULL),(1199,1162,2,NULL),(1200,1162,1,NULL),(1201,1163,2,NULL),(1202,1163,1,1),(1203,1163,3,NULL),(1204,1163,4,NULL),(1205,84,1,NULL),(1206,84,2,1),(1207,1164,1,NULL),(1208,1164,2,NULL),(1209,1164,3,1),(1213,1166,1,1),(1219,1167,1,1),(1228,1167,2,NULL),(1236,1166,2,NULL),(1237,78,3,NULL),(1243,1170,4,NULL),(1244,1170,2,NULL),(1245,1170,1,1),(1246,1170,3,NULL),(1247,1141,4,NULL),(1248,1140,4,NULL),(1252,1172,2,NULL),(1253,1172,1,1),(1254,1173,1,1),(1255,1173,2,NULL),(1257,1173,3,NULL),(1258,1174,1,1),(1260,1175,1,1),(1262,1177,1,1),(1263,1178,1,1),(1264,1178,2,NULL),(1265,1178,5,NULL),(1266,1178,3,NULL),(1267,1178,4,NULL),(1268,1179,1,NULL),(1269,1179,2,1),(1270,1180,1,1),(1271,1180,2,NULL),(1272,1180,3,NULL),(1273,1181,1,NULL),(1274,1181,2,1),(1275,1181,3,NULL),(1276,1181,4,NULL),(1278,1182,1,1),(1283,1184,2,NULL),(1285,1185,1,1),(1290,1186,2,1),(1291,1186,5,NULL),(1292,1186,6,NULL),(1293,1186,4,NULL),(1294,1186,1,NULL),(1295,1186,3,NULL),(1305,1188,4,NULL),(1306,1188,2,NULL),(1309,1189,1,NULL),(1310,1189,3,NULL),(1311,1189,2,NULL),(1312,1189,4,1),(1320,1191,3,NULL),(1358,1198,1,1),(1361,1198,2,NULL),(1363,1203,1,NULL),(1364,1203,2,1),(1365,1203,3,NULL),(1366,1200,1,NULL),(1367,1200,2,1),(1368,1200,3,NULL),(1369,1200,4,NULL),(1370,1200,5,NULL),(1371,1202,1,NULL),(1372,1202,2,NULL),(1373,1202,3,1),(1374,1202,4,NULL),(1375,1202,5,NULL),(1376,1202,6,NULL),(1377,1202,7,NULL),(1378,1201,1,NULL),(1379,1201,2,1),(1380,1201,3,NULL),(1381,1201,4,NULL),(1382,1204,1,1),(1383,1204,2,NULL),(1384,1204,3,NULL),(1385,1205,1,NULL),(1386,1205,2,1),(1389,1207,1,NULL),(1390,1207,2,1),(1391,1206,1,NULL),(1392,1206,2,1),(1394,1211,1,1),(1396,1212,1,1),(1402,1215,2,1),(1403,1215,3,NULL),(1404,1215,1,NULL),(1407,1216,3,NULL),(1411,1216,4,NULL),(1412,1216,2,1),(1413,1216,1,NULL),(1414,1215,4,NULL),(1417,1217,3,NULL),(1421,1217,4,NULL),(1422,1217,1,1),(1423,1217,2,NULL),(1429,1219,3,NULL),(1430,1219,2,NULL),(1433,1184,3,NULL),(1434,1184,4,NULL),(1435,1184,1,1),(1436,1182,4,NULL),(1437,1182,2,NULL),(1438,1182,3,NULL),(1439,1182,5,NULL),(1440,1184,5,NULL),(1442,1220,1,NULL),(1444,1220,2,1),(1449,1221,1,NULL),(1451,1221,2,1),(1453,1222,1,1),(1460,1225,2,NULL),(1461,1225,1,1),(1462,1225,3,NULL),(1463,1226,2,NULL),(1464,1226,1,1),(1465,1226,3,NULL),(1466,1206,3,NULL),(1467,1206,4,NULL),(1468,1206,5,NULL),(1469,1227,1,NULL),(1470,1227,2,1),(1471,1227,3,NULL),(1472,1227,4,NULL),(1473,1227,5,NULL),(1474,1228,3,NULL),(1475,1228,1,1),(1476,1228,2,NULL),(1477,1228,4,NULL),(1478,104,11,NULL),(1480,104,8,NULL),(1481,104,10,NULL),(1482,104,9,NULL),(1483,1229,3,NULL),(1484,1229,2,NULL),(1485,1229,1,1),(1487,789,1,1),(1488,809,2,NULL),(1494,1188,1,NULL),(1495,1188,5,NULL),(1496,1188,3,1),(1497,1195,3,NULL),(1498,1195,2,NULL),(1499,1195,1,1),(1500,1196,3,NULL),(1501,1196,2,1),(1502,1196,1,NULL),(1503,1197,2,NULL),(1504,1197,3,1),(1505,1197,1,NULL),(1506,1168,2,NULL),(1507,1168,1,1),(1520,1234,3,NULL),(1521,1234,2,NULL),(1522,1234,1,1),(1524,1235,1,1),(1525,1236,1,1),(1526,1236,2,NULL),(1527,1237,1,1),(1528,1238,1,1),(1529,1239,1,1),(1530,1240,1,1),(1531,1241,1,1),(1533,1242,1,1),(1534,812,1,1),(1535,812,2,NULL),(1540,1243,3,NULL),(1541,1243,2,NULL),(1542,1243,1,1),(1551,1247,3,NULL),(1552,1247,1,1),(1553,1247,2,NULL),(1554,1248,3,NULL),(1555,1248,2,NULL),(1556,1248,1,1),(1558,38,1,1),(1559,1253,3,NULL),(1560,1253,1,1),(1561,1253,2,NULL),(1562,1253,4,NULL),(1563,1254,1,1),(1564,1254,2,NULL),(1565,1254,3,NULL),(1566,1254,4,NULL),(1567,1254,5,NULL),(1568,1255,3,NULL),(1569,1255,1,1),(1570,1255,2,NULL),(1571,1256,3,NULL),(1572,1256,1,1),(1573,1256,2,NULL),(1574,1250,1,1),(1575,1250,3,NULL),(1576,1250,5,NULL),(1577,1250,4,NULL),(1578,1250,2,NULL),(1581,1252,3,NULL),(1582,1252,2,NULL),(1583,1252,2,NULL),(1584,1252,1,1),(1585,1251,2,NULL),(1586,1251,1,1),(1587,1151,1,1),(1604,1258,2,1),(1609,1258,1,NULL),(1611,1260,1,1),(1612,789,4,NULL),(1613,799,2,NULL),(1614,799,3,NULL),(1615,799,1,1),(1616,30,2,NULL),(1617,30,3,NULL),(1618,30,1,1),(1619,799,6,NULL),(1620,799,4,NULL),(1621,799,5,NULL),(1622,1261,1,1),(1623,794,1,1),(1625,583,1,NULL),(1627,789,2,NULL),(1628,789,3,NULL),(1633,802,3,NULL),(1634,802,4,NULL),(1635,802,2,NULL),(1637,802,1,1),(1638,1266,2,NULL),(1639,1266,3,1),(1640,1266,1,NULL),(1641,1267,1,1),(1642,1268,1,1),(1643,1269,1,1),(1644,33,4,NULL),(1645,33,3,NULL),(1646,33,2,NULL),(1647,33,1,NULL),(1648,33,8,NULL),(1649,33,7,NULL),(1651,33,6,1),(1652,33,5,NULL),(1656,1270,3,NULL),(1657,1270,4,NULL),(1658,1270,1,NULL),(1659,1270,2,1),(1661,1271,2,NULL),(1662,1271,3,NULL),(1663,1271,4,NULL),(1665,1272,4,NULL),(1666,1272,3,NULL),(1667,1272,5,NULL),(1668,1272,2,1),(1669,1272,1,NULL),(1670,1271,1,1),(1672,1273,1,1),(1673,1223,1,1),(1674,1223,2,NULL),(1675,1223,3,NULL),(1676,1223,4,NULL),(1678,1223,5,NULL),(1790,1296,2,NULL),(1791,1296,4,NULL),(1793,1296,3,NULL),(1794,1296,1,1),(1800,1298,1,1),(1801,1298,4,NULL),(1802,1298,2,NULL),(1803,1298,3,NULL),(1804,1298,6,NULL),(1805,1298,5,NULL),(1806,1299,4,NULL),(1807,1299,3,NULL),(1808,1299,5,NULL),(1809,1299,2,1),(1810,1299,1,NULL),(1817,1301,3,NULL),(1818,1301,4,NULL),(1819,1301,5,NULL),(1820,1301,2,1),(1821,1301,1,NULL),(1824,1303,1,1),(1825,1303,2,NULL),(1828,1304,1,1),(1829,1304,2,NULL),(1831,1305,3,NULL),(1832,1305,2,NULL),(1833,1305,1,1),(1835,28,1,1),(1837,1306,1,1),(1838,1306,4,NULL),(1839,1306,3,NULL),(1840,1306,2,NULL),(1841,35,3,NULL),(1842,103,8,NULL),(1843,103,5,NULL),(1844,103,12,NULL),(1845,103,1,1),(1846,103,6,NULL),(1847,103,7,NULL),(1848,103,4,NULL),(1849,103,13,NULL),(1850,103,10,NULL),(1851,103,9,NULL),(1852,103,11,NULL),(1853,103,3,NULL),(1854,103,14,NULL),(1855,103,2,NULL),(1860,1307,3,NULL),(1861,1307,4,NULL),(1862,1307,2,1),(1863,1307,1,NULL),(1870,1308,3,NULL),(1871,1308,4,NULL),(1872,1308,2,1),(1873,1308,1,NULL),(1874,104,3,NULL),(1875,104,5,NULL),(1877,104,1,1),(1878,104,4,NULL),(1882,858,1,1),(1883,1209,1,1),(1884,858,2,NULL),(1885,858,3,NULL),(1886,858,4,NULL),(1887,821,1,1),(1888,821,2,NULL),(1889,821,3,NULL),(1890,821,4,NULL),(1891,821,5,NULL),(1892,821,6,NULL),(1893,1070,1,1),(1894,1070,6,NULL),(1895,1070,3,NULL),(1896,1070,4,NULL),(1897,1070,5,NULL),(1898,1070,2,NULL),(1899,1309,1,1),(1903,1210,1,1),(1904,1210,2,NULL),(1905,1312,4,NULL),(1909,1312,1,1),(1910,1312,2,NULL),(1911,1312,3,NULL),(1912,1313,4,NULL),(1916,1313,1,1),(1917,1313,2,NULL),(1918,1313,3,NULL),(1919,1314,4,NULL),(1923,1314,1,1),(1924,1314,2,NULL),(1925,1314,3,NULL),(1931,1315,1,1),(1932,1315,2,NULL),(1933,1315,3,NULL),(1938,1316,3,NULL),(1939,1316,1,1),(1940,1316,2,NULL),(1941,1316,4,NULL),(1942,1141,2,NULL),(1943,1141,1,1),(1944,1141,3,NULL),(1945,1140,1,1),(1946,1140,2,NULL),(1947,1140,3,NULL),(1948,1317,4,NULL),(1952,1317,1,1),(1953,1317,2,NULL),(1954,1317,3,NULL),(1955,1318,4,NULL),(1959,1318,2,NULL),(1960,1318,1,1),(1961,1318,3,NULL),(1962,20,2,NULL),(1963,20,1,1),(1964,1072,1,1),(1965,1072,2,NULL),(1966,1072,3,NULL),(1967,1072,4,NULL),(1972,1319,2,1),(1973,1319,3,NULL),(1974,1319,1,NULL),(1975,1319,4,NULL),(1983,1321,2,1),(1984,1321,1,NULL),(1988,1322,4,NULL),(1989,1322,3,NULL),(1990,1322,1,1),(1991,1322,2,NULL),(1992,1322,5,NULL),(1995,1323,1,1),(1996,1323,2,NULL),(1997,1323,3,NULL),(1998,1320,1,1),(1999,1320,4,NULL),(2000,1320,5,NULL),(2001,1320,3,NULL),(2002,1320,2,NULL),(2055,1344,1,1),(2056,1344,2,NULL),(2057,1345,1,1),(2058,1345,2,NULL),(2059,1346,1,1),(2060,1346,2,NULL),(2064,1348,1,1),(2065,1348,2,NULL),(2072,1353,2,NULL),(2073,1353,1,1),(2074,1353,3,NULL),(2075,1353,4,NULL),(2076,1354,1,1),(2077,1354,3,NULL),(2078,1354,5,NULL),(2079,1354,6,NULL),(2080,1354,2,NULL),(2081,1354,4,NULL),(2082,1274,1,1),(2083,1274,2,NULL),(2084,1274,3,NULL),(2090,1356,1,1),(2091,1356,2,NULL),(2093,1356,3,NULL),(2102,1358,1,1),(2103,1358,2,NULL),(2104,1358,3,NULL),(2122,1219,4,NULL),(2125,1366,1,1),(2126,1367,1,1),(2127,1368,1,1),(2128,1372,1,1),(2129,1372,2,NULL),(2130,1373,1,1),(2131,1373,2,NULL),(2132,1378,1,1),(2133,1378,2,NULL),(2134,1379,1,1),(2135,1379,2,NULL),(2136,1380,1,1),(2137,1380,2,NULL),(2138,1381,1,1),(2139,1381,2,NULL),(2140,1382,1,1),(2141,1382,2,NULL),(2142,1383,1,1),(2143,1383,2,NULL),(2144,1385,1,1),(2145,1385,2,NULL),(2146,1386,1,1),(2147,1386,2,NULL),(2148,1387,1,1),(2149,1387,2,NULL),(2150,1388,1,1),(2151,1388,2,NULL),(2153,1389,1,1),(2154,1384,1,1),(2155,1377,1,1),(2156,1376,1,1),(2157,1375,1,1),(2158,1374,1,1),(2159,1371,1,1),(2160,1370,1,1),(2161,1369,1,1),(2162,809,3,NULL),(2163,1391,3,NULL),(2164,1391,1,1),(2165,1391,2,NULL),(2167,1009,4,NULL),(2195,1394,1,1),(2196,806,1,1),(2197,806,2,NULL),(2198,806,3,NULL),(2205,1396,1,1),(2206,1396,2,NULL),(2212,1397,2,NULL),(2213,1397,1,1),(2214,1397,3,NULL),(2215,1398,1,1),(2216,1398,2,NULL),(2217,1398,3,NULL),(2218,1399,2,NULL),(2219,1399,3,NULL),(2220,1399,1,1),(2221,1399,4,NULL),(2222,1400,2,NULL),(2223,1400,1,1),(2224,1400,4,NULL),(2225,1400,7,NULL),(2226,1400,9,NULL),(2227,1400,8,NULL),(2228,1400,3,NULL),(2229,1400,5,NULL),(2230,1400,6,NULL),(2231,1401,2,NULL),(2232,1401,1,1),(2233,1402,2,NULL),(2234,1402,1,1),(2235,1403,2,NULL),(2236,1403,1,1),(2237,1404,1,1),(2238,1404,2,NULL),(2239,1404,3,NULL),(2240,1405,2,NULL),(2241,1405,1,1),(2242,1405,3,NULL),(2243,833,3,NULL),(2244,833,2,NULL),(2245,833,6,NULL),(2246,833,1,1),(2247,833,5,NULL),(2248,833,4,NULL),(2252,1407,1,1),(2254,1169,2,NULL),(2255,1169,3,NULL),(2257,1169,1,1),(2258,1408,1,1),(2259,1409,1,1),(2260,1410,1,1),(2261,1411,1,1),(2262,1412,1,1),(2271,1190,5,NULL),(2272,1417,2,NULL),(2273,1417,1,1),(2274,1190,6,NULL),(2276,1190,2,NULL),(2277,1190,1,1),(2278,1190,4,NULL),(2279,108,1,1),(2280,108,7,NULL),(2281,108,8,NULL),(2282,108,4,NULL),(2283,108,2,NULL),(2284,108,5,NULL),(2285,108,6,NULL),(2286,108,3,NULL),(2287,1190,3,NULL),(2296,1059,7,NULL),(2297,1059,12,NULL),(2298,1059,8,NULL),(2299,1059,10,NULL),(2300,1059,13,NULL),(2301,1059,11,NULL),(2302,1059,3,NULL),(2303,1059,2,NULL),(2304,1059,4,NULL),(2305,1059,5,NULL),(2306,1053,5,NULL),(2307,1053,10,NULL),(2308,1053,1,1),(2309,1053,6,NULL),(2310,1053,16,NULL),(2311,1053,2,NULL),(2312,1053,15,NULL),(2313,1053,17,NULL),(2315,1053,13,NULL),(2316,1053,14,NULL),(2317,1053,8,NULL),(2319,1053,11,NULL),(2320,1053,7,NULL),(2321,1053,12,NULL),(2322,1053,9,NULL),(2323,1059,9,NULL),(2324,1059,6,NULL),(2326,1059,1,1),(2327,1053,4,NULL),(2328,1053,3,NULL),(2329,945,2,NULL),(2330,953,2,NULL),(2331,954,2,NULL),(2332,1154,2,NULL),(2333,1155,2,NULL),(2334,1156,2,NULL),(2340,1418,2,NULL),(2341,1418,3,NULL),(2342,1418,1,1),(2343,1418,4,NULL),(2344,1419,1,1),(2345,1419,3,NULL),(2346,1419,2,NULL),(2347,1419,4,NULL),(2348,1419,5,NULL),(2349,1095,1,1),(2350,1095,2,NULL),(2355,1420,1,1),(2356,1420,2,NULL),(2357,1420,3,NULL),(2358,1422,1,1),(2359,1422,2,NULL),(2360,1422,3,NULL),(2361,1424,3,NULL),(2362,1424,4,NULL),(2363,1424,1,1),(2364,1424,2,NULL),(2369,1425,3,NULL),(2370,1425,4,NULL),(2371,1425,1,1),(2372,1425,2,NULL),(2377,1426,1,1),(2378,1426,2,NULL),(2379,1426,3,NULL),(2380,1426,4,NULL),(2381,1427,3,NULL),(2382,1427,2,NULL),(2383,1427,4,NULL),(2384,1427,1,1),(2385,1427,5,NULL),(2386,1428,1,1),(2387,1428,6,NULL),(2388,1428,3,NULL),(2389,1428,4,NULL),(2390,1428,5,NULL),(2391,1428,2,NULL),(2392,1429,1,1),(2393,1429,2,NULL),(2394,1429,3,NULL),(2398,1430,2,NULL),(2399,1430,1,1),(2400,1430,3,NULL),(2401,1431,7,NULL),(2402,1431,4,NULL),(2403,1431,5,NULL),(2404,1431,6,NULL),(2405,1431,1,1),(2406,1431,2,NULL),(2407,1431,3,NULL),(2408,1432,1,1),(2409,1432,2,NULL),(2410,1432,3,NULL),(2411,1433,1,1),(2412,1433,2,NULL),(2413,1433,3,NULL),(2414,1434,2,NULL),(2415,1434,1,1),(2416,1435,1,1),(2417,1435,2,NULL),(2418,1435,3,NULL),(2419,1436,1,1),(2420,1436,2,NULL),(2421,1436,3,NULL),(2422,1437,1,1),(2423,1437,2,NULL),(2424,1437,3,NULL),(2425,1437,4,NULL),(2426,1437,5,NULL),(2427,1437,6,NULL),(2428,1437,7,NULL),(2429,1437,8,NULL),(2430,1437,9,NULL),(2431,1438,8,NULL),(2432,1438,4,NULL),(2433,1438,5,NULL),(2434,1438,6,NULL),(2435,1438,14,NULL),(2436,1438,13,NULL),(2437,1438,7,NULL),(2439,1438,3,NULL),(2440,1438,9,NULL),(2441,1438,10,NULL),(2442,1438,1,1),(2443,1438,2,NULL),(2444,1438,11,NULL),(2445,1438,15,NULL),(2447,1438,16,NULL),(2448,1438,17,NULL),(2449,1438,18,NULL),(2450,1438,19,NULL),(2451,1438,28,NULL),(2453,1438,29,NULL),(2454,1438,30,NULL),(2455,1438,31,NULL),(2456,1438,32,NULL),(2457,1438,33,NULL),(2458,1438,12,NULL),(2459,1438,20,NULL),(2461,1438,34,NULL),(2462,1438,35,NULL),(2463,1438,36,NULL),(2464,1438,37,NULL),(2465,1438,38,NULL),(2466,1438,24,NULL),(2467,1438,21,NULL),(2468,1438,23,NULL),(2469,1438,25,NULL),(2470,1438,26,NULL),(2471,1438,22,NULL),(2472,1438,27,NULL),(2473,1439,3,NULL),(2474,1439,4,NULL),(2475,1439,1,1),(2476,1439,2,NULL),(2477,1440,3,NULL),(2478,1440,8,NULL),(2479,1440,9,NULL),(2480,1440,4,NULL),(2481,1440,5,NULL),(2482,1440,1,1),(2483,1440,6,NULL),(2484,1440,2,NULL),(2485,1440,7,NULL),(2486,1441,2,NULL),(2487,1441,1,1),(2488,1442,2,NULL),(2489,1442,1,1),(2490,1442,3,NULL),(2491,1443,4,NULL),(2492,1443,1,1),(2493,1443,2,NULL),(2494,1443,5,NULL),(2495,1443,6,NULL),(2496,1443,3,NULL),(2497,1443,8,NULL),(2498,1443,9,NULL),(2499,1443,7,NULL),(2500,1443,10,NULL),(2501,1445,1,1),(2502,1445,2,NULL),(2503,1445,5,NULL),(2504,1445,3,NULL),(2505,1445,4,NULL),(2506,1445,6,NULL),(2507,1445,7,NULL),(2508,1446,1,1),(2509,1446,5,NULL),(2510,1446,9,NULL),(2511,1446,6,NULL),(2512,1446,7,NULL),(2513,1446,8,NULL),(2514,1446,4,NULL),(2515,1446,3,NULL),(2516,1446,10,NULL),(2517,1446,2,NULL),(2518,1446,11,NULL),(2519,1448,1,1),(2520,1448,2,NULL),(2521,104,7,NULL),(2522,854,1,1),(2523,854,2,NULL),(2524,854,4,NULL),(2525,854,3,NULL),(2526,1297,4,NULL),(2527,1297,3,NULL),(2528,1297,1,1),(2529,1297,2,NULL),(2538,1449,4,NULL),(2539,1449,3,NULL),(2540,1449,1,1),(2541,1449,2,NULL),(2542,1451,1,1),(2543,1451,2,NULL),(2544,1451,4,NULL),(2545,1451,3,NULL),(2546,942,2,NULL),(2548,942,3,NULL),(2549,942,4,NULL),(2550,942,1,1),(2551,1165,1,1),(2552,1165,2,NULL),(2553,1452,4,NULL),(2554,1452,2,NULL),(2555,1452,3,NULL),(2556,1452,1,1),(2557,1453,2,NULL),(2558,1454,1,1),(2559,1454,2,NULL),(2560,1455,1,1),(2561,1455,2,NULL),(2562,1455,3,NULL),(2563,1457,2,NULL),(2564,1457,3,NULL),(2565,1457,4,NULL),(2566,1457,5,NULL),(2567,1457,6,NULL),(2568,1457,7,NULL),(2569,1457,8,NULL),(2570,1457,9,NULL),(2571,1457,10,NULL),(2572,1009,3,NULL),(2575,1459,4,NULL),(2576,1459,1,1),(2577,1459,3,NULL),(2578,1459,2,NULL),(2585,1461,1,1),(2586,1461,4,NULL),(2587,1461,3,NULL),(2588,1461,2,NULL),(2592,1462,2,NULL),(2593,1462,4,NULL),(2594,1462,5,NULL),(2595,1462,6,NULL),(2596,1462,1,1),(2597,1462,3,NULL),(2598,1462,7,NULL),(2600,1463,9,NULL),(2604,1463,4,NULL),(2605,1463,3,NULL),(2606,1463,5,NULL),(2607,1463,1,1),(2608,1463,8,NULL),(2609,1463,6,NULL),(2610,1463,7,NULL),(2611,1463,2,NULL),(2638,1465,2,NULL),(2639,1465,1,1),(2640,1465,3,NULL),(2641,1471,2,NULL),(2642,1471,1,1),(2643,1466,1,1),(2644,1466,3,NULL),(2645,1466,4,NULL),(2646,1466,2,NULL),(2647,1464,1,1),(2648,1464,2,NULL),(2649,1464,3,NULL),(2650,1472,1,1),(2651,1472,2,NULL),(2653,1469,1,1),(2654,1469,2,NULL),(2656,1467,1,1),(2658,1473,1,1),(2660,1473,3,NULL),(2661,1473,2,NULL),(2662,1470,1,1),(2663,1470,2,NULL),(2664,1468,1,1),(2665,1468,2,NULL),(2666,1191,2,NULL),(2667,1191,1,1),(2669,35,2,NULL),(2670,817,8,NULL),(2671,817,9,NULL),(2672,817,11,NULL),(2673,817,6,NULL),(2674,817,7,NULL),(2675,817,3,NULL),(2676,817,4,NULL),(2677,817,5,NULL),(2678,817,2,NULL),(2679,817,1,1),(2680,817,10,NULL),(2681,817,12,NULL),(2684,1475,6,NULL),(2688,1475,1,1),(2689,1475,4,NULL),(2690,1475,5,NULL),(2691,1475,2,NULL),(2692,1475,3,NULL),(2697,1476,1,1),(2698,1476,4,NULL),(2699,1476,2,NULL),(2701,1476,3,NULL),(2704,1477,3,NULL),(2705,1477,4,NULL),(2706,1477,5,NULL),(2707,1477,6,NULL),(2708,1477,1,1),(2709,1477,2,NULL),(2711,1478,1,1),(2712,1478,2,NULL),(2713,1478,3,NULL),(2717,1479,2,NULL),(2719,1479,3,NULL),(2721,1479,1,1),(2723,1480,2,NULL),(2724,1480,1,1),(2725,1480,3,NULL),(2728,1481,2,NULL),(2729,1481,1,1),(2730,1481,3,NULL),(2740,1484,2,NULL),(2741,1484,1,1),(2742,1484,3,NULL),(2745,1486,1,1),(2746,1486,2,NULL),(2747,1486,3,NULL),(2752,1112,5,NULL),(2754,78,1,1),(2755,78,2,NULL),(2761,1474,2,NULL),(2762,1474,3,NULL),(2763,1474,1,1),(2782,948,6,NULL),(2783,948,5,NULL),(2784,948,7,NULL),(2785,948,9,NULL),(2786,948,8,NULL),(2787,948,10,NULL),(2788,948,11,NULL),(2789,948,12,NULL),(2790,948,13,NULL),(2791,948,15,NULL),(2792,948,14,NULL),(2793,948,16,NULL),(2794,1487,2,NULL),(2795,1487,1,1),(2796,1487,3,NULL),(2797,1485,1,1),(2798,1485,2,NULL),(2799,1485,3,NULL),(2800,942,13,NULL),(2801,942,14,NULL),(2802,942,15,NULL),(2803,942,6,NULL),(2804,942,5,NULL),(2805,942,7,NULL),(2830,1490,6,NULL),(2831,1490,5,NULL),(2832,1490,7,NULL),(2833,1490,8,NULL),(2834,1490,9,NULL),(2835,1490,3,NULL),(2836,1490,2,NULL),(2837,1490,1,1),(2838,1490,10,NULL),(2839,1490,4,NULL),(2842,1491,1,NULL),(2843,1491,2,1),(2861,1494,1,1),(2862,1494,2,NULL),(2877,1495,1,1),(2878,1495,2,NULL),(2879,1496,1,1),(2880,1496,2,NULL),(2883,1506,1,1),(2884,1506,2,NULL),(2885,1498,1,1),(2886,1498,2,NULL),(2887,1499,1,1),(2888,1499,2,NULL),(2897,1501,1,1),(2898,1501,2,NULL),(2902,1508,1,1),(2903,1508,2,NULL),(2908,1509,6,NULL),(2909,1509,5,NULL),(2910,1509,4,NULL),(2911,1509,1,1),(2912,1509,2,NULL),(2913,1509,3,NULL),(2916,1510,1,1),(2917,1510,2,NULL),(2918,1510,3,NULL),(2919,33,9,NULL),(2920,33,10,NULL),(2921,33,11,NULL),(2922,948,17,NULL),(2923,948,18,NULL),(2924,948,19,NULL),(2925,948,20,NULL),(2937,1511,1,1),(2938,1511,4,NULL),(2940,1511,2,NULL),(2941,1511,3,NULL),(2942,1453,1,1),(2943,1453,3,NULL),(2944,1453,4,NULL),(2947,1512,1,1),(2948,1512,2,NULL),(2949,1512,3,NULL),(2950,1512,4,NULL),(2951,1512,5,NULL),(2958,1513,1,1),(2959,1513,2,NULL),(2960,1513,3,NULL),(2961,35,1,1),(2962,35,4,NULL),(2963,1109,1,NULL),(2964,1109,2,1),(2975,1514,1,1),(2976,1514,2,NULL),(2977,1515,1,1),(2978,1515,2,NULL),(2979,1516,1,1),(2980,1516,2,NULL),(2981,1517,1,1),(2982,1517,2,NULL),(2983,1518,1,1),(2984,1518,2,NULL),(2985,1519,2,NULL),(2986,1519,1,1),(2987,1519,3,NULL),(2988,1519,4,NULL),(2999,1521,1,1),(3000,1521,2,NULL),(3001,1521,3,NULL),(3007,1522,4,NULL),(3008,1522,2,1),(3009,1522,6,NULL),(3010,1522,5,NULL),(3011,1522,3,NULL),(3012,1522,1,NULL),(3033,1523,12,NULL),(3034,1523,14,NULL),(3035,1523,6,NULL),(3036,1523,5,NULL),(3037,1523,13,NULL),(3038,1523,11,NULL),(3039,1523,2,1),(3040,1523,3,NULL),(3041,1523,8,NULL),(3042,1523,9,NULL),(3043,1523,7,NULL),(3044,1523,10,NULL),(3045,1523,4,NULL),(3046,1523,1,NULL),(3050,1524,2,NULL),(3051,1524,1,1),(3052,1524,3,NULL),(3053,1524,4,NULL),(3054,1524,6,NULL),(3055,1524,11,NULL),(3056,1524,7,NULL),(3057,1524,9,NULL),(3058,1524,8,NULL),(3059,1524,13,NULL),(3060,1524,14,NULL),(3061,1524,5,NULL),(3062,1524,10,NULL),(3063,1524,12,NULL),(3067,1525,1,1),(3068,1525,2,NULL),(3069,1525,3,NULL),(3077,1526,3,NULL),(3078,1526,1,1),(3079,1526,4,NULL),(3080,1526,2,NULL),(3081,1526,5,NULL),(3082,1526,6,NULL),(3086,1527,1,1),(3087,1527,2,NULL),(3088,1527,3,NULL),(3091,1528,1,1),(3092,1528,2,NULL),(3094,1460,5,NULL),(3095,1460,4,NULL),(3098,1529,1,1),(3099,1529,2,NULL),(3100,1460,1,1),(3101,1460,2,NULL),(3102,1460,3,NULL),(3106,1530,2,NULL),(3107,1530,1,1),(3109,1531,1,1),(3110,1531,2,NULL),(3111,1531,3,NULL),(3113,1532,1,1),(3116,1533,1,1),(3117,802,5,NULL),(3118,1091,2,NULL),(3119,1222,2,NULL),(3120,17,1,NULL),(3121,17,2,1),(3122,17,3,NULL),(3123,1403,3,NULL),(3124,1403,4,NULL),(3125,1112,1,1),(3126,1112,2,NULL),(3127,1112,3,NULL),(3128,1112,4,NULL),(3175,1539,3,NULL),(3176,1539,1,1),(3177,1539,2,NULL),(3178,1539,4,NULL),(3179,1539,5,NULL),(3180,1539,6,NULL),(3181,1540,1,1),(3182,1540,2,NULL),(3183,1540,3,NULL),(3184,1540,4,NULL),(3189,1539,7,NULL),(3190,1539,8,NULL),(3191,1540,5,NULL),(3192,1540,6,NULL),(3193,1541,1,1),(3194,1541,2,NULL),(3195,1541,3,NULL),(3196,1541,4,NULL),(3197,1541,5,NULL),(3198,1541,6,NULL),(3200,1541,7,NULL),(3206,1542,5,NULL),(3207,1542,6,NULL),(3208,1542,1,1),(3209,1542,2,NULL),(3210,1542,3,NULL),(3211,1542,4,NULL),(3218,1543,1,1),(3219,1543,2,NULL),(3220,1543,3,NULL),(3221,1543,4,NULL),(3222,1543,5,NULL),(3223,1543,6,NULL),(3224,1543,7,NULL),(3227,1544,6,NULL),(3228,1544,4,NULL),(3229,1544,5,NULL),(3230,1544,8,NULL),(3231,1544,7,NULL),(3232,1544,1,1),(3233,1544,3,NULL),(3234,1544,2,NULL),(3239,1545,1,1),(3240,1545,2,NULL),(3241,1545,3,NULL),(3242,1545,4,NULL),(3243,1545,5,NULL),(3246,1546,1,1),(3247,1546,3,NULL),(3248,1546,2,NULL),(3252,1547,1,1),(3253,1547,2,NULL),(3254,1547,3,NULL),(3255,1547,4,NULL),(3256,1547,5,NULL),(3262,1548,1,1),(3263,1548,2,NULL),(3264,1548,3,NULL),(3265,1548,4,NULL),(3272,1549,1,1),(3273,1549,2,NULL),(3274,1549,3,NULL),(3275,1549,4,NULL),(3284,1551,1,1),(3285,1551,2,NULL),(3286,1551,4,NULL),(3287,1551,3,NULL),(3288,1551,5,NULL),(3289,1551,6,NULL),(3290,1552,2,1),(3291,1552,1,NULL),(3292,1553,1,NULL),(3293,1553,2,1),(3294,1554,1,NULL),(3295,1554,2,1),(3296,1555,1,1),(3308,1560,1,1),(3309,1560,2,NULL),(3310,1560,3,NULL),(3357,1564,1,NULL),(3358,1564,2,1),(3391,1573,1,1),(3392,1573,2,NULL),(3393,1573,3,NULL),(3397,1577,1,1),(3398,1577,2,NULL),(3399,1577,3,NULL),(3400,1578,1,1),(3401,1578,2,NULL),(3402,1578,3,NULL),(3403,1579,1,1),(3404,1579,2,NULL),(3405,1579,3,NULL),(3407,1581,4,NULL),(3408,1581,5,NULL),(3417,1582,4,NULL),(3433,1586,6,1),(3434,1586,7,NULL),(3435,1586,8,NULL),(3436,1586,9,NULL),(3437,1586,1,NULL),(3438,1586,2,NULL),(3439,1586,3,NULL),(3440,1586,4,NULL),(3441,1586,5,NULL),(3442,1586,12,NULL),(3443,1586,11,NULL),(3444,1586,13,NULL),(3445,1586,14,NULL),(3446,1586,10,NULL),(3447,1586,16,NULL),(3448,1586,17,NULL),(3449,1586,18,NULL),(3450,1586,19,NULL),(3451,1586,15,NULL),(3456,1587,1,1),(3457,1587,2,NULL),(3458,1587,3,NULL),(3459,1587,4,NULL),(3460,1587,5,NULL),(3461,1587,6,NULL),(3468,1588,1,1),(3469,1588,2,NULL),(3470,1588,3,NULL),(3471,1588,4,NULL),(3473,1589,1,1),(3474,1589,2,NULL),(3475,1589,3,NULL),(3476,1589,4,NULL),(3477,1589,5,NULL),(3482,1590,1,NULL),(3483,1590,2,NULL),(3484,1590,3,NULL),(3485,1590,4,1),(3486,1590,5,NULL),(3487,1590,6,NULL),(3488,1590,7,NULL),(3489,1590,8,NULL),(3493,1591,1,1),(3494,1591,2,NULL),(3495,1591,3,NULL),(3496,1591,4,NULL),(3501,1592,1,NULL),(3502,1592,2,1),(3503,1592,3,NULL),(3504,1592,4,NULL),(3505,1592,5,NULL),(3510,1593,3,NULL),(3512,1593,2,NULL),(3513,1593,1,1),(3519,1594,2,NULL),(3520,1594,3,NULL),(3521,1594,4,NULL),(3522,1594,5,NULL),(3524,1595,2,NULL),(3525,1595,3,NULL),(3527,1595,4,NULL),(3528,1595,5,NULL),(3529,1595,6,NULL),(3530,1595,7,NULL),(3531,1595,8,NULL),(3550,1594,1,1),(3551,1595,1,1),(3552,1009,2,NULL),(3553,1009,1,1),(3555,1261,2,NULL),(3556,1261,3,NULL),(3557,1261,4,NULL),(3558,1059,14,NULL),(3559,1457,1,1),(3561,1482,2,NULL),(3562,1482,1,1),(3563,1482,3,NULL),(3564,1576,1,NULL),(3565,1576,2,1),(3566,1576,3,NULL),(3567,1581,3,NULL),(3568,1581,1,1),(3569,1581,2,NULL),(3570,1582,3,NULL),(3571,1582,1,1),(3572,1582,2,NULL),(3573,1583,2,NULL),(3574,1583,1,1),(3575,1583,3,NULL),(3580,1598,1,1),(3581,1598,2,NULL),(3582,1598,3,NULL),(3591,1602,1,1),(3592,1602,2,NULL),(3593,1602,3,NULL),(3601,1605,2,NULL),(3602,1605,4,NULL),(3604,1605,6,NULL),(3605,1605,5,NULL),(3606,1605,8,NULL),(3608,1605,10,NULL),(3609,1605,9,NULL),(3610,1605,12,NULL),(3611,1605,11,NULL),(3612,1605,1,1),(3613,1605,3,NULL),(3614,1605,7,NULL),(3615,1488,1,NULL),(3616,1488,2,1),(3617,1488,3,NULL),(3618,1488,4,NULL),(3619,1605,13,NULL),(3620,1605,14,NULL),(3621,1605,15,NULL),(3657,1609,1,1),(3659,1609,2,NULL),(3661,1609,3,NULL),(3666,1171,1,1),(3668,1171,2,NULL),(3670,1616,1,1),(3671,1616,2,NULL),(3672,1616,3,NULL),(3673,1616,4,NULL),(3674,1617,1,NULL),(3675,1617,2,1),(3676,1617,3,NULL),(3677,1618,1,1),(3678,1618,2,NULL),(3679,1618,3,NULL),(3691,1621,1,NULL),(3692,1621,3,NULL),(3693,1621,4,NULL),(3694,1621,1,1),(3696,1621,2,NULL),(3701,1622,2,NULL),(3703,1622,1,1),(3706,1623,2,NULL),(3707,1623,1,1),(3712,1624,1,1),(3713,1624,2,NULL),(3714,1588,5,NULL),(3715,1586,20,NULL),(3716,1586,21,NULL),(3717,1586,22,NULL),(3718,1586,23,NULL),(3719,1626,5,NULL),(3723,1626,3,NULL),(3724,1626,1,1),(3725,1626,2,NULL),(3726,1626,4,NULL),(3727,76,1,1),(3728,76,2,NULL),(3729,76,3,NULL),(3730,76,4,NULL),(3731,76,5,NULL),(3732,76,6,NULL),(3733,76,7,NULL),(3734,76,8,NULL),(3735,583,2,NULL),(3736,583,3,NULL),(3737,583,4,1),(3738,583,5,NULL),(3739,583,6,NULL),(3740,583,7,NULL),(3741,583,8,NULL),(3744,1628,1,1),(3745,1628,5,NULL),(3746,1628,2,NULL),(3747,1628,3,NULL),(3748,1628,4,NULL),(3749,1361,1,1),(3750,1361,2,NULL),(3751,1361,3,NULL),(3752,1361,4,NULL),(3753,1361,5,NULL),(3754,1361,6,NULL),(3755,1362,1,1),(3756,1362,2,NULL),(3757,1362,3,NULL),(3758,1362,4,NULL),(3759,1219,1,1),(3760,1219,5,NULL),(3761,1219,6,NULL),(3762,1219,7,NULL);

--
