-- Table structure for table `prstshp_stock_mvt_reason`
--

CREATE TABLE `prstshp_stock_mvt_reason` (
  `id_stock_mvt_reason` int(11) unsigned NOT NULL,
  `sign` tinyint(1) NOT NULL DEFAULT '1',
  `date_add` datetime NOT NULL,
  `date_upd` datetime NOT NULL,
  `deleted` tinyint(1) unsigned NOT NULL DEFAULT '0',
  PRIMARY KEY (`id_stock_mvt_reason`)
) ENGINE=InnoDB DEFAULT CHARSET=utf8mb4 ROW_FORMAT=DYNAMIC;

--
-- Dumping data for table `prstshp_stock_mvt_reason`
--

INSERT INTO `prstshp_stock_mvt_reason` VALUES (0,1,'2023-04-14 04:34:38','2023-04-14 04:34:38',0),(1,1,'2012-02-12 17:57:10','2012-02-12 17:57:10',0),(2,-1,'2012-02-12 17:57:10','2012-02-12 17:57:10',0),(3,-1,'2012-02-12 17:57:10','2012-02-12 17:57:10',0),(4,-1,'2012-02-12 17:57:10','2012-02-12 17:57:10',0),(5,1,'2012-02-12 17:57:10','2012-02-12 17:57:10',0);

--
-- Table structure for table `prstshp_stock_mvt_reason_lang`
--

CREATE TABLE `prstshp_stock_mvt_reason_lang` (
  `id_stock_mvt_reason` int(11) unsigned NOT NULL,
  `id_lang` int(11) unsigned NOT NULL,
  `name` varchar(255) NOT NULL,
  PRIMARY KEY (`id_stock_mvt_reason`,`id_lang`)
) ENGINE=InnoDB DEFAULT CHARSET=utf8mb4 ROW_FORMAT=DYNAMIC;

--
-- Dumping data for table `prstshp_stock_mvt_reason_lang`
--

INSERT INTO `prstshp_stock_mvt_reason_lang` VALUES (0,1,'Customer Order'),(0,2,'Commande client'),(0,4,'Bestellung'),(0,7,'Ordine Cliente'),(1,1,'Increase'),(1,2,'Augmenter'),(1,4,'Erhöhen'),(1,7,'Erhöhen'),(2,1,'Decrease'),(2,2,'Diminuer'),(2,4,'Reduzieren'),(2,7,'Reduzieren'),(3,1,'Order'),(3,2,'Commande'),(3,4,'Bestellung'),(3,7,'Ordine Cliente'),(4,1,'Missing Stock Movement'),(4,2,'Mouvement de stock manquant'),(4,4,'Lagerbewegung nicht stattgefunden'),(4,7,'Lagerbewegung nicht stattgefunden'),(5,1,'Restocking'),(5,2,'Réassort'),(5,4,'Auffüllung'),(5,7,'Auffüllung'),(846,1,'Employee Edition'),(846,2,'Employee Edition'),(846,4,'Employee Edition'),(846,7,'Employee Edition');

--
-- Table structure for table `prstshp_store`
--

CREATE TABLE `prstshp_store` (
  `id_store` int(10) unsigned NOT NULL AUTO_INCREMENT,
  `id_country` int(10) unsigned NOT NULL,
  `id_state` int(10) unsigned DEFAULT NULL,
  `city` varchar(64) NOT NULL,
  `postcode` varchar(12) NOT NULL,
  `latitude` decimal(13,8) DEFAULT NULL,
  `longitude` decimal(13,8) DEFAULT NULL,
  `phone` varchar(16) DEFAULT NULL,
  `fax` varchar(16) DEFAULT NULL,
  `email` varchar(255) DEFAULT NULL,
  `active` tinyint(1) unsigned NOT NULL DEFAULT '0',
  `date_add` datetime NOT NULL,
  `date_upd` datetime NOT NULL,
  PRIMARY KEY (`id_store`)
) ENGINE=InnoDB AUTO_INCREMENT=7 DEFAULT CHARSET=utf8mb4 ROW_FORMAT=DYNAMIC;

--
-- Dumping data for table `prstshp_store`
--

INSERT INTO `prstshp_store` VALUES (6,1,0,'Frickingen','88699',47.81264000,9.27220000,'+49 171 6271777','','shop@wetiz.eu',1,'2016-02-25 15:22:33','2019-01-30 16:55:20');

--
-- Table structure for table `prstshp_store_lang`
--

CREATE TABLE `prstshp_store_lang` (
  `id_store` int(11) unsigned NOT NULL,
  `id_lang` int(11) unsigned NOT NULL,
  `name` varchar(255) NOT NULL,
  `address1` varchar(255) NOT NULL,
  `address2` varchar(255) DEFAULT NULL,
  `hours` mediumtext,
  `note` mediumtext,
  PRIMARY KEY (`id_store`,`id_lang`)
) ENGINE=InnoDB DEFAULT CHARSET=utf8mb4;

--
-- Dumping data for table `prstshp_store_lang`
--

INSERT INTO `prstshp_store_lang` VALUES (6,1,'Wetiz by Zacki Surf & Sport','Kirchstraße 3','','[[\"\"],[\"\"],[\"\"],[\"\"],[\"\"],[\"\"],[\"\"]]',''),(6,2,'Wetiz by Zacki Surf & Sport','Kirchstraße 3','','[[\"\"],[\"\"],[\"\"],[\"\"],[\"\"],[\"\"],[\"\"]]',''),(6,4,'Wetiz by Zacki Surf & Sport','Kirchstraße 3','','[[\"\"],[\"\"],[\"\"],[\"\"],[\"\"],[\"\"],[\"\"]]',''),(6,7,'Wetiz by Zacki Surf & Sport','Kirchstraße 3','','[[\"\"],[\"\"],[\"\"],[\"\"],[\"\"],[\"\"],[\"\"]]','');

--
-- Table structure for table `prstshp_store_shop`
--

CREATE TABLE `prstshp_store_shop` (
  `id_store` int(11) unsigned NOT NULL,
  `id_shop` int(11) unsigned NOT NULL,
  PRIMARY KEY (`id_store`,`id_shop`),
  KEY `id_shop` (`id_shop`)
) ENGINE=InnoDB DEFAULT CHARSET=utf8mb4 ROW_FORMAT=DYNAMIC;

--
-- Dumping data for table `prstshp_store_shop`
--

INSERT INTO `prstshp_store_shop` VALUES (6,1);

--
-- Table structure for table `prstshp_supplier`
--

CREATE TABLE `prstshp_supplier` (
  `id_supplier` int(10) unsigned NOT NULL AUTO_INCREMENT,
  `name` varchar(64) NOT NULL,
  `date_add` datetime NOT NULL,
  `date_upd` datetime NOT NULL,
  `active` tinyint(1) NOT NULL DEFAULT '0',
  PRIMARY KEY (`id_supplier`)
) ENGINE=InnoDB DEFAULT CHARSET=utf8mb4 ROW_FORMAT=DYNAMIC;

--
-- Dumping data for table `prstshp_supplier`
--


--
-- Table structure for table `prstshp_supplier_lang`
--

CREATE TABLE `prstshp_supplier_lang` (
  `id_supplier` int(10) unsigned NOT NULL,
  `id_lang` int(10) unsigned NOT NULL,
  `description` mediumtext,
  `meta_title` varchar(255) DEFAULT NULL,
  `meta_keywords` varchar(255) DEFAULT NULL,
  `meta_description` varchar(512) DEFAULT NULL,
  PRIMARY KEY (`id_supplier`,`id_lang`)
) ENGINE=InnoDB DEFAULT CHARSET=utf8mb4 ROW_FORMAT=DYNAMIC;

--
-- Dumping data for table `prstshp_supplier_lang`
--


--
-- Table structure for table `prstshp_supplier_shop`
--

CREATE TABLE `prstshp_supplier_shop` (
  `id_supplier` int(11) unsigned NOT NULL,
  `id_shop` int(11) unsigned NOT NULL,
  PRIMARY KEY (`id_supplier`,`id_shop`),
  KEY `id_shop` (`id_shop`)
) ENGINE=InnoDB DEFAULT CHARSET=utf8mb4 ROW_FORMAT=DYNAMIC;

--
-- Dumping data for table `prstshp_supplier_shop`
--


--
-- Table structure for table `prstshp_supply_order`
--

CREATE TABLE `prstshp_supply_order` (
  `id_supply_order` int(11) unsigned NOT NULL AUTO_INCREMENT,
  `id_supplier` int(11) unsigned NOT NULL,
  `supplier_name` varchar(64) NOT NULL,
  `id_lang` int(11) unsigned NOT NULL,
  `id_warehouse` int(11) unsigned NOT NULL,
  `id_supply_order_state` int(11) unsigned NOT NULL,
  `id_currency` int(11) unsigned NOT NULL,
  `id_ref_currency` int(11) unsigned NOT NULL,
  `reference` varchar(64) NOT NULL,
  `date_add` datetime NOT NULL,
  `date_upd` datetime NOT NULL,
  `date_delivery_expected` datetime DEFAULT NULL,
  `total_te` decimal(20,6) DEFAULT '0.000000',
  `total_with_discount_te` decimal(20,6) DEFAULT '0.000000',
  `total_tax` decimal(20,6) DEFAULT '0.000000',
  `total_ti` decimal(20,6) DEFAULT '0.000000',
  `discount_rate` decimal(20,6) DEFAULT '0.000000',
  `discount_value_te` decimal(20,6) DEFAULT '0.000000',
  `is_template` tinyint(1) DEFAULT '0',
  PRIMARY KEY (`id_supply_order`),
  UNIQUE KEY `reference` (`reference`),
  KEY `id_supplier` (`id_supplier`),
  KEY `id_warehouse` (`id_warehouse`)
) ENGINE=InnoDB DEFAULT CHARSET=utf8mb4 ROW_FORMAT=DYNAMIC;

--
-- Dumping data for table `prstshp_supply_order`
--


--
-- Table structure for table `prstshp_supply_order_detail`
--

CREATE TABLE `prstshp_supply_order_detail` (
  `id_supply_order_detail` int(11) unsigned NOT NULL AUTO_INCREMENT,
  `id_supply_order` int(11) unsigned NOT NULL,
  `id_currency` int(11) unsigned NOT NULL,
  `id_product` int(11) unsigned NOT NULL,
  `id_product_attribute` int(11) unsigned NOT NULL,
  `reference` varchar(64) NOT NULL,
  `supplier_reference` varchar(64) NOT NULL,
  `name` varchar(128) NOT NULL,
  `ean13` varchar(13) DEFAULT NULL,
  `upc` varchar(12) DEFAULT NULL,
  `mpn` varchar(40) DEFAULT NULL,
  `exchange_rate` decimal(20,6) DEFAULT '0.000000',
  `unit_price_te` decimal(20,6) DEFAULT '0.000000',
  `quantity_expected` int(11) unsigned NOT NULL,
  `quantity_received` int(11) unsigned NOT NULL,
  `price_te` decimal(20,6) DEFAULT '0.000000',
  `discount_rate` decimal(20,6) DEFAULT '0.000000',
  `discount_value_te` decimal(20,6) DEFAULT '0.000000',
  `price_with_discount_te` decimal(20,6) DEFAULT '0.000000',
  `tax_rate` decimal(20,6) DEFAULT '0.000000',
  `tax_value` decimal(20,6) DEFAULT '0.000000',
  `price_ti` decimal(20,6) DEFAULT '0.000000',
  `tax_value_with_order_discount` decimal(20,6) DEFAULT '0.000000',
  `price_with_order_discount_te` decimal(20,6) DEFAULT '0.000000',
  `isbn` varchar(32) DEFAULT NULL,
  PRIMARY KEY (`id_supply_order_detail`),
  KEY `id_product_attribute` (`id_product_attribute`),
  KEY `id_product_product_attribute` (`id_product`,`id_product_attribute`),
  KEY `id_supply_order` (`id_supply_order`,`id_product`)
) ENGINE=InnoDB DEFAULT CHARSET=utf8mb4 ROW_FORMAT=DYNAMIC;

--
-- Dumping data for table `prstshp_supply_order_detail`
--


--
-- Table structure for table `prstshp_supply_order_history`
--

CREATE TABLE `prstshp_supply_order_history` (
  `id_supply_order_history` int(11) unsigned NOT NULL AUTO_INCREMENT,
  `id_supply_order` int(11) unsigned NOT NULL,
  `id_employee` int(11) unsigned NOT NULL,
  `employee_lastname` varchar(255) DEFAULT '',
  `employee_firstname` varchar(255) DEFAULT '',
  `id_state` int(11) unsigned NOT NULL,
  `date_add` datetime NOT NULL,
  PRIMARY KEY (`id_supply_order_history`),
  KEY `id_supply_order` (`id_supply_order`),
  KEY `id_employee` (`id_employee`),
  KEY `id_state` (`id_state`)
) ENGINE=InnoDB DEFAULT CHARSET=utf8mb4 ROW_FORMAT=DYNAMIC;

--
-- Dumping data for table `prstshp_supply_order_history`
--


--
-- Table structure for table `prstshp_supply_order_receipt_history`
--

CREATE TABLE `prstshp_supply_order_receipt_history` (
  `id_supply_order_receipt_history` int(11) unsigned NOT NULL AUTO_INCREMENT,
  `id_supply_order_detail` int(11) unsigned NOT NULL,
  `id_employee` int(11) unsigned NOT NULL,
  `employee_lastname` varchar(255) DEFAULT '',
  `employee_firstname` varchar(255) DEFAULT '',
  `id_supply_order_state` int(11) unsigned NOT NULL,
  `quantity` int(11) unsigned NOT NULL,
  `date_add` datetime NOT NULL,
  PRIMARY KEY (`id_supply_order_receipt_history`),
  KEY `id_supply_order_detail` (`id_supply_order_detail`),
  KEY `id_supply_order_state` (`id_supply_order_state`)
) ENGINE=InnoDB DEFAULT CHARSET=utf8mb4 ROW_FORMAT=DYNAMIC;

--
-- Dumping data for table `prstshp_supply_order_receipt_history`
--


--
-- Table structure for table `prstshp_supply_order_state`
--

CREATE TABLE `prstshp_supply_order_state` (
  `id_supply_order_state` int(11) unsigned NOT NULL AUTO_INCREMENT,
  `delivery_note` tinyint(1) NOT NULL DEFAULT '0',
  `editable` tinyint(1) NOT NULL DEFAULT '0',
  `receipt_state` tinyint(1) NOT NULL DEFAULT '0',
  `pending_receipt` tinyint(1) NOT NULL DEFAULT '0',
  `enclosed` tinyint(1) NOT NULL DEFAULT '0',
  `color` varchar(32) DEFAULT NULL,
  PRIMARY KEY (`id_supply_order_state`)
) ENGINE=InnoDB DEFAULT CHARSET=utf8mb4 ROW_FORMAT=DYNAMIC;

--
-- Dumping data for table `prstshp_supply_order_state`
--


--
-- Table structure for table `prstshp_supply_order_state_lang`
--

CREATE TABLE `prstshp_supply_order_state_lang` (
  `id_supply_order_state` int(11) unsigned NOT NULL,
  `id_lang` int(11) unsigned NOT NULL,
  `name` varchar(128) DEFAULT NULL,
  PRIMARY KEY (`id_supply_order_state`,`id_lang`)
) ENGINE=InnoDB DEFAULT CHARSET=utf8mb4 ROW_FORMAT=DYNAMIC;

--
-- Dumping data for table `prstshp_supply_order_state_lang`
--


--
-- Table structure for table `prstshp_tab`
--

CREATE TABLE `prstshp_tab` (
  `id_tab` int(11) NOT NULL AUTO_INCREMENT,
  `id_parent` int(11) NOT NULL,
  `class_name` varchar(64) NOT NULL,
  `module` varchar(64) DEFAULT NULL,
  `position` int(11) NOT NULL,
  `active` tinyint(1) NOT NULL DEFAULT '1',
  `route_name` varchar(256) DEFAULT NULL,
  `icon` varchar(32) DEFAULT NULL,
  `enabled` tinyint(1) NOT NULL,
  `wording` varchar(255) DEFAULT NULL,
  `wording_domain` varchar(255) DEFAULT NULL,
  PRIMARY KEY (`id_tab`)
) ENGINE=InnoDB AUTO_INCREMENT=336 DEFAULT CHARSET=utf8mb4 ROW_FORMAT=DYNAMIC;

--
-- Dumping data for table `prstshp_tab`
--

INSERT INTO `prstshp_tab` VALUES (128,-1,'AdminDashgoals','dashgoals',3,1,NULL,NULL,1,NULL,NULL),(130,0,'AdminBlogCategory','smartblog',2,1,NULL,NULL,0,NULL,NULL),(131,0,'AdminBlogcomment','smartblog',4,1,NULL,NULL,0,NULL,NULL),(132,0,'AdminBlogPost','smartblog',6,1,NULL,NULL,0,NULL,NULL),(133,0,'AdminImageType','smartblog',8,1,NULL,NULL,0,NULL,NULL),(135,-1,'AdminTMMegaMenu','tmmegamenu',4,1,NULL,NULL,0,NULL,NULL),(136,-1,'AdminGanalyticsAjax','ganalytics',5,0,NULL,NULL,0,NULL,NULL),(137,-1,'AdminAjaxPsgdpr','psgdpr',6,1,NULL,NULL,1,NULL,NULL),(138,-1,'AdminDownloadInvoicesPsgdpr','psgdpr',7,1,NULL,NULL,1,NULL,NULL),(139,194,'AdminDhlintrashipManifest','dhlintraship',3,1,NULL,NULL,0,NULL,NULL),(144,0,'EtsAdminSelfUpgrade','ets_upgrade',10,1,NULL,NULL,1,NULL,NULL),(145,0,'AdminDashboard',NULL,1,1,'','trending_up',1,'Dashboard','Admin.Navigation.Menu'),(146,0,'SELL',NULL,3,1,'','',1,'Sell','Admin.Navigation.Menu'),(147,146,'AdminParentOrders',NULL,1,1,'','shopping_basket',1,'Orders','Admin.Navigation.Menu'),(148,147,'AdminOrders',NULL,1,1,'','',1,'Orders','Admin.Navigation.Menu'),(149,147,'AdminInvoices',NULL,2,1,'','',1,'Invoices','Admin.Navigation.Menu'),(150,147,'AdminSlip',NULL,3,1,'','',1,'Credit Slips','Admin.Navigation.Menu'),(151,147,'AdminDeliverySlip',NULL,4,1,'','',1,'Delivery Slips','Admin.Navigation.Menu'),(152,147,'AdminCarts',NULL,5,1,'','',1,'Shopping Carts','Admin.Navigation.Menu'),(153,146,'AdminCatalog',NULL,2,1,'','store',1,'Catalog','Admin.Navigation.Menu'),(154,153,'AdminProducts',NULL,1,1,'','',1,'Products','Admin.Navigation.Menu'),(155,153,'AdminCategories',NULL,2,1,'','',1,'Categories','Admin.Navigation.Menu'),(156,153,'AdminTracking',NULL,3,1,'','',1,'Monitoring','Admin.Navigation.Menu'),(157,153,'AdminParentAttributesGroups',NULL,4,1,'','',1,'Attributes & Features','Admin.Navigation.Menu'),(158,157,'AdminAttributesGroups',NULL,1,1,'','',1,'Attributes','Admin.Navigation.Menu'),(159,157,'AdminFeatures',NULL,2,1,'','',1,'Features','Admin.Navigation.Menu'),(160,153,'AdminParentManufacturers',NULL,5,1,'','',1,'Brands & Suppliers','Admin.Navigation.Menu'),(161,160,'AdminManufacturers',NULL,1,1,'','',1,'Brands','Admin.Navigation.Menu'),(162,160,'AdminSuppliers',NULL,2,1,'','',1,'Suppliers','Admin.Navigation.Menu'),(163,153,'AdminAttachments',NULL,6,1,'','',1,'Files','Admin.Navigation.Menu'),(164,153,'AdminParentCartRules',NULL,7,1,'','',1,'Discounts','Admin.Navigation.Menu'),(165,164,'AdminCartRules',NULL,1,1,'','',1,'Cart Rules','Admin.Navigation.Menu'),(166,164,'AdminSpecificPriceRule',NULL,2,1,'','',1,'Catalog Price Rules','Admin.Navigation.Menu'),(167,153,'AdminStockManagement',NULL,8,1,'','',1,'Stock','Admin.Navigation.Menu'),(168,146,'AdminParentCustomer',NULL,3,1,'','account_circle',1,'Customers','Admin.Navigation.Menu'),(169,168,'AdminCustomers',NULL,1,1,'','',1,'Customers','Admin.Navigation.Menu'),(170,168,'AdminAddresses',NULL,2,1,'','',1,'Addresses','Admin.Navigation.Menu'),(171,168,'AdminOutstanding',NULL,3,0,'','',1,'Outstanding','Admin.Navigation.Menu'),(172,146,'AdminParentCustomerThreads',NULL,4,1,'','chat',1,'Customer Service','Admin.Navigation.Menu'),(173,172,'AdminCustomerThreads',NULL,1,1,'','',1,'Customer Service','Admin.Navigation.Menu'),(174,172,'AdminOrderMessage',NULL,2,1,'','',1,'Order Messages','Admin.Navigation.Menu'),(175,172,'AdminReturn',NULL,3,1,'','',1,'Merchandise Returns','Admin.Navigation.Menu'),(176,146,'AdminStats',NULL,5,1,'','assessment',1,'Stats','Admin.Navigation.Menu'),(177,146,'AdminStock',NULL,6,1,'','store',1,NULL,NULL),(178,177,'AdminWarehouses',NULL,1,1,'','',1,'Warehouses','Admin.Navigation.Menu'),(179,177,'AdminParentStockManagement',NULL,2,1,'','',1,'Stock Management','Admin.Navigation.Menu'),(180,179,'AdminStockManagement',NULL,1,1,'','',1,'Stock','Admin.Navigation.Menu'),(181,0,'IMPROVE',NULL,5,1,'','',1,'Improve','Admin.Navigation.Menu'),(182,181,'AdminParentModulesSf',NULL,1,1,'','extension',1,'Modules','Admin.Navigation.Menu'),(183,182,'AdminModulesSf',NULL,1,1,'','',1,'Module Manager','Admin.Navigation.Menu'),(184,183,'AdminModulesManage',NULL,1,1,'','',1,'Modules','Admin.Navigation.Menu'),(185,183,'AdminModulesNotifications',NULL,2,1,'','',1,'Alerts','Admin.Navigation.Menu'),(186,183,'AdminModulesUpdates',NULL,3,1,'','',1,'Updates','Admin.Navigation.Menu'),(187,181,'AdminParentThemes',NULL,2,1,'','desktop_mac',1,'Design','Admin.Navigation.Menu'),(188,273,'AdminThemes','',1,1,'','',1,'Theme & Logo','Admin.Navigation.Menu'),(189,187,'AdminParentMailTheme',NULL,2,1,'','',1,'Email Theme','Admin.Navigation.Menu'),(190,189,'AdminMailTheme',NULL,1,1,'','',1,'Email Theme','Admin.Navigation.Menu'),(191,187,'AdminCmsContent',NULL,3,1,'','',1,'Pages','Admin.Navigation.Menu'),(192,187,'AdminModulesPositions',NULL,4,1,'','',1,'Positions','Admin.Navigation.Menu'),(193,187,'AdminImages',NULL,5,1,'','',1,'Image Settings','Admin.Navigation.Menu'),(194,181,'AdminParentShipping',NULL,3,1,'','local_shipping',1,'Shipping','Admin.Navigation.Menu'),(195,194,'AdminCarriers',NULL,1,1,'','',1,'Carriers','Admin.Navigation.Menu'),(196,194,'AdminShipping',NULL,2,1,'','',1,'Preferences','Admin.Navigation.Menu'),(197,181,'AdminParentPayment',NULL,4,1,'','payment',1,'Payment','Admin.Navigation.Menu'),(198,197,'AdminPayment',NULL,1,1,'','',1,'Payment Methods','Admin.Navigation.Menu'),(199,197,'AdminPaymentPreferences',NULL,2,1,'','',1,'Preferences','Admin.Navigation.Menu'),(200,181,'AdminInternational',NULL,5,1,'','language',1,'International','Admin.Navigation.Menu'),(201,200,'AdminParentLocalization',NULL,1,1,'','',1,'Localization','Admin.Navigation.Menu'),(202,201,'AdminLocalization',NULL,1,1,'','',1,'Localization','Admin.Navigation.Menu'),(203,201,'AdminLanguages',NULL,2,1,'','',1,'Languages','Admin.Navigation.Menu'),(204,201,'AdminCurrencies',NULL,3,1,'','',1,'Currencies','Admin.Navigation.Menu'),(205,201,'AdminGeolocation',NULL,4,1,'','',1,'Geolocation','Admin.Navigation.Menu'),(206,200,'AdminParentCountries',NULL,2,1,'','',1,'Locations','Admin.Navigation.Menu'),(207,206,'AdminZones',NULL,1,1,'','',1,'Zones','Admin.Navigation.Menu'),(208,206,'AdminCountries',NULL,2,1,'','',1,'Countries','Admin.Navigation.Menu'),(209,206,'AdminStates',NULL,3,1,'','',1,'States','Admin.Navigation.Menu'),(210,200,'AdminParentTaxes',NULL,3,1,'','',1,'Taxes','Admin.Navigation.Menu'),(211,210,'AdminTaxes',NULL,1,1,'','',1,'Taxes','Admin.Navigation.Menu'),(212,210,'AdminTaxRulesGroup',NULL,2,1,'','',1,'Tax Rules','Admin.Navigation.Menu'),(213,200,'AdminTranslations',NULL,4,1,'','',1,'Translations','Admin.Navigation.Menu'),(214,0,'CONFIGURE',NULL,7,1,'','',1,'Configure','Admin.Navigation.Menu'),(215,214,'ShopParameters',NULL,1,1,'','settings',1,'Shop Parameters','Admin.Navigation.Menu'),(216,215,'AdminParentPreferences',NULL,1,1,'','',1,'General','Admin.Navigation.Menu'),(217,216,'AdminPreferences',NULL,1,1,'','',1,'General','Admin.Navigation.Menu'),(218,216,'AdminMaintenance',NULL,2,1,'','',1,'Maintenance','Admin.Navigation.Menu'),(219,215,'AdminParentOrderPreferences',NULL,2,1,'','',1,'Order Settings','Admin.Navigation.Menu'),(220,219,'AdminOrderPreferences',NULL,1,1,'','',1,'Order Settings','Admin.Navigation.Menu'),(221,219,'AdminStatuses',NULL,2,1,'','',1,'Statuses','Admin.Navigation.Menu'),(222,215,'AdminPPreferences',NULL,3,1,'','',1,'Product Settings','Admin.Navigation.Menu'),(223,215,'AdminParentCustomerPreferences',NULL,4,1,'','',1,'Customer Settings','Admin.Navigation.Menu'),(224,223,'AdminCustomerPreferences',NULL,1,1,'','',1,'Customer Settings','Admin.Navigation.Menu'),(225,223,'AdminGroups',NULL,2,1,'','',1,'Groups','Admin.Navigation.Menu'),(226,223,'AdminGenders',NULL,3,1,'','',1,'Titles','Admin.Navigation.Menu'),(227,215,'AdminParentStores',NULL,5,1,'','',1,'Contact','Admin.Navigation.Menu'),(228,227,'AdminContacts',NULL,1,1,'','',1,'Contacts','Admin.Navigation.Menu'),(229,227,'AdminStores',NULL,2,1,'','',1,'Stores','Admin.Navigation.Menu'),(230,215,'AdminParentMeta',NULL,6,1,'','',1,'Traffic & SEO','Admin.Navigation.Menu'),(231,230,'AdminMeta',NULL,1,1,'','',1,'SEO & URLs','Admin.Navigation.Menu'),(232,230,'AdminSearchEngines',NULL,2,1,'','',1,'Search Engines','Admin.Navigation.Menu'),(233,215,'AdminParentSearchConf',NULL,7,1,'','',1,'Search','Admin.Navigation.Menu'),(234,233,'AdminSearchConf',NULL,1,1,'','',1,'Search','Admin.Navigation.Menu'),(235,233,'AdminTags',NULL,2,1,'','',1,'Tags','Admin.Navigation.Menu'),(236,214,'AdminAdvancedParameters',NULL,2,1,'','settings_applications',1,'Advanced Parameters','Admin.Navigation.Menu'),(237,236,'AdminInformation',NULL,1,1,'','',1,'Information','Admin.Navigation.Menu'),(238,236,'AdminPerformance',NULL,2,1,'','',1,'Performance','Admin.Navigation.Menu'),(239,236,'AdminAdminPreferences',NULL,3,1,'','',1,'Administration','Admin.Navigation.Menu'),(240,236,'AdminEmails',NULL,4,1,'','',1,'E-mail','Admin.Navigation.Menu'),(241,236,'AdminImport',NULL,5,1,'','',1,'Import','Admin.Navigation.Menu'),(242,236,'AdminParentEmployees',NULL,6,1,'','',1,'Team','Admin.Navigation.Menu'),(243,242,'AdminEmployees',NULL,1,1,'','',1,'Employees','Admin.Navigation.Menu'),(244,242,'AdminProfiles',NULL,2,1,'','',1,'Profiles','Admin.Navigation.Menu'),(245,242,'AdminAccess',NULL,3,1,'','',1,'Permissions','Admin.Navigation.Menu'),(246,236,'AdminParentRequestSql',NULL,7,1,'','',1,'Database','Admin.Navigation.Menu'),(247,246,'AdminRequestSql',NULL,1,1,'','',1,'SQL Manager','Admin.Navigation.Menu'),(248,246,'AdminBackup',NULL,2,1,'','',1,'DB Backup','Admin.Navigation.Menu'),(249,236,'AdminLogs',NULL,8,1,'','',1,'Logs','Admin.Navigation.Menu'),(250,236,'AdminWebservice',NULL,9,1,'','',1,'Webservice','Admin.Navigation.Menu'),(251,236,'AdminShopGroup',NULL,10,0,'','',1,'Multistore','Admin.Navigation.Menu'),(252,236,'AdminShopUrl',NULL,11,0,'','',1,'Multistore','Admin.Navigation.Menu'),(253,236,'AdminFeatureFlag',NULL,12,1,'','',1,'New & Experimental Features','Admin.Navigation.Menu'),(254,236,'AdminParentSecurity',NULL,13,1,'','',1,'Security','Admin.Navigation.Menu'),(255,254,'AdminSecurity',NULL,1,1,'admin_security','',1,'Security','Admin.Navigation.Menu'),(256,254,'AdminSecuritySessionEmployee',NULL,2,1,'admin_security_sessions_employee_list','',1,'Employee Sessions','Admin.Navigation.Menu'),(257,254,'AdminSecuritySessionCustomer',NULL,3,1,'admin_security_sessions_customer_list','',1,'Customer Sessions','Admin.Navigation.Menu'),(258,-1,'AdminQuickAccesses',NULL,1,1,'','',1,'Quick Access','Admin.Navigation.Menu'),(259,0,'DEFAULT',NULL,9,1,'','',1,'More','Admin.Navigation.Menu'),(260,-1,'AdminPatterns',NULL,2,1,'','',1,NULL,NULL),(261,9,'AdminStockManagement',NULL,1,1,NULL,'',1,'Stock','Admin.Navigation.Menu'),(265,187,'AdminLinkWidget','ps_linklist',6,1,'admin_link_block_list','',1,'Link List','Modules.Linklist.Admin'),(266,0,'AdminBlockListing','blockreassurance',11,0,'','',0,NULL,NULL),(270,182,'WishlistConfigurationAdminParentController','blockwishlist',2,0,'','',1,NULL,NULL),(271,270,'WishlistConfigurationAdminController','blockwishlist',1,1,'','',1,NULL,NULL),(272,270,'WishlistStatisticsAdminController','blockwishlist',2,1,'','',1,NULL,NULL),(273,187,'AdminThemesParent','',1,1,'','',1,'Theme & Logo','Admin.Navigation.Menu'),(274,273,'AdminPsThemeCustoConfiguration','ps_themecusto',2,1,'','',1,NULL,NULL),(275,273,'AdminPsThemeCustoAdvanced','ps_themecusto',3,1,'','',1,NULL,NULL),(276,194,'AdminDhldpManifest','dhldp',4,1,'','',1,NULL,NULL),(277,194,'AdminDhldpAjax','dhldp',5,0,'','',1,NULL,NULL),(318,259,'AdminSelfUpgrade','autoupgrade',1,1,'','',1,NULL,NULL),(319,-1,'AdminConfigureFaviconBo','ps_faviconnotificationbo',8,1,'','',1,NULL,NULL),(324,181,'paypal','paypal',6,0,'','',1,NULL,NULL),(325,324,'AdminPaypalConfiguration','paypal',1,1,'','',1,NULL,NULL),(326,0,'AdminPaypalProcessLogger','paypal',12,1,'','',1,NULL,NULL),(327,325,'AdminPaypalDiagnostic','paypal',1,1,'','',1,NULL,NULL),(328,0,'AdminPayPalCustomizeCheckout','paypal',13,0,'','',1,NULL,NULL),(329,0,'AdminPayPalHelp','paypal',14,0,'','',1,NULL,NULL),(330,0,'AdminPayPalInstallment','paypal',15,0,'','',1,NULL,NULL),(331,0,'AdminPayPalLogs','paypal',16,0,'','',1,NULL,NULL),(332,0,'AdminPayPalPUIListener','paypal',17,0,'','',1,NULL,NULL),(333,0,'AdminPayPalSetup','paypal',18,0,'','',1,NULL,NULL),(334,0,'AdminPaypalAjaxHandler','paypal',19,0,'','',1,NULL,NULL),(335,0,'AdminPaypalGetCredentials','paypal',20,0,'','',1,NULL,NULL);

--
-- Table structure for table `prstshp_tab_advice`
--

CREATE TABLE `prstshp_tab_advice` (
  `id_tab` int(11) NOT NULL,
  `id_advice` int(11) NOT NULL,
  PRIMARY KEY (`id_tab`,`id_advice`)
) ENGINE=InnoDB DEFAULT CHARSET=utf8;

--
-- Dumping data for table `prstshp_tab_advice`
--


--
-- Table structure for table `prstshp_tab_lang`
--

CREATE TABLE `prstshp_tab_lang` (
  `id_tab` int(11) NOT NULL,
  `id_lang` int(11) NOT NULL,
  `name` varchar(128) NOT NULL,
  PRIMARY KEY (`id_tab`,`id_lang`),
  KEY `IDX_79CC49B5ED47AB56` (`id_tab`),
  KEY `IDX_79CC49B5BA299860` (`id_lang`)
) ENGINE=InnoDB DEFAULT CHARSET=utf8mb4 ROW_FORMAT=DYNAMIC;

--
-- Dumping data for table `prstshp_tab_lang`
--

INSERT INTO `prstshp_tab_lang` VALUES (128,1,'Dashgoals'),(128,2,'Dashgoals'),(128,4,'Dashgoals'),(128,7,'Dashgoals'),(130,1,'Blog Category'),(130,2,'Blog Category'),(130,4,'Blog Category'),(130,7,'Blog Category'),(131,1,'Blog Comments'),(131,2,'Blog Comments'),(131,4,'Blog Comments'),(131,7,'Blog Comments'),(132,1,'Blog Post'),(132,2,'Blog Post'),(132,4,'Blog Post'),(132,7,'Blog Post'),(133,1,'Image Type'),(133,2,'Image Type'),(133,4,'Image Type'),(133,7,'Image Type'),(135,1,'tmmegamenu'),(135,2,'tmmegamenu'),(135,4,'tmmegamenu'),(135,7,'tmmegamenu'),(136,1,'Google Analytics Ajax'),(136,2,'Google Analytics Ajax'),(136,4,'Google Analytics Ajax'),(136,7,'Google Analytics Ajax'),(137,1,'psgdpr'),(137,2,'psgdpr'),(137,4,'psgdpr'),(137,7,'psgdpr'),(138,1,'psgdpr'),(138,2,'psgdpr'),(138,4,'psgdpr'),(138,7,'psgdpr'),(139,1,'DHL Business Portal'),(139,2,'DHL Business Portal'),(139,4,'DHL Business Portal'),(139,7,'DHL Business Portal'),(144,1,'1-Click Direct Upgrade'),(144,2,'1-Click Direct Upgrade'),(144,4,'1-Click Direct Upgrade'),(144,7,'1-Click Direct Upgrade'),(145,1,'Dashboard'),(145,2,'Tableau de bord'),(145,4,'Übersicht'),(145,7,'Pannello di controllo'),(146,1,'Sell'),(146,2,'Vendre'),(146,4,'Verkauf'),(146,7,'Vendi'),(147,1,'Orders'),(147,2,'Commandes'),(147,4,'Bestellungen'),(147,7,'Ordini'),(148,1,'Orders'),(148,2,'Commandes'),(148,4,'Bestellungen'),(148,7,'Ordini'),(149,1,'Invoices'),(149,2,'Factures'),(149,4,'Rechnungen'),(149,7,'Fatture'),(150,1,'Credit Slips'),(150,2,'Avoirs'),(150,4,'Rechnungskorrekturen'),(150,7,'Buoni sconto'),(151,1,'Delivery Slips'),(151,2,'Bons de livraison'),(151,4,'Lieferscheine'),(151,7,'Bolle di consegna'),(152,1,'Shopping Carts'),(152,2,'Paniers'),(152,4,'Warenkörbe'),(152,7,'Carrello della spesa'),(153,1,'Catalog'),(153,2,'Catalogue'),(153,4,'Katalog'),(153,7,'Catalogo'),(154,1,'Products'),(154,2,'Produits'),(154,4,'Artikel'),(154,7,'Prodotti'),(155,1,'Categories'),(155,2,'Catégories'),(155,4,'Kategorien'),(155,7,'Categorie'),(156,1,'Monitoring'),(156,2,'Suivi'),(156,4,'Kontrollübersicht'),(156,7,'Monitoraggio'),(157,1,'Attributes & Features'),(157,2,'Attributs & caractéristiques'),(157,4,'Varianten & Eigenschaften'),(157,7,'Attributi e Funzionalità'),(158,1,'Attributes'),(158,2,'Attributs'),(158,4,'Varianten'),(158,7,'Attributi'),(159,1,'Features'),(159,2,'Caractéristiques'),(159,4,'Eigenschaften'),(159,7,'Funzioni'),(160,1,'Brands & Suppliers'),(160,2,'Marques et fournisseurs'),(160,4,'Marken & Lieferanten'),(160,7,'Marche & Fornitori'),(161,1,'Brands'),(161,2,'Marques'),(161,4,'Marken'),(161,7,'Marchi'),(162,1,'Suppliers'),(162,2,'Fournisseurs'),(162,4,'Lieferanten'),(162,7,'Fornitori'),(163,1,'Files'),(163,2,'Fichiers'),(163,4,'Dateien'),(163,7,'File'),(164,1,'Discounts'),(164,2,'Réductions'),(164,4,'Rabatt'),(164,7,'Buoni sconto'),(165,1,'Cart Rules'),(165,2,'Règles panier'),(165,4,'Warenkorb Preisregeln'),(165,7,'Regole Carrello'),(166,1,'Catalog Price Rules'),(166,2,'Règles de prix catalogue'),(166,4,'Katalog Preisregeln'),(166,7,'Regole Catalogo Prezzi'),(167,1,'Stock'),(167,2,'Stock'),(167,4,'Lager'),(167,7,'Magazzino'),(168,1,'Customers'),(168,2,'Clients'),(168,4,'Kunden'),(168,7,'Clienti'),(169,1,'Customers'),(169,2,'Clients'),(169,4,'Kunden'),(169,7,'Clienti'),(170,1,'Addresses'),(170,2,'Adresses'),(170,4,'Adressen'),(170,7,'Indirizzi'),(171,1,'Outstanding'),(171,2,'Encours autorisés'),(171,4,'Offene Posten'),(171,7,'In sospeso'),(172,1,'Customer Service'),(172,2,'SAV'),(172,4,'Kundenservice'),(172,7,'Servizio clienti'),(173,1,'Customer Service'),(173,2,'SAV'),(173,4,'Kundenservice'),(173,7,'Servizio clienti'),(174,1,'Order Messages'),(174,2,'Messages prédéfinis'),(174,4,'Bestellnachrichten'),(174,7,'Messaggi d\'ordine'),(175,1,'Merchandise Returns'),(175,2,'Retours produits'),(175,4,'Warenrücksendungen'),(175,7,'Restituzione Prodotto'),(176,1,'Stats'),(176,2,'Statistiques'),(176,4,'Statistiken'),(176,7,'Statistiche'),(178,1,'Warehouses'),(178,2,'Entrepôts'),(178,4,'Lager'),(178,7,'Magazzini'),(179,1,'Stock Management'),(179,2,'Gestion du stock'),(179,4,'Lagerverwaltung'),(179,7,'Gestione del Magazzino'),(181,1,'Improve'),(181,2,'Personnaliser'),(181,4,'Optimierung'),(181,7,'Migliora'),(182,1,'Modules'),(182,2,'Modules'),(182,4,'Module'),(182,7,'Moduli'),(183,1,'Module Manager'),(183,2,'Gestionnaire de modules '),(183,4,'Modul-Verwaltung'),(183,7,'Gestione Moduli'),(184,1,'Modules'),(184,2,'Modules'),(184,4,'Module'),(184,7,'Moduli'),(185,1,'Alerts'),(185,2,'Alertes'),(185,4,'Meldungen'),(185,7,'Avvisi'),(186,1,'Updates'),(186,2,'Mises à jour'),(186,4,'Aktualisierungen'),(186,7,'Aggiornamenti'),(187,1,'Design'),(187,2,'Apparence'),(187,4,'Design'),(187,7,'Design'),(188,1,'Theme & Logo'),(188,2,'Thème et logo'),(188,4,'Template und Logo'),(188,7,'Tema & Logo'),(189,1,'Email Theme'),(189,2,'Thème d\'email'),(189,4,'E-Mail-Theme'),(189,7,'Tema Email'),(190,1,'Email Theme'),(190,2,'Thème d\'email'),(190,4,'E-Mail-Theme'),(190,7,'Tema Email'),(191,1,'Pages'),(191,2,'Pages'),(191,4,'Seiten'),(191,7,'Pagine'),(192,1,'Positions'),(192,2,'Positions'),(192,4,'Positionen'),(192,7,'Posizioni'),(193,1,'Image Settings'),(193,2,'Images'),(193,4,'Bilder'),(193,7,'Impostazioni immagine'),(194,1,'Shipping'),(194,2,'Livraison'),(194,4,'Versand'),(194,7,'Spedizione'),(195,1,'Carriers'),(195,2,'Transporteurs'),(195,4,'Versanddienste'),(195,7,'Mezzi di spedizione'),(196,1,'Preferences'),(196,2,'Préférences'),(196,4,'Voreinstellungen'),(196,7,'Impostazioni'),(197,1,'Payment'),(197,2,'Paiement'),(197,4,'Zahlung'),(197,7,'Pagamento'),(198,1,'Payment Methods'),(198,2,'Modes de paiement'),(198,4,'Zahlungsarten'),(198,7,'Metodi di Pagamento'),(199,1,'Preferences'),(199,2,'Préférences'),(199,4,'Voreinstellungen'),(199,7,'Impostazioni'),(200,1,'International'),(200,2,'International'),(200,4,'International'),(200,7,'Internazionale'),(201,1,'Localization'),(201,2,'Localisation'),(201,4,'Lokalisierung'),(201,7,'Localizzazione'),(202,1,'Localization'),(202,2,'Localisation'),(202,4,'Lokalisierung'),(202,7,'Localizzazione'),(203,1,'Languages'),(203,2,'Langues'),(203,4,'Sprachen'),(203,7,'Lingue'),(204,1,'Currencies'),(204,2,'Devises'),(204,4,'Währungen'),(204,7,'Valute'),(205,1,'Geolocation'),(205,2,'Géolocalisation'),(205,4,'Geotargeting'),(205,7,'Geolocalizzazione'),(206,1,'Locations'),(206,2,'Zones géographiques'),(206,4,'Länder & Gebiete'),(206,7,'Località'),(207,1,'Zones'),(207,2,'Zones'),(207,4,'Gebiete'),(207,7,'Zone'),(208,1,'Countries'),(208,2,'Pays'),(208,4,'Länder'),(208,7,'Nazione'),(209,1,'States'),(209,2,'États'),(209,4,'Bundesländer'),(209,7,'Province'),(210,1,'Taxes'),(210,2,'Taxes'),(210,4,'Steuersätze'),(210,7,'Tasse'),(211,1,'Taxes'),(211,2,'Taxes'),(211,4,'Steuersätze'),(211,7,'Tasse'),(212,1,'Tax Rules'),(212,2,'Règles de taxes'),(212,4,'Steuerregeln'),(212,7,'Aliquote Iva'),(213,1,'Translations'),(213,2,'Traductions'),(213,4,'Übersetzungen'),(213,7,'Traduzioni'),(214,1,'Configure'),(214,2,'Configurer'),(214,4,'Einstellungen'),(214,7,'Configura'),(215,1,'Shop Parameters'),(215,2,'Paramètres de la boutique'),(215,4,'Shop-Einstellungen'),(215,7,'Parametri Negozio'),(216,1,'General'),(216,2,'Paramètres généraux'),(216,4,'Allgemein'),(216,7,'Generale'),(217,1,'General'),(217,2,'Paramètres généraux'),(217,4,'Allgemein'),(217,7,'Generale'),(218,1,'Maintenance'),(218,2,'Maintenance'),(218,4,'Wartung'),(218,7,'Manutenzione'),(219,1,'Order Settings'),(219,2,'Commandes'),(219,4,'Bestellungen'),(219,7,'Impostazioni Ordine'),(220,1,'Order Settings'),(220,2,'Commandes'),(220,4,'Bestellungen'),(220,7,'Impostazioni Ordine'),(221,1,'Statuses'),(221,2,'États de commandes'),(221,4,'Status'),(221,7,'Stati'),(222,1,'Product Settings'),(222,2,'Produits'),(222,4,'Artikel'),(222,7,'Prodotti'),(223,1,'Customer Settings'),(223,2,'Clients'),(223,4,'Benutzerdefinierte Einstellungen'),(223,7,'Impostazioni clienti'),(224,1,'Customer Settings'),(224,2,'Clients'),(224,4,'Benutzerdefinierte Einstellungen'),(224,7,'Impostazioni clienti'),(225,1,'Groups'),(225,2,'Groupes'),(225,4,'Gruppen'),(225,7,'Gruppi'),(226,1,'Titles'),(226,2,'Titres de civilité'),(226,4,'Bezeichnung'),(226,7,'Titoli'),(227,1,'Contact'),(227,2,'Contact'),(227,4,'Kontakt'),(227,7,'Contatto'),(228,1,'Contacts'),(228,2,'Contacts'),(228,4,'Kontakte'),(228,7,'Contatti'),(229,1,'Stores'),(229,2,'Magasins'),(229,4,'Shops'),(229,7,'Negozi'),(230,1,'Traffic & SEO'),(230,2,'Trafic et SEO'),(230,4,'Traffic & SEO'),(230,7,'Traffico & SEO'),(231,1,'SEO & URLs'),(231,2,'SEO & URL'),(231,4,'SEO & URLs'),(231,7,'SEO & URLs'),(232,1,'Search Engines'),(232,2,'Moteurs de recherche'),(232,4,'Suchmaschinen'),(232,7,'Motori di ricerca'),(233,1,'Search'),(233,2,'Rechercher'),(233,4,'Suche'),(233,7,'Cerca'),(234,1,'Search'),(234,2,'Rechercher'),(234,4,'Suche'),(234,7,'Cerca'),(235,1,'Tags'),(235,2,'Mots-clés'),(235,4,'Stichwörter'),(235,7,'Tags'),(236,1,'Advanced Parameters'),(236,2,'Paramètres avancés'),(236,4,'Erweiterte Einstellungen'),(236,7,'Parametri Avanzati'),(237,1,'Information'),(237,2,'Informations'),(237,4,'Informationen'),(237,7,'Informazioni'),(238,1,'Performance'),(238,2,'Performances'),(238,4,'Leistung'),(238,7,'Prestazioni'),(239,1,'Administration'),(239,2,'Administration'),(239,4,'Verwaltung'),(239,7,'Amministrazione'),(240,1,'E-mail'),(240,2,'E-mail'),(240,4,'E-mail'),(240,7,'E-mail'),(241,1,'Import'),(241,2,'Importer'),(241,4,'Importieren'),(241,7,'Importa'),(242,1,'Team'),(242,2,'Équipe'),(242,4,'Benutzerrechte'),(242,7,'Dipendenti'),(243,1,'Employees'),(243,2,'Employés'),(243,4,'Mitarbeiter'),(243,7,'Dipendenti'),(244,1,'Profiles'),(244,2,'Profils'),(244,4,'Profile'),(244,7,'Profili'),(245,1,'Permissions'),(245,2,'Permissions'),(245,4,'Berechtigungen'),(245,7,'Permessi'),(246,1,'Database'),(246,2,'Base de données'),(246,4,'Datenbank'),(246,7,'Database'),(247,1,'SQL Manager'),(247,2,'Gestionnaire SQL'),(247,4,'SQL-Abfragen'),(247,7,'Manager SQL'),(248,1,'DB Backup'),(248,2,'Sauvegarde BDD'),(248,4,'Datenbank-Backup'),(248,7,'Backup DB'),(249,1,'Logs'),(249,2,'Logs'),(249,4,'Log-Dateien'),(249,7,'Logs'),(250,1,'Webservice'),(250,2,'Webservice'),(250,4,'Webservice'),(250,7,'Webservice'),(251,1,'Multistore'),(251,2,'Multiboutique'),(251,4,'Multishop'),(251,7,'Multinegozio'),(252,1,'Multistore'),(252,2,'Multiboutique'),(252,4,'Multishop'),(252,7,'Multinegozio'),(253,1,'New & Experimental Features'),(253,2,'Fonctionnalités nouvelles et expérimentales'),(253,4,'New & Experimental Features'),(253,7,'Funzionalità Nuove e Sperimentali'),(254,1,'Security'),(254,2,'Sécurité'),(254,4,'Security'),(254,7,'Sicurezza'),(255,1,'Security'),(255,2,'Sécurité'),(255,4,'Security'),(255,7,'Sicurezza'),(256,1,'Employee Sessions'),(256,2,'Sessions employés'),(256,4,'Employee Sessions'),(256,7,'Sessioni Impiegato'),(257,1,'Customer Sessions'),(257,2,'Sessions clients'),(257,4,'Customer Sessions'),(257,7,'Sessioni Cliente'),(258,1,'Quick Access'),(258,2,'Accès rapide'),(258,4,'Schnellzugriff'),(258,7,'Accesso Veloce'),(259,1,'More'),(259,2,'Détails'),(259,4,'Mehr'),(259,7,'Più'),(261,1,'Stock'),(261,2,'Stock'),(261,4,'Lager'),(261,7,'Magazzino'),(265,1,'Link List'),(265,2,'Liste de liens'),(265,4,'Linkliste'),(265,7,'Elenco Link'),(266,1,'AdminBlockListing'),(266,2,'AdminBlockListing'),(266,4,'AdminBlockListing'),(266,7,'AdminBlockListing'),(270,1,'Wishlist Module'),(270,2,'Wishlist Module'),(270,4,'Wishlist Module'),(270,7,'Wishlist Module'),(271,1,'Configuration'),(271,2,'Paramètres'),(271,4,'Einstellungen'),(271,7,'Configurazione'),(272,1,'Statistics'),(272,2,'Statistics'),(272,4,'Statistics'),(272,7,'Statistics'),(273,1,'Theme & Logo'),(273,2,'Thème et logo'),(273,4,'Template und Logo'),(273,7,'Tema & Logo'),(274,1,'Pages Configuration'),(274,2,'Pages Configuration'),(274,4,'Pages Configuration'),(274,7,'Pagine configurazione'),(275,1,'Advanced Customization'),(275,2,'Personnalisation avancée'),(275,4,'Advanced Customization'),(275,7,'Personalizzazione avanzata'),(276,1,'DHL'),(276,2,'DHL'),(276,4,'DHL'),(276,7,'DHL'),(277,1,'DHL Ajax'),(277,2,'DHL Ajax'),(277,4,'DHL Ajax'),(277,7,'DHL Ajax'),(318,1,'1-Click Upgrade'),(318,2,'1-Click Upgrade'),(318,4,'1-Click Upgrade'),(318,7,'1-Click Upgrade'),(319,1,'Hinweis auf neue Bestellungen am Warenkorb-Zeichen'),(319,2,'Hinweis auf neue Bestellungen am Warenkorb-Zeichen'),(319,4,'Hinweis auf neue Bestellungen am Warenkorb-Zeichen'),(319,7,'Hinweis auf neue Bestellungen am Warenkorb-Zeichen'),(324,1,'PayPal'),(324,2,'PayPal'),(324,4,'PayPal'),(324,7,'PayPal'),(325,1,'Configuration'),(325,2,'Configuration'),(325,4,'Configuration'),(325,7,'Configuration'),(326,1,'Logger'),(326,2,'Logger'),(326,4,'Logger'),(326,7,'Logger'),(327,1,'Diagnostic'),(327,2,'Diagnostique'),(327,4,'Diagnostic'),(327,7,'Diagnostic'),(328,1,'AdminPayPalCustomizeCheckout'),(328,2,'AdminPayPalCustomizeCheckout'),(328,4,'AdminPayPalCustomizeCheckout'),(328,7,'AdminPayPalCustomizeCheckout'),(329,1,'AdminPayPalHelp'),(329,2,'AdminPayPalHelp'),(329,4,'AdminPayPalHelp'),(329,7,'AdminPayPalHelp'),(330,1,'AdminPayPalInstallment'),(330,2,'AdminPayPalInstallment'),(330,4,'AdminPayPalInstallment'),(330,7,'AdminPayPalInstallment'),(331,1,'AdminPayPalLogs'),(331,2,'AdminPayPalLogs'),(331,4,'AdminPayPalLogs'),(331,7,'AdminPayPalLogs'),(332,1,'AdminPayPalPUIListener'),(332,2,'AdminPayPalPUIListener'),(332,4,'AdminPayPalPUIListener'),(332,7,'AdminPayPalPUIListener'),(333,1,'AdminPayPalSetup'),(333,2,'AdminPayPalSetup'),(333,4,'AdminPayPalSetup'),(333,7,'AdminPayPalSetup'),(334,1,'AdminPaypalAjaxHandler'),(334,2,'AdminPaypalAjaxHandler'),(334,4,'AdminPaypalAjaxHandler'),(334,7,'AdminPaypalAjaxHandler'),(335,1,'AdminPaypalGetCredentials'),(335,2,'AdminPaypalGetCredentials'),(335,4,'AdminPaypalGetCredentials'),(335,7,'AdminPaypalGetCredentials');

--
-- Table structure for table `prstshp_tab_module_preference`
--

CREATE TABLE `prstshp_tab_module_preference` (
  `id_tab_module_preference` int(11) NOT NULL AUTO_INCREMENT,
  `id_employee` int(11) NOT NULL,
  `id_tab` int(11) NOT NULL,
  `module` varchar(191) NOT NULL,
  PRIMARY KEY (`id_tab_module_preference`),
  UNIQUE KEY `employee_module` (`id_employee`,`id_tab`,`module`)
) ENGINE=InnoDB DEFAULT CHARSET=utf8mb4 ROW_FORMAT=DYNAMIC;

--
-- Dumping data for table `prstshp_tab_module_preference`
--


--
-- Table structure for table `prstshp_tag`
--

CREATE TABLE `prstshp_tag` (
  `id_tag` int(10) unsigned NOT NULL AUTO_INCREMENT,
  `id_lang` int(10) unsigned NOT NULL,
  `name` varchar(32) NOT NULL,
  PRIMARY KEY (`id_tag`),
  KEY `tag_name` (`name`),
  KEY `id_lang` (`id_lang`)
) ENGINE=InnoDB AUTO_INCREMENT=27822 DEFAULT CHARSET=utf8mb4 ROW_FORMAT=DYNAMIC;

--
-- Dumping data for table `prstshp_tag`
--

INSERT INTO `prstshp_tag` VALUES (42,4,'PADDELTASCHE'),(43,4,'mocke'),(44,4,'TASCHE'),(45,4,'paddel'),(229,4,'Flosse'),(234,4,'Carbon Flosse'),(235,4,'Schwimmflosse'),(332,4,'Fenn'),(333,4,'Surfski'),(368,4,'Spanngurt'),(369,4,'Strap'),(370,4,'Befestigung'),(383,1,'Strap'),(385,1,'transport'),(386,1,'packing'),(447,4,'Carbon paddle board'),(449,4,'carbon board'),(450,4,'paddelboard'),(454,4,'Carla'),(455,4,'Wetiz'),(456,4,'lifesaving board'),(459,4,'Free'),(460,4,'Killa 90'),(461,4,'Semi-Construction'),(462,4,'surf lifesaving'),(486,4,'Visor'),(572,4,'Vizor'),(577,4,'Sonnenschutz'),(597,4,'cap'),(634,4,'kopfbedeckung'),(641,4,'Tube'),(642,4,'Gurtretter'),(643,4,'Rescue tube'),(644,4,'Rettungsgurt'),(680,4,'Paddle Pant'),(681,4,'Paddelhose'),(682,4,'vcold'),(721,4,'Ski'),(738,4,'Kids'),(756,1,'fenn'),(757,1,'mako'),(758,1,'surfski'),(759,1,'ski'),(760,2,'fenn'),(761,2,'surfski'),(762,2,'ski'),(763,2,'mako'),(764,4,'mako'),(773,1,'elite'),(774,2,'elite'),(775,4,'Elite'),(784,1,'kids ski'),(787,2,'enfants'),(788,2,'enfant'),(966,4,'vaikobi'),(1002,4,'vocean'),(1072,4,'top'),(1205,4,'winter'),(1218,4,'mütze'),(1232,4,'sun'),(1275,4,'Sonnenbrille'),(1276,4,'Brille'),(1277,4,'glas'),(1278,4,'sunglas'),(1279,4,'sunprotection'),(1280,4,'dirty dog'),(1281,4,'Weste'),(1283,4,'schwimmweste'),(1284,4,'Vest'),(1285,4,'PFD'),(1304,4,'Storage'),(1306,4,'SUP'),(1756,4,'caps'),(1757,4,'sonne'),(1758,4,'reflective'),(1769,4,'Boardtasche'),(1770,4,'Board'),(1780,4,'Rescue'),(1799,1,'Leash'),(1800,1,'mocke'),(1801,2,'Leash'),(1802,2,'mocke'),(1803,2,'ski leash'),(1804,4,'Leash'),(1805,4,'Sicherheit'),(1806,4,'safety'),(1811,4,'paddel oberteil'),(1836,4,'Flora'),(1859,4,'Tracksta'),(1861,4,'killa'),(1884,2,'kids ski'),(1885,2,'ski kids'),(1905,4,'double'),(1906,4,'doppel'),(1907,4,'zweier'),(1909,4,'2er'),(1910,4,'2 er'),(2164,4,'hose'),(2198,4,'boardbag'),(2208,4,'socs'),(2211,4,'socken'),(2212,4,'Snapback'),(2334,4,'Rettungspuppe'),(2335,4,'Puppe'),(2458,4,'nipper'),(2496,4,'kinderboard'),(2497,4,'kidsboard'),(2512,4,'Paddle Shorts'),(2513,4,'shorts'),(3051,4,'Boardshorts'),(3129,4,'USB Stick'),(3130,4,'Lifesaving USB Stick'),(3174,4,'Trance'),(3176,4,'Rescue Board'),(3192,4,'rescue can'),(3193,4,'can'),(3247,4,'TS'),(3248,4,'Classic'),(3249,4,'TS Classic'),(3284,4,'Pool Lifesaving'),(3335,4,'Füßlinge'),(3336,4,'fin socks'),(3385,4,'Merak'),(3389,4,'big killa'),(3421,4,'Flossentasche'),(3422,4,'Fin bag'),(3423,4,'tasche flossen'),(3424,4,'bag fins'),(3427,4,'flossen tasche'),(3440,4,'ts-bent'),(3441,4,'bent'),(3525,4,'Fin'),(3564,4,'bag'),(3717,4,'rettungsbrett'),(3731,4,'Surf Rescue'),(3751,4,'Finne'),(3879,4,'kinderboards'),(3880,4,'kis nipper'),(3985,4,'fine'),(4500,1,'Swox'),(4501,1,'sonnencreme'),(4502,1,'creme'),(4503,1,'sun protection'),(4504,1,'zink'),(4505,1,'zinc'),(4506,1,'zinc creme'),(4507,4,'swox'),(4508,4,'sonnencreme'),(4509,4,'sun creme'),(4510,4,'zink'),(4511,4,'zinc'),(4512,4,'zinc creme'),(4513,4,'zink creme'),(4927,4,'Leine'),(5460,1,'lifesaving dummy'),(5461,1,'rescue dummy'),(5462,4,'Dummy'),(5463,4,'Rescue Dummy'),(5464,4,'Übungspuppe'),(5646,4,'Manikin'),(5759,4,'Badekappen'),(5760,4,'Bademützen'),(5763,4,'swim caps'),(5764,4,'printed swim caps'),(5823,4,'Carbon Paddel'),(5825,4,'Surfski Paddel'),(5995,4,'paddelbag'),(6234,4,'bedruckte badecaps'),(6667,4,'paddletop'),(7662,4,'double ski'),(7664,4,'double surfski'),(7666,4,'2er ski'),(7799,4,'Schraube'),(7800,4,'Screw'),(7882,4,'brustschraube'),(7883,4,'brust schraube'),(7884,4,'Fußschraube'),(7885,4,'Fuß Schraube'),(7886,4,'Kopfschraube'),(7887,4,'head screw'),(7888,4,'headsrew'),(7889,4,'kopf schraube'),(7890,4,'schraube puppe'),(7891,4,'puppe schraube'),(7892,4,'puppen schraube'),(9279,4,'julz'),(9280,4,'jules'),(9281,4,'juls'),(9282,4,'lifesaving ski'),(9402,4,'paddelshorts'),(9403,4,'paddleshorts'),(9948,1,'surf ski kids'),(9949,1,'guppy'),(9950,1,'guppi'),(9951,1,'guppie'),(9952,2,'kids'),(9953,2,'guppy'),(9954,2,'guppi'),(9955,2,'guppie'),(9956,4,'surfski kids'),(9957,4,'kids surfski'),(9958,4,'guppy'),(9959,4,'guppi'),(9960,4,'guppie'),(10478,1,'sicherheit'),(10479,1,'surfksi leash'),(10480,4,'life line calf leash'),(10481,4,'ski leash'),(10482,4,'Surfski leash'),(10782,4,'girls'),(10787,4,'Paddelschutz'),(11099,1,'tarps'),(11100,2,'tarps'),(11101,4,'tarps'),(11102,4,'tarpoon'),(11765,1,'visor'),(11766,1,'cap'),(11767,1,'wetiz visor'),(11768,1,'visor wetiz'),(13108,4,'hero'),(13124,4,'handshaped'),(13125,4,'custom made'),(13213,4,'stand up paddle'),(13445,4,'flex'),(13446,4,'stretch'),(14898,1,'bonito'),(14962,1,'doppel'),(14963,1,'zweier'),(14964,1,'double'),(14965,1,'elite double'),(14966,1,'2er'),(14967,1,'2 er'),(14968,1,'team'),(14969,2,'doppel'),(14970,2,'zweier'),(14971,2,'double'),(14972,2,'team'),(14973,4,'surfsi'),(16041,4,'paddeltop'),(16042,4,'lycra'),(16060,4,'paddle top'),(16475,1,'KAYAK ERGO'),(16476,1,'Kayak ergometer'),(16477,1,'weba'),(16478,1,'paddle training'),(16479,4,'Ergometer'),(16480,4,'Paddelergometer'),(16481,4,'Kajakergometer'),(16482,4,'Trainingsergometer'),(16483,4,'Kajak'),(16484,4,'paddel training'),(16791,4,'anhänger'),(17211,1,'airscrew'),(17212,1,'screw'),(17213,4,'Luftschraube'),(17214,4,'air screw'),(17744,1,'Vaikobi'),(17745,1,'VOCEAN'),(17746,1,'Paddle shorts'),(17747,1,'paddelshorts'),(17748,1,'shorts'),(17749,1,'hose'),(17750,1,'kurze hose'),(17751,4,'paddel hose'),(17752,4,'kurze hose'),(17847,1,'elite sl'),(17848,2,'elite sl'),(17849,4,'elite sl'),(17920,1,'board'),(17930,4,'X-Brother'),(18184,4,'hand'),(18185,4,'hand-paddel'),(18186,4,'paddle'),(18581,4,'used'),(18582,4,'gebraucht'),(18604,7,'gebraucht'),(18605,7,'used'),(18607,7,'merak'),(18629,4,'forcefield'),(18654,4,'pro'),(18655,4,'carbon'),(18685,4,'neu'),(18686,4,'new'),(18757,1,'pro'),(18820,4,'vk-030'),(18926,4,'navilight'),(18927,4,'licht'),(18928,4,'lampe'),(18929,4,'navi'),(18930,4,'navigation'),(18931,4,'light'),(18995,1,'used'),(18996,1,'gebraucht'),(19064,4,'Flossen'),(19065,4,'Livesaving'),(19112,4,'club caps'),(19358,4,'Korken'),(19600,1,'kids'),(19731,1,'double ski'),(19732,1,'double surfski'),(19733,1,'elite s'),(19734,1,'elite s double'),(19735,4,'elite double'),(19736,4,'elite s double'),(19737,4,'zweier ski'),(19795,4,'Paddelweste'),(19830,4,'shirt'),(19831,4,'longsleeve'),(19850,4,'zipper'),(19851,4,'hoodie'),(19852,4,'pulli'),(19853,4,'hoodi'),(19854,4,'pullover'),(19855,4,'the storm'),(19856,4,'jacke'),(19857,4,'wind'),(19858,4,'sturm'),(19859,4,'kälte'),(20340,1,'paddel'),(20341,1,'carbon paddel'),(20342,1,'surfski paddel'),(20343,1,'flex'),(20344,1,'paddle'),(20345,1,'orka'),(20346,1,'orka paddel'),(20347,1,'orka paddle'),(20350,1,'surf ski'),(20351,2,'paddel'),(20352,2,'carbon paddel'),(20353,2,'surfski paddel'),(20354,2,'flex'),(20355,2,'paddle'),(20356,2,'orka'),(20357,2,'orka paddel'),(20358,2,'orka paddle'),(20361,2,'surf ski'),(20362,4,'orka'),(20363,4,'orka paddel'),(20364,4,'orka paddle'),(20367,4,'surf ski'),(20368,7,'paddel'),(20369,7,'surfski'),(20370,7,'carbon paddel'),(20371,7,'surfski paddel'),(20372,7,'flex'),(20373,7,'paddle'),(20374,7,'orka'),(20375,7,'orka paddel'),(20376,7,'orka paddle'),(20379,7,'surf ski'),(20567,2,'pro'),(20572,7,'pro'),(20587,1,'minni'),(20588,1,'minni pro'),(20589,2,'minni'),(20590,2,'minni pro'),(20591,4,'minni'),(20592,4,'minni pro'),(20593,7,'minni'),(20594,7,'minni pro'),(20845,1,'Plug'),(20846,2,'Bouchon'),(20847,7,'Tappo di ricambio'),(21087,4,'Trockenleder'),(21088,4,'Leder'),(21089,4,'dry'),(21723,2,'Visor'),(21724,2,'Vizor'),(21791,4,'leggings'),(21799,4,'tech tee'),(21809,4,'long sleeve'),(21840,4,'vdry'),(21841,4,'lighweight'),(21842,4,'zip'),(21843,4,'zip vest'),(21844,4,'silver'),(21845,4,'reflective silver'),(22203,4,'Fenn 6'),(22204,4,'fenn6'),(22205,4,'f6'),(22206,4,'fennix 1'),(22207,4,'fennix'),(22266,4,'Finbag'),(22273,1,'Lifesaving flash drive'),(22274,1,'lifesaving data storage'),(22275,4,'Rettungspuppe USB Stick'),(22303,1,'nipper'),(22304,1,'nipper board'),(22305,1,'ZARN'),(22306,1,'kids nipper'),(22307,2,'nipper planche'),(22308,2,'nipper'),(22309,2,'planche kids'),(22310,2,'planche enfant'),(22837,4,'hydroflex'),(22838,4,'HYDROFLEX TOP'),(22868,4,'short'),(22869,4,'paddelshort'),(22875,4,'jacket'),(22877,4,'black'),(22882,4,'grey'),(22883,4,'vheat'),(22884,4,'men'),(22886,4,'ls'),(22887,4,'cold'),(22908,2,'vaikobi'),(22909,7,'vaikobi'),(23004,4,'Trainingsflosse'),(23005,4,'Flossen Training'),(23006,4,'Gummi flossen'),(23007,4,'rubber fins'),(23008,4,'kids fins'),(23009,4,'youth fins'),(23010,4,'nachwuchs flossen'),(23045,4,'orange'),(23046,4,'uv'),(23047,4,'uvtop'),(23048,4,'ocean'),(23085,4,'lifeguard'),(23093,4,'nipper finne'),(23094,4,'nipper fin'),(23095,4,'replacement fin'),(23096,4,'ersatzfinne'),(23157,4,'handles'),(23267,4,'x brother'),(23268,4,'fat brother'),(23269,4,'Trance Board'),(23358,4,'Wasserrettung'),(23372,1,'skibag'),(23373,1,'skitasche'),(23374,1,'kinderski'),(23389,4,'Sicherheitsflagge'),(23390,4,'Ohne transport'),(23391,4,'safety flag'),(23392,4,'rote fahne'),(23393,4,'warnflagge'),(23394,4,'transport überlänge'),(23395,4,'ladungstransport'),(23396,4,'flagge'),(23397,4,'beachflag'),(23398,4,'flag'),(23496,4,'Schildmütze'),(23635,2,'rescue'),(23661,1,'Rescue'),(23716,4,'surfski gebraucht'),(23717,4,'ski gebraucht'),(23718,4,'surfski used'),(23719,4,'ski used'),(23720,4,'fennix julz'),(23721,4,'julz ski'),(23722,4,'shallow seat'),(23723,4,'blue'),(23742,4,'junior'),(23745,1,'flora'),(23746,1,'paddelboard'),(23759,4,'carbon pro'),(23760,4,'tracksta board'),(23795,1,'usagé'),(23796,1,'flora board'),(23797,2,'gebraucht'),(23798,2,'used'),(23799,2,'usagé'),(23800,2,'flora'),(23801,2,'flora board'),(23802,2,'flora planche'),(23803,4,'usagé'),(23804,4,'flora board'),(23805,7,'usagé'),(23806,7,'flora'),(23807,7,'flora board'),(23808,7,'tavola flora'),(23834,4,'killa board'),(23835,4,'semi'),(23845,4,'12 fuß'),(23846,4,'12 foot'),(23847,4,'large board'),(23848,1,'used x-brother'),(23849,1,'x-brother'),(23851,2,'x-brother'),(23853,2,'x-brother usagée'),(23854,2,'x-brother planche'),(23855,4,'x-brother gebraucht'),(23856,4,'gebrauchtes x-brother'),(23857,7,'usato'),(23858,7,'tavola x-brother'),(23861,7,'x-brother usato'),(23911,2,'usagée'),(23938,1,'used merak'),(23939,1,'merak used'),(23941,1,'merak board'),(23942,2,'merak usagée'),(23944,2,'merak planche'),(23947,4,'merak board'),(23948,4,'merak gebraucht'),(23949,4,'gebrauchtes merak'),(23950,7,'merak used'),(23951,7,'used merak'),(23953,7,'tavola merak'),(23954,1,'larmoon'),(23955,1,'larmoon board'),(23956,1,'used larmoon'),(23957,1,'larmoon used'),(23958,2,'larmoon'),(23959,2,'larmoon board'),(23960,2,'larmoon planche'),(23962,2,'larmoon usagée'),(23963,4,'larmoon'),(23964,4,'larmoon board'),(23965,4,'larmoon gebraucht'),(23966,4,'gebrauchtes larmoon'),(23967,7,'tavola larmoon'),(23969,7,'larmoon usato'),(23974,7,'larmoon board'),(24025,1,'trance'),(24026,1,'trance board'),(24027,1,'used trance'),(24028,1,'trance used'),(24029,2,'trance'),(24030,2,'trance planche'),(24031,2,'trance board'),(24034,2,'trance usagée'),(24035,4,'trance gebraucht'),(24036,4,'gebrauchtes trance'),(24037,7,'trance'),(24038,7,'tavola trance'),(24039,7,'trance board'),(24040,7,'trance usato'),(24041,7,'used trance'),(24179,1,'rescue board'),(24180,1,'rescue board hawaii'),(24182,2,'rescue planche'),(24183,2,'rescue planche hawaii'),(24185,4,'rescue board hawaii'),(24187,7,'tavola de salvataggio'),(24188,7,'tavola de salvataggio hawaii'),(24190,7,'rescue'),(24191,7,'rescue board'),(24192,7,'rescue board hawaii'),(24327,1,'12\''),(24328,2,'12\''),(24329,4,'12\''),(24330,7,'12\''),(24331,1,'used flora'),(24332,1,'flora used'),(24333,2,'planche de flora'),(24334,4,'used flora'),(24335,4,'flora used'),(24336,7,'flora tavola'),(24337,7,'flora usato'),(24338,7,'flora used'),(24339,7,'used flora'),(24362,1,'merak semi construction'),(24363,2,'usagée merak'),(24364,2,'merak semi construction'),(24365,4,'merak semi construction'),(24366,7,'merak semi construction'),(24373,1,'merak'),(24374,2,'used merak'),(24375,2,'merak'),(24376,2,'merak board'),(24377,7,'merak board'),(24378,7,'merak usato'),(24449,1,'x brother'),(24450,1,'fat brother'),(24451,1,'x-brother board'),(24452,2,'x brother'),(24453,2,'fat brother'),(24454,4,'x-brother board'),(24455,7,'x-brother'),(24456,7,'fat brother'),(24457,7,'x brother'),(24458,7,'x-brother board'),(24642,7,'trance used'),(24658,4,'Sonnen'),(24942,4,'handschlaufen'),(24943,4,'boardhandles'),(24944,7,'handgriff'),(24945,7,'handgriffe'),(24946,7,'hand'),(24947,7,'handles'),(24948,4,'schlüssel'),(24949,4,'key'),(24950,4,'key chain'),(24951,4,'Schlüsselanhänger Flossen'),(24952,4,'Schlüsselanhänger Lifesaving'),(24979,4,'Torpedo Flosse'),(24980,4,'Flosse Rettungsschimmer'),(24981,4,'DRLG Profi Flosse'),(24982,4,'High-End Flosse'),(24983,4,'Torpedo'),(24984,4,'fins'),(25072,4,'beach coat'),(25073,4,'beach'),(25074,4,'coat'),(25075,4,'vaikobi beach'),(25076,4,'vaikobi beach coat'),(25077,4,'vaikobi coat'),(25078,4,'navy'),(25228,4,'v'),(25229,4,'flex vest'),(25297,1,'USB'),(25298,1,'USB Stick'),(25299,4,'USB Stick Tube Lifesaving'),(25321,1,'beanie'),(25322,1,'winter'),(25323,1,'alaska'),(25324,1,'headwear'),(25325,4,'beanie'),(25326,4,'headwear'),(25327,4,'alaska'),(25364,4,'Stand up paddle board'),(25365,4,'red board'),(25366,4,'redboard'),(25367,4,'rettungsboard'),(25444,1,'green fix'),(25445,1,'greenfix'),(25446,1,'wax'),(25447,1,'surf wax'),(25448,1,'surfwax'),(25449,2,'greenfix'),(25450,2,'green fix'),(25451,4,'greenfix'),(25452,4,'green fix'),(25453,4,'surfwachs'),(25454,4,'wachs'),(25455,4,'boardwachs'),(25505,1,'11\''),(25506,2,'11\''),(25507,4,'11\''),(25508,7,'11\''),(25756,4,'handgriff'),(25757,4,'handgriffe'),(25831,4,'Epoxy'),(25832,4,'Board Reparatur'),(25833,4,'board repair'),(25834,4,'repair set'),(25835,4,'Reparatur set'),(25836,4,'epoxy kleber'),(25837,4,'Epoxyharz'),(25838,4,'Fiberglasmatte'),(25839,4,'surfboard repair'),(25840,4,'surf repair'),(25841,4,'harz'),(25842,1,'Halterung'),(25843,1,'Rack'),(25844,1,'Storage'),(25845,4,'Halterung'),(25846,4,'Boardhalterung'),(25916,4,'women'),(25926,4,'Bullets'),(25927,4,'Bailer'),(25987,4,'waterproof'),(25988,4,'phone'),(26022,4,'weight'),(26023,4,'light jacket'),(26024,4,'lightweight jacket'),(26025,4,'smock'),(26026,4,'performance'),(26143,1,'rubber'),(26144,1,'kantenschutz'),(26145,1,'fin repair'),(26146,4,'Kantenschutz'),(26147,4,'Reparatur Gummi'),(26148,4,'Kantenschutz-Set'),(26149,4,'Flossen reparieren'),(26150,4,'rubber'),(26151,4,'kantenschutz gummi'),(26152,4,'flossen Reparatur set'),(26153,4,'fin rubber'),(26198,4,'Tool Puppe'),(26199,4,'Tool'),(26200,4,'Mannequin'),(26201,4,'Rescue Tool'),(26202,4,'poupée'),(26203,4,'rescue manikin'),(26256,1,'Rescue Tube'),(26257,1,'Tube'),(26258,1,'rescue belt'),(26259,2,'rescue tube'),(26260,2,'tube'),(26261,2,'lifesaving tube'),(26262,4,'boje'),(26263,4,'rescue boje'),(26319,4,'midnight'),(26326,4,'short sleeve'),(26327,4,'short sleeve shirt'),(26328,4,'quick'),(26329,4,'quick dry'),(26337,1,'larmoon semi construction'),(26338,2,'larmoon semi construction'),(26339,4,'larmoon semi construction'),(26340,7,'larmoon semi construction'),(26425,1,'dummy'),(26426,1,'Manikin'),(26427,2,'la poupée'),(26428,2,'poupée'),(26498,1,'ultra'),(26499,1,'ultra flex'),(26500,2,'ultra'),(26501,2,'ultra flex'),(26502,4,'ultra'),(26503,4,'ultra flex'),(26504,7,'ultra'),(26505,7,'ultra flex'),(26562,4,'honeycomb'),(26563,4,'surfboard finne'),(26564,4,'board finne'),(26662,1,'towsurf'),(26663,1,'big wave surf'),(26664,1,'jet ski slide'),(26665,1,'jet ski rescue slide'),(26666,1,'nazare big wave rescue slide'),(26667,1,'nazare jet ski slide'),(26668,2,'jetski'),(26669,2,'rescue slide'),(26670,2,'jet ski slide'),(26671,2,'bigwave'),(26672,2,'big wave rescue slide'),(26673,2,'nazare rescue slide'),(26674,2,'nazare jet ski slide'),(26675,4,'jet ski rescue slide'),(26676,4,'rescue slide'),(26677,4,'big wave rescue slide'),(26678,4,'bigwave jetski slide'),(26679,4,'big wave rescue'),(26680,4,'nazare jet ski slide'),(26681,4,'towsurf'),(26689,4,'Boadbag'),(26712,1,'Retainer'),(26713,4,'Gurt'),(26750,4,'Free board'),(26751,4,'paddel board'),(26752,4,'paddle board'),(26753,4,'semi construction'),(26763,4,'shortsleeve'),(26764,4,'t-shirt'),(26765,4,'tanktop'),(26775,4,'Rescue finne'),(26784,1,'seatpad'),(26785,2,'seatpad'),(26786,4,'seatpad'),(26787,7,'seatpad'),(27036,4,'youth'),(27037,1,'carla'),(27038,1,'carbon pro'),(27039,1,'carbon'),(27040,2,'carla'),(27041,2,'sangles'),(27042,4,'Spanngurte'),(27053,4,'fennix ls'),(27054,4,'Rettungsleine'),(27055,4,'Wurfsack'),(27056,4,'rescue bag'),(27057,4,'throw bag'),(27058,4,'Ausrüstung Canyoning'),(27059,4,'Ausrüstung Rafting'),(27060,4,'Ausrüstung Wildwasser'),(27061,4,'Wildwasser'),(27062,4,'Rafting'),(27063,4,'Canyoning'),(27083,1,'swordfish'),(27084,2,'swordfish'),(27085,4,'swordfish'),(27090,4,'spark'),(27091,4,'spark surfski'),(27092,4,'Fenn spark'),(27144,4,'Sonnenhut'),(27145,4,'hat'),(27146,7,'Visor'),(27147,7,'Vizor'),(27160,2,'Bonito'),(27161,2,'kayak enfant'),(27162,4,'Bonito'),(27163,4,'Kinder Ski'),(27164,2,'surge'),(27165,2,'flatwater ski'),(27166,2,'Fenn surfski'),(27167,2,'Fenn surge'),(27168,4,'Surge'),(27169,4,'surge surfski'),(27170,4,'flatwater surfski'),(27175,4,'xts'),(27180,1,'jester'),(27181,1,'ski kids'),(27182,2,'surf ski kids'),(27183,4,'jester'),(27185,4,'elite s'),(27186,4,'Blue fin'),(27187,4,'bluefin'),(27188,4,'elite glide'),(27189,4,'glide'),(27192,4,'xt'),(27193,4,'mako xt'),(27266,1,'trailer'),(27267,1,'craft trailer'),(27268,1,'Surfski trailer'),(27269,1,'board trailer'),(27270,1,'lifesaving trailer'),(27271,1,'transport trailer'),(27272,2,'remorque'),(27273,2,'trailer'),(27274,2,'transport'),(27275,2,'craft'),(27276,4,'trailer'),(27277,4,'transport'),(27278,4,'hänger'),(27279,4,'fan'),(27280,4,'supporter'),(27281,4,'board transport'),(27282,4,'ski transport'),(27283,4,'Surfski transport'),(27284,4,'Surfbrett transport'),(27285,4,'rescue board transport'),(27286,4,'Surfski trailer'),(27287,4,'paddle board trailer'),(27288,4,'boardtrailer'),(27289,4,'board trailer'),(27299,1,'ocean racing'),(27300,1,'long distance'),(27301,4,'ocean racing'),(27302,4,'Surfski-tools'),(27303,4,'Surfski replacement set'),(27304,4,'Surfski ersatzteile'),(27305,4,'Surfski kabel set'),(27306,4,'surski reparatur'),(27317,4,'pool'),(27326,2,'Pool'),(27333,1,'pool'),(27334,7,'Pool'),(27340,4,'badeanzug'),(27343,4,'neo top'),(27344,4,'ärmellos'),(27345,4,'kurzarm'),(27346,1,'neopant'),(27347,1,'cold'),(27348,1,'kalt'),(27349,2,'cold'),(27350,4,'Paddling Pant'),(27351,4,'neo pant'),(27352,4,'neo hose'),(27353,4,'kalt'),(27354,7,'cold'),(27391,4,'rucksack'),(27408,4,'fin socs'),(27409,4,'socks'),(27410,4,'sock'),(27411,4,'socke'),(27412,4,'soke'),(27419,1,'super'),(27420,1,'super flex'),(27421,1,'super flex pro'),(27422,1,'super pro'),(27423,2,'super'),(27424,2,'super flex'),(27425,2,'super flex pro'),(27426,2,'super pro'),(27427,4,'super'),(27428,4,'super flex'),(27429,4,'super flex pro'),(27430,4,'super pro'),(27431,7,'super'),(27432,7,'super flex'),(27433,7,'super flex pro'),(27434,7,'super pro'),(27435,2,'used trance'),(27436,2,'trance used'),(27534,4,'paddlebag'),(27543,4,'flossen socken'),(27547,4,'neopren socken'),(27548,4,'neo socken'),(27549,4,'neo socs'),(27556,1,'Manikin screws'),(27557,4,'Puppen Schrauben Set'),(27558,4,'Puppen Schrauben'),(27559,4,'Puppen Ersatzteile'),(27560,4,'Dummy ersatz'),(27561,4,'Rescue Puppe Schrauben'),(27562,1,'Surfski-spare-set'),(27563,4,'Ersatzteile'),(27586,4,'Surf Rescue Soft'),(27587,4,'surf rescue board soft'),(27588,4,'rescue soft'),(27589,4,'lifesaving paddle board'),(27590,4,'lifesaving france'),(27591,4,'lifesaving spain'),(27592,4,'lifesaving usa'),(27593,4,'lifesaving italy'),(27594,4,'lifesaving portugal'),(27595,4,'lifesaving netherlands'),(27596,4,'lifesaving ireland'),(27612,1,'bmin'),(27613,1,'min'),(27614,2,'bmin'),(27615,2,'min'),(27616,4,'bmin'),(27617,4,'min'),(27618,7,'bmin'),(27619,7,'min'),(27628,1,'inner'),(27629,1,'inner pro'),(27630,2,'inner'),(27631,2,'inner pro'),(27632,4,'inner'),(27633,4,'inner pro'),(27634,7,'inner'),(27635,7,'inner pro'),(27645,4,'Lifesaving Flosse'),(27646,4,'Wettkampf Flosse'),(27647,4,'Carbonflosse'),(27654,4,'TS Classic 2'),(27655,4,'classic 2'),(27659,4,'Classic 3'),(27666,4,'ts bent'),(27667,4,'bent carbon'),(27703,4,'nipper boardbag'),(27704,4,'nipper bag'),(27708,4,'paddel bag'),(27709,4,'paddle bag'),(27710,4,'bag for paddle'),(27757,4,'rettungsboje'),(27775,4,'nipper xl'),(27776,4,'xl nipper'),(27777,4,'lifesaving nippers'),(27784,4,'kind'),(27785,4,'kids nipper'),(27786,4,'nipper kids'),(27787,4,'Kids Rettungspuppe'),(27788,4,'Kinder Puppe'),(27789,4,'Rescue Puppe'),(27792,4,'top sale'),(27799,4,'cold storm'),(27800,4,'paddel top'),(27802,4,'uv paddel top'),(27803,1,'line'),(27804,1,'line throw'),(27805,4,'Leinwurf leine'),(27806,4,'leinwurf'),(27807,4,'line throw'),(27815,4,'Flossentasche Topedo'),(27816,4,'Flossentasche Glide'),(27817,4,'Fin bag glide'),(27818,4,'fin bag torpedo'),(27819,4,'flossentasche torpedo'),(27820,4,'flossentasche rescue flossen'),(27821,4,'fin bag lifesaving fins');

--
-- Table structure for table `prstshp_tag_count`
--

CREATE TABLE `prstshp_tag_count` (
  `id_group` int(10) unsigned NOT NULL DEFAULT '0',
  `id_tag` int(10) unsigned NOT NULL DEFAULT '0',
  `id_lang` int(10) unsigned NOT NULL DEFAULT '0',
  `id_shop` int(11) unsigned NOT NULL DEFAULT '0',
  `counter` int(10) unsigned NOT NULL DEFAULT '0',
  PRIMARY KEY (`id_group`,`id_tag`),
  KEY `id_group` (`id_group`,`id_lang`,`id_shop`,`counter`)
) ENGINE=InnoDB DEFAULT CHARSET=utf8mb4 ROW_FORMAT=DYNAMIC;

--
-- Dumping data for table `prstshp_tag_count`
--

INSERT INTO `prstshp_tag_count` VALUES (0,11765,1,1,1),(0,11766,1,1,1),(0,11767,1,1,1),(0,11768,1,1,1),(0,14962,1,1,1),(0,14963,1,1,1),(0,14964,1,1,1),(0,14965,1,1,1),(0,14966,1,1,1),(0,14967,1,1,1),(0,14968,1,1,1),(0,16475,1,1,1),(0,16476,1,1,1),(0,16477,1,1,1),(0,16478,1,1,1),(0,17211,1,1,1),(0,17212,1,1,1),(0,17745,1,1,1),(0,17746,1,1,1),(0,17747,1,1,1),(0,17748,1,1,1),(0,17749,1,1,1),(0,17750,1,1,1),(0,20587,1,1,1),(0,20588,1,1,1),(0,22273,1,1,1),(0,22274,1,1,1),(0,23372,1,1,1),(0,23373,1,1,1),(0,23374,1,1,1),(0,23746,1,1,1),(0,24327,1,1,1),(0,24331,1,1,1),(0,24332,1,1,1),(0,24362,1,1,1),(0,24373,1,1,1),(0,24449,1,1,1),(0,24450,1,1,1),(0,24451,1,1,1),(0,25297,1,1,1),(0,25298,1,1,1),(0,25321,1,1,1),(0,25322,1,1,1),(0,25323,1,1,1),(0,25324,1,1,1),(0,25444,1,1,1),(0,25445,1,1,1),(0,25446,1,1,1),(0,25447,1,1,1),(0,25448,1,1,1),(0,25505,1,1,1),(0,25842,1,1,1),(0,25843,1,1,1),(0,25844,1,1,1),(0,26143,1,1,1),(0,26144,1,1,1),(0,26145,1,1,1),(0,26337,1,1,1),(0,26498,1,1,1),(0,26499,1,1,1),(0,26662,1,1,1),(0,26663,1,1,1),(0,26664,1,1,1),(0,26665,1,1,1),(0,26666,1,1,1),(0,26667,1,1,1),(0,26784,1,1,1),(0,27037,1,1,1),(0,27038,1,1,1),(0,27039,1,1,1),(0,27083,1,1,1),(0,27180,1,1,1),(0,27181,1,1,1),(0,27266,1,1,1),(0,27267,1,1,1),(0,27268,1,1,1),(0,27269,1,1,1),(0,27270,1,1,1),(0,27271,1,1,1),(0,27299,1,1,1),(0,27300,1,1,1),(0,27346,1,1,1),(0,27347,1,1,1),(0,27348,1,1,1),(0,27419,1,1,1),(0,27420,1,1,1),(0,27421,1,1,1),(0,27422,1,1,1),(0,27556,1,1,1),(0,27562,1,1,1),(0,27612,1,1,1),(0,27613,1,1,1),(0,27803,1,1,1),(0,27804,1,1,1),(0,757,1,1,2),(0,4500,1,1,2),(0,4501,1,1,2),(0,4502,1,1,2),(0,4503,1,1,2),(0,4504,1,1,2),(0,4505,1,1,2),(0,4506,1,1,2),(0,5460,1,1,2),(0,5461,1,1,2),(0,9948,1,1,2),(0,9949,1,1,2),(0,9950,1,1,2),(0,9951,1,1,2),(0,14898,1,1,2),(0,17744,1,1,2),(0,19600,1,1,2),(0,19731,1,1,2),(0,19732,1,1,2),(0,19733,1,1,2),(0,19734,1,1,2),(0,20845,1,1,2),(0,23938,1,1,2),(0,23939,1,1,2),(0,23941,1,1,2),(0,24179,1,1,2),(0,24180,1,1,2),(0,26256,1,1,2),(0,26257,1,1,2),(0,26258,1,1,2),(0,26712,1,1,2),(0,383,1,1,3),(0,385,1,1,3),(0,386,1,1,3),(0,18757,1,1,3),(0,20340,1,1,3),(0,20341,1,1,3),(0,20342,1,1,3),(0,20343,1,1,3),(0,20344,1,1,3),(0,20345,1,1,3),(0,20346,1,1,3),(0,20347,1,1,3),(0,20350,1,1,3),(0,23661,1,1,4),(0,784,1,1,5),(0,10478,1,1,5),(0,10479,1,1,5),(0,22303,1,1,5),(0,22304,1,1,5),(0,22305,1,1,5),(0,22306,1,1,5),(0,27333,1,1,5),(0,759,1,1,6),(0,1799,1,1,6),(0,1800,1,1,6),(0,756,1,1,7),(0,758,1,1,10),(0,14969,2,1,1),(0,14970,2,1,1),(0,14971,2,1,1),(0,14972,2,1,1),(0,20589,2,1,1),(0,20590,2,1,1),(0,22908,2,1,1),(0,24328,2,1,1),(0,24333,2,1,1),(0,24363,2,1,1),(0,24364,2,1,1),(0,24374,2,1,1),(0,24375,2,1,1),(0,24376,2,1,1),(0,24452,2,1,1),(0,24453,2,1,1),(0,25449,2,1,1),(0,25450,2,1,1),(0,25506,2,1,1),(0,26338,2,1,1),(0,26500,2,1,1),(0,26501,2,1,1),(0,26668,2,1,1),(0,26669,2,1,1),(0,26670,2,1,1),(0,26671,2,1,1),(0,26672,2,1,1),(0,26673,2,1,1),(0,26674,2,1,1),(0,26785,2,1,1),(0,27040,2,1,1),(0,27041,2,1,1),(0,27084,2,1,1),(0,27160,2,1,1),(0,27161,2,1,1),(0,27164,2,1,1),(0,27165,2,1,1),(0,27166,2,1,1),(0,27167,2,1,1),(0,27182,2,1,1),(0,27272,2,1,1),(0,27273,2,1,1),(0,27274,2,1,1),(0,27275,2,1,1),(0,27349,2,1,1),(0,27423,2,1,1),(0,27424,2,1,1),(0,27425,2,1,1),(0,27426,2,1,1),(0,27614,2,1,1),(0,27615,2,1,1),(0,763,2,1,2),(0,9952,2,1,2),(0,9953,2,1,2),(0,9954,2,1,2),(0,9955,2,1,2),(0,20567,2,1,2),(0,20846,2,1,2),(0,23942,2,1,2),(0,23944,2,1,2),(0,24182,2,1,2),(0,24183,2,1,2),(0,26259,2,1,2),(0,26260,2,1,2),(0,26261,2,1,2),(0,787,2,1,3),(0,788,2,1,3),(0,1884,2,1,3),(0,1885,2,1,3),(0,20351,2,1,3),(0,20352,2,1,3),(0,20353,2,1,3),(0,20354,2,1,3),(0,20355,2,1,3),(0,20356,2,1,3),(0,20357,2,1,3),(0,20358,2,1,3),(0,20361,2,1,3),(0,23635,2,1,3),(0,22307,2,1,5),(0,22308,2,1,5),(0,22309,2,1,5),(0,22310,2,1,5),(0,1801,2,1,6),(0,1802,2,1,6),(0,1803,2,1,6),(0,760,2,1,7),(0,762,2,1,7),(0,761,2,1,10),(0,462,4,1,1),(0,1232,4,1,1),(0,1905,4,1,1),(0,1906,4,1,1),(0,1907,4,1,1),(0,1909,4,1,1),(0,1910,4,1,1),(0,3051,4,1,1),(0,3129,4,1,1),(0,3130,4,1,1),(0,5759,4,1,1),(0,5760,4,1,1),(0,5763,4,1,1),(0,5764,4,1,1),(0,6234,4,1,1),(0,7799,4,1,1),(0,7800,4,1,1),(0,9279,4,1,1),(0,9280,4,1,1),(0,9281,4,1,1),(0,9282,4,1,1),(0,13124,4,1,1),(0,13125,4,1,1),(0,13213,4,1,1),(0,14973,4,1,1),(0,16479,4,1,1),(0,16480,4,1,1),(0,16481,4,1,1),(0,16482,4,1,1),(0,16483,4,1,1),(0,16484,4,1,1),(0,17213,4,1,1),(0,17214,4,1,1),(0,17751,4,1,1),(0,17752,4,1,1),(0,18686,4,1,1),(0,19112,4,1,1),(0,19850,4,1,1),(0,19851,4,1,1),(0,19852,4,1,1),(0,19853,4,1,1),(0,19854,4,1,1),(0,19855,4,1,1),(0,19857,4,1,1),(0,19858,4,1,1),(0,19859,4,1,1),(0,20591,4,1,1),(0,20592,4,1,1),(0,21087,4,1,1),(0,21088,4,1,1),(0,21791,4,1,1),(0,22266,4,1,1),(0,22275,4,1,1),(0,22837,4,1,1),(0,22838,4,1,1),(0,22883,4,1,1),(0,22884,4,1,1),(0,23045,4,1,1),(0,23046,4,1,1),(0,23047,4,1,1),(0,23048,4,1,1),(0,23085,4,1,1),(0,23093,4,1,1),(0,23094,4,1,1),(0,23095,4,1,1),(0,23096,4,1,1),(0,23358,4,1,1),(0,23389,4,1,1),(0,23390,4,1,1),(0,23391,4,1,1),(0,23392,4,1,1),(0,23393,4,1,1),(0,23394,4,1,1),(0,23395,4,1,1),(0,23496,4,1,1),(0,23742,4,1,1),(0,23834,4,1,1),(0,23835,4,1,1),(0,23845,4,1,1),(0,23846,4,1,1),(0,23847,4,1,1),(0,24329,4,1,1),(0,24334,4,1,1),(0,24335,4,1,1),(0,24365,4,1,1),(0,24454,4,1,1),(0,24658,4,1,1),(0,24942,4,1,1),(0,24943,4,1,1),(0,24948,4,1,1),(0,24949,4,1,1),(0,24950,4,1,1),(0,24951,4,1,1),(0,24952,4,1,1),(0,24979,4,1,1),(0,24980,4,1,1),(0,24981,4,1,1),(0,24982,4,1,1),(0,24983,4,1,1),(0,24984,4,1,1),(0,25299,4,1,1),(0,25325,4,1,1),(0,25326,4,1,1),(0,25327,4,1,1),(0,25364,4,1,1),(0,25365,4,1,1),(0,25366,4,1,1),(0,25367,4,1,1),(0,25451,4,1,1),(0,25452,4,1,1),(0,25453,4,1,1),(0,25454,4,1,1),(0,25455,4,1,1),(0,25507,4,1,1),(0,25756,4,1,1),(0,25757,4,1,1),(0,25831,4,1,1),(0,25832,4,1,1),(0,25833,4,1,1),(0,25834,4,1,1),(0,25835,4,1,1),(0,25836,4,1,1),(0,25837,4,1,1),(0,25838,4,1,1),(0,25839,4,1,1),(0,25840,4,1,1),(0,25841,4,1,1),(0,25845,4,1,1),(0,25846,4,1,1),(0,25926,4,1,1),(0,25927,4,1,1),(0,25987,4,1,1),(0,25988,4,1,1),(0,26022,4,1,1),(0,26023,4,1,1),(0,26024,4,1,1),(0,26025,4,1,1),(0,26026,4,1,1),(0,26146,4,1,1),(0,26147,4,1,1),(0,26148,4,1,1),(0,26149,4,1,1),(0,26150,4,1,1),(0,26151,4,1,1),(0,26152,4,1,1),(0,26153,4,1,1),(0,26198,4,1,1),(0,26199,4,1,1),(0,26200,4,1,1),(0,26201,4,1,1),(0,26202,4,1,1),(0,26203,4,1,1),(0,26262,4,1,1),(0,26263,4,1,1),(0,26319,4,1,1),(0,26326,4,1,1),(0,26327,4,1,1),(0,26328,4,1,1),(0,26329,4,1,1),(0,26339,4,1,1),(0,26502,4,1,1),(0,26503,4,1,1),(0,26562,4,1,1),(0,26563,4,1,1),(0,26564,4,1,1),(0,26675,4,1,1),(0,26676,4,1,1),(0,26677,4,1,1),(0,26678,4,1,1),(0,26679,4,1,1),(0,26680,4,1,1),(0,26681,4,1,1),(0,26689,4,1,1),(0,26750,4,1,1),(0,26751,4,1,1),(0,26752,4,1,1),(0,26753,4,1,1),(0,26763,4,1,1),(0,26764,4,1,1),(0,26765,4,1,1),(0,26775,4,1,1),(0,26786,4,1,1),(0,27036,4,1,1),(0,27042,4,1,1),(0,27053,4,1,1),(0,27054,4,1,1),(0,27055,4,1,1),(0,27056,4,1,1),(0,27057,4,1,1),(0,27058,4,1,1),(0,27059,4,1,1),(0,27060,4,1,1),(0,27061,4,1,1),(0,27062,4,1,1),(0,27063,4,1,1),(0,27085,4,1,1),(0,27090,4,1,1),(0,27091,4,1,1),(0,27092,4,1,1),(0,27144,4,1,1),(0,27145,4,1,1),(0,27162,4,1,1),(0,27163,4,1,1),(0,27168,4,1,1),(0,27169,4,1,1),(0,27170,4,1,1),(0,27175,4,1,1),(0,27183,4,1,1),(0,27185,4,1,1),(0,27186,4,1,1),(0,27187,4,1,1),(0,27188,4,1,1),(0,27189,4,1,1),(0,27192,4,1,1),(0,27193,4,1,1),(0,27276,4,1,1),(0,27277,4,1,1),(0,27278,4,1,1),(0,27279,4,1,1),(0,27280,4,1,1),(0,27281,4,1,1),(0,27282,4,1,1),(0,27283,4,1,1),(0,27284,4,1,1),(0,27285,4,1,1),(0,27286,4,1,1),(0,27287,4,1,1),(0,27288,4,1,1),(0,27289,4,1,1),(0,27301,4,1,1),(0,27302,4,1,1),(0,27303,4,1,1),(0,27304,4,1,1),(0,27305,4,1,1),(0,27306,4,1,1),(0,27340,4,1,1),(0,27343,4,1,1),(0,27344,4,1,1),(0,27345,4,1,1),(0,27350,4,1,1),(0,27351,4,1,1),(0,27352,4,1,1),(0,27353,4,1,1),(0,27408,4,1,1),(0,27409,4,1,1),(0,27410,4,1,1),(0,27411,4,1,1),(0,27412,4,1,1),(0,27427,4,1,1),(0,27428,4,1,1),(0,27429,4,1,1),(0,27430,4,1,1),(0,27534,4,1,1),(0,27543,4,1,1),(0,27557,4,1,1),(0,27558,4,1,1),(0,27559,4,1,1),(0,27560,4,1,1),(0,27561,4,1,1),(0,27563,4,1,1),(0,27586,4,1,1),(0,27587,4,1,1),(0,27588,4,1,1),(0,27589,4,1,1),(0,27590,4,1,1),(0,27591,4,1,1),(0,27592,4,1,1),(0,27593,4,1,1),(0,27594,4,1,1),(0,27595,4,1,1),(0,27596,4,1,1),(0,27616,4,1,1),(0,27617,4,1,1),(0,27645,4,1,1),(0,27646,4,1,1),(0,27647,4,1,1),(0,27654,4,1,1),(0,27655,4,1,1),(0,27659,4,1,1),(0,27666,4,1,1),(0,27667,4,1,1),(0,27703,4,1,1),(0,27704,4,1,1),(0,27708,4,1,1),(0,27709,4,1,1),(0,27710,4,1,1),(0,27757,4,1,1),(0,27775,4,1,1),(0,27776,4,1,1),(0,27777,4,1,1),(0,27784,4,1,1),(0,27785,4,1,1),(0,27786,4,1,1),(0,27787,4,1,1),(0,27788,4,1,1),(0,27789,4,1,1),(0,27792,4,1,1),(0,27799,4,1,1),(0,27800,4,1,1),(0,27802,4,1,1),(0,27805,4,1,1),(0,27806,4,1,1),(0,27807,4,1,1),(0,27815,4,1,1),(0,27816,4,1,1),(0,27817,4,1,1),(0,27818,4,1,1),(0,27819,4,1,1),(0,27820,4,1,1),(0,27821,4,1,1),(0,229,4,1,2),(0,234,4,1,2),(0,235,4,1,2),(0,454,4,1,2),(0,459,4,1,2),(0,764,4,1,2),(0,1205,4,1,2),(0,1275,4,1,2),(0,1276,4,1,2),(0,1277,4,1,2),(0,1278,4,1,2),(0,1279,4,1,2),(0,1280,4,1,2),(0,1304,4,1,2),(0,1811,4,1,2),(0,3192,4,1,2),(0,3193,4,1,2),(0,3248,4,1,2),(0,3249,4,1,2),(0,3335,4,1,2),(0,3336,4,1,2),(0,3440,4,1,2),(0,3441,4,1,2),(0,3731,4,1,2),(0,3985,4,1,2),(0,4507,4,1,2),(0,4508,4,1,2),(0,4509,4,1,2),(0,4510,4,1,2),(0,4511,4,1,2),(0,4512,4,1,2),(0,4513,4,1,2),(0,4927,4,1,2),(0,5462,4,1,2),(0,5463,4,1,2),(0,5464,4,1,2),(0,6667,4,1,2),(0,9956,4,1,2),(0,9957,4,1,2),(0,9958,4,1,2),(0,9959,4,1,2),(0,9960,4,1,2),(0,13108,4,1,2),(0,16042,4,1,2),(0,16791,4,1,2),(0,17930,4,1,2),(0,18185,4,1,2),(0,18654,4,1,2),(0,18820,4,1,2),(0,18926,4,1,2),(0,18927,4,1,2),(0,18928,4,1,2),(0,18929,4,1,2),(0,18930,4,1,2),(0,19064,4,1,2),(0,19358,4,1,2),(0,19735,4,1,2),(0,19736,4,1,2),(0,19737,4,1,2),(0,19830,4,1,2),(0,19856,4,1,2),(0,21089,4,1,2),(0,22875,4,1,2),(0,22877,4,1,2),(0,22886,4,1,2),(0,22887,4,1,2),(0,23004,4,1,2),(0,23005,4,1,2),(0,23006,4,1,2),(0,23007,4,1,2),(0,23008,4,1,2),(0,23009,4,1,2),(0,23010,4,1,2),(0,23157,4,1,2),(0,23267,4,1,2),(0,23268,4,1,2),(0,23269,4,1,2),(0,23396,4,1,2),(0,23397,4,1,2),(0,23398,4,1,2),(0,23947,4,1,2),(0,23948,4,1,2),(0,23949,4,1,2),(0,24185,4,1,2),(0,25072,4,1,2),(0,25073,4,1,2),(0,25074,4,1,2),(0,25075,4,1,2),(0,25076,4,1,2),(0,25077,4,1,2),(0,25078,4,1,2),(0,26713,4,1,2),(0,27547,4,1,2),(0,27548,4,1,2),(0,27549,4,1,2),(0,368,4,1,3),(0,369,4,1,3),(0,460,4,1,3),(0,461,4,1,3),(0,641,4,1,3),(0,642,4,1,3),(0,643,4,1,3),(0,644,4,1,3),(0,1002,4,1,3),(0,1306,4,1,3),(0,2212,4,1,3),(0,3174,4,1,3),(0,3385,4,1,3),(0,3427,4,1,3),(0,3525,4,1,3),(0,3751,4,1,3),(0,5646,4,1,3),(0,7662,4,1,3),(0,7664,4,1,3),(0,7666,4,1,3),(0,9402,4,1,3),(0,9403,4,1,3),(0,16041,4,1,3),(0,16060,4,1,3),(0,18184,4,1,3),(0,18931,4,1,3),(0,19065,4,1,3),(0,19795,4,1,3),(0,19831,4,1,3),(0,20362,4,1,3),(0,20363,4,1,3),(0,20364,4,1,3),(0,20367,4,1,3),(0,21840,4,1,3),(0,21841,4,1,3),(0,21842,4,1,3),(0,21843,4,1,3),(0,21844,4,1,3),(0,21845,4,1,3),(0,22203,4,1,3),(0,22204,4,1,3),(0,22205,4,1,3),(0,22206,4,1,3),(0,22207,4,1,3),(0,22882,4,1,3),(0,23759,4,1,3),(0,23760,4,1,3),(0,42,4,1,4),(0,486,4,1,4),(0,572,4,1,4),(0,1756,4,1,4),(0,1757,4,1,4),(0,1859,4,1,4),(0,2208,4,1,4),(0,2211,4,1,4),(0,2334,4,1,4),(0,2335,4,1,4),(0,2512,4,1,4),(0,3247,4,1,4),(0,3284,4,1,4),(0,3564,4,1,4),(0,3879,4,1,4),(0,3880,4,1,4),(0,10782,4,1,4),(0,370,4,1,5),(0,634,4,1,5),(0,2198,4,1,5),(0,3389,4,1,5),(0,10480,4,1,5),(0,10481,4,1,5),(0,10482,4,1,5),(0,577,4,1,6),(0,1072,4,1,6),(0,1769,4,1,6),(0,1804,4,1,6),(0,1805,4,1,6),(0,1806,4,1,6),(0,2164,4,1,6),(0,2513,4,1,6),(0,3717,4,1,6),(0,5823,4,1,6),(0,5825,4,1,6),(0,13446,4,1,6),(0,18186,4,1,6),(0,456,4,1,7),(0,1758,4,1,7),(0,1770,4,1,7),(0,1836,4,1,7),(0,3176,4,1,7),(0,3423,4,1,7),(0,27317,4,1,7),(0,44,4,1,8),(0,447,4,1,8),(0,449,4,1,8),(0,455,4,1,8),(0,3422,4,1,8),(0,3424,4,1,8),(0,597,4,1,9),(0,680,4,1,9),(0,1218,4,1,9),(0,1780,4,1,9),(0,1861,4,1,9),(0,3421,4,1,9),(0,13445,4,1,9),(0,45,4,1,10),(0,2496,4,1,10),(0,1281,4,1,11),(0,1283,4,1,11),(0,1284,4,1,11),(0,1285,4,1,11),(0,681,4,1,13),(0,2497,4,1,13),(0,721,4,1,14),(0,43,4,1,15),(0,332,4,1,15),(0,450,4,1,15),(0,2458,4,1,15),(0,682,4,1,16),(0,738,4,1,18),(0,333,4,1,19),(0,966,4,1,23),(0,20593,7,1,1),(0,20594,7,1,1),(0,22909,7,1,1),(0,24330,7,1,1),(0,24336,7,1,1),(0,24337,7,1,1),(0,24338,7,1,1),(0,24339,7,1,1),(0,24366,7,1,1),(0,24377,7,1,1),(0,24378,7,1,1),(0,24455,7,1,1),(0,24456,7,1,1),(0,24457,7,1,1),(0,24458,7,1,1),(0,24642,7,1,1),(0,24944,7,1,1),(0,24945,7,1,1),(0,24946,7,1,1),(0,24947,7,1,1),(0,25508,7,1,1),(0,26340,7,1,1),(0,26504,7,1,1),(0,26505,7,1,1),(0,26787,7,1,1),(0,27146,7,1,1),(0,27147,7,1,1),(0,27354,7,1,1),(0,27431,7,1,1),(0,27432,7,1,1),(0,27433,7,1,1),(0,27434,7,1,1),(0,27618,7,1,1),(0,27619,7,1,1),(0,5995,7,1,2),(0,20572,7,1,2),(0,20847,7,1,2),(0,23950,7,1,2),(0,23951,7,1,2),(0,23953,7,1,2),(0,24187,7,1,2),(0,24188,7,1,2),(0,24190,7,1,2),(0,24191,7,1,2),(0,24192,7,1,2),(0,20368,7,1,3),(0,20369,7,1,3),(0,20370,7,1,3),(0,20371,7,1,3),(0,20372,7,1,3),(0,20373,7,1,3),(0,20374,7,1,3),(0,20375,7,1,3),(0,20376,7,1,3),(0,20379,7,1,3),(0,27334,7,1,5),(0,27326,7,1,18),(1,11765,1,1,1),(1,11766,1,1,1),(1,11767,1,1,1),(1,11768,1,1,1),(1,14962,1,1,1),(1,14963,1,1,1),(1,14964,1,1,1),(1,14965,1,1,1),(1,14966,1,1,1),(1,14967,1,1,1),(1,14968,1,1,1),(1,16475,1,1,1),(1,16476,1,1,1),(1,16477,1,1,1),(1,16478,1,1,1),(1,17211,1,1,1),(1,17212,1,1,1),(1,17745,1,1,1),(1,17746,1,1,1),(1,17747,1,1,1),(1,17748,1,1,1),(1,17749,1,1,1),(1,17750,1,1,1),(1,20587,1,1,1),(1,20588,1,1,1),(1,22273,1,1,1),(1,22274,1,1,1),(1,23372,1,1,1),(1,23373,1,1,1),(1,23374,1,1,1),(1,23746,1,1,1),(1,24327,1,1,1),(1,24331,1,1,1),(1,24332,1,1,1),(1,24362,1,1,1),(1,24373,1,1,1),(1,24449,1,1,1),(1,24450,1,1,1),(1,24451,1,1,1),(1,25297,1,1,1),(1,25298,1,1,1),(1,25321,1,1,1),(1,25322,1,1,1),(1,25323,1,1,1),(1,25324,1,1,1),(1,25444,1,1,1),(1,25445,1,1,1),(1,25446,1,1,1),(1,25447,1,1,1),(1,25448,1,1,1),(1,25505,1,1,1),(1,25842,1,1,1),(1,25843,1,1,1),(1,25844,1,1,1),(1,26143,1,1,1),(1,26144,1,1,1),(1,26145,1,1,1),(1,26337,1,1,1),(1,26498,1,1,1),(1,26499,1,1,1),(1,26662,1,1,1),(1,26663,1,1,1),(1,26664,1,1,1),(1,26665,1,1,1),(1,26666,1,1,1),(1,26667,1,1,1),(1,26784,1,1,1),(1,27037,1,1,1),(1,27038,1,1,1),(1,27039,1,1,1),(1,27083,1,1,1),(1,27180,1,1,1),(1,27181,1,1,1),(1,27266,1,1,1),(1,27267,1,1,1),(1,27268,1,1,1),(1,27269,1,1,1),(1,27270,1,1,1),(1,27271,1,1,1),(1,27299,1,1,1),(1,27300,1,1,1),(1,27346,1,1,1),(1,27347,1,1,1),(1,27348,1,1,1),(1,27419,1,1,1),(1,27420,1,1,1),(1,27421,1,1,1),(1,27422,1,1,1),(1,27556,1,1,1),(1,27562,1,1,1),(1,27612,1,1,1),(1,27613,1,1,1),(1,27803,1,1,1),(1,27804,1,1,1),(1,757,1,1,2),(1,4500,1,1,2),(1,4501,1,1,2),(1,4502,1,1,2),(1,4503,1,1,2),(1,4504,1,1,2),(1,4505,1,1,2),(1,4506,1,1,2),(1,5460,1,1,2),(1,5461,1,1,2),(1,9948,1,1,2),(1,9949,1,1,2),(1,9950,1,1,2),(1,9951,1,1,2),(1,14898,1,1,2),(1,17744,1,1,2),(1,19600,1,1,2),(1,19731,1,1,2),(1,19732,1,1,2),(1,19733,1,1,2),(1,19734,1,1,2),(1,20845,1,1,2),(1,23938,1,1,2),(1,23939,1,1,2),(1,23941,1,1,2),(1,24179,1,1,2),(1,24180,1,1,2),(1,26256,1,1,2),(1,26257,1,1,2),(1,26258,1,1,2),(1,26712,1,1,2),(1,383,1,1,3),(1,385,1,1,3),(1,386,1,1,3),(1,18757,1,1,3),(1,20340,1,1,3),(1,20341,1,1,3),(1,20342,1,1,3),(1,20343,1,1,3),(1,20344,1,1,3),(1,20345,1,1,3),(1,20346,1,1,3),(1,20347,1,1,3),(1,20350,1,1,3),(1,23661,1,1,4),(1,784,1,1,5),(1,10478,1,1,5),(1,10479,1,1,5),(1,22303,1,1,5),(1,22304,1,1,5),(1,22305,1,1,5),(1,22306,1,1,5),(1,27333,1,1,5),(1,759,1,1,6),(1,1799,1,1,6),(1,1800,1,1,6),(1,756,1,1,7),(1,758,1,1,10),(1,14969,2,1,1),(1,14970,2,1,1),(1,14971,2,1,1),(1,14972,2,1,1),(1,20589,2,1,1),(1,20590,2,1,1),(1,22908,2,1,1),(1,24328,2,1,1),(1,24333,2,1,1),(1,24363,2,1,1),(1,24364,2,1,1),(1,24374,2,1,1),(1,24375,2,1,1),(1,24376,2,1,1),(1,24452,2,1,1),(1,24453,2,1,1),(1,25449,2,1,1),(1,25450,2,1,1),(1,25506,2,1,1),(1,26338,2,1,1),(1,26500,2,1,1),(1,26501,2,1,1),(1,26668,2,1,1),(1,26669,2,1,1),(1,26670,2,1,1),(1,26671,2,1,1),(1,26672,2,1,1),(1,26673,2,1,1),(1,26674,2,1,1),(1,26785,2,1,1),(1,27040,2,1,1),(1,27041,2,1,1),(1,27084,2,1,1),(1,27160,2,1,1),(1,27161,2,1,1),(1,27164,2,1,1),(1,27165,2,1,1),(1,27166,2,1,1),(1,27167,2,1,1),(1,27182,2,1,1),(1,27272,2,1,1),(1,27273,2,1,1),(1,27274,2,1,1),(1,27275,2,1,1),(1,27349,2,1,1),(1,27423,2,1,1),(1,27424,2,1,1),(1,27425,2,1,1),(1,27426,2,1,1),(1,27614,2,1,1),(1,27615,2,1,1),(1,763,2,1,2),(1,9952,2,1,2),(1,9953,2,1,2),(1,9954,2,1,2),(1,9955,2,1,2),(1,20567,2,1,2),(1,20846,2,1,2),(1,23942,2,1,2),(1,23944,2,1,2),(1,24182,2,1,2),(1,24183,2,1,2),(1,26259,2,1,2),(1,26260,2,1,2),(1,26261,2,1,2),(1,787,2,1,3),(1,788,2,1,3),(1,1884,2,1,3),(1,1885,2,1,3),(1,20351,2,1,3),(1,20352,2,1,3),(1,20353,2,1,3),(1,20354,2,1,3),(1,20355,2,1,3),(1,20356,2,1,3),(1,20357,2,1,3),(1,20358,2,1,3),(1,20361,2,1,3),(1,23635,2,1,3),(1,22307,2,1,5),(1,22308,2,1,5),(1,22309,2,1,5),(1,22310,2,1,5),(1,1801,2,1,6),(1,1802,2,1,6),(1,1803,2,1,6),(1,760,2,1,7),(1,762,2,1,7),(1,761,2,1,10),(1,462,4,1,1),(1,1232,4,1,1),(1,1905,4,1,1),(1,1906,4,1,1),(1,1907,4,1,1),(1,1909,4,1,1),(1,1910,4,1,1),(1,3051,4,1,1),(1,3129,4,1,1),(1,3130,4,1,1),(1,5759,4,1,1),(1,5760,4,1,1),(1,5763,4,1,1),(1,5764,4,1,1),(1,6234,4,1,1),(1,7799,4,1,1),(1,7800,4,1,1),(1,9279,4,1,1),(1,9280,4,1,1),(1,9281,4,1,1),(1,9282,4,1,1),(1,13124,4,1,1),(1,13125,4,1,1),(1,13213,4,1,1),(1,14973,4,1,1),(1,16479,4,1,1),(1,16480,4,1,1),(1,16481,4,1,1),(1,16482,4,1,1),(1,16483,4,1,1),(1,16484,4,1,1),(1,17213,4,1,1),(1,17214,4,1,1),(1,17751,4,1,1),(1,17752,4,1,1),(1,18686,4,1,1),(1,19112,4,1,1),(1,19850,4,1,1),(1,19851,4,1,1),(1,19852,4,1,1),(1,19853,4,1,1),(1,19854,4,1,1),(1,19855,4,1,1),(1,19857,4,1,1),(1,19858,4,1,1),(1,19859,4,1,1),(1,20591,4,1,1),(1,20592,4,1,1),(1,21087,4,1,1),(1,21088,4,1,1),(1,21791,4,1,1),(1,22266,4,1,1),(1,22275,4,1,1),(1,22837,4,1,1),(1,22838,4,1,1),(1,22883,4,1,1),(1,22884,4,1,1),(1,23045,4,1,1),(1,23046,4,1,1),(1,23047,4,1,1),(1,23048,4,1,1),(1,23085,4,1,1),(1,23093,4,1,1),(1,23094,4,1,1),(1,23095,4,1,1),(1,23096,4,1,1),(1,23358,4,1,1),(1,23389,4,1,1),(1,23390,4,1,1),(1,23391,4,1,1),(1,23392,4,1,1),(1,23393,4,1,1),(1,23394,4,1,1),(1,23395,4,1,1),(1,23496,4,1,1),(1,23742,4,1,1),(1,23834,4,1,1),(1,23835,4,1,1),(1,23845,4,1,1),(1,23846,4,1,1),(1,23847,4,1,1),(1,24329,4,1,1),(1,24334,4,1,1),(1,24335,4,1,1),(1,24365,4,1,1),(1,24454,4,1,1),(1,24658,4,1,1),(1,24942,4,1,1),(1,24943,4,1,1),(1,24948,4,1,1),(1,24949,4,1,1),(1,24950,4,1,1),(1,24951,4,1,1),(1,24952,4,1,1),(1,24979,4,1,1),(1,24980,4,1,1),(1,24981,4,1,1),(1,24982,4,1,1),(1,24983,4,1,1),(1,24984,4,1,1),(1,25299,4,1,1),(1,25325,4,1,1),(1,25326,4,1,1),(1,25327,4,1,1),(1,25364,4,1,1),(1,25365,4,1,1),(1,25366,4,1,1),(1,25367,4,1,1),(1,25451,4,1,1),(1,25452,4,1,1),(1,25453,4,1,1),(1,25454,4,1,1),(1,25455,4,1,1),(1,25507,4,1,1),(1,25756,4,1,1),(1,25757,4,1,1),(1,25831,4,1,1),(1,25832,4,1,1),(1,25833,4,1,1),(1,25834,4,1,1),(1,25835,4,1,1),(1,25836,4,1,1),(1,25837,4,1,1),(1,25838,4,1,1),(1,25839,4,1,1),(1,25840,4,1,1),(1,25841,4,1,1),(1,25845,4,1,1),(1,25846,4,1,1),(1,25926,4,1,1),(1,25927,4,1,1),(1,25987,4,1,1),(1,25988,4,1,1),(1,26022,4,1,1),(1,26023,4,1,1),(1,26024,4,1,1),(1,26025,4,1,1),(1,26026,4,1,1),(1,26146,4,1,1),(1,26147,4,1,1),(1,26148,4,1,1),(1,26149,4,1,1),(1,26150,4,1,1),(1,26151,4,1,1),(1,26152,4,1,1),(1,26153,4,1,1),(1,26198,4,1,1),(1,26199,4,1,1),(1,26200,4,1,1),(1,26201,4,1,1),(1,26202,4,1,1),(1,26203,4,1,1),(1,26262,4,1,1),(1,26263,4,1,1),(1,26319,4,1,1),(1,26326,4,1,1),(1,26327,4,1,1),(1,26328,4,1,1),(1,26329,4,1,1),(1,26339,4,1,1),(1,26502,4,1,1),(1,26503,4,1,1),(1,26562,4,1,1),(1,26563,4,1,1),(1,26564,4,1,1),(1,26675,4,1,1),(1,26676,4,1,1),(1,26677,4,1,1),(1,26678,4,1,1),(1,26679,4,1,1),(1,26680,4,1,1),(1,26681,4,1,1),(1,26689,4,1,1),(1,26750,4,1,1),(1,26751,4,1,1),(1,26752,4,1,1),(1,26753,4,1,1),(1,26763,4,1,1),(1,26764,4,1,1),(1,26765,4,1,1),(1,26775,4,1,1),(1,26786,4,1,1),(1,27036,4,1,1),(1,27042,4,1,1),(1,27053,4,1,1),(1,27054,4,1,1),(1,27055,4,1,1),(1,27056,4,1,1),(1,27057,4,1,1),(1,27058,4,1,1),(1,27059,4,1,1),(1,27060,4,1,1),(1,27061,4,1,1),(1,27062,4,1,1),(1,27063,4,1,1),(1,27085,4,1,1),(1,27090,4,1,1),(1,27091,4,1,1),(1,27092,4,1,1),(1,27144,4,1,1),(1,27145,4,1,1),(1,27162,4,1,1),(1,27163,4,1,1),(1,27168,4,1,1),(1,27169,4,1,1),(1,27170,4,1,1),(1,27175,4,1,1),(1,27183,4,1,1),(1,27185,4,1,1),(1,27186,4,1,1),(1,27187,4,1,1),(1,27188,4,1,1),(1,27189,4,1,1),(1,27192,4,1,1),(1,27193,4,1,1),(1,27276,4,1,1),(1,27277,4,1,1),(1,27278,4,1,1),(1,27279,4,1,1),(1,27280,4,1,1),(1,27281,4,1,1),(1,27282,4,1,1),(1,27283,4,1,1),(1,27284,4,1,1),(1,27285,4,1,1),(1,27286,4,1,1),(1,27287,4,1,1),(1,27288,4,1,1),(1,27289,4,1,1),(1,27301,4,1,1),(1,27302,4,1,1),(1,27303,4,1,1),(1,27304,4,1,1),(1,27305,4,1,1),(1,27306,4,1,1),(1,27340,4,1,1),(1,27343,4,1,1),(1,27344,4,1,1),(1,27345,4,1,1),(1,27350,4,1,1),(1,27351,4,1,1),(1,27352,4,1,1),(1,27353,4,1,1),(1,27408,4,1,1),(1,27409,4,1,1),(1,27410,4,1,1),(1,27411,4,1,1),(1,27412,4,1,1),(1,27427,4,1,1),(1,27428,4,1,1),(1,27429,4,1,1),(1,27430,4,1,1),(1,27534,4,1,1),(1,27543,4,1,1),(1,27557,4,1,1),(1,27558,4,1,1),(1,27559,4,1,1),(1,27560,4,1,1),(1,27561,4,1,1),(1,27563,4,1,1),(1,27586,4,1,1),(1,27587,4,1,1),(1,27588,4,1,1),(1,27589,4,1,1),(1,27590,4,1,1),(1,27591,4,1,1),(1,27592,4,1,1),(1,27593,4,1,1),(1,27594,4,1,1),(1,27595,4,1,1),(1,27596,4,1,1),(1,27616,4,1,1),(1,27617,4,1,1),(1,27645,4,1,1),(1,27646,4,1,1),(1,27647,4,1,1),(1,27654,4,1,1),(1,27655,4,1,1),(1,27659,4,1,1),(1,27666,4,1,1),(1,27667,4,1,1),(1,27703,4,1,1),(1,27704,4,1,1),(1,27708,4,1,1),(1,27709,4,1,1),(1,27710,4,1,1),(1,27757,4,1,1),(1,27775,4,1,1),(1,27776,4,1,1),(1,27777,4,1,1),(1,27784,4,1,1),(1,27785,4,1,1),(1,27786,4,1,1),(1,27787,4,1,1),(1,27788,4,1,1),(1,27789,4,1,1),(1,27792,4,1,1),(1,27799,4,1,1),(1,27800,4,1,1),(1,27802,4,1,1),(1,27805,4,1,1),(1,27806,4,1,1),(1,27807,4,1,1),(1,27815,4,1,1),(1,27816,4,1,1),(1,27817,4,1,1),(1,27818,4,1,1),(1,27819,4,1,1),(1,27820,4,1,1),(1,27821,4,1,1),(1,229,4,1,2),(1,234,4,1,2),(1,235,4,1,2),(1,454,4,1,2),(1,459,4,1,2),(1,764,4,1,2),(1,1205,4,1,2),(1,1275,4,1,2),(1,1276,4,1,2),(1,1277,4,1,2),(1,1278,4,1,2),(1,1279,4,1,2),(1,1280,4,1,2),(1,1304,4,1,2),(1,1811,4,1,2),(1,3192,4,1,2),(1,3193,4,1,2),(1,3248,4,1,2),(1,3249,4,1,2),(1,3335,4,1,2),(1,3336,4,1,2),(1,3440,4,1,2),(1,3441,4,1,2),(1,3731,4,1,2),(1,3985,4,1,2),(1,4507,4,1,2),(1,4508,4,1,2),(1,4509,4,1,2),(1,4510,4,1,2),(1,4511,4,1,2),(1,4512,4,1,2),(1,4513,4,1,2),(1,4927,4,1,2),(1,5462,4,1,2),(1,5463,4,1,2),(1,5464,4,1,2),(1,6667,4,1,2),(1,9956,4,1,2),(1,9957,4,1,2),(1,9958,4,1,2),(1,9959,4,1,2),(1,9960,4,1,2),(1,13108,4,1,2),(1,16042,4,1,2),(1,16791,4,1,2),(1,17930,4,1,2),(1,18185,4,1,2),(1,18654,4,1,2),(1,18820,4,1,2),(1,18926,4,1,2),(1,18927,4,1,2),(1,18928,4,1,2),(1,18929,4,1,2),(1,18930,4,1,2),(1,19064,4,1,2),(1,19358,4,1,2),(1,19735,4,1,2),(1,19736,4,1,2),(1,19737,4,1,2),(1,19830,4,1,2),(1,19856,4,1,2),(1,21089,4,1,2),(1,22875,4,1,2),(1,22877,4,1,2),(1,22886,4,1,2),(1,22887,4,1,2),(1,23004,4,1,2),(1,23005,4,1,2),(1,23006,4,1,2),(1,23007,4,1,2),(1,23008,4,1,2),(1,23009,4,1,2),(1,23010,4,1,2),(1,23157,4,1,2),(1,23267,4,1,2),(1,23268,4,1,2),(1,23269,4,1,2),(1,23396,4,1,2),(1,23397,4,1,2),(1,23398,4,1,2),(1,23947,4,1,2),(1,23948,4,1,2),(1,23949,4,1,2),(1,24185,4,1,2),(1,25072,4,1,2),(1,25073,4,1,2),(1,25074,4,1,2),(1,25075,4,1,2),(1,25076,4,1,2),(1,25077,4,1,2),(1,25078,4,1,2),(1,26713,4,1,2),(1,27547,4,1,2),(1,27548,4,1,2),(1,27549,4,1,2),(1,368,4,1,3),(1,369,4,1,3),(1,460,4,1,3),(1,461,4,1,3),(1,641,4,1,3),(1,642,4,1,3),(1,643,4,1,3),(1,644,4,1,3),(1,1002,4,1,3),(1,1306,4,1,3),(1,2212,4,1,3),(1,3174,4,1,3),(1,3385,4,1,3),(1,3427,4,1,3),(1,3525,4,1,3),(1,3751,4,1,3),(1,5646,4,1,3),(1,7662,4,1,3),(1,7664,4,1,3),(1,7666,4,1,3),(1,9402,4,1,3),(1,9403,4,1,3),(1,16041,4,1,3),(1,16060,4,1,3),(1,18184,4,1,3),(1,18931,4,1,3),(1,19065,4,1,3),(1,19795,4,1,3),(1,19831,4,1,3),(1,20362,4,1,3),(1,20363,4,1,3),(1,20364,4,1,3),(1,20367,4,1,3),(1,21840,4,1,3),(1,21841,4,1,3),(1,21842,4,1,3),(1,21843,4,1,3),(1,21844,4,1,3),(1,21845,4,1,3),(1,22203,4,1,3),(1,22204,4,1,3),(1,22205,4,1,3),(1,22206,4,1,3),(1,22207,4,1,3),(1,22882,4,1,3),(1,23759,4,1,3),(1,23760,4,1,3),(1,42,4,1,4),(1,486,4,1,4),(1,572,4,1,4),(1,1756,4,1,4),(1,1757,4,1,4),(1,1859,4,1,4),(1,2208,4,1,4),(1,2211,4,1,4),(1,2334,4,1,4),(1,2335,4,1,4),(1,2512,4,1,4),(1,3247,4,1,4),(1,3284,4,1,4),(1,3564,4,1,4),(1,3879,4,1,4),(1,3880,4,1,4),(1,10782,4,1,4),(1,370,4,1,5),(1,634,4,1,5),(1,2198,4,1,5),(1,3389,4,1,5),(1,10480,4,1,5),(1,10481,4,1,5),(1,10482,4,1,5),(1,577,4,1,6),(1,1072,4,1,6),(1,1769,4,1,6),(1,1804,4,1,6),(1,1805,4,1,6),(1,1806,4,1,6),(1,2164,4,1,6),(1,2513,4,1,6),(1,3717,4,1,6),(1,5823,4,1,6),(1,5825,4,1,6),(1,13446,4,1,6),(1,18186,4,1,6),(1,456,4,1,7),(1,1758,4,1,7),(1,1770,4,1,7),(1,1836,4,1,7),(1,3176,4,1,7),(1,3423,4,1,7),(1,27317,4,1,7),(1,44,4,1,8),(1,447,4,1,8),(1,449,4,1,8),(1,455,4,1,8),(1,3422,4,1,8),(1,3424,4,1,8),(1,597,4,1,9),(1,680,4,1,9),(1,1218,4,1,9),(1,1780,4,1,9),(1,1861,4,1,9),(1,3421,4,1,9),(1,13445,4,1,9),(1,45,4,1,10),(1,2496,4,1,10),(1,1281,4,1,11),(1,1283,4,1,11),(1,1284,4,1,11),(1,1285,4,1,11),(1,681,4,1,13),(1,2497,4,1,13),(1,721,4,1,14),(1,43,4,1,15),(1,332,4,1,15),(1,450,4,1,15),(1,2458,4,1,15),(1,682,4,1,16),(1,738,4,1,18),(1,333,4,1,19),(1,966,4,1,23),(1,20593,7,1,1),(1,20594,7,1,1),(1,22909,7,1,1),(1,24330,7,1,1),(1,24336,7,1,1),(1,24337,7,1,1),(1,24338,7,1,1),(1,24339,7,1,1),(1,24366,7,1,1),(1,24377,7,1,1),(1,24378,7,1,1),(1,24455,7,1,1),(1,24456,7,1,1),(1,24457,7,1,1),(1,24458,7,1,1),(1,24642,7,1,1),(1,24944,7,1,1),(1,24945,7,1,1),(1,24946,7,1,1),(1,24947,7,1,1),(1,25508,7,1,1),(1,26340,7,1,1),(1,26504,7,1,1),(1,26505,7,1,1),(1,26787,7,1,1),(1,27146,7,1,1),(1,27147,7,1,1),(1,27354,7,1,1),(1,27431,7,1,1),(1,27432,7,1,1),(1,27433,7,1,1),(1,27434,7,1,1),(1,27618,7,1,1),(1,27619,7,1,1),(1,5995,7,1,2),(1,20572,7,1,2),(1,20847,7,1,2),(1,23950,7,1,2),(1,23951,7,1,2),(1,23953,7,1,2),(1,24187,7,1,2),(1,24188,7,1,2),(1,24190,7,1,2),(1,24191,7,1,2),(1,24192,7,1,2),(1,20368,7,1,3),(1,20369,7,1,3),(1,20370,7,1,3),(1,20371,7,1,3),(1,20372,7,1,3),(1,20373,7,1,3),(1,20374,7,1,3),(1,20375,7,1,3),(1,20376,7,1,3),(1,20379,7,1,3),(1,27334,7,1,5),(1,27326,7,1,18),(2,11765,1,1,1),(2,11766,1,1,1),(2,11767,1,1,1),(2,11768,1,1,1),(2,14962,1,1,1),(2,14963,1,1,1),(2,14964,1,1,1),(2,14965,1,1,1),(2,14966,1,1,1),(2,14967,1,1,1),(2,14968,1,1,1),(2,16475,1,1,1),(2,16476,1,1,1),(2,16477,1,1,1),(2,16478,1,1,1),(2,17211,1,1,1),(2,17212,1,1,1),(2,17745,1,1,1),(2,17746,1,1,1),(2,17747,1,1,1),(2,17748,1,1,1),(2,17749,1,1,1),(2,17750,1,1,1),(2,20587,1,1,1),(2,20588,1,1,1),(2,22273,1,1,1),(2,22274,1,1,1),(2,23372,1,1,1),(2,23373,1,1,1),(2,23374,1,1,1),(2,23746,1,1,1),(2,24327,1,1,1),(2,24331,1,1,1),(2,24332,1,1,1),(2,24362,1,1,1),(2,24373,1,1,1),(2,24449,1,1,1),(2,24450,1,1,1),(2,24451,1,1,1),(2,25297,1,1,1),(2,25298,1,1,1),(2,25321,1,1,1),(2,25322,1,1,1),(2,25323,1,1,1),(2,25324,1,1,1),(2,25444,1,1,1),(2,25445,1,1,1),(2,25446,1,1,1),(2,25447,1,1,1),(2,25448,1,1,1),(2,25505,1,1,1),(2,25842,1,1,1),(2,25843,1,1,1),(2,25844,1,1,1),(2,26143,1,1,1),(2,26144,1,1,1),(2,26145,1,1,1),(2,26337,1,1,1),(2,26498,1,1,1),(2,26499,1,1,1),(2,26662,1,1,1),(2,26663,1,1,1),(2,26664,1,1,1),(2,26665,1,1,1),(2,26666,1,1,1),(2,26667,1,1,1),(2,26784,1,1,1),(2,27037,1,1,1),(2,27038,1,1,1),(2,27039,1,1,1),(2,27083,1,1,1),(2,27180,1,1,1),(2,27181,1,1,1),(2,27266,1,1,1),(2,27267,1,1,1),(2,27268,1,1,1),(2,27269,1,1,1),(2,27270,1,1,1),(2,27271,1,1,1),(2,27299,1,1,1),(2,27300,1,1,1),(2,27346,1,1,1),(2,27347,1,1,1),(2,27348,1,1,1),(2,27419,1,1,1),(2,27420,1,1,1),(2,27421,1,1,1),(2,27422,1,1,1),(2,27556,1,1,1),(2,27562,1,1,1),(2,27612,1,1,1),(2,27613,1,1,1),(2,27803,1,1,1),(2,27804,1,1,1),(2,757,1,1,2),(2,4500,1,1,2),(2,4501,1,1,2),(2,4502,1,1,2),(2,4503,1,1,2),(2,4504,1,1,2),(2,4505,1,1,2),(2,4506,1,1,2),(2,5460,1,1,2),(2,5461,1,1,2),(2,9948,1,1,2),(2,9949,1,1,2),(2,9950,1,1,2),(2,9951,1,1,2),(2,14898,1,1,2),(2,17744,1,1,2),(2,19600,1,1,2),(2,19731,1,1,2),(2,19732,1,1,2),(2,19733,1,1,2),(2,19734,1,1,2),(2,20845,1,1,2),(2,23938,1,1,2),(2,23939,1,1,2),(2,23941,1,1,2),(2,24179,1,1,2),(2,24180,1,1,2),(2,26256,1,1,2),(2,26257,1,1,2),(2,26258,1,1,2),(2,26712,1,1,2),(2,383,1,1,3),(2,385,1,1,3),(2,386,1,1,3),(2,18757,1,1,3),(2,20340,1,1,3),(2,20341,1,1,3),(2,20342,1,1,3),(2,20343,1,1,3),(2,20344,1,1,3),(2,20345,1,1,3),(2,20346,1,1,3),(2,20347,1,1,3),(2,20350,1,1,3),(2,23661,1,1,4),(2,784,1,1,5),(2,10478,1,1,5),(2,10479,1,1,5),(2,22303,1,1,5),(2,22304,1,1,5),(2,22305,1,1,5),(2,22306,1,1,5),(2,27333,1,1,5),(2,759,1,1,6),(2,1799,1,1,6),(2,1800,1,1,6),(2,756,1,1,7),(2,758,1,1,10),(2,14969,2,1,1),(2,14970,2,1,1),(2,14971,2,1,1),(2,14972,2,1,1),(2,20589,2,1,1),(2,20590,2,1,1),(2,22908,2,1,1),(2,24328,2,1,1),(2,24333,2,1,1),(2,24363,2,1,1),(2,24364,2,1,1),(2,24374,2,1,1),(2,24375,2,1,1),(2,24376,2,1,1),(2,24452,2,1,1),(2,24453,2,1,1),(2,25449,2,1,1),(2,25450,2,1,1),(2,25506,2,1,1),(2,26338,2,1,1),(2,26500,2,1,1),(2,26501,2,1,1),(2,26668,2,1,1),(2,26669,2,1,1),(2,26670,2,1,1),(2,26671,2,1,1),(2,26672,2,1,1),(2,26673,2,1,1),(2,26674,2,1,1),(2,26785,2,1,1),(2,27040,2,1,1),(2,27041,2,1,1),(2,27084,2,1,1),(2,27160,2,1,1),(2,27161,2,1,1),(2,27164,2,1,1),(2,27165,2,1,1),(2,27166,2,1,1),(2,27167,2,1,1),(2,27182,2,1,1),(2,27272,2,1,1),(2,27273,2,1,1),(2,27274,2,1,1),(2,27275,2,1,1),(2,27349,2,1,1),(2,27423,2,1,1),(2,27424,2,1,1),(2,27425,2,1,1),(2,27426,2,1,1),(2,27614,2,1,1),(2,27615,2,1,1),(2,763,2,1,2),(2,9952,2,1,2),(2,9953,2,1,2),(2,9954,2,1,2),(2,9955,2,1,2),(2,20567,2,1,2),(2,20846,2,1,2),(2,23942,2,1,2),(2,23944,2,1,2),(2,24182,2,1,2),(2,24183,2,1,2),(2,26259,2,1,2),(2,26260,2,1,2),(2,26261,2,1,2),(2,787,2,1,3),(2,788,2,1,3),(2,1884,2,1,3),(2,1885,2,1,3),(2,20351,2,1,3),(2,20352,2,1,3),(2,20353,2,1,3),(2,20354,2,1,3),(2,20355,2,1,3),(2,20356,2,1,3),(2,20357,2,1,3),(2,20358,2,1,3),(2,20361,2,1,3),(2,23635,2,1,3),(2,22307,2,1,5),(2,22308,2,1,5),(2,22309,2,1,5),(2,22310,2,1,5),(2,1801,2,1,6),(2,1802,2,1,6),(2,1803,2,1,6),(2,760,2,1,7),(2,762,2,1,7),(2,761,2,1,10),(2,462,4,1,1),(2,1232,4,1,1),(2,1905,4,1,1),(2,1906,4,1,1),(2,1907,4,1,1),(2,1909,4,1,1),(2,1910,4,1,1),(2,3051,4,1,1),(2,3129,4,1,1),(2,3130,4,1,1),(2,5759,4,1,1),(2,5760,4,1,1),(2,5763,4,1,1),(2,5764,4,1,1),(2,6234,4,1,1),(2,7799,4,1,1),(2,7800,4,1,1),(2,9279,4,1,1),(2,9280,4,1,1),(2,9281,4,1,1),(2,9282,4,1,1),(2,13124,4,1,1),(2,13125,4,1,1),(2,13213,4,1,1),(2,14973,4,1,1),(2,16479,4,1,1),(2,16480,4,1,1),(2,16481,4,1,1),(2,16482,4,1,1),(2,16483,4,1,1),(2,16484,4,1,1),(2,17213,4,1,1),(2,17214,4,1,1),(2,17751,4,1,1),(2,17752,4,1,1),(2,18686,4,1,1),(2,19112,4,1,1),(2,19850,4,1,1),(2,19851,4,1,1),(2,19852,4,1,1),(2,19853,4,1,1),(2,19854,4,1,1),(2,19855,4,1,1),(2,19857,4,1,1),(2,19858,4,1,1),(2,19859,4,1,1),(2,20591,4,1,1),(2,20592,4,1,1),(2,21087,4,1,1),(2,21088,4,1,1),(2,21791,4,1,1),(2,22266,4,1,1),(2,22275,4,1,1),(2,22837,4,1,1),(2,22838,4,1,1),(2,22883,4,1,1),(2,22884,4,1,1),(2,23045,4,1,1),(2,23046,4,1,1),(2,23047,4,1,1),(2,23048,4,1,1),(2,23085,4,1,1),(2,23093,4,1,1),(2,23094,4,1,1),(2,23095,4,1,1),(2,23096,4,1,1),(2,23358,4,1,1),(2,23389,4,1,1),(2,23390,4,1,1),(2,23391,4,1,1),(2,23392,4,1,1),(2,23393,4,1,1),(2,23394,4,1,1),(2,23395,4,1,1),(2,23496,4,1,1),(2,23742,4,1,1),(2,23834,4,1,1),(2,23835,4,1,1),(2,23845,4,1,1),(2,23846,4,1,1),(2,23847,4,1,1),(2,24329,4,1,1),(2,24334,4,1,1),(2,24335,4,1,1),(2,24365,4,1,1),(2,24454,4,1,1),(2,24658,4,1,1),(2,24942,4,1,1),(2,24943,4,1,1),(2,24948,4,1,1),(2,24949,4,1,1),(2,24950,4,1,1),(2,24951,4,1,1),(2,24952,4,1,1),(2,24979,4,1,1),(2,24980,4,1,1),(2,24981,4,1,1),(2,24982,4,1,1),(2,24983,4,1,1),(2,24984,4,1,1),(2,25299,4,1,1),(2,25325,4,1,1),(2,25326,4,1,1),(2,25327,4,1,1),(2,25364,4,1,1),(2,25365,4,1,1),(2,25366,4,1,1),(2,25367,4,1,1),(2,25451,4,1,1),(2,25452,4,1,1),(2,25453,4,1,1),(2,25454,4,1,1),(2,25455,4,1,1),(2,25507,4,1,1),(2,25756,4,1,1),(2,25757,4,1,1),(2,25831,4,1,1),(2,25832,4,1,1),(2,25833,4,1,1),(2,25834,4,1,1),(2,25835,4,1,1),(2,25836,4,1,1),(2,25837,4,1,1),(2,25838,4,1,1),(2,25839,4,1,1),(2,25840,4,1,1),(2,25841,4,1,1),(2,25845,4,1,1),(2,25846,4,1,1),(2,25926,4,1,1),(2,25927,4,1,1),(2,25987,4,1,1),(2,25988,4,1,1),(2,26022,4,1,1),(2,26023,4,1,1),(2,26024,4,1,1),(2,26025,4,1,1),(2,26026,4,1,1),(2,26146,4,1,1),(2,26147,4,1,1),(2,26148,4,1,1),(2,26149,4,1,1),(2,26150,4,1,1),(2,26151,4,1,1),(2,26152,4,1,1),(2,26153,4,1,1),(2,26198,4,1,1),(2,26199,4,1,1),(2,26200,4,1,1),(2,26201,4,1,1),(2,26202,4,1,1),(2,26203,4,1,1),(2,26262,4,1,1),(2,26263,4,1,1),(2,26319,4,1,1),(2,26326,4,1,1),(2,26327,4,1,1),(2,26328,4,1,1),(2,26329,4,1,1),(2,26339,4,1,1),(2,26502,4,1,1),(2,26503,4,1,1),(2,26562,4,1,1),(2,26563,4,1,1),(2,26564,4,1,1),(2,26675,4,1,1),(2,26676,4,1,1),(2,26677,4,1,1),(2,26678,4,1,1),(2,26679,4,1,1),(2,26680,4,1,1),(2,26681,4,1,1),(2,26689,4,1,1),(2,26750,4,1,1),(2,26751,4,1,1),(2,26752,4,1,1),(2,26753,4,1,1),(2,26763,4,1,1),(2,26764,4,1,1),(2,26765,4,1,1),(2,26775,4,1,1),(2,26786,4,1,1),(2,27036,4,1,1),(2,27042,4,1,1),(2,27053,4,1,1),(2,27054,4,1,1),(2,27055,4,1,1),(2,27056,4,1,1),(2,27057,4,1,1),(2,27058,4,1,1),(2,27059,4,1,1),(2,27060,4,1,1),(2,27061,4,1,1),(2,27062,4,1,1),(2,27063,4,1,1),(2,27085,4,1,1),(2,27090,4,1,1),(2,27091,4,1,1),(2,27092,4,1,1),(2,27144,4,1,1),(2,27145,4,1,1),(2,27162,4,1,1),(2,27163,4,1,1),(2,27168,4,1,1),(2,27169,4,1,1),(2,27170,4,1,1),(2,27175,4,1,1),(2,27183,4,1,1),(2,27185,4,1,1),(2,27186,4,1,1),(2,27187,4,1,1),(2,27188,4,1,1),(2,27189,4,1,1),(2,27192,4,1,1),(2,27193,4,1,1),(2,27276,4,1,1),(2,27277,4,1,1),(2,27278,4,1,1),(2,27279,4,1,1),(2,27280,4,1,1),(2,27281,4,1,1),(2,27282,4,1,1),(2,27283,4,1,1),(2,27284,4,1,1),(2,27285,4,1,1),(2,27286,4,1,1),(2,27287,4,1,1),(2,27288,4,1,1),(2,27289,4,1,1),(2,27301,4,1,1),(2,27302,4,1,1),(2,27303,4,1,1),(2,27304,4,1,1),(2,27305,4,1,1),(2,27306,4,1,1),(2,27340,4,1,1),(2,27343,4,1,1),(2,27344,4,1,1),(2,27345,4,1,1),(2,27350,4,1,1),(2,27351,4,1,1),(2,27352,4,1,1),(2,27353,4,1,1),(2,27408,4,1,1),(2,27409,4,1,1),(2,27410,4,1,1),(2,27411,4,1,1),(2,27412,4,1,1),(2,27427,4,1,1),(2,27428,4,1,1),(2,27429,4,1,1),(2,27430,4,1,1),(2,27534,4,1,1),(2,27543,4,1,1),(2,27557,4,1,1),(2,27558,4,1,1),(2,27559,4,1,1),(2,27560,4,1,1),(2,27561,4,1,1),(2,27563,4,1,1),(2,27586,4,1,1),(2,27587,4,1,1),(2,27588,4,1,1),(2,27589,4,1,1),(2,27590,4,1,1),(2,27591,4,1,1),(2,27592,4,1,1),(2,27593,4,1,1),(2,27594,4,1,1),(2,27595,4,1,1),(2,27596,4,1,1),(2,27616,4,1,1),(2,27617,4,1,1),(2,27645,4,1,1),(2,27646,4,1,1),(2,27647,4,1,1),(2,27654,4,1,1),(2,27655,4,1,1),(2,27659,4,1,1),(2,27666,4,1,1),(2,27667,4,1,1),(2,27703,4,1,1),(2,27704,4,1,1),(2,27708,4,1,1),(2,27709,4,1,1),(2,27710,4,1,1),(2,27757,4,1,1),(2,27775,4,1,1),(2,27776,4,1,1),(2,27777,4,1,1),(2,27784,4,1,1),(2,27785,4,1,1),(2,27786,4,1,1),(2,27787,4,1,1),(2,27788,4,1,1),(2,27789,4,1,1),(2,27792,4,1,1),(2,27799,4,1,1),(2,27800,4,1,1),(2,27802,4,1,1),(2,27805,4,1,1),(2,27806,4,1,1),(2,27807,4,1,1),(2,27815,4,1,1),(2,27816,4,1,1),(2,27817,4,1,1),(2,27818,4,1,1),(2,27819,4,1,1),(2,27820,4,1,1),(2,27821,4,1,1),(2,229,4,1,2),(2,234,4,1,2),(2,235,4,1,2),(2,454,4,1,2),(2,459,4,1,2),(2,764,4,1,2),(2,1205,4,1,2),(2,1275,4,1,2),(2,1276,4,1,2),(2,1277,4,1,2),(2,1278,4,1,2),(2,1279,4,1,2),(2,1280,4,1,2),(2,1304,4,1,2),(2,1811,4,1,2),(2,3192,4,1,2),(2,3193,4,1,2),(2,3248,4,1,2),(2,3249,4,1,2),(2,3335,4,1,2),(2,3336,4,1,2),(2,3440,4,1,2),(2,3441,4,1,2),(2,3731,4,1,2),(2,3985,4,1,2),(2,4507,4,1,2),(2,4508,4,1,2),(2,4509,4,1,2),(2,4510,4,1,2),(2,4511,4,1,2),(2,4512,4,1,2),(2,4513,4,1,2),(2,4927,4,1,2),(2,5462,4,1,2),(2,5463,4,1,2),(2,5464,4,1,2),(2,6667,4,1,2),(2,9956,4,1,2),(2,9957,4,1,2),(2,9958,4,1,2),(2,9959,4,1,2),(2,9960,4,1,2),(2,13108,4,1,2),(2,16042,4,1,2),(2,16791,4,1,2),(2,17930,4,1,2),(2,18185,4,1,2),(2,18654,4,1,2),(2,18820,4,1,2),(2,18926,4,1,2),(2,18927,4,1,2),(2,18928,4,1,2),(2,18929,4,1,2),(2,18930,4,1,2),(2,19064,4,1,2),(2,19358,4,1,2),(2,19735,4,1,2),(2,19736,4,1,2),(2,19737,4,1,2),(2,19830,4,1,2),(2,19856,4,1,2),(2,21089,4,1,2),(2,22875,4,1,2),(2,22877,4,1,2),(2,22886,4,1,2),(2,22887,4,1,2),(2,23004,4,1,2),(2,23005,4,1,2),(2,23006,4,1,2),(2,23007,4,1,2),(2,23008,4,1,2),(2,23009,4,1,2),(2,23010,4,1,2),(2,23157,4,1,2),(2,23267,4,1,2),(2,23268,4,1,2),(2,23269,4,1,2),(2,23396,4,1,2),(2,23397,4,1,2),(2,23398,4,1,2),(2,23947,4,1,2),(2,23948,4,1,2),(2,23949,4,1,2),(2,24185,4,1,2),(2,25072,4,1,2),(2,25073,4,1,2),(2,25074,4,1,2),(2,25075,4,1,2),(2,25076,4,1,2),(2,25077,4,1,2),(2,25078,4,1,2),(2,26713,4,1,2),(2,27547,4,1,2),(2,27548,4,1,2),(2,27549,4,1,2),(2,368,4,1,3),(2,369,4,1,3),(2,460,4,1,3),(2,461,4,1,3),(2,641,4,1,3),(2,642,4,1,3),(2,643,4,1,3),(2,644,4,1,3),(2,1002,4,1,3),(2,1306,4,1,3),(2,2212,4,1,3),(2,3174,4,1,3),(2,3385,4,1,3),(2,3427,4,1,3),(2,3525,4,1,3),(2,3751,4,1,3),(2,5646,4,1,3),(2,7662,4,1,3),(2,7664,4,1,3),(2,7666,4,1,3),(2,9402,4,1,3),(2,9403,4,1,3),(2,16041,4,1,3),(2,16060,4,1,3),(2,18184,4,1,3),(2,18931,4,1,3),(2,19065,4,1,3),(2,19795,4,1,3),(2,19831,4,1,3),(2,20362,4,1,3),(2,20363,4,1,3),(2,20364,4,1,3),(2,20367,4,1,3),(2,21840,4,1,3),(2,21841,4,1,3),(2,21842,4,1,3),(2,21843,4,1,3),(2,21844,4,1,3),(2,21845,4,1,3),(2,22203,4,1,3),(2,22204,4,1,3),(2,22205,4,1,3),(2,22206,4,1,3),(2,22207,4,1,3),(2,22882,4,1,3),(2,23759,4,1,3),(2,23760,4,1,3),(2,42,4,1,4),(2,486,4,1,4),(2,572,4,1,4),(2,1756,4,1,4),(2,1757,4,1,4),(2,1859,4,1,4),(2,2208,4,1,4),(2,2211,4,1,4),(2,2334,4,1,4),(2,2335,4,1,4),(2,2512,4,1,4),(2,3247,4,1,4),(2,3284,4,1,4),(2,3564,4,1,4),(2,3879,4,1,4),(2,3880,4,1,4),(2,10782,4,1,4),(2,370,4,1,5),(2,634,4,1,5),(2,2198,4,1,5),(2,3389,4,1,5),(2,10480,4,1,5),(2,10481,4,1,5),(2,10482,4,1,5),(2,577,4,1,6),(2,1072,4,1,6),(2,1769,4,1,6),(2,1804,4,1,6),(2,1805,4,1,6),(2,1806,4,1,6),(2,2164,4,1,6),(2,2513,4,1,6),(2,3717,4,1,6),(2,5823,4,1,6),(2,5825,4,1,6),(2,13446,4,1,6),(2,18186,4,1,6),(2,456,4,1,7),(2,1758,4,1,7),(2,1770,4,1,7),(2,1836,4,1,7),(2,3176,4,1,7),(2,3423,4,1,7),(2,27317,4,1,7),(2,44,4,1,8),(2,447,4,1,8),(2,449,4,1,8),(2,455,4,1,8),(2,3422,4,1,8),(2,3424,4,1,8),(2,597,4,1,9),(2,680,4,1,9),(2,1218,4,1,9),(2,1780,4,1,9),(2,1861,4,1,9),(2,3421,4,1,9),(2,13445,4,1,9),(2,45,4,1,10),(2,2496,4,1,10),(2,1281,4,1,11),(2,1283,4,1,11),(2,1284,4,1,11),(2,1285,4,1,11),(2,681,4,1,13),(2,2497,4,1,13),(2,721,4,1,14),(2,43,4,1,15),(2,332,4,1,15),(2,450,4,1,15),(2,2458,4,1,15),(2,682,4,1,16),(2,738,4,1,18),(2,333,4,1,19),(2,966,4,1,23),(2,20593,7,1,1),(2,20594,7,1,1),(2,22909,7,1,1),(2,24330,7,1,1),(2,24336,7,1,1),(2,24337,7,1,1),(2,24338,7,1,1),(2,24339,7,1,1),(2,24366,7,1,1),(2,24377,7,1,1),(2,24378,7,1,1),(2,24455,7,1,1),(2,24456,7,1,1),(2,24457,7,1,1),(2,24458,7,1,1),(2,24642,7,1,1),(2,24944,7,1,1),(2,24945,7,1,1),(2,24946,7,1,1),(2,24947,7,1,1),(2,25508,7,1,1),(2,26340,7,1,1),(2,26504,7,1,1),(2,26505,7,1,1),(2,26787,7,1,1),(2,27146,7,1,1),(2,27147,7,1,1),(2,27354,7,1,1),(2,27431,7,1,1),(2,27432,7,1,1),(2,27433,7,1,1),(2,27434,7,1,1),(2,27618,7,1,1),(2,27619,7,1,1),(2,5995,7,1,2),(2,20572,7,1,2),(2,20847,7,1,2),(2,23950,7,1,2),(2,23951,7,1,2),(2,23953,7,1,2),(2,24187,7,1,2),(2,24188,7,1,2),(2,24190,7,1,2),(2,24191,7,1,2),(2,24192,7,1,2),(2,20368,7,1,3),(2,20369,7,1,3),(2,20370,7,1,3),(2,20371,7,1,3),(2,20372,7,1,3),(2,20373,7,1,3),(2,20374,7,1,3),(2,20375,7,1,3),(2,20376,7,1,3),(2,20379,7,1,3),(2,27334,7,1,5),(2,27326,7,1,18),(3,11765,1,1,1),(3,11766,1,1,1),(3,11767,1,1,1),(3,11768,1,1,1),(3,14962,1,1,1),(3,14963,1,1,1),(3,14964,1,1,1),(3,14965,1,1,1),(3,14966,1,1,1),(3,14967,1,1,1),(3,14968,1,1,1),(3,16475,1,1,1),(3,16476,1,1,1),(3,16477,1,1,1),(3,16478,1,1,1),(3,17211,1,1,1),(3,17212,1,1,1),(3,17745,1,1,1),(3,17746,1,1,1),(3,17747,1,1,1),(3,17748,1,1,1),(3,17749,1,1,1),(3,17750,1,1,1),(3,20587,1,1,1),(3,20588,1,1,1),(3,22273,1,1,1),(3,22274,1,1,1),(3,23372,1,1,1),(3,23373,1,1,1),(3,23374,1,1,1),(3,23746,1,1,1),(3,24327,1,1,1),(3,24331,1,1,1),(3,24332,1,1,1),(3,24362,1,1,1),(3,24373,1,1,1),(3,24449,1,1,1),(3,24450,1,1,1),(3,24451,1,1,1),(3,25297,1,1,1),(3,25298,1,1,1),(3,25321,1,1,1),(3,25322,1,1,1),(3,25323,1,1,1),(3,25324,1,1,1),(3,25444,1,1,1),(3,25445,1,1,1),(3,25446,1,1,1),(3,25447,1,1,1),(3,25448,1,1,1),(3,25505,1,1,1),(3,25842,1,1,1),(3,25843,1,1,1),(3,25844,1,1,1),(3,26143,1,1,1),(3,26144,1,1,1),(3,26145,1,1,1),(3,26337,1,1,1),(3,26498,1,1,1),(3,26499,1,1,1),(3,26662,1,1,1),(3,26663,1,1,1),(3,26664,1,1,1),(3,26665,1,1,1),(3,26666,1,1,1),(3,26667,1,1,1),(3,26784,1,1,1),(3,27037,1,1,1),(3,27038,1,1,1),(3,27039,1,1,1),(3,27083,1,1,1),(3,27180,1,1,1),(3,27181,1,1,1),(3,27266,1,1,1),(3,27267,1,1,1),(3,27268,1,1,1),(3,27269,1,1,1),(3,27270,1,1,1),(3,27271,1,1,1),(3,27299,1,1,1),(3,27300,1,1,1),(3,27346,1,1,1),(3,27347,1,1,1),(3,27348,1,1,1),(3,27419,1,1,1),(3,27420,1,1,1),(3,27421,1,1,1),(3,27422,1,1,1),(3,27556,1,1,1),(3,27562,1,1,1),(3,27612,1,1,1),(3,27613,1,1,1),(3,27803,1,1,1),(3,27804,1,1,1),(3,757,1,1,2),(3,4500,1,1,2),(3,4501,1,1,2),(3,4502,1,1,2),(3,4503,1,1,2),(3,4504,1,1,2),(3,4505,1,1,2),(3,4506,1,1,2),(3,5460,1,1,2),(3,5461,1,1,2),(3,9948,1,1,2),(3,9949,1,1,2),(3,9950,1,1,2),(3,9951,1,1,2),(3,14898,1,1,2),(3,17744,1,1,2),(3,19600,1,1,2),(3,19731,1,1,2),(3,19732,1,1,2),(3,19733,1,1,2),(3,19734,1,1,2),(3,20845,1,1,2),(3,23938,1,1,2),(3,23939,1,1,2),(3,23941,1,1,2),(3,24179,1,1,2),(3,24180,1,1,2),(3,26256,1,1,2),(3,26257,1,1,2),(3,26258,1,1,2),(3,26712,1,1,2),(3,383,1,1,3),(3,385,1,1,3),(3,386,1,1,3),(3,18757,1,1,3),(3,20340,1,1,3),(3,20341,1,1,3),(3,20342,1,1,3),(3,20343,1,1,3),(3,20344,1,1,3),(3,20345,1,1,3),(3,20346,1,1,3),(3,20347,1,1,3),(3,20350,1,1,3),(3,23661,1,1,4),(3,784,1,1,5),(3,10478,1,1,5),(3,10479,1,1,5),(3,22303,1,1,5),(3,22304,1,1,5),(3,22305,1,1,5),(3,22306,1,1,5),(3,27333,1,1,5),(3,759,1,1,6),(3,1799,1,1,6),(3,1800,1,1,6),(3,756,1,1,7),(3,758,1,1,10),(3,14969,2,1,1),(3,14970,2,1,1),(3,14971,2,1,1),(3,14972,2,1,1),(3,20589,2,1,1),(3,20590,2,1,1),(3,22908,2,1,1),(3,24328,2,1,1),(3,24333,2,1,1),(3,24363,2,1,1),(3,24364,2,1,1),(3,24374,2,1,1),(3,24375,2,1,1),(3,24376,2,1,1),(3,24452,2,1,1),(3,24453,2,1,1),(3,25449,2,1,1),(3,25450,2,1,1),(3,25506,2,1,1),(3,26338,2,1,1),(3,26500,2,1,1),(3,26501,2,1,1),(3,26668,2,1,1),(3,26669,2,1,1),(3,26670,2,1,1),(3,26671,2,1,1),(3,26672,2,1,1),(3,26673,2,1,1),(3,26674,2,1,1),(3,26785,2,1,1),(3,27040,2,1,1),(3,27041,2,1,1),(3,27084,2,1,1),(3,27160,2,1,1),(3,27161,2,1,1),(3,27164,2,1,1),(3,27165,2,1,1),(3,27166,2,1,1),(3,27167,2,1,1),(3,27182,2,1,1),(3,27272,2,1,1),(3,27273,2,1,1),(3,27274,2,1,1),(3,27275,2,1,1),(3,27349,2,1,1),(3,27423,2,1,1),(3,27424,2,1,1),(3,27425,2,1,1),(3,27426,2,1,1),(3,27614,2,1,1),(3,27615,2,1,1),(3,763,2,1,2),(3,9952,2,1,2),(3,9953,2,1,2),(3,9954,2,1,2),(3,9955,2,1,2),(3,20567,2,1,2),(3,20846,2,1,2),(3,23942,2,1,2),(3,23944,2,1,2),(3,24182,2,1,2),(3,24183,2,1,2),(3,26259,2,1,2),(3,26260,2,1,2),(3,26261,2,1,2),(3,787,2,1,3),(3,788,2,1,3),(3,1884,2,1,3),(3,1885,2,1,3),(3,20351,2,1,3),(3,20352,2,1,3),(3,20353,2,1,3),(3,20354,2,1,3),(3,20355,2,1,3),(3,20356,2,1,3),(3,20357,2,1,3),(3,20358,2,1,3),(3,20361,2,1,3),(3,23635,2,1,3),(3,22307,2,1,5),(3,22308,2,1,5),(3,22309,2,1,5),(3,22310,2,1,5),(3,1801,2,1,6),(3,1802,2,1,6),(3,1803,2,1,6),(3,760,2,1,7),(3,762,2,1,7),(3,761,2,1,10),(3,462,4,1,1),(3,1232,4,1,1),(3,1905,4,1,1),(3,1906,4,1,1),(3,1907,4,1,1),(3,1909,4,1,1),(3,1910,4,1,1),(3,3051,4,1,1),(3,3129,4,1,1),(3,3130,4,1,1),(3,5759,4,1,1),(3,5760,4,1,1),(3,5763,4,1,1),(3,5764,4,1,1),(3,6234,4,1,1),(3,7799,4,1,1),(3,7800,4,1,1),(3,9279,4,1,1),(3,9280,4,1,1),(3,9281,4,1,1),(3,9282,4,1,1),(3,13124,4,1,1),(3,13125,4,1,1),(3,13213,4,1,1),(3,14973,4,1,1),(3,16479,4,1,1),(3,16480,4,1,1),(3,16481,4,1,1),(3,16482,4,1,1),(3,16483,4,1,1),(3,16484,4,1,1),(3,17213,4,1,1),(3,17214,4,1,1),(3,17751,4,1,1),(3,17752,4,1,1),(3,18686,4,1,1),(3,19112,4,1,1),(3,19850,4,1,1),(3,19851,4,1,1),(3,19852,4,1,1),(3,19853,4,1,1),(3,19854,4,1,1),(3,19855,4,1,1),(3,19857,4,1,1),(3,19858,4,1,1),(3,19859,4,1,1),(3,20591,4,1,1),(3,20592,4,1,1),(3,21087,4,1,1),(3,21088,4,1,1),(3,21791,4,1,1),(3,22266,4,1,1),(3,22275,4,1,1),(3,22837,4,1,1),(3,22838,4,1,1),(3,22883,4,1,1),(3,22884,4,1,1),(3,23045,4,1,1),(3,23046,4,1,1),(3,23047,4,1,1),(3,23048,4,1,1),(3,23085,4,1,1),(3,23093,4,1,1),(3,23094,4,1,1),(3,23095,4,1,1),(3,23096,4,1,1),(3,23358,4,1,1),(3,23389,4,1,1),(3,23390,4,1,1),(3,23391,4,1,1),(3,23392,4,1,1),(3,23393,4,1,1),(3,23394,4,1,1),(3,23395,4,1,1),(3,23496,4,1,1),(3,23742,4,1,1),(3,23834,4,1,1),(3,23835,4,1,1),(3,23845,4,1,1),(3,23846,4,1,1),(3,23847,4,1,1),(3,24329,4,1,1),(3,24334,4,1,1),(3,24335,4,1,1),(3,24365,4,1,1),(3,24454,4,1,1),(3,24658,4,1,1),(3,24942,4,1,1),(3,24943,4,1,1),(3,24948,4,1,1),(3,24949,4,1,1),(3,24950,4,1,1),(3,24951,4,1,1),(3,24952,4,1,1),(3,24979,4,1,1),(3,24980,4,1,1),(3,24981,4,1,1),(3,24982,4,1,1),(3,24983,4,1,1),(3,24984,4,1,1),(3,25299,4,1,1),(3,25325,4,1,1),(3,25326,4,1,1),(3,25327,4,1,1),(3,25364,4,1,1),(3,25365,4,1,1),(3,25366,4,1,1),(3,25367,4,1,1),(3,25451,4,1,1),(3,25452,4,1,1),(3,25453,4,1,1),(3,25454,4,1,1),(3,25455,4,1,1),(3,25507,4,1,1),(3,25756,4,1,1),(3,25757,4,1,1),(3,25831,4,1,1),(3,25832,4,1,1),(3,25833,4,1,1),(3,25834,4,1,1),(3,25835,4,1,1),(3,25836,4,1,1),(3,25837,4,1,1),(3,25838,4,1,1),(3,25839,4,1,1),(3,25840,4,1,1),(3,25841,4,1,1),(3,25845,4,1,1),(3,25846,4,1,1),(3,25926,4,1,1),(3,25927,4,1,1),(3,25987,4,1,1),(3,25988,4,1,1),(3,26022,4,1,1),(3,26023,4,1,1),(3,26024,4,1,1),(3,26025,4,1,1),(3,26026,4,1,1),(3,26146,4,1,1),(3,26147,4,1,1),(3,26148,4,1,1),(3,26149,4,1,1),(3,26150,4,1,1),(3,26151,4,1,1),(3,26152,4,1,1),(3,26153,4,1,1),(3,26198,4,1,1),(3,26199,4,1,1),(3,26200,4,1,1),(3,26201,4,1,1),(3,26202,4,1,1),(3,26203,4,1,1),(3,26262,4,1,1),(3,26263,4,1,1),(3,26319,4,1,1),(3,26326,4,1,1),(3,26327,4,1,1),(3,26328,4,1,1),(3,26329,4,1,1),(3,26339,4,1,1),(3,26502,4,1,1),(3,26503,4,1,1),(3,26562,4,1,1),(3,26563,4,1,1),(3,26564,4,1,1),(3,26675,4,1,1),(3,26676,4,1,1),(3,26677,4,1,1),(3,26678,4,1,1),(3,26679,4,1,1),(3,26680,4,1,1),(3,26681,4,1,1),(3,26689,4,1,1),(3,26750,4,1,1),(3,26751,4,1,1),(3,26752,4,1,1),(3,26753,4,1,1),(3,26763,4,1,1),(3,26764,4,1,1),(3,26765,4,1,1),(3,26775,4,1,1),(3,26786,4,1,1),(3,27036,4,1,1),(3,27042,4,1,1),(3,27053,4,1,1),(3,27054,4,1,1),(3,27055,4,1,1),(3,27056,4,1,1),(3,27057,4,1,1),(3,27058,4,1,1),(3,27059,4,1,1),(3,27060,4,1,1),(3,27061,4,1,1),(3,27062,4,1,1),(3,27063,4,1,1),(3,27085,4,1,1),(3,27090,4,1,1),(3,27091,4,1,1),(3,27092,4,1,1),(3,27144,4,1,1),(3,27145,4,1,1),(3,27162,4,1,1),(3,27163,4,1,1),(3,27168,4,1,1),(3,27169,4,1,1),(3,27170,4,1,1),(3,27175,4,1,1),(3,27183,4,1,1),(3,27185,4,1,1),(3,27186,4,1,1),(3,27187,4,1,1),(3,27188,4,1,1),(3,27189,4,1,1),(3,27192,4,1,1),(3,27193,4,1,1),(3,27276,4,1,1),(3,27277,4,1,1),(3,27278,4,1,1),(3,27279,4,1,1),(3,27280,4,1,1),(3,27281,4,1,1),(3,27282,4,1,1),(3,27283,4,1,1),(3,27284,4,1,1),(3,27285,4,1,1),(3,27286,4,1,1),(3,27287,4,1,1),(3,27288,4,1,1),(3,27289,4,1,1),(3,27301,4,1,1),(3,27302,4,1,1),(3,27303,4,1,1),(3,27304,4,1,1),(3,27305,4,1,1),(3,27306,4,1,1),(3,27340,4,1,1),(3,27343,4,1,1),(3,27344,4,1,1),(3,27345,4,1,1),(3,27350,4,1,1),(3,27351,4,1,1),(3,27352,4,1,1),(3,27353,4,1,1),(3,27408,4,1,1),(3,27409,4,1,1),(3,27410,4,1,1),(3,27411,4,1,1),(3,27412,4,1,1),(3,27427,4,1,1),(3,27428,4,1,1),(3,27429,4,1,1),(3,27430,4,1,1),(3,27534,4,1,1),(3,27543,4,1,1),(3,27557,4,1,1),(3,27558,4,1,1),(3,27559,4,1,1),(3,27560,4,1,1),(3,27561,4,1,1),(3,27563,4,1,1),(3,27586,4,1,1),(3,27587,4,1,1),(3,27588,4,1,1),(3,27589,4,1,1),(3,27590,4,1,1),(3,27591,4,1,1),(3,27592,4,1,1),(3,27593,4,1,1),(3,27594,4,1,1),(3,27595,4,1,1),(3,27596,4,1,1),(3,27616,4,1,1),(3,27617,4,1,1),(3,27645,4,1,1),(3,27646,4,1,1),(3,27647,4,1,1),(3,27654,4,1,1),(3,27655,4,1,1),(3,27659,4,1,1),(3,27666,4,1,1),(3,27667,4,1,1),(3,27703,4,1,1),(3,27704,4,1,1),(3,27708,4,1,1),(3,27709,4,1,1),(3,27710,4,1,1),(3,27757,4,1,1),(3,27775,4,1,1),(3,27776,4,1,1),(3,27777,4,1,1),(3,27784,4,1,1),(3,27785,4,1,1),(3,27786,4,1,1),(3,27787,4,1,1),(3,27788,4,1,1),(3,27789,4,1,1),(3,27792,4,1,1),(3,27799,4,1,1),(3,27800,4,1,1),(3,27802,4,1,1),(3,27805,4,1,1),(3,27806,4,1,1),(3,27807,4,1,1),(3,27815,4,1,1),(3,27816,4,1,1),(3,27817,4,1,1),(3,27818,4,1,1),(3,27819,4,1,1),(3,27820,4,1,1),(3,27821,4,1,1),(3,229,4,1,2),(3,234,4,1,2),(3,235,4,1,2),(3,454,4,1,2),(3,459,4,1,2),(3,764,4,1,2),(3,1205,4,1,2),(3,1275,4,1,2),(3,1276,4,1,2),(3,1277,4,1,2),(3,1278,4,1,2),(3,1279,4,1,2),(3,1280,4,1,2),(3,1304,4,1,2),(3,1811,4,1,2),(3,3192,4,1,2),(3,3193,4,1,2),(3,3248,4,1,2),(3,3249,4,1,2),(3,3335,4,1,2),(3,3336,4,1,2),(3,3440,4,1,2),(3,3441,4,1,2),(3,3731,4,1,2),(3,3985,4,1,2),(3,4507,4,1,2),(3,4508,4,1,2),(3,4509,4,1,2),(3,4510,4,1,2),(3,4511,4,1,2),(3,4512,4,1,2),(3,4513,4,1,2),(3,4927,4,1,2),(3,5462,4,1,2),(3,5463,4,1,2),(3,5464,4,1,2),(3,6667,4,1,2),(3,9956,4,1,2),(3,9957,4,1,2),(3,9958,4,1,2),(3,9959,4,1,2),(3,9960,4,1,2),(3,13108,4,1,2),(3,16042,4,1,2),(3,16791,4,1,2),(3,17930,4,1,2),(3,18185,4,1,2),(3,18654,4,1,2),(3,18820,4,1,2),(3,18926,4,1,2),(3,18927,4,1,2),(3,18928,4,1,2),(3,18929,4,1,2),(3,18930,4,1,2),(3,19064,4,1,2),(3,19358,4,1,2),(3,19735,4,1,2),(3,19736,4,1,2),(3,19737,4,1,2),(3,19830,4,1,2),(3,19856,4,1,2),(3,21089,4,1,2),(3,22875,4,1,2),(3,22877,4,1,2),(3,22886,4,1,2),(3,22887,4,1,2),(3,23004,4,1,2),(3,23005,4,1,2),(3,23006,4,1,2),(3,23007,4,1,2),(3,23008,4,1,2),(3,23009,4,1,2),(3,23010,4,1,2),(3,23157,4,1,2),(3,23267,4,1,2),(3,23268,4,1,2),(3,23269,4,1,2),(3,23396,4,1,2),(3,23397,4,1,2),(3,23398,4,1,2),(3,23947,4,1,2),(3,23948,4,1,2),(3,23949,4,1,2),(3,24185,4,1,2),(3,25072,4,1,2),(3,25073,4,1,2),(3,25074,4,1,2),(3,25075,4,1,2),(3,25076,4,1,2),(3,25077,4,1,2),(3,25078,4,1,2),(3,26713,4,1,2),(3,27547,4,1,2),(3,27548,4,1,2),(3,27549,4,1,2),(3,368,4,1,3),(3,369,4,1,3),(3,460,4,1,3),(3,461,4,1,3),(3,641,4,1,3),(3,642,4,1,3),(3,643,4,1,3),(3,644,4,1,3),(3,1002,4,1,3),(3,1306,4,1,3),(3,2212,4,1,3),(3,3174,4,1,3),(3,3385,4,1,3),(3,3427,4,1,3),(3,3525,4,1,3),(3,3751,4,1,3),(3,5646,4,1,3),(3,7662,4,1,3),(3,7664,4,1,3),(3,7666,4,1,3),(3,9402,4,1,3),(3,9403,4,1,3),(3,16041,4,1,3),(3,16060,4,1,3),(3,18184,4,1,3),(3,18931,4,1,3),(3,19065,4,1,3),(3,19795,4,1,3),(3,19831,4,1,3),(3,20362,4,1,3),(3,20363,4,1,3),(3,20364,4,1,3),(3,20367,4,1,3),(3,21840,4,1,3),(3,21841,4,1,3),(3,21842,4,1,3),(3,21843,4,1,3),(3,21844,4,1,3),(3,21845,4,1,3),(3,22203,4,1,3),(3,22204,4,1,3),(3,22205,4,1,3),(3,22206,4,1,3),(3,22207,4,1,3),(3,22882,4,1,3),(3,23759,4,1,3),(3,23760,4,1,3),(3,42,4,1,4),(3,486,4,1,4),(3,572,4,1,4),(3,1756,4,1,4),(3,1757,4,1,4),(3,1859,4,1,4),(3,2208,4,1,4),(3,2211,4,1,4),(3,2334,4,1,4),(3,2335,4,1,4),(3,2512,4,1,4),(3,3247,4,1,4),(3,3284,4,1,4),(3,3564,4,1,4),(3,3879,4,1,4),(3,3880,4,1,4),(3,10782,4,1,4),(3,370,4,1,5),(3,634,4,1,5),(3,2198,4,1,5),(3,3389,4,1,5),(3,10480,4,1,5),(3,10481,4,1,5),(3,10482,4,1,5),(3,577,4,1,6),(3,1072,4,1,6),(3,1769,4,1,6),(3,1804,4,1,6),(3,1805,4,1,6),(3,1806,4,1,6),(3,2164,4,1,6),(3,2513,4,1,6),(3,3717,4,1,6),(3,5823,4,1,6),(3,5825,4,1,6),(3,13446,4,1,6),(3,18186,4,1,6),(3,456,4,1,7),(3,1758,4,1,7),(3,1770,4,1,7),(3,1836,4,1,7),(3,3176,4,1,7),(3,3423,4,1,7),(3,27317,4,1,7),(3,44,4,1,8),(3,447,4,1,8),(3,449,4,1,8),(3,455,4,1,8),(3,3422,4,1,8),(3,3424,4,1,8),(3,597,4,1,9),(3,680,4,1,9),(3,1218,4,1,9),(3,1780,4,1,9),(3,1861,4,1,9),(3,3421,4,1,9),(3,13445,4,1,9),(3,45,4,1,10),(3,2496,4,1,10),(3,1281,4,1,11),(3,1283,4,1,11),(3,1284,4,1,11),(3,1285,4,1,11),(3,681,4,1,13),(3,2497,4,1,13),(3,721,4,1,14),(3,43,4,1,15),(3,332,4,1,15),(3,450,4,1,15),(3,2458,4,1,15),(3,682,4,1,16),(3,738,4,1,18),(3,333,4,1,19),(3,966,4,1,23),(3,20593,7,1,1),(3,20594,7,1,1),(3,22909,7,1,1),(3,24330,7,1,1),(3,24336,7,1,1),(3,24337,7,1,1),(3,24338,7,1,1),(3,24339,7,1,1),(3,24366,7,1,1),(3,24377,7,1,1),(3,24378,7,1,1),(3,24455,7,1,1),(3,24456,7,1,1),(3,24457,7,1,1),(3,24458,7,1,1),(3,24642,7,1,1),(3,24944,7,1,1),(3,24945,7,1,1),(3,24946,7,1,1),(3,24947,7,1,1),(3,25508,7,1,1),(3,26340,7,1,1),(3,26504,7,1,1),(3,26505,7,1,1),(3,26787,7,1,1),(3,27146,7,1,1),(3,27147,7,1,1),(3,27354,7,1,1),(3,27431,7,1,1),(3,27432,7,1,1),(3,27433,7,1,1),(3,27434,7,1,1),(3,27618,7,1,1),(3,27619,7,1,1),(3,5995,7,1,2),(3,20572,7,1,2),(3,20847,7,1,2),(3,23950,7,1,2),(3,23951,7,1,2),(3,23953,7,1,2),(3,24187,7,1,2),(3,24188,7,1,2),(3,24190,7,1,2),(3,24191,7,1,2),(3,24192,7,1,2),(3,20368,7,1,3),(3,20369,7,1,3),(3,20370,7,1,3),(3,20371,7,1,3),(3,20372,7,1,3),(3,20373,7,1,3),(3,20374,7,1,3),(3,20375,7,1,3),(3,20376,7,1,3),(3,20379,7,1,3),(3,27334,7,1,5),(3,27326,7,1,18),(4,11765,1,1,1),(4,11766,1,1,1),(4,11767,1,1,1),(4,11768,1,1,1),(4,14962,1,1,1),(4,14963,1,1,1),(4,14964,1,1,1),(4,14965,1,1,1),(4,14966,1,1,1),(4,14967,1,1,1),(4,14968,1,1,1),(4,16475,1,1,1),(4,16476,1,1,1),(4,16477,1,1,1),(4,16478,1,1,1),(4,17211,1,1,1),(4,17212,1,1,1),(4,17745,1,1,1),(4,17746,1,1,1),(4,17747,1,1,1),(4,17748,1,1,1),(4,17749,1,1,1),(4,17750,1,1,1),(4,20587,1,1,1),(4,20588,1,1,1),(4,22273,1,1,1),(4,22274,1,1,1),(4,23372,1,1,1),(4,23373,1,1,1),(4,23374,1,1,1),(4,23746,1,1,1),(4,24327,1,1,1),(4,24331,1,1,1),(4,24332,1,1,1),(4,24362,1,1,1),(4,24373,1,1,1),(4,24449,1,1,1),(4,24450,1,1,1),(4,24451,1,1,1),(4,25297,1,1,1),(4,25298,1,1,1),(4,25444,1,1,1),(4,25445,1,1,1),(4,25446,1,1,1),(4,25447,1,1,1),(4,25448,1,1,1),(4,25505,1,1,1),(4,25842,1,1,1),(4,25843,1,1,1),(4,25844,1,1,1),(4,26337,1,1,1),(4,26498,1,1,1),(4,26499,1,1,1),(4,26662,1,1,1),(4,26663,1,1,1),(4,26664,1,1,1),(4,26665,1,1,1),(4,26666,1,1,1),(4,26667,1,1,1),(4,26784,1,1,1),(4,27083,1,1,1),(4,27180,1,1,1),(4,27181,1,1,1),(4,27266,1,1,1),(4,27267,1,1,1),(4,27268,1,1,1),(4,27269,1,1,1),(4,27270,1,1,1),(4,27271,1,1,1),(4,27299,1,1,1),(4,27300,1,1,1),(4,27346,1,1,1),(4,27347,1,1,1),(4,27348,1,1,1),(4,27419,1,1,1),(4,27420,1,1,1),(4,27421,1,1,1),(4,27422,1,1,1),(4,27556,1,1,1),(4,27562,1,1,1),(4,27612,1,1,1),(4,27613,1,1,1),(4,27803,1,1,1),(4,27804,1,1,1),(4,757,1,1,2),(4,5460,1,1,2),(4,5461,1,1,2),(4,9948,1,1,2),(4,9949,1,1,2),(4,9950,1,1,2),(4,9951,1,1,2),(4,14898,1,1,2),(4,17744,1,1,2),(4,18757,1,1,2),(4,19600,1,1,2),(4,19731,1,1,2),(4,19732,1,1,2),(4,19733,1,1,2),(4,19734,1,1,2),(4,20845,1,1,2),(4,23938,1,1,2),(4,23939,1,1,2),(4,23941,1,1,2),(4,24179,1,1,2),(4,24180,1,1,2),(4,26256,1,1,2),(4,26257,1,1,2),(4,26258,1,1,2),(4,26712,1,1,2),(4,383,1,1,3),(4,385,1,1,3),(4,386,1,1,3),(4,20340,1,1,3),(4,20341,1,1,3),(4,20342,1,1,3),(4,20343,1,1,3),(4,20344,1,1,3),(4,20345,1,1,3),(4,20346,1,1,3),(4,20347,1,1,3),(4,20350,1,1,3),(4,23661,1,1,4),(4,784,1,1,5),(4,10478,1,1,5),(4,10479,1,1,5),(4,22303,1,1,5),(4,22304,1,1,5),(4,22305,1,1,5),(4,22306,1,1,5),(4,27333,1,1,5),(4,759,1,1,6),(4,1799,1,1,6),(4,1800,1,1,6),(4,756,1,1,7),(4,758,1,1,10),(4,14969,2,1,1),(4,14970,2,1,1),(4,14971,2,1,1),(4,14972,2,1,1),(4,20589,2,1,1),(4,20590,2,1,1),(4,22908,2,1,1),(4,24328,2,1,1),(4,24333,2,1,1),(4,24363,2,1,1),(4,24364,2,1,1),(4,24374,2,1,1),(4,24375,2,1,1),(4,24376,2,1,1),(4,24452,2,1,1),(4,24453,2,1,1),(4,25449,2,1,1),(4,25450,2,1,1),(4,25506,2,1,1),(4,26338,2,1,1),(4,26500,2,1,1),(4,26501,2,1,1),(4,26668,2,1,1),(4,26669,2,1,1),(4,26670,2,1,1),(4,26671,2,1,1),(4,26672,2,1,1),(4,26673,2,1,1),(4,26674,2,1,1),(4,26785,2,1,1),(4,27041,2,1,1),(4,27084,2,1,1),(4,27160,2,1,1),(4,27161,2,1,1),(4,27164,2,1,1),(4,27165,2,1,1),(4,27166,2,1,1),(4,27167,2,1,1),(4,27182,2,1,1),(4,27272,2,1,1),(4,27273,2,1,1),(4,27274,2,1,1),(4,27275,2,1,1),(4,27349,2,1,1),(4,27423,2,1,1),(4,27424,2,1,1),(4,27425,2,1,1),(4,27426,2,1,1),(4,27614,2,1,1),(4,27615,2,1,1),(4,763,2,1,2),(4,9952,2,1,2),(4,9953,2,1,2),(4,9954,2,1,2),(4,9955,2,1,2),(4,20567,2,1,2),(4,20846,2,1,2),(4,23942,2,1,2),(4,23944,2,1,2),(4,24182,2,1,2),(4,24183,2,1,2),(4,26259,2,1,2),(4,26260,2,1,2),(4,26261,2,1,2),(4,787,2,1,3),(4,788,2,1,3),(4,1884,2,1,3),(4,1885,2,1,3),(4,20351,2,1,3),(4,20352,2,1,3),(4,20353,2,1,3),(4,20354,2,1,3),(4,20355,2,1,3),(4,20356,2,1,3),(4,20357,2,1,3),(4,20358,2,1,3),(4,20361,2,1,3),(4,23635,2,1,3),(4,22307,2,1,5),(4,22308,2,1,5),(4,22309,2,1,5),(4,22310,2,1,5),(4,1801,2,1,6),(4,1802,2,1,6),(4,1803,2,1,6),(4,760,2,1,7),(4,762,2,1,7),(4,761,2,1,10),(4,447,4,1,1),(4,449,4,1,1),(4,456,4,1,1),(4,1205,4,1,1),(4,1232,4,1,1),(4,1859,4,1,1),(4,1905,4,1,1),(4,1906,4,1,1),(4,1907,4,1,1),(4,1909,4,1,1),(4,1910,4,1,1),(4,3051,4,1,1),(4,3129,4,1,1),(4,3130,4,1,1),(4,5759,4,1,1),(4,5760,4,1,1),(4,5763,4,1,1),(4,5764,4,1,1),(4,6234,4,1,1),(4,7799,4,1,1),(4,7800,4,1,1),(4,9279,4,1,1),(4,9280,4,1,1),(4,9281,4,1,1),(4,9282,4,1,1),(4,13124,4,1,1),(4,13125,4,1,1),(4,13213,4,1,1),(4,14973,4,1,1),(4,16479,4,1,1),(4,16480,4,1,1),(4,16481,4,1,1),(4,16482,4,1,1),(4,16483,4,1,1),(4,16484,4,1,1),(4,17213,4,1,1),(4,17214,4,1,1),(4,17751,4,1,1),(4,17752,4,1,1),(4,18686,4,1,1),(4,19112,4,1,1),(4,19850,4,1,1),(4,19851,4,1,1),(4,19852,4,1,1),(4,19853,4,1,1),(4,19854,4,1,1),(4,19855,4,1,1),(4,19857,4,1,1),(4,19858,4,1,1),(4,19859,4,1,1),(4,20591,4,1,1),(4,20592,4,1,1),(4,21087,4,1,1),(4,21088,4,1,1),(4,21791,4,1,1),(4,22266,4,1,1),(4,22275,4,1,1),(4,22837,4,1,1),(4,22838,4,1,1),(4,22883,4,1,1),(4,22884,4,1,1),(4,23045,4,1,1),(4,23046,4,1,1),(4,23047,4,1,1),(4,23048,4,1,1),(4,23085,4,1,1),(4,23093,4,1,1),(4,23094,4,1,1),(4,23095,4,1,1),(4,23096,4,1,1),(4,23358,4,1,1),(4,23389,4,1,1),(4,23390,4,1,1),(4,23391,4,1,1),(4,23392,4,1,1),(4,23393,4,1,1),(4,23394,4,1,1),(4,23395,4,1,1),(4,23496,4,1,1),(4,23742,4,1,1),(4,23759,4,1,1),(4,23760,4,1,1),(4,23834,4,1,1),(4,23835,4,1,1),(4,23845,4,1,1),(4,23846,4,1,1),(4,23847,4,1,1),(4,24329,4,1,1),(4,24334,4,1,1),(4,24335,4,1,1),(4,24365,4,1,1),(4,24454,4,1,1),(4,24658,4,1,1),(4,24942,4,1,1),(4,24943,4,1,1),(4,24948,4,1,1),(4,24949,4,1,1),(4,24950,4,1,1),(4,24951,4,1,1),(4,24952,4,1,1),(4,24979,4,1,1),(4,24980,4,1,1),(4,24981,4,1,1),(4,24982,4,1,1),(4,24983,4,1,1),(4,24984,4,1,1),(4,25299,4,1,1),(4,25364,4,1,1),(4,25365,4,1,1),(4,25366,4,1,1),(4,25367,4,1,1),(4,25451,4,1,1),(4,25452,4,1,1),(4,25453,4,1,1),(4,25454,4,1,1),(4,25455,4,1,1),(4,25507,4,1,1),(4,25756,4,1,1),(4,25757,4,1,1),(4,25831,4,1,1),(4,25832,4,1,1),(4,25833,4,1,1),(4,25834,4,1,1),(4,25835,4,1,1),(4,25836,4,1,1),(4,25837,4,1,1),(4,25838,4,1,1),(4,25839,4,1,1),(4,25840,4,1,1),(4,25841,4,1,1),(4,25845,4,1,1),(4,25846,4,1,1),(4,25926,4,1,1),(4,25927,4,1,1),(4,25987,4,1,1),(4,25988,4,1,1),(4,26022,4,1,1),(4,26023,4,1,1),(4,26024,4,1,1),(4,26025,4,1,1),(4,26026,4,1,1),(4,26198,4,1,1),(4,26199,4,1,1),(4,26200,4,1,1),(4,26201,4,1,1),(4,26202,4,1,1),(4,26203,4,1,1),(4,26262,4,1,1),(4,26263,4,1,1),(4,26319,4,1,1),(4,26326,4,1,1),(4,26327,4,1,1),(4,26328,4,1,1),(4,26329,4,1,1),(4,26339,4,1,1),(4,26502,4,1,1),(4,26503,4,1,1),(4,26562,4,1,1),(4,26563,4,1,1),(4,26564,4,1,1),(4,26675,4,1,1),(4,26676,4,1,1),(4,26677,4,1,1),(4,26678,4,1,1),(4,26679,4,1,1),(4,26680,4,1,1),(4,26681,4,1,1),(4,26689,4,1,1),(4,26763,4,1,1),(4,26764,4,1,1),(4,26765,4,1,1),(4,26775,4,1,1),(4,26786,4,1,1),(4,27042,4,1,1),(4,27053,4,1,1),(4,27054,4,1,1),(4,27055,4,1,1),(4,27056,4,1,1),(4,27057,4,1,1),(4,27058,4,1,1),(4,27059,4,1,1),(4,27060,4,1,1),(4,27061,4,1,1),(4,27062,4,1,1),(4,27063,4,1,1),(4,27085,4,1,1),(4,27090,4,1,1),(4,27091,4,1,1),(4,27092,4,1,1),(4,27144,4,1,1),(4,27145,4,1,1),(4,27162,4,1,1),(4,27163,4,1,1),(4,27168,4,1,1),(4,27169,4,1,1),(4,27170,4,1,1),(4,27175,4,1,1),(4,27183,4,1,1),(4,27185,4,1,1),(4,27186,4,1,1),(4,27187,4,1,1),(4,27188,4,1,1),(4,27189,4,1,1),(4,27192,4,1,1),(4,27193,4,1,1),(4,27276,4,1,1),(4,27277,4,1,1),(4,27278,4,1,1),(4,27279,4,1,1),(4,27280,4,1,1),(4,27281,4,1,1),(4,27282,4,1,1),(4,27283,4,1,1),(4,27284,4,1,1),(4,27285,4,1,1),(4,27286,4,1,1),(4,27287,4,1,1),(4,27288,4,1,1),(4,27289,4,1,1),(4,27301,4,1,1),(4,27302,4,1,1),(4,27303,4,1,1),(4,27304,4,1,1),(4,27305,4,1,1),(4,27306,4,1,1),(4,27340,4,1,1),(4,27343,4,1,1),(4,27344,4,1,1),(4,27345,4,1,1),(4,27350,4,1,1),(4,27351,4,1,1),(4,27352,4,1,1),(4,27353,4,1,1),(4,27408,4,1,1),(4,27409,4,1,1),(4,27410,4,1,1),(4,27411,4,1,1),(4,27412,4,1,1),(4,27427,4,1,1),(4,27428,4,1,1),(4,27429,4,1,1),(4,27430,4,1,1),(4,27534,4,1,1),(4,27543,4,1,1),(4,27557,4,1,1),(4,27558,4,1,1),(4,27559,4,1,1),(4,27560,4,1,1),(4,27561,4,1,1),(4,27563,4,1,1),(4,27586,4,1,1),(4,27587,4,1,1),(4,27588,4,1,1),(4,27589,4,1,1),(4,27590,4,1,1),(4,27591,4,1,1),(4,27592,4,1,1),(4,27593,4,1,1),(4,27594,4,1,1),(4,27595,4,1,1),(4,27596,4,1,1),(4,27616,4,1,1),(4,27617,4,1,1),(4,27645,4,1,1),(4,27646,4,1,1),(4,27647,4,1,1),(4,27654,4,1,1),(4,27655,4,1,1),(4,27659,4,1,1),(4,27666,4,1,1),(4,27667,4,1,1),(4,27703,4,1,1),(4,27704,4,1,1),(4,27708,4,1,1),(4,27709,4,1,1),(4,27710,4,1,1),(4,27757,4,1,1),(4,27775,4,1,1),(4,27776,4,1,1),(4,27777,4,1,1),(4,27784,4,1,1),(4,27785,4,1,1),(4,27786,4,1,1),(4,27787,4,1,1),(4,27788,4,1,1),(4,27789,4,1,1),(4,27792,4,1,1),(4,27799,4,1,1),(4,27800,4,1,1),(4,27802,4,1,1),(4,27805,4,1,1),(4,27806,4,1,1),(4,27807,4,1,1),(4,27815,4,1,1),(4,27816,4,1,1),(4,27817,4,1,1),(4,27818,4,1,1),(4,27819,4,1,1),(4,27820,4,1,1),(4,27821,4,1,1),(4,229,4,1,2),(4,234,4,1,2),(4,235,4,1,2),(4,764,4,1,2),(4,1275,4,1,2),(4,1276,4,1,2),(4,1277,4,1,2),(4,1278,4,1,2),(4,1279,4,1,2),(4,1280,4,1,2),(4,1304,4,1,2),(4,1811,4,1,2),(4,3192,4,1,2),(4,3193,4,1,2),(4,3248,4,1,2),(4,3249,4,1,2),(4,3335,4,1,2),(4,3336,4,1,2),(4,3440,4,1,2),(4,3441,4,1,2),(4,3731,4,1,2),(4,3985,4,1,2),(4,4927,4,1,2),(4,5462,4,1,2),(4,5463,4,1,2),(4,5464,4,1,2),(4,6667,4,1,2),(4,9956,4,1,2),(4,9957,4,1,2),(4,9958,4,1,2),(4,9959,4,1,2),(4,9960,4,1,2),(4,13108,4,1,2),(4,16042,4,1,2),(4,16791,4,1,2),(4,17930,4,1,2),(4,18185,4,1,2),(4,18654,4,1,2),(4,18820,4,1,2),(4,18926,4,1,2),(4,18927,4,1,2),(4,18928,4,1,2),(4,18929,4,1,2),(4,18930,4,1,2),(4,19064,4,1,2),(4,19358,4,1,2),(4,19735,4,1,2),(4,19736,4,1,2),(4,19737,4,1,2),(4,19830,4,1,2),(4,19856,4,1,2),(4,21089,4,1,2),(4,22875,4,1,2),(4,22877,4,1,2),(4,22886,4,1,2),(4,22887,4,1,2),(4,23004,4,1,2),(4,23005,4,1,2),(4,23006,4,1,2),(4,23007,4,1,2),(4,23008,4,1,2),(4,23009,4,1,2),(4,23010,4,1,2),(4,23157,4,1,2),(4,23267,4,1,2),(4,23268,4,1,2),(4,23269,4,1,2),(4,23396,4,1,2),(4,23397,4,1,2),(4,23398,4,1,2),(4,23947,4,1,2),(4,23948,4,1,2),(4,23949,4,1,2),(4,24185,4,1,2),(4,25072,4,1,2),(4,25073,4,1,2),(4,25074,4,1,2),(4,25075,4,1,2),(4,25076,4,1,2),(4,25077,4,1,2),(4,25078,4,1,2),(4,26713,4,1,2),(4,27547,4,1,2),(4,27548,4,1,2),(4,27549,4,1,2),(4,368,4,1,3),(4,369,4,1,3),(4,641,4,1,3),(4,642,4,1,3),(4,643,4,1,3),(4,644,4,1,3),(4,1002,4,1,3),(4,1306,4,1,3),(4,2212,4,1,3),(4,3174,4,1,3),(4,3385,4,1,3),(4,3427,4,1,3),(4,3525,4,1,3),(4,3717,4,1,3),(4,3751,4,1,3),(4,5646,4,1,3),(4,7662,4,1,3),(4,7664,4,1,3),(4,7666,4,1,3),(4,9402,4,1,3),(4,9403,4,1,3),(4,16041,4,1,3),(4,16060,4,1,3),(4,18184,4,1,3),(4,18931,4,1,3),(4,19065,4,1,3),(4,19795,4,1,3),(4,19831,4,1,3),(4,20362,4,1,3),(4,20363,4,1,3),(4,20364,4,1,3),(4,20367,4,1,3),(4,21840,4,1,3),(4,21841,4,1,3),(4,21842,4,1,3),(4,21843,4,1,3),(4,21844,4,1,3),(4,21845,4,1,3),(4,22203,4,1,3),(4,22204,4,1,3),(4,22205,4,1,3),(4,22206,4,1,3),(4,22207,4,1,3),(4,22882,4,1,3),(4,42,4,1,4),(4,486,4,1,4),(4,572,4,1,4),(4,1756,4,1,4),(4,1757,4,1,4),(4,2208,4,1,4),(4,2211,4,1,4),(4,2334,4,1,4),(4,2335,4,1,4),(4,2512,4,1,4),(4,3247,4,1,4),(4,3284,4,1,4),(4,3564,4,1,4),(4,3879,4,1,4),(4,3880,4,1,4),(4,10782,4,1,4),(4,370,4,1,5),(4,450,4,1,5),(4,634,4,1,5),(4,2198,4,1,5),(4,3389,4,1,5),(4,10480,4,1,5),(4,10481,4,1,5),(4,10482,4,1,5),(4,577,4,1,6),(4,1072,4,1,6),(4,1769,4,1,6),(4,1770,4,1,6),(4,1804,4,1,6),(4,1805,4,1,6),(4,1806,4,1,6),(4,1861,4,1,6),(4,2164,4,1,6),(4,2513,4,1,6),(4,5823,4,1,6),(4,5825,4,1,6),(4,13446,4,1,6),(4,18186,4,1,6),(4,1758,4,1,7),(4,1836,4,1,7),(4,3176,4,1,7),(4,3423,4,1,7),(4,27317,4,1,7),(4,44,4,1,8),(4,1218,4,1,8),(4,3422,4,1,8),(4,3424,4,1,8),(4,597,4,1,9),(4,680,4,1,9),(4,1780,4,1,9),(4,3421,4,1,9),(4,13445,4,1,9),(4,45,4,1,10),(4,2496,4,1,10),(4,1281,4,1,11),(4,1283,4,1,11),(4,1284,4,1,11),(4,1285,4,1,11),(4,681,4,1,13),(4,2497,4,1,13),(4,721,4,1,14),(4,43,4,1,15),(4,332,4,1,15),(4,2458,4,1,15),(4,682,4,1,16),(4,738,4,1,18),(4,333,4,1,19),(4,966,4,1,23),(4,20593,7,1,1),(4,20594,7,1,1),(4,22909,7,1,1),(4,24330,7,1,1),(4,24336,7,1,1),(4,24337,7,1,1),(4,24338,7,1,1),(4,24339,7,1,1),(4,24366,7,1,1),(4,24377,7,1,1),(4,24378,7,1,1),(4,24455,7,1,1),(4,24456,7,1,1),(4,24457,7,1,1),(4,24458,7,1,1),(4,24642,7,1,1),(4,24944,7,1,1),(4,24945,7,1,1),(4,24946,7,1,1),(4,24947,7,1,1),(4,25508,7,1,1),(4,26340,7,1,1),(4,26504,7,1,1),(4,26505,7,1,1),(4,26787,7,1,1),(4,27146,7,1,1),(4,27147,7,1,1),(4,27354,7,1,1),(4,27431,7,1,1),(4,27432,7,1,1),(4,27433,7,1,1),(4,27434,7,1,1),(4,27618,7,1,1),(4,27619,7,1,1),(4,5995,7,1,2),(4,20572,7,1,2),(4,20847,7,1,2),(4,23950,7,1,2),(4,23951,7,1,2),(4,23953,7,1,2),(4,24187,7,1,2),(4,24188,7,1,2),(4,24190,7,1,2),(4,24191,7,1,2),(4,24192,7,1,2),(4,20368,7,1,3),(4,20369,7,1,3),(4,20370,7,1,3),(4,20371,7,1,3),(4,20372,7,1,3),(4,20373,7,1,3),(4,20374,7,1,3),(4,20375,7,1,3),(4,20376,7,1,3),(4,20379,7,1,3),(4,27334,7,1,5),(4,27326,7,1,17);

--
-- Table structure for table `prstshp_tax`
--

CREATE TABLE `prstshp_tax` (
  `id_tax` int(10) unsigned NOT NULL AUTO_INCREMENT,
  `rate` decimal(10,3) NOT NULL,
  `active` tinyint(1) unsigned NOT NULL DEFAULT '1',
  `deleted` tinyint(1) unsigned NOT NULL DEFAULT '0',
  PRIMARY KEY (`id_tax`)
) ENGINE=InnoDB AUTO_INCREMENT=40 DEFAULT CHARSET=utf8mb4 ROW_FORMAT=DYNAMIC;

--
-- Dumping data for table `prstshp_tax`
--

INSERT INTO `prstshp_tax` VALUES (1,19.000,1,1),(2,7.000,1,0),(3,19.600,0,1),(4,19.000,1,1),(5,20.000,1,0),(6,21.000,1,0),(7,20.000,1,0),(8,19.000,1,0),(9,21.000,1,0),(10,25.000,1,0),(11,20.000,1,0),(12,21.000,1,0),(13,24.000,1,1),(14,20.000,1,0),(15,20.000,1,0),(16,24.000,1,0),(17,25.000,1,0),(18,27.000,1,0),(19,23.000,1,0),(20,22.000,1,0),(21,21.000,1,0),(22,17.000,1,0),(23,21.000,1,0),(24,18.000,1,0),(25,21.000,1,0),(26,23.000,1,0),(27,23.000,1,0),(28,19.000,1,0),(29,25.000,1,0),(30,22.000,1,0),(31,20.000,1,1),(32,16.000,1,1),(33,19.000,1,0),(34,14.000,1,0),(35,9.000,1,0),(36,0.000,1,0),(37,19.000,1,0),(38,25.500,1,0),(39,23.000,1,0);

--
-- Table structure for table `prstshp_tax_lang`
--

CREATE TABLE `prstshp_tax_lang` (
  `id_tax` int(10) unsigned NOT NULL,
  `id_lang` int(10) unsigned NOT NULL,
  `name` varchar(32) NOT NULL,
  PRIMARY KEY (`id_tax`,`id_lang`)
) ENGINE=InnoDB DEFAULT CHARSET=utf8mb4 ROW_FORMAT=DYNAMIC;

--
-- Dumping data for table `prstshp_tax_lang`
--

INSERT INTO `prstshp_tax_lang` VALUES (1,1,'MwSt. DE 19%'),(1,2,'MwSt. DE 19%'),(1,4,'MwSt. DE 19%'),(1,7,'MwSt. DE 19%'),(2,1,'MwSt. DE 7%'),(2,2,'MwSt. DE 7%'),(2,4,'MwSt. DE 7%'),(2,7,'MwSt. DE 7%'),(3,1,'TVA 19.6%'),(3,2,'TVA 19.6%'),(3,4,'TVA 19.6%'),(3,7,'TVA 19.6%'),(4,1,'MwSt. DE 19%'),(4,2,'MwSt. DE 19%'),(4,4,'MwSt. DE 19%'),(4,7,'MwSt. DE 19%'),(5,1,'USt. AT 20%'),(5,2,'USt. AT 20%'),(5,4,'USt. AT 20%'),(5,7,'USt. AT 20%'),(6,1,'TVA BE 21%'),(6,2,'TVA BE 21%'),(6,4,'TVA BE 21%'),(6,7,'TVA BE 21%'),(7,1,'ДДС BG 20%'),(7,2,'ДДС BG 20%'),(7,4,'ДДС BG 20%'),(7,7,'ДДС BG 20%'),(8,1,'ΦΠΑ CY 19%'),(8,2,'ΦΠΑ CY 19%'),(8,4,'ΦΠΑ CY 19%'),(8,7,'ΦΠΑ CY 19%'),(9,1,'DPH CZ 21%'),(9,2,'DPH CZ 21%'),(9,4,'DPH CZ 21%'),(9,7,'DPH CZ 21%'),(10,1,'moms DK 25%'),(10,2,'moms DK 25%'),(10,4,'moms DK 25%'),(10,7,'moms DK 25%'),(11,1,'km EE 20%'),(11,2,'km EE 20%'),(11,4,'km EE 20%'),(11,7,'km EE 20%'),(12,1,'IVA ES 21%'),(12,2,'IVA ES 21%'),(12,4,'IVA ES 21%'),(12,7,'IVA ES 21%'),(13,1,'ALV FI 24%'),(13,2,'ALV FI 24%'),(13,4,'ALV FI 24%'),(13,7,'ALV FI 24%'),(14,1,'TVA FR 20%'),(14,2,'TVA FR 20%'),(14,4,'TVA FR 20%'),(14,7,'TVA FR 20%'),(15,1,'VAT UK 20%'),(15,2,'VAT UK 20%'),(15,4,'VAT UK 20%'),(15,7,'VAT UK 20%'),(16,1,'ΦΠΑ GR 23%'),(16,2,'ΦΠΑ GR 23%'),(16,4,'ΦΠΑ GR 24%'),(16,7,'ΦΠΑ GR 23%'),(17,1,'Croatia PDV 25%'),(17,2,'Croatia PDV 25%'),(17,4,'Croatia PDV 25%'),(17,7,'Croatia PDV 25%'),(18,1,'ÁFA HU 27%'),(18,2,'ÁFA HU 27%'),(18,4,'ÁFA HU 27%'),(18,7,'ÁFA HU 27%'),(19,1,'VAT IE 23%'),(19,2,'VAT IE 23%'),(19,4,'VAT IE 23%'),(19,7,'VAT IE 23%'),(20,1,'IVA IT 22%'),(20,2,'IVA IT 22%'),(20,4,'IVA IT 22%'),(20,7,'IVA IT 22%'),(21,1,'PVM LT 21%'),(21,2,'PVM LT 21%'),(21,4,'PVM LT 21%'),(21,7,'PVM LT 21%'),(22,1,'TVA LU 17%'),(22,2,'TVA LU 17%'),(22,4,'TVA LU 17%'),(22,7,'TVA LU 17%'),(23,1,'PVN LV 21%'),(23,2,'PVN LV 21%'),(23,4,'PVN LV 21%'),(23,7,'PVN LV 21%'),(24,1,'VAT MT 18%'),(24,2,'VAT MT 18%'),(24,4,'VAT MT 18%'),(24,7,'VAT MT 18%'),(25,1,'BTW NL 21%'),(25,2,'BTW NL 21%'),(25,4,'BTW NL 21%'),(25,7,'BTW NL 21%'),(26,1,'PTU PL 23%'),(26,2,'PTU PL 23%'),(26,4,'PTU PL 23%'),(26,7,'PTU PL 23%'),(27,1,'IVA PT 23%'),(27,2,'IVA PT 23%'),(27,4,'IVA PT 23%'),(27,7,'IVA PT 23%'),(28,1,'TVA RO 24%'),(28,2,'TVA RO 24%'),(28,4,'TVA RO 19%'),(28,7,'TVA RO 24%'),(29,1,'Moms SE 25%'),(29,2,'Moms SE 25%'),(29,4,'Moms SE 25%'),(29,7,'Moms SE 25%'),(30,1,'DDV SI 22%'),(30,2,'DDV SI 22%'),(30,4,'DDV SI 22%'),(30,7,'DDV SI 22%'),(31,1,'DPH SK 20%'),(31,2,'DPH SK 20%'),(31,4,'DPH SK 20%'),(31,7,'DPH SK 20%'),(32,1,'MwSt. DE 19%'),(32,2,'MwSt. DE 19%'),(32,4,'MwSt. DE 19%'),(32,7,'MwSt. DE 19%'),(33,1,'TVA DZ 19%'),(33,2,'TVA DZ 19%'),(33,4,'TVA DZ 19%'),(33,7,'TVA DZ 19%'),(34,1,'TVA DZ 14%'),(34,2,'TVA DZ 14%'),(34,4,'TVA DZ 14%'),(34,7,'TVA DZ 14%'),(35,1,'TVA DZ 9%'),(35,2,'TVA DZ 9%'),(35,4,'TVA DZ 9%'),(35,7,'TVA DZ 9%'),(36,1,'TVA DZ 0%'),(36,2,'TVA DZ 0%'),(36,4,'TVA DZ 0%'),(36,7,'TVA DZ 0%'),(37,1,'MwSt. DE 19%'),(37,2,'MwSt. DE 19%'),(37,4,'MwSt. DE 19%'),(37,7,'MwSt. DE 19%'),(38,1,'ALV FI 24%'),(38,2,'ALV FI 24%'),(38,4,'ALV FI 25,5%'),(38,7,'ALV FI 24%'),(39,1,'DPH SK 20%'),(39,2,'DPH SK 20%'),(39,4,'DPH SK 23%'),(39,7,'DPH SK 20%');

--
-- Table structure for table `prstshp_tax_rule`
--

CREATE TABLE `prstshp_tax_rule` (
  `id_tax_rule` int(11) NOT NULL AUTO_INCREMENT,
  `id_tax_rules_group` int(11) NOT NULL,
  `id_country` int(11) NOT NULL,
  `id_state` int(11) NOT NULL,
  `zipcode_from` varchar(12) NOT NULL,
  `zipcode_to` varchar(12) NOT NULL,
  `behavior` int(11) NOT NULL,
  `id_tax` int(11) NOT NULL,
  `description` varchar(100) NOT NULL,
  PRIMARY KEY (`id_tax_rule`),
  UNIQUE KEY `tax_rule` (`id_tax_rules_group`,`id_country`,`id_state`),
  KEY `id_tax_rules_group` (`id_tax_rules_group`),
  KEY `id_tax` (`id_tax`),
  KEY `category_getproducts` (`id_tax_rules_group`,`id_country`,`id_state`,`zipcode_from`)
) ENGINE=InnoDB AUTO_INCREMENT=321 DEFAULT CHARSET=utf8mb4 ROW_FORMAT=DYNAMIC;

--
-- Dumping data for table `prstshp_tax_rule`
--

INSERT INTO `prstshp_tax_rule` VALUES (27,2,3,0,'0','0',0,2,''),(28,2,236,0,'0','0',0,2,''),(29,2,16,0,'0','0',0,2,''),(30,2,20,0,'0','0',0,2,''),(31,2,1,0,'0','0',0,2,''),(32,2,86,0,'0','0',0,2,''),(33,2,9,0,'0','0',0,2,''),(34,2,6,0,'0','0',0,2,''),(35,2,8,0,'0','0',0,2,''),(36,2,26,0,'0','0',0,2,''),(38,2,76,0,'0','0',0,2,''),(39,2,125,0,'0','0',0,2,''),(40,2,131,0,'0','0',0,2,''),(41,2,12,0,'0','0',0,2,''),(42,2,143,0,'0','0',0,2,''),(43,2,139,0,'0','0',0,2,''),(44,2,13,0,'0','0',0,2,''),(45,2,2,0,'0','0',0,2,''),(46,2,14,0,'0','0',0,2,''),(47,2,15,0,'0','0',0,2,''),(48,2,36,0,'0','0',0,2,''),(49,2,193,0,'0','0',0,2,''),(50,2,37,0,'0','0',0,2,''),(51,2,7,0,'0','0',0,2,''),(52,2,18,0,'0','0',0,2,''),(53,3,3,0,'0','0',0,2,''),(54,3,236,0,'0','0',0,2,''),(55,3,16,0,'0','0',0,2,''),(56,3,20,0,'0','0',0,2,''),(57,3,1,0,'0','0',0,2,''),(58,3,86,0,'0','0',0,2,''),(59,3,9,0,'0','0',0,2,''),(60,3,6,0,'0','0',0,2,''),(61,3,8,0,'0','0',0,2,''),(62,3,26,0,'0','0',0,2,''),(64,3,76,0,'0','0',0,2,''),(65,3,125,0,'0','0',0,2,''),(66,3,131,0,'0','0',0,2,''),(67,3,12,0,'0','0',0,2,''),(68,3,143,0,'0','0',0,2,''),(69,3,139,0,'0','0',0,2,''),(70,3,13,0,'0','0',0,2,''),(71,3,2,0,'0','0',0,2,''),(72,3,14,0,'0','0',0,2,''),(73,3,15,0,'0','0',0,2,''),(74,3,36,0,'0','0',0,2,''),(75,3,193,0,'0','0',0,2,''),(76,3,37,0,'0','0',0,2,''),(77,3,7,0,'0','0',0,2,''),(78,3,18,0,'0','0',0,2,''),(79,4,3,0,'0','0',0,2,''),(80,4,236,0,'0','0',0,2,''),(81,4,16,0,'0','0',0,2,''),(82,4,20,0,'0','0',0,2,''),(83,4,1,0,'0','0',0,2,''),(84,4,86,0,'0','0',0,2,''),(85,4,9,0,'0','0',0,2,''),(86,4,6,0,'0','0',0,2,''),(87,4,8,0,'0','0',0,2,''),(88,4,26,0,'0','0',0,2,''),(89,4,17,0,'0','0',0,2,''),(90,4,76,0,'0','0',0,2,''),(91,4,125,0,'0','0',0,2,''),(92,4,131,0,'0','0',0,2,''),(93,4,12,0,'0','0',0,2,''),(94,4,143,0,'0','0',0,2,''),(95,4,139,0,'0','0',0,2,''),(96,4,13,0,'0','0',0,2,''),(97,4,2,0,'0','0',0,2,''),(98,4,14,0,'0','0',0,2,''),(99,4,15,0,'0','0',0,2,''),(100,4,36,0,'0','0',0,2,''),(101,4,193,0,'0','0',0,2,''),(102,4,37,0,'0','0',0,2,''),(103,4,7,0,'0','0',0,2,''),(104,4,18,0,'0','0',0,2,''),(164,1,2,0,'0','0',0,37,''),(165,1,3,0,'0','0',0,37,''),(166,1,233,0,'0','0',0,37,''),(167,1,236,0,'0','0',0,37,''),(168,1,76,0,'0','0',0,37,''),(169,1,16,0,'0','0',0,37,''),(170,1,20,0,'0','0',0,37,''),(171,1,1,0,'0','0',0,37,''),(172,1,86,0,'0','0',0,37,''),(173,1,7,0,'0','0',0,37,''),(174,1,8,0,'0','0',0,37,''),(175,1,9,0,'0','0',0,37,''),(176,1,143,0,'0','0',0,37,''),(177,1,26,0,'0','0',0,37,''),(178,1,245,0,'0','0',0,37,''),(179,1,125,0,'0','0',0,37,''),(180,1,130,0,'0','0',0,37,''),(181,1,131,0,'0','0',0,37,''),(182,1,12,0,'0','0',0,37,''),(183,1,139,0,'0','0',0,37,''),(184,1,13,0,'0','0',0,37,''),(185,1,14,0,'0','0',0,37,''),(186,1,15,0,'0','0',0,37,''),(187,1,36,0,'0','0',0,37,''),(188,1,37,0,'0','0',0,37,''),(189,1,193,0,'0','0',0,37,''),(190,1,6,0,'0','0',0,37,''),(191,1,18,0,'0','0',0,37,''),(192,1,216,0,'0','0',0,37,''),(193,1,17,0,'0','0',0,37,''),(194,6,1,0,'0','0',0,1,''),(195,6,2,0,'0','0',0,5,''),(196,6,3,0,'0','0',0,6,''),(197,6,236,0,'0','0',0,7,''),(198,6,76,0,'0','0',0,8,''),(199,6,16,0,'0','0',0,9,''),(200,6,20,0,'0','0',0,10,''),(201,6,86,0,'0','0',0,11,''),(202,6,6,0,'0','0',0,12,''),(203,6,7,0,'0','0',0,38,''),(204,6,8,0,'0','0',0,14,''),(206,6,9,0,'0','0',0,16,''),(207,6,74,0,'0','0',0,17,''),(208,6,143,0,'0','0',0,18,''),(209,6,26,0,'0','0',0,19,''),(210,6,245,0,'0','0',0,20,''),(211,6,131,0,'0','0',0,21,''),(212,6,12,0,'0','0',0,22,''),(213,6,125,0,'0','0',0,23,''),(214,6,139,0,'0','0',0,24,''),(215,6,13,0,'0','0',0,25,''),(216,6,14,0,'0','0',0,26,''),(217,6,15,0,'0','0',0,27,''),(218,6,36,0,'0','0',0,28,''),(219,6,18,0,'0','0',0,29,''),(220,6,193,0,'0','0',0,30,''),(221,6,37,0,'0','0',0,39,''),(222,7,17,0,'0','0',0,37,''),(223,7,216,0,'0','0',0,37,''),(224,7,18,0,'0','0',0,37,''),(225,7,6,0,'0','0',0,37,''),(226,7,193,0,'0','0',0,37,''),(227,7,37,0,'0','0',0,37,''),(228,7,36,0,'0','0',0,37,''),(229,7,15,0,'0','0',0,37,''),(230,7,14,0,'0','0',0,37,''),(231,7,13,0,'0','0',0,37,''),(232,7,139,0,'0','0',0,37,''),(233,7,12,0,'0','0',0,37,''),(234,7,131,0,'0','0',0,37,''),(235,7,130,0,'0','0',0,37,''),(236,7,125,0,'0','0',0,37,''),(237,7,245,0,'0','0',0,37,''),(238,7,26,0,'0','0',0,37,''),(239,7,143,0,'0','0',0,37,''),(240,7,9,0,'0','0',0,37,''),(241,7,8,0,'0','0',0,37,''),(242,7,7,0,'0','0',0,37,''),(243,7,86,0,'0','0',0,37,''),(244,7,1,0,'0','0',0,37,''),(245,7,20,0,'0','0',0,37,''),(246,7,16,0,'0','0',0,37,''),(247,7,76,0,'0','0',0,37,''),(248,7,236,0,'0','0',0,37,''),(249,7,233,0,'0','0',0,37,''),(250,7,3,0,'0','0',0,37,''),(251,7,2,0,'0','0',0,37,''),(253,1,74,0,'0','0',0,37,''),(254,7,74,0,'0','0',0,37,''),(255,8,38,0,'0','0',0,33,''),(256,9,38,0,'0','0',0,34,''),(257,10,38,0,'0','0',0,35,''),(258,11,38,0,'0','0',0,36,''),(259,12,1,0,'0','0',0,37,''),(260,12,2,0,'0','0',0,37,''),(261,12,3,0,'0','0',0,37,''),(262,12,6,0,'0','0',0,37,''),(263,12,7,0,'0','0',0,37,''),(264,12,8,0,'0','0',0,37,''),(265,12,9,0,'0','0',0,37,''),(266,12,12,0,'0','0',0,37,''),(267,12,13,0,'0','0',0,37,''),(268,12,14,0,'0','0',0,37,''),(269,12,15,0,'0','0',0,37,''),(270,12,16,0,'0','0',0,37,''),(271,12,17,0,'0','0',0,0,''),(272,12,18,0,'0','0',0,37,''),(273,12,20,0,'0','0',0,37,''),(274,12,26,0,'0','0',0,37,''),(275,12,36,0,'0','0',0,37,''),(276,12,37,0,'0','0',0,37,''),(277,12,74,0,'0','0',0,37,''),(278,12,76,0,'0','0',0,37,''),(279,12,86,0,'0','0',0,37,''),(280,12,125,0,'0','0',0,37,''),(281,12,130,0,'0','0',0,37,''),(282,12,131,0,'0','0',0,37,''),(283,12,139,0,'0','0',0,37,''),(284,12,143,0,'0','0',0,37,''),(285,12,193,0,'0','0',0,37,''),(286,12,216,0,'0','0',0,37,''),(287,12,233,0,'0','0',0,37,''),(288,12,236,0,'0','0',0,37,''),(289,12,245,0,'0','0',0,37,''),(290,13,1,0,'0','0',0,37,''),(291,13,2,0,'0','0',0,5,''),(292,13,3,0,'0','0',0,6,''),(293,13,6,0,'0','0',0,12,''),(294,13,7,0,'0','0',0,38,''),(295,13,8,0,'0','0',0,14,''),(296,13,9,0,'0','0',0,16,''),(297,13,12,0,'0','0',0,22,''),(298,13,13,0,'0','0',0,25,''),(299,13,14,0,'0','0',0,26,''),(300,13,15,0,'0','0',0,27,''),(301,13,16,0,'0','0',0,9,''),(303,13,18,0,'0','0',0,29,''),(304,13,20,0,'0','0',0,10,''),(305,13,26,0,'0','0',0,19,''),(306,13,36,0,'0','0',0,28,''),(307,13,37,0,'0','0',0,39,''),(308,13,74,0,'0','0',0,17,''),(309,13,76,0,'0','0',0,8,''),(310,13,86,0,'0','0',0,11,''),(311,13,125,0,'0','0',0,23,''),(312,13,130,0,'0','0',0,37,''),(313,13,131,0,'0','0',0,21,''),(314,13,139,0,'0','0',0,24,''),(315,13,143,0,'0','0',0,18,''),(316,13,193,0,'0','0',0,30,''),(317,13,216,0,'0','0',0,37,''),(318,13,233,0,'0','0',0,37,''),(319,13,236,0,'0','0',0,7,''),(320,13,245,0,'0','0',0,20,'');

--
-- Table structure for table `prstshp_tax_rules_group`
--

CREATE TABLE `prstshp_tax_rules_group` (
  `id_tax_rules_group` int(11) NOT NULL AUTO_INCREMENT,
  `name` varchar(50) NOT NULL,
  `active` int(11) NOT NULL,
  `deleted` tinyint(1) unsigned NOT NULL,
  `date_add` datetime NOT NULL,
  `date_upd` datetime NOT NULL,
  PRIMARY KEY (`id_tax_rules_group`)
) ENGINE=InnoDB AUTO_INCREMENT=14 DEFAULT CHARSET=utf8mb4 ROW_FORMAT=DYNAMIC;

--
-- Dumping data for table `prstshp_tax_rules_group`
--

INSERT INTO `prstshp_tax_rules_group` VALUES (1,'DE Standard Rate (19%)',1,1,'2016-02-24 15:50:37','2019-01-30 11:24:40'),(2,'DE Reduced Rate (7%)',1,0,'2016-02-24 15:50:37','2016-02-24 15:50:37'),(3,'DE Foodstuff Rate (7%)',1,0,'2016-02-24 15:50:37','2016-02-24 15:50:37'),(4,'DE Books Rate (7%)',1,0,'2016-02-24 15:50:37','2021-02-08 11:29:55'),(6,'EU VAT For Virtual Products',1,0,'2016-02-24 16:35:32','2016-02-24 16:35:32'),(7,'DE Standard Rate (19%)',1,1,'2016-02-24 15:50:37','2021-02-09 10:55:54'),(8,'DZ Standard Rate (19%)',1,0,'2020-09-03 16:40:29','2020-09-03 16:40:29'),(9,'DZ Reduced Rate (14%)',1,0,'2020-09-03 16:40:29','2020-09-03 16:40:29'),(10,'DZ Reduced Rate (9%)',1,0,'2020-09-03 16:40:29','2020-09-03 16:40:29'),(11,'DZ Zero Rate (0%)',1,0,'2020-09-03 16:40:29','2020-09-03 16:40:29'),(12,'DE Standard Rate (19%)',1,1,'2016-02-24 15:50:37','2021-06-30 18:07:33'),(13,'DE Standard Rate (19%)',1,0,'2016-02-24 15:50:37','2021-06-30 18:15:04');

--
-- Table structure for table `prstshp_tax_rules_group_shop`
--

CREATE TABLE `prstshp_tax_rules_group_shop` (
  `id_tax_rules_group` int(11) unsigned NOT NULL,
  `id_shop` int(11) unsigned NOT NULL,
  PRIMARY KEY (`id_tax_rules_group`,`id_shop`),
  KEY `id_shop` (`id_shop`)
) ENGINE=InnoDB DEFAULT CHARSET=utf8mb4 ROW_FORMAT=DYNAMIC;

--
-- Dumping data for table `prstshp_tax_rules_group_shop`
--

INSERT INTO `prstshp_tax_rules_group_shop` VALUES (1,1),(2,1),(3,1),(4,1),(6,1),(7,1),(8,1),(9,1),(10,1),(11,1),(12,1),(13,1);

--
-- Table structure for table `prstshp_themeconfigurator`
--

CREATE TABLE `prstshp_themeconfigurator` (
  `id_item` int(10) unsigned NOT NULL AUTO_INCREMENT,
  `id_shop` int(10) unsigned NOT NULL,
  `id_lang` int(10) unsigned NOT NULL,
  `item_order` int(10) unsigned NOT NULL,
  `title` varchar(100) DEFAULT NULL,
  `title_use` tinyint(1) unsigned NOT NULL DEFAULT '0',
  `hook` varchar(100) DEFAULT NULL,
  `url` text,
  `target` tinyint(1) unsigned NOT NULL DEFAULT '0',
  `image` varchar(100) DEFAULT NULL,
  `image_w` varchar(10) DEFAULT NULL,
  `image_h` varchar(10) DEFAULT NULL,
  `html` text,
  `active` tinyint(1) unsigned NOT NULL DEFAULT '1',
  PRIMARY KEY (`id_item`)
) ENGINE=InnoDB AUTO_INCREMENT=33 DEFAULT CHARSET=utf8;

--
-- Dumping data for table `prstshp_themeconfigurator`
--

INSERT INTO `prstshp_themeconfigurator` VALUES (8,1,1,1,'',0,'footer','index.php?id_category=22&controller=category',0,NULL,'0','0','<h4>Best price, best selection</h4>\n<h3>MEETING</h3>\n<h2>THE NEEDS OF EACH CYCLIST</h2>\n<button>Shop now!</button>',0),(9,1,1,1,'',0,'home','index.php?id_category=4&controller=category',0,NULL,'0','0','<h4>Your Passion your Ski</h4>\n<h3>Surfski</h3>\n<h2>Long Distance &amp; Lifesaving</h2>\n<button>Shop now!</button>',0),(10,1,2,1,'',0,'footer','index.php?id_category=22&controller=category',0,NULL,'0','0','<h4>Best price, best selection</h4>\n<h3>MEETING</h3>\n<h2>THE NEEDS OF EACH CYCLIST</h2>\n<button>Shop now!</button>',0),(11,1,3,1,NULL,0,'footer','index.php?id_category=23&controller=category',0,NULL,'0','0','<h4>Best price, best selection</h4>\n<h3>MEETING</h3>\n<h2>THE NEEDS OF EACH CYCLIST</h2>\n<button>Shop now!</button>',1),(12,1,4,1,'',0,'footer','index.php?id_category=22&controller=category',0,'3e737a3bba57999e81c869b127c326a05b2529aa_wetiz-lifesaving-slider.jpg','0','0','<h4>Best price, best selection</h4>\n<h3>MEETING</h3>\n<h2>THE NEEDS OF EACH CYCLIST</h2>\n<button>Shop now!</button>',0),(13,1,5,1,NULL,0,'footer','index.php?id_category=23&controller=category',0,NULL,'0','0','<h4>Best price, best selection</h4>\n<h3>MEETING</h3>\n<h2>THE NEEDS OF EACH CYCLIST</h2>\n<button>Shop now!</button>',1),(14,1,2,1,'',0,'home','index.php?id_category=4&controller=category',0,NULL,'0','0','<h4>Votre passion – votre Kayak</h4>\n<h3>Ski Kayaks</h3>\n<h2>Long Distance &amp; Lifesaving</h2>\n<button>Achetez dès maintenant!</button>',0),(15,1,3,1,NULL,0,'home','index.php?id_category=23&controller=category',0,NULL,'0','0','<h4>Elektro-Mountainbike</h4>\n<h3>Cube</h3>\n<h2>STEREO HYBRID 140 HPA SL 27.5</h2>\n<button>Shop now!</button>',1),(17,1,5,1,NULL,0,'home','index.php?id_category=23&controller=category',0,NULL,'0','0','<h4>Elektro-Mountainbike</h4>\n<h3>Cube</h3>\n<h2>STEREO HYBRID 140 HPA SL 27.5</h2>\n<button>Shop now!</button>',1),(18,1,4,1,'',0,'home','',0,'4221f571f6359477af715c7b3b87670e7e335446_wetiz-lifesaving-2016.jpg','0','0','<h4>Best price, best selection</h4>\n<h3>MEETING</h3>\n<h2>THE NEEDS OF EACH CYCLIST</h2>\n<button>Shop now!</button>',0),(26,1,8,1,'',0,'home','http://www.prestashop.com/',0,'banner-img1.jpg','383','267','',1),(27,1,8,2,'',0,'home','http://www.prestashop.com/',0,'banner-img2.jpg','383','267','',1),(28,1,8,3,'',0,'home','http://www.prestashop.com/',0,'banner-img3.jpg','383','267','',1),(29,1,8,4,'',0,'home','http://www.prestashop.com/',0,'banner-img4.jpg','383','142','',1),(30,1,8,5,'',0,'home','http://www.prestashop.com/',0,'banner-img5.jpg','777','142','',1),(31,1,8,6,'',0,'top','http://www.prestashop.com/',0,'banner-img6.jpg','381','219','',1),(32,1,8,7,'',0,'top','http://www.prestashop.com/',0,'banner-img7.jpg','381','219','',1);

--
-- Table structure for table `prstshp_timezone`
--

CREATE TABLE `prstshp_timezone` (
  `id_timezone` int(10) unsigned NOT NULL AUTO_INCREMENT,
  `name` varchar(32) NOT NULL,
  PRIMARY KEY (`id_timezone`)
) ENGINE=InnoDB AUTO_INCREMENT=561 DEFAULT CHARSET=utf8mb4 ROW_FORMAT=DYNAMIC;

--
-- Dumping data for table `prstshp_timezone`
--

INSERT INTO `prstshp_timezone` VALUES (1,'Africa/Abidjan'),(2,'Africa/Accra'),(3,'Africa/Addis_Ababa'),(4,'Africa/Algiers'),(5,'Africa/Asmara'),(6,'Africa/Asmera'),(7,'Africa/Bamako'),(8,'Africa/Bangui'),(9,'Africa/Banjul'),(10,'Africa/Bissau'),(11,'Africa/Blantyre'),(12,'Africa/Brazzaville'),(13,'Africa/Bujumbura'),(14,'Africa/Cairo'),(15,'Africa/Casablanca'),(16,'Africa/Ceuta'),(17,'Africa/Conakry'),(18,'Africa/Dakar'),(19,'Africa/Dar_es_Salaam'),(20,'Africa/Djibouti'),(21,'Africa/Douala'),(22,'Africa/El_Aaiun'),(23,'Africa/Freetown'),(24,'Africa/Gaborone'),(25,'Africa/Harare'),(26,'Africa/Johannesburg'),(27,'Africa/Kampala'),(28,'Africa/Khartoum'),(29,'Africa/Kigali'),(30,'Africa/Kinshasa'),(31,'Africa/Lagos'),(32,'Africa/Libreville'),(33,'Africa/Lome'),(34,'Africa/Luanda'),(35,'Africa/Lubumbashi'),(36,'Africa/Lusaka'),(37,'Africa/Malabo'),(38,'Africa/Maputo'),(39,'Africa/Maseru'),(40,'Africa/Mbabane'),(41,'Africa/Mogadishu'),(42,'Africa/Monrovia'),(43,'Africa/Nairobi'),(44,'Africa/Ndjamena'),(45,'Africa/Niamey'),(46,'Africa/Nouakchott'),(47,'Africa/Ouagadougou'),(48,'Africa/Porto-Novo'),(49,'Africa/Sao_Tome'),(50,'Africa/Timbuktu'),(51,'Africa/Tripoli'),(52,'Africa/Tunis'),(53,'Africa/Windhoek'),(54,'America/Adak'),(55,'America/Anchorage '),(56,'America/Anguilla'),(57,'America/Antigua'),(58,'America/Araguaina'),(59,'America/Argentina/Buenos_Aires'),(60,'America/Argentina/Catamarca'),(61,'America/Argentina/ComodRivadavia'),(62,'America/Argentina/Cordoba'),(63,'America/Argentina/Jujuy'),(64,'America/Argentina/La_Rioja'),(65,'America/Argentina/Mendoza'),(66,'America/Argentina/Rio_Gallegos'),(67,'America/Argentina/Salta'),(68,'America/Argentina/San_Juan'),(69,'America/Argentina/San_Luis'),(70,'America/Argentina/Tucuman'),(71,'America/Argentina/Ushuaia'),(72,'America/Aruba'),(73,'America/Asuncion'),(74,'America/Atikokan'),(75,'America/Atka'),(76,'America/Bahia'),(77,'America/Barbados'),(78,'America/Belem'),(79,'America/Belize'),(80,'America/Blanc-Sablon'),(81,'America/Boa_Vista'),(82,'America/Bogota'),(83,'America/Boise'),(84,'America/Buenos_Aires'),(85,'America/Cambridge_Bay'),(86,'America/Campo_Grande'),(87,'America/Cancun'),(88,'America/Caracas'),(89,'America/Catamarca'),(90,'America/Cayenne'),(91,'America/Cayman'),(92,'America/Chicago'),(93,'America/Chihuahua'),(94,'America/Coral_Harbour'),(95,'America/Cordoba'),(96,'America/Costa_Rica'),(97,'America/Cuiaba'),(98,'America/Curacao'),(99,'America/Danmarkshavn'),(100,'America/Dawson'),(101,'America/Dawson_Creek'),(102,'America/Denver'),(103,'America/Detroit'),(104,'America/Dominica'),(105,'America/Edmonton'),(106,'America/Eirunepe'),(107,'America/El_Salvador'),(108,'America/Ensenada'),(109,'America/Fort_Wayne'),(110,'America/Fortaleza'),(111,'America/Glace_Bay'),(112,'America/Godthab'),(113,'America/Goose_Bay'),(114,'America/Grand_Turk'),(115,'America/Grenada'),(116,'America/Guadeloupe'),(117,'America/Guatemala'),(118,'America/Guayaquil'),(119,'America/Guyana'),(120,'America/Halifax'),(121,'America/Havana'),(122,'America/Hermosillo'),(123,'America/Indiana/Indianapolis'),(124,'America/Indiana/Knox'),(125,'America/Indiana/Marengo'),(126,'America/Indiana/Petersburg'),(127,'America/Indiana/Tell_City'),(128,'America/Indiana/Vevay'),(129,'America/Indiana/Vincennes'),(130,'America/Indiana/Winamac'),(131,'America/Indianapolis'),(132,'America/Inuvik'),(133,'America/Iqaluit'),(134,'America/Jamaica'),(135,'America/Jujuy'),(136,'America/Juneau'),(137,'America/Kentucky/Louisville'),(138,'America/Kentucky/Monticello'),(139,'America/Knox_IN'),(140,'America/La_Paz'),(141,'America/Lima'),(142,'America/Los_Angeles'),(143,'America/Louisville'),(144,'America/Maceio'),(145,'America/Managua'),(146,'America/Manaus'),(147,'America/Marigot'),(148,'America/Martinique'),(149,'America/Mazatlan'),(150,'America/Mendoza'),(151,'America/Menominee'),(152,'America/Merida'),(153,'America/Mexico_City'),(154,'America/Miquelon'),(155,'America/Moncton'),(156,'America/Monterrey'),(157,'America/Montevideo'),(158,'America/Montreal'),(159,'America/Montserrat'),(160,'America/Nassau'),(161,'America/New_York'),(162,'America/Nipigon'),(163,'America/Nome'),(164,'America/Noronha'),(165,'America/North_Dakota/Center'),(166,'America/North_Dakota/New_Salem'),(167,'America/Panama'),(168,'America/Pangnirtung'),(169,'America/Paramaribo'),(170,'America/Phoenix'),(171,'America/Port-au-Prince'),(172,'America/Port_of_Spain'),(173,'America/Porto_Acre'),(174,'America/Porto_Velho'),(175,'America/Puerto_Rico'),(176,'America/Rainy_River'),(177,'America/Rankin_Inlet'),(178,'America/Recife'),(179,'America/Regina'),(180,'America/Resolute'),(181,'America/Rio_Branco'),(182,'America/Rosario'),(183,'America/Santarem'),(184,'America/Santiago'),(185,'America/Santo_Domingo'),(186,'America/Sao_Paulo'),(187,'America/Scoresbysund'),(188,'America/Shiprock'),(189,'America/St_Barthelemy'),(190,'America/St_Johns'),(191,'America/St_Kitts'),(192,'America/St_Lucia'),(193,'America/St_Thomas'),(194,'America/St_Vincent'),(195,'America/Swift_Current'),(196,'America/Tegucigalpa'),(197,'America/Thule'),(198,'America/Thunder_Bay'),(199,'America/Tijuana'),(200,'America/Toronto'),(201,'America/Tortola'),(202,'America/Vancouver'),(203,'America/Virgin'),(204,'America/Whitehorse'),(205,'America/Winnipeg'),(206,'America/Yakutat'),(207,'America/Yellowknife'),(208,'Antarctica/Casey'),(209,'Antarctica/Davis'),(210,'Antarctica/DumontDUrville'),(211,'Antarctica/Mawson'),(212,'Antarctica/McMurdo'),(213,'Antarctica/Palmer'),(214,'Antarctica/Rothera'),(215,'Antarctica/South_Pole'),(216,'Antarctica/Syowa'),(217,'Antarctica/Vostok'),(218,'Arctic/Longyearbyen'),(219,'Asia/Aden'),(220,'Asia/Almaty'),(221,'Asia/Amman'),(222,'Asia/Anadyr'),(223,'Asia/Aqtau'),(224,'Asia/Aqtobe'),(225,'Asia/Ashgabat'),(226,'Asia/Ashkhabad'),(227,'Asia/Baghdad'),(228,'Asia/Bahrain'),(229,'Asia/Baku'),(230,'Asia/Bangkok'),(231,'Asia/Beirut'),(232,'Asia/Bishkek'),(233,'Asia/Brunei'),(234,'Asia/Calcutta'),(235,'Asia/Choibalsan'),(236,'Asia/Chongqing'),(237,'Asia/Chungking'),(238,'Asia/Colombo'),(239,'Asia/Dacca'),(240,'Asia/Damascus'),(241,'Asia/Dhaka'),(242,'Asia/Dili'),(243,'Asia/Dubai'),(244,'Asia/Dushanbe'),(245,'Asia/Gaza'),(246,'Asia/Harbin'),(247,'Asia/Ho_Chi_Minh'),(248,'Asia/Hong_Kong'),(249,'Asia/Hovd'),(250,'Asia/Irkutsk'),(251,'Asia/Istanbul'),(252,'Asia/Jakarta'),(253,'Asia/Jayapura'),(254,'Asia/Jerusalem'),(255,'Asia/Kabul'),(256,'Asia/Kamchatka'),(257,'Asia/Karachi'),(258,'Asia/Kashgar'),(259,'Asia/Kathmandu'),(260,'Asia/Katmandu'),(261,'Asia/Kolkata'),(262,'Asia/Krasnoyarsk'),(263,'Asia/Kuala_Lumpur'),(264,'Asia/Kuching'),(265,'Asia/Kuwait'),(266,'Asia/Macao'),(267,'Asia/Macau'),(268,'Asia/Magadan'),(269,'Asia/Makassar'),(270,'Asia/Manila'),(271,'Asia/Muscat'),(272,'Asia/Nicosia'),(273,'Asia/Novosibirsk'),(274,'Asia/Omsk'),(275,'Asia/Oral'),(276,'Asia/Phnom_Penh'),(277,'Asia/Pontianak'),(278,'Asia/Pyongyang'),(279,'Asia/Qatar'),(280,'Asia/Qyzylorda'),(281,'Asia/Rangoon'),(282,'Asia/Riyadh'),(283,'Asia/Saigon'),(284,'Asia/Sakhalin'),(285,'Asia/Samarkand'),(286,'Asia/Seoul'),(287,'Asia/Shanghai'),(288,'Asia/Singapore'),(289,'Asia/Taipei'),(290,'Asia/Tashkent'),(291,'Asia/Tbilisi'),(292,'Asia/Tehran'),(293,'Asia/Tel_Aviv'),(294,'Asia/Thimbu'),(295,'Asia/Thimphu'),(296,'Asia/Tokyo'),(297,'Asia/Ujung_Pandang'),(298,'Asia/Ulaanbaatar'),(299,'Asia/Ulan_Bator'),(300,'Asia/Urumqi'),(301,'Asia/Vientiane'),(302,'Asia/Vladivostok'),(303,'Asia/Yakutsk'),(304,'Asia/Yekaterinburg'),(305,'Asia/Yerevan'),(306,'Atlantic/Azores'),(307,'Atlantic/Bermuda'),(308,'Atlantic/Canary'),(309,'Atlantic/Cape_Verde'),(310,'Atlantic/Faeroe'),(311,'Atlantic/Faroe'),(312,'Atlantic/Jan_Mayen'),(313,'Atlantic/Madeira'),(314,'Atlantic/Reykjavik'),(315,'Atlantic/South_Georgia'),(316,'Atlantic/St_Helena'),(317,'Atlantic/Stanley'),(318,'Australia/ACT'),(319,'Australia/Adelaide'),(320,'Australia/Brisbane'),(321,'Australia/Broken_Hill'),(322,'Australia/Canberra'),(323,'Australia/Currie'),(324,'Australia/Darwin'),(325,'Australia/Eucla'),(326,'Australia/Hobart'),(327,'Australia/LHI'),(328,'Australia/Lindeman'),(329,'Australia/Lord_Howe'),(330,'Australia/Melbourne'),(331,'Australia/North'),(332,'Australia/NSW'),(333,'Australia/Perth'),(334,'Australia/Queensland'),(335,'Australia/South'),(336,'Australia/Sydney'),(337,'Australia/Tasmania'),(338,'Australia/Victoria'),(339,'Australia/West'),(340,'Australia/Yancowinna'),(341,'Europe/Amsterdam'),(342,'Europe/Andorra'),(343,'Europe/Athens'),(344,'Europe/Belfast'),(345,'Europe/Belgrade'),(346,'Europe/Berlin'),(347,'Europe/Bratislava'),(348,'Europe/Brussels'),(349,'Europe/Bucharest'),(350,'Europe/Budapest'),(351,'Europe/Chisinau'),(352,'Europe/Copenhagen'),(353,'Europe/Dublin'),(354,'Europe/Gibraltar'),(355,'Europe/Guernsey'),(356,'Europe/Helsinki'),(357,'Europe/Isle_of_Man'),(358,'Europe/Istanbul'),(359,'Europe/Jersey'),(360,'Europe/Kaliningrad'),(361,'Europe/Kiev'),(362,'Europe/Lisbon'),(363,'Europe/Ljubljana'),(364,'Europe/London'),(365,'Europe/Luxembourg'),(366,'Europe/Madrid'),(367,'Europe/Malta'),(368,'Europe/Mariehamn'),(369,'Europe/Minsk'),(370,'Europe/Monaco'),(371,'Europe/Moscow'),(372,'Europe/Nicosia'),(373,'Europe/Oslo'),(374,'Europe/Paris'),(375,'Europe/Podgorica'),(376,'Europe/Prague'),(377,'Europe/Riga'),(378,'Europe/Rome'),(379,'Europe/Samara'),(380,'Europe/San_Marino'),(381,'Europe/Sarajevo'),(382,'Europe/Simferopol'),(383,'Europe/Skopje'),(384,'Europe/Sofia'),(385,'Europe/Stockholm'),(386,'Europe/Tallinn'),(387,'Europe/Tirane'),(388,'Europe/Tiraspol'),(389,'Europe/Uzhgorod'),(390,'Europe/Vaduz'),(391,'Europe/Vatican'),(392,'Europe/Vienna'),(393,'Europe/Vilnius'),(394,'Europe/Volgograd'),(395,'Europe/Warsaw'),(396,'Europe/Zagreb'),(397,'Europe/Zaporozhye'),(398,'Europe/Zurich'),(399,'Indian/Antananarivo'),(400,'Indian/Chagos'),(401,'Indian/Christmas'),(402,'Indian/Cocos'),(403,'Indian/Comoro'),(404,'Indian/Kerguelen'),(405,'Indian/Mahe'),(406,'Indian/Maldives'),(407,'Indian/Mauritius'),(408,'Indian/Mayotte'),(409,'Indian/Reunion'),(410,'Pacific/Apia'),(411,'Pacific/Auckland'),(412,'Pacific/Chatham'),(413,'Pacific/Easter'),(414,'Pacific/Efate'),(415,'Pacific/Enderbury'),(416,'Pacific/Fakaofo'),(417,'Pacific/Fiji'),(418,'Pacific/Funafuti'),(419,'Pacific/Galapagos'),(420,'Pacific/Gambier'),(421,'Pacific/Guadalcanal'),(422,'Pacific/Guam'),(423,'Pacific/Honolulu'),(424,'Pacific/Johnston'),(425,'Pacific/Kiritimati'),(426,'Pacific/Kosrae'),(427,'Pacific/Kwajalein'),(428,'Pacific/Majuro'),(429,'Pacific/Marquesas'),(430,'Pacific/Midway'),(431,'Pacific/Nauru'),(432,'Pacific/Niue'),(433,'Pacific/Norfolk'),(434,'Pacific/Noumea'),(435,'Pacific/Pago_Pago'),(436,'Pacific/Palau'),(437,'Pacific/Pitcairn'),(438,'Pacific/Ponape'),(439,'Pacific/Port_Moresby'),(440,'Pacific/Rarotonga'),(441,'Pacific/Saipan'),(442,'Pacific/Samoa'),(443,'Pacific/Tahiti'),(444,'Pacific/Tarawa'),(445,'Pacific/Tongatapu'),(446,'Pacific/Truk'),(447,'Pacific/Wake'),(448,'Pacific/Wallis'),(449,'Pacific/Yap'),(450,'Brazil/Acre'),(451,'Brazil/DeNoronha'),(452,'Brazil/East'),(453,'Brazil/West'),(454,'Canada/Atlantic'),(455,'Canada/Central'),(456,'Canada/East-Saskatchewan'),(457,'Canada/Eastern'),(458,'Canada/Mountain'),(459,'Canada/Newfoundland'),(460,'Canada/Pacific'),(461,'Canada/Saskatchewan'),(462,'Canada/Yukon'),(463,'CET'),(464,'Chile/Continental'),(465,'Chile/EasterIsland'),(466,'CST6CDT'),(467,'Cuba'),(468,'EET'),(469,'Egypt'),(470,'Eire'),(471,'EST'),(472,'EST5EDT'),(473,'Etc/GMT'),(474,'Etc/GMT+0'),(475,'Etc/GMT+1'),(476,'Etc/GMT+10'),(477,'Etc/GMT+11'),(478,'Etc/GMT+12'),(479,'Etc/GMT+2'),(480,'Etc/GMT+3'),(481,'Etc/GMT+4'),(482,'Etc/GMT+5'),(483,'Etc/GMT+6'),(484,'Etc/GMT+7'),(485,'Etc/GMT+8'),(486,'Etc/GMT+9'),(487,'Etc/GMT-0'),(488,'Etc/GMT-1'),(489,'Etc/GMT-10'),(490,'Etc/GMT-11'),(491,'Etc/GMT-12'),(492,'Etc/GMT-13'),(493,'Etc/GMT-14'),(494,'Etc/GMT-2'),(495,'Etc/GMT-3'),(496,'Etc/GMT-4'),(497,'Etc/GMT-5'),(498,'Etc/GMT-6'),(499,'Etc/GMT-7'),(500,'Etc/GMT-8'),(501,'Etc/GMT-9'),(502,'Etc/GMT0'),(503,'Etc/Greenwich'),(504,'Etc/UCT'),(505,'Etc/Universal'),(506,'Etc/UTC'),(507,'Etc/Zulu'),(508,'Factory'),(509,'GB'),(510,'GB-Eire'),(511,'GMT'),(512,'GMT+0'),(513,'GMT-0'),(514,'GMT0'),(515,'Greenwich'),(516,'Hongkong'),(517,'HST'),(518,'Iceland'),(519,'Iran'),(520,'Israel'),(521,'Jamaica'),(522,'Japan'),(523,'Kwajalein'),(524,'Libya'),(525,'MET'),(526,'Mexico/BajaNorte'),(527,'Mexico/BajaSur'),(528,'Mexico/General'),(529,'MST'),(530,'MST7MDT'),(531,'Navajo'),(532,'NZ'),(533,'NZ-CHAT'),(534,'Poland'),(535,'Portugal'),(536,'PRC'),(537,'PST8PDT'),(538,'ROC'),(539,'ROK'),(540,'Singapore'),(541,'Turkey'),(542,'UCT'),(543,'Universal'),(544,'US/Alaska'),(545,'US/Aleutian'),(546,'US/Arizona'),(547,'US/Central'),(548,'US/East-Indiana'),(549,'US/Eastern'),(550,'US/Hawaii'),(551,'US/Indiana-Starke'),(552,'US/Michigan'),(553,'US/Mountain'),(554,'US/Pacific'),(555,'US/Pacific-New'),(556,'US/Samoa'),(557,'UTC'),(558,'W-SU'),(559,'WET'),(560,'Zulu');

--
-- Table structure for table `prstshp_tmbackgroundvideo`
--

CREATE TABLE `prstshp_tmbackgroundvideo` (
  `id` int(10) unsigned NOT NULL AUTO_INCREMENT,
  `id_shop` int(10) unsigned NOT NULL,
  `selector` varchar(64) DEFAULT NULL,
  `href` varchar(64) DEFAULT NULL,
  `imgname` varchar(64) DEFAULT NULL,
  `type` varchar(32) DEFAULT NULL,
  `loop` varchar(32) DEFAULT NULL,
  `pause_on_scroll` varchar(32) DEFAULT NULL,
  PRIMARY KEY (`id`)
) ENGINE=InnoDB AUTO_INCREMENT=2 DEFAULT CHARSET=utf8;

--
-- Dumping data for table `prstshp_tmbackgroundvideo`
--

INSERT INTO `prstshp_tmbackgroundvideo` VALUES (1,1,'bg-video-content container','7fL6bQP1Tvs','','youtube','1','0');

--
-- Table structure for table `prstshp_tmhtmlcontent`
--

CREATE TABLE `prstshp_tmhtmlcontent` (
  `id_item` int(10) unsigned NOT NULL AUTO_INCREMENT,
  `id_shop` int(10) unsigned NOT NULL,
  `id_lang` int(10) unsigned NOT NULL,
  `item_order` int(10) unsigned NOT NULL,
  `title` varchar(100) DEFAULT NULL,
  `title_use` tinyint(1) unsigned NOT NULL DEFAULT '0',
  `hook` varchar(100) DEFAULT NULL,
  `url` text,
  `target` tinyint(1) unsigned NOT NULL DEFAULT '0',
  `image` varchar(100) DEFAULT NULL,
  `image_w` varchar(10) DEFAULT NULL,
  `image_h` varchar(10) DEFAULT NULL,
  `specific_class` varchar(100) DEFAULT NULL,
  `html` text,
  `active` tinyint(1) unsigned NOT NULL DEFAULT '1',
  PRIMARY KEY (`id_item`)
) ENGINE=InnoDB AUTO_INCREMENT=48 DEFAULT CHARSET=utf8;

--
-- Dumping data for table `prstshp_tmhtmlcontent`
--

INSERT INTO `prstshp_tmhtmlcontent` VALUES (1,1,1,1,'',0,'topColumn','index.php?id_category=4&controller=category',0,'a781b6bab4af509e3f9ee26069ab3736359e98ee_mailchimpheadersvdry-022048x.jpg','0','0','banner_1','<p>Big range of Surfskis!</p>\r\n<h3>Surfski</h3>\r\n',1),(2,1,1,1,'',0,'topColumn','index.php?id_category=27&controller=category',0,'706e395aa5eed8c597e475512cf032afab8fa12d_wetiz-fins-flossen-ts-classic-detail-kopie.jpg','0','0','banner_2','<p>Fins</p>\r\n<h3>which fit perfectly</h3>',1),(3,1,1,2,'',0,'topColumn','index.php?id_category=15&controller=category',0,'0013125e4378413cf5f7251de170695c19b842e0_tz288.jpg','0','0','banner_3','<p>Equipment to save lives</p>\r\n<h3>Prof. Equipment</h3>\r\n',1),(4,1,1,3,'',0,'topColumn','index.php?id_category=10&controller=category',0,'a6d05ae9fdc5452fff15e800c4cfbb4a2073a6e1_tz225.jpg','0','0','banner_4','<p>Find your perfect board</p>\r\n<h3>Surfboards</h3>\r\n',1),(5,1,2,1,'',0,'topColumn','index.php?id_category=4&controller=category',0,'ef3511568f34923ea2e7e93ca86858de7fe0ba9e_mailchimpheadersvdry-022048x.jpg','0','0','banner_1','<p>Large gamme de surf skis haut de gamme!</p>\r\n<h3>Ski Kayaks</h3>\r\n',1),(6,1,2,1,'',0,'topColumn','index.php?id_category=27&controller=category',0,'51e93be11a0046c185d81d422562788b07831ded_wetiz-fins-flossen-ts-classic-detail-kopie.jpg','0','0','banner_2','<p>Des palmes</p>\r\n<h3>en ligne seyante</h3>',1),(7,1,2,2,'',0,'topColumn','index.php?id_category=15&controller=category',0,'205660f40fe10f9609c2aa6cbe5a34482279675a_tz288.jpg','0','0','banner_3','<p>Un équipment qui sauve des vies</p>\r\n<h3>Equipement professionnel</h3>',1),(8,1,2,3,'',0,'topColumn','index.php?id_category=10&controller=category',0,'83f93a01958bbec3928759ad34aca0ad19da0561_tz225.jpg','0','0','banner_4','<p>Trouvez votre planche idéale</p>\r\n<h3>Planches</h3>\r\n',1),(9,1,3,1,NULL,0,'topColumn','index.php?id_category=21&controller=category',0,'c22cfead24104b1de3be77657164c7cf74e9c9a9_banner-1.png','0','0','banner_1','<p>New collection of helmets!</p>\n<h3>Helmets</h3>\n<button>Shop now!</button>',1),(10,1,3,1,NULL,0,'topColumn','index.php?id_category=22&controller=category',0,NULL,'0','0','banner_2','<h2>Sale</h2>\r\n<h3>get up to 20% off</h3>',1),(11,1,3,2,NULL,0,'topColumn','index.php?id_category=23&controller=category',0,'046356ceb3d08ef4c4b06d2193ff60128151a2b0_banner-2.png','0','0','banner_3','<p>A great selection of tools and accessories</p>\n<h3>BIKE TOOLS</h3>\n<button>Shop now!</button>',1),(12,1,3,3,NULL,0,'topColumn','index.php?id_category=24&controller=category',0,'06e993b8385f382d64b7ebfd5a9cd28849cedfb8_banner-3.png','0','0','banner_4','<p>Find bike apparel to fit your lifestyle</p>\n<h3>CLOTHING</h3>\n<button>Shop now!</button>',1),(13,1,4,1,'',0,'topColumn','index.php?id_category=4&controller=category',0,'5c864c261eaca228979a200540c7337581ab6697_mailchimpheadersvdry-022048x.jpg','0','0','banner_1','<p>Große Auswahl an Premium Surfskis!</p>\r\n<h3>Surfski</h3>',1),(14,1,4,1,'',0,'topColumn','index.php?id_category=27&controller=category',0,'d692864192cf8c9cb97177a5d3177589b196a279_wetiz-fins-flossen-ts-classic-detail-kopie.jpg','0','0','banner_2','<p>Flossen</p>\r\n<h3>in perfekter Passform</h3>',1),(15,1,4,2,'',0,'topColumn','index.php?id_category=15&controller=category',0,'0b392e4038e1d999de09e3767884e0cb28e1be4f_tz288.jpg','0','0','banner_1','<p>Ausrüstung die Leben rettet</p>\r\n<h3>Prof. Equipment</h3>\r\n<!-- <button>Jetzt Kaufen!</button> -->',1),(16,1,4,3,'',0,'topColumn','index.php?id_category=10&controller=category',0,'cc73da4b8de6c39284274863851285b4a98dda71_tz225.jpg','0','0','banner_4','<p>Das perfekte Board für Sie</p>\r\n<h3>Boards</h3>\r\n<!-- <button>Jetzt Kaufen!</button> -->',1),(17,1,5,1,NULL,0,'topColumn','index.php?id_category=21&controller=category',0,'c22cfead24104b1de3be77657164c7cf74e9c9a9_banner-1.png','0','0','banner_1','<p>New collection of helmets!</p>\n<h3>Helmets</h3>\n<button>Shop now!</button>',1),(18,1,5,1,NULL,0,'topColumn','index.php?id_category=22&controller=category',0,NULL,'0','0','banner_2','<h2>Sale</h2>\r\n<h3>get up to 20% off</h3>',1),(19,1,5,2,NULL,0,'topColumn','index.php?id_category=23&controller=category',0,'046356ceb3d08ef4c4b06d2193ff60128151a2b0_banner-2.png','0','0','banner_3','<p>A great selection of tools and accessories</p>\n<h3>BIKE TOOLS</h3>\n<button>Shop now!</button>',1),(20,1,5,3,NULL,0,'topColumn','index.php?id_category=24&controller=category',0,'06e993b8385f382d64b7ebfd5a9cd28849cedfb8_banner-3.png','0','0','banner_4','<p>Find bike apparel to fit your lifestyle</p>\n<h3>CLOTHING</h3>\n<button>Shop now!</button>',1),(29,1,4,1,'',0,'home','',0,'7d87c9ba990e16632d67f1f5c82b599d3d1b0ef6_vdryvest-s2048x.jpg','0','0','','',0),(30,1,4,4,'',0,'topColumn','https://wetiz.eu/de/13-boards-zubehoer',0,'e0e18d381a242c965087f67202b5e71c341ceeb3_wetiz-boardbag-blue-nose-kopie.jpg','0','0','banner_2','<p>Taschen</p>\r\n<h3>Schutz für Ihr Board</h3>',1),(32,1,4,5,'',0,'topColumn','https://wetiz.eu/en/content/45-flossen-faq',0,'13a6dbbb91cc456abc0f0a35cd5801684855394d_wetiz-section-flossen-faq.jpg','0','0','banner_2','<h2>Flossen</h2>\r\n<h3>FAQ – gut informiert</h3>',1),(33,1,1,4,'',0,'topColumn','https://wetiz.eu/en/13-boards-zubehoer',0,'16dfec88e0bf4afe4fe9ba23c99ebd8748444212_wetiz-boardbag-blue-nose-kopie.jpg','0','0','banner_2','<p>Bags</p>\r\n<h3>Board protection</h3>',1),(34,1,4,6,'',0,'topColumn','https://wetiz.eu/de/content/45-flossen-faq',0,'fd286498c8e649ba5e6680f61386188493f9a7b5_faq-section-flossen-faq.jpg','0','0','banner_2','',0),(35,1,1,5,'',0,'topColumn','https://wetiz.eu/en/content/45-flossen-faq',0,'f2dcdf5e5f38406e161041094dbd969b53f03143_faq-section-flossen-faq.jpg','','','banner_2','<h2>Fins</h2>\r\n<h3>FAQ</h3>',1),(36,1,4,7,'',0,'topColumn','index.php?id_category=4&controller=category',0,'','0','0','banner_1','<p>Große Auswahl an Premium Surfskis!</p>\r\n<h3>Surfski</h3>',0),(37,1,4,8,'',0,'topColumn','index.php?id_category=4&controller=category',0,'','0','0','banner_1','<p>Große Auswahl an Premium Surfskis!</p>\r\n<h3>Surfski</h3>',0),(38,1,7,1,'',0,'topColumn','index.php?id_category=4&controller=category',0,'eca892ff43a0f1f1765490fb2dad2928b88c379b_mailchimpheadersvdry-022048x.jpg','0','0','banner_1','<p>Vasta gamma di surf ski!</p>\r\n<h3>surf ski</h3>',1),(39,1,7,2,'',0,'topColumn','index.php?id_category=27&controller=category',0,'cff19d5d1811fc7893619415b25350f0cc12be62_wetiz-fins-flossen-ts-classic-detail-kopie.jpg','0','0','banner_2','<p>Pinne</p>\r\n<h3>che calzano perfette</h3>',1),(40,1,7,3,'',0,'topColumn','index.php?id_category=15&controller=category',0,'1120a11459537c8691138dba9a801d1d570fed7f_tz288.jpg','0','0','banner_1','<p>Attrezzatura che salva la vita</p>\r\n<h3>Attrezzatura professionale</h3>\r\n<!-- <button>Scopri ora!</button> -->',1),(41,1,7,4,'',0,'topColumn','index.php?id_category=10&controller=category',0,'021ab045080756ca52122e62a6ccd5e0f9679449_tz225.jpg','0','0','banner_4','<p>Trova la tavola perfetta per te</p>\r\n<h3>Tavole</h3>\r\n<!-- <button>Scopri ora!</button> -->',1),(42,1,7,5,'',0,'topColumn','https://wetiz.eu/it/62-sacche-tavole',0,'680130ae4ffb11c63fde3a9c0769f50cc645736e_wetiz-boardbag-blue-nose-kopie.jpg','0','0','banner_2','<p>Sacche</p>\r\n<h3>Proteggi la tua tavola</h3>',1),(43,1,7,6,'',0,'topColumn','https://wetiz.eu/en/content/45-flossen-faq',0,'2e927541615f48378a23051b39c12594fd7f803a_faq-section-flossen-faq.jpg','0','0','banner_2','<h2>Pinne</h2>\r\n<h3>FAQ</h3>',1),(44,1,4,9,'',0,'topColumn','',0,'c961322537d323d1e486902454798cc8f0d79497_neugrosse-bearbeitet-fur-startseitesammy-french-rescue-9.jp','0','0','','',0),(45,1,2,4,'',0,'topColumn','https://wetiz.eu/fr/13-planches-extra-parts',0,'4a81a079b771d726b271fab4d72aea96630bc835_wetiz-boardbag-blue-nose-kopie.jpg','0','0','banner_2','<p>Des housses</p>\r\n<h3>Protection pour votre planche</h3>',1),(46,1,4,10,'',0,'topColumn','',0,'','0','0','banner_2','<h2>Flossen</h2>\r\n<h3>FAQ – gut informiert</h3>',0),(47,1,2,5,'',0,'topColumn','https://wetiz.eu/en/content/45-flossen-faq',0,'4f4a03a931827d2e19754d724d6a16c13876ca9a_faq-section-flossen-faq.jpg','0','0','banner_2','<h2>Des palmes</h2>\r\n<h3>FAQ – bien informé</h3>',1);

--
-- Table structure for table `prstshp_tmmediaparallax`
--

CREATE TABLE `prstshp_tmmediaparallax` (
  `id` int(10) unsigned NOT NULL AUTO_INCREMENT,
  `id_shop` int(10) unsigned NOT NULL,
  `selector` varchar(64) DEFAULT NULL,
  `filename` varchar(64) DEFAULT NULL,
  `width` int(10) DEFAULT NULL,
  `height` int(10) DEFAULT NULL,
  `type` varchar(32) DEFAULT NULL,
  PRIMARY KEY (`id`)
) ENGINE=InnoDB AUTO_INCREMENT=2 DEFAULT CHARSET=utf8;

--
-- Dumping data for table `prstshp_tmmediaparallax`
--

INSERT INTO `prstshp_tmmediaparallax` VALUES (1,1,'#bg-video-content container','',0,0,'video');

--
-- Table structure for table `prstshp_tmmegamenu`
--

CREATE TABLE `prstshp_tmmegamenu` (
  `id_item` int(11) NOT NULL AUTO_INCREMENT,
  `id_shop` int(11) NOT NULL DEFAULT '1',
  `sort_order` int(11) NOT NULL DEFAULT '0',
  `specific_class` varchar(100) DEFAULT NULL,
  `is_mega` int(11) NOT NULL DEFAULT '0',
  `is_simple` int(11) NOT NULL DEFAULT '0',
  `is_custom_url` int(11) NOT NULL DEFAULT '0',
  `url` varchar(100) DEFAULT NULL,
  `active` int(11) NOT NULL DEFAULT '1',
  `unique_code` varchar(100) DEFAULT NULL,
  PRIMARY KEY (`id_item`)
) ENGINE=InnoDB AUTO_INCREMENT=14 DEFAULT CHARSET=utf8;

--
-- Dumping data for table `prstshp_tmmegamenu`
--

INSERT INTO `prstshp_tmmegamenu` VALUES (2,1,1,'',0,1,0,'CAT4',1,'it_17139594'),(3,1,5,'',0,1,0,'CAT21',1,'it_34462040'),(4,1,6,'',0,1,0,'CAT27',1,'it_31082471'),(5,1,2,'',1,0,0,'CAT4',1,'it_98785463'),(6,1,3,'',0,1,0,'CAT10',1,'it_73160667'),(7,1,4,'',0,1,0,'CAT15',1,'it_45123463'),(8,1,8,'',0,0,0,'CAT41',1,'it_57736373'),(9,1,11,'',0,0,0,'CMS_CAT12',0,'it_51685970'),(10,1,10,'',0,0,0,'CMS51',1,'it_73844437'),(11,1,7,'',0,0,0,'CAT54',1,'it_37902810'),(13,1,9,'',0,0,1,'http://team.wetiz.eu/',1,'it_99027062');

--
-- Table structure for table `prstshp_tmmegamenu_banner`
--

CREATE TABLE `prstshp_tmmegamenu_banner` (
  `id_item` int(11) NOT NULL AUTO_INCREMENT,
  `id_shop` int(11) NOT NULL DEFAULT '1',
  `specific_class` varchar(100) DEFAULT NULL,
  `blank` int(11) NOT NULL,
  PRIMARY KEY (`id_item`,`id_shop`)
) ENGINE=InnoDB AUTO_INCREMENT=2 DEFAULT CHARSET=utf8;

--
-- Dumping data for table `prstshp_tmmegamenu_banner`
--

INSERT INTO `prstshp_tmmegamenu_banner` VALUES (1,1,'',0);

--
-- Table structure for table `prstshp_tmmegamenu_banner_lang`
--

CREATE TABLE `prstshp_tmmegamenu_banner_lang` (
  `id_item` int(10) unsigned NOT NULL,
  `id_lang` int(11) NOT NULL,
  `title` varchar(100) DEFAULT NULL,
  `url` varchar(100) NOT NULL,
  `image` varchar(100) NOT NULL,
  `public_title` varchar(100) DEFAULT NULL,
  `description` text NOT NULL,
  PRIMARY KEY (`id_item`,`id_lang`)
) ENGINE=InnoDB DEFAULT CHARSET=utf8;

--
-- Dumping data for table `prstshp_tmmegamenu_banner_lang`
--

INSERT INTO `prstshp_tmmegamenu_banner_lang` VALUES (1,1,'banner_1','index.php?id_category=19&controller=category','24b55d2c4684b1b98d46f8781c1c5b83cace1338_wetiz-matthew-boumann-surfski.jpg','','<h3>Worldclass material</h3>\n<p>for unique adventures.</p>\n<p><button>Shop Now!</button></p>'),(1,2,'banner_1','index.php?id_category=19&controller=category','c487b9f7bea70835f33516f2eccf74160f22a452_wetiz-matthew-boumann-surfski.jpg','','<h3>Matériel de classe mondiale</h3>\n<p>pour des aventures uniques.</p>\n<p><button>Achetez dès maintenant!</button></p>'),(1,3,'banner_1','index.php?id_category=19&controller=category','86b1c8bf8d1c85da2e73a58021242068176e5a75_14-Recovered_08.jpg',NULL,'<h3>New arrivals</h3>\r\n<p>It’s fast, light for mid-level enduro runs. Its 5.5-inch Maestro suspension can handle blocky trail descents in climbing mode.</p>\r\n<p><button>Shop now!</button></p>'),(1,4,'banner_1','index.php?id_category=19&controller=category','ac8274000bb02f1a02b0327d8a0357d1586a34f7_wetiz-matthew-boumann-surfski.jpg','','<h3>Weltmeisterliches Material</h3>\n<p>für einzigartige Abenteuer.</p>\n<p><button>Jetzt Kaufen!</button></p>'),(1,5,'banner_1','index.php?id_category=19&controller=category','86b1c8bf8d1c85da2e73a58021242068176e5a75_14-Recovered_08.jpg',NULL,'<h3>New arrivals</h3>\r\n<p>It’s fast, light for mid-level enduro runs. Its 5.5-inch Maestro suspension can handle blocky trail descents in climbing mode.</p>\r\n<p><button>Shop now!</button></p>'),(1,7,'banner_1','index.php?id_category=19&controller=category','7e7eb6001217726fe7167ca2d7c533f27dc29c80_wetiz-matthew-boumann-surfski.jpg','','<h3>Materiali eccellenti</h3>\n<p>per avventure uniche.</p>\n<p><button>Scopri ora!</button></p>');

--
-- Table structure for table `prstshp_tmmegamenu_html`
--

CREATE TABLE `prstshp_tmmegamenu_html` (
  `id_item` int(11) NOT NULL AUTO_INCREMENT,
  `id_shop` int(11) NOT NULL DEFAULT '1',
  `specific_class` varchar(100) DEFAULT NULL,
  PRIMARY KEY (`id_item`)
) ENGINE=InnoDB DEFAULT CHARSET=utf8;

--
-- Dumping data for table `prstshp_tmmegamenu_html`
--


--
-- Table structure for table `prstshp_tmmegamenu_html_lang`
--

CREATE TABLE `prstshp_tmmegamenu_html_lang` (
  `id_item` int(10) unsigned NOT NULL,
  `id_lang` int(11) NOT NULL,
  `title` varchar(100) DEFAULT NULL,
  `content` text NOT NULL,
  PRIMARY KEY (`id_item`,`id_lang`)
) ENGINE=InnoDB DEFAULT CHARSET=utf8;

--
-- Dumping data for table `prstshp_tmmegamenu_html_lang`
--


--
-- Table structure for table `prstshp_tmmegamenu_items`
--

CREATE TABLE `prstshp_tmmegamenu_items` (
  `id` int(11) NOT NULL AUTO_INCREMENT,
  `id_tab` int(11) NOT NULL,
  `row` int(11) NOT NULL DEFAULT '1',
  `col` int(11) NOT NULL DEFAULT '1',
  `width` int(11) NOT NULL,
  `class` varchar(100) DEFAULT NULL,
  `type` int(11) NOT NULL DEFAULT '0',
  `is_mega` int(11) NOT NULL DEFAULT '0',
  `settings` varchar(10000) DEFAULT NULL,
  PRIMARY KEY (`id`)
) ENGINE=InnoDB AUTO_INCREMENT=162 DEFAULT CHARSET=utf8;

--
-- Dumping data for table `prstshp_tmmegamenu_items`
--

INSERT INTO `prstshp_tmmegamenu_items` VALUES (1,2,1,1,0,NULL,0,0,'CAT4,CAT17,CAT10,CAT13,CAT23,CAT22,CAT29,CAT21,CAT27,CAT19,CAT18,CAT16,CAT15,CAT43'),(35,3,1,1,0,NULL,0,0,'CAT33,CAT63,CAT24,CAT26,CAT59'),(36,6,1,1,0,NULL,0,0,'CAT44,CAT45,CAT58,CAT46,CAT47,CAT48,CAT62,CAT13,CAT70,CAT29'),(37,5,1,1,0,NULL,0,0,'CAT31,CAT32'),(150,4,1,1,0,NULL,0,0,'CAT64,CAT65,CAT57,CAT49'),(155,10,1,1,0,NULL,0,0,''),(156,11,1,1,0,NULL,0,0,'CAT54'),(157,7,1,1,0,NULL,0,0,'CAT15,CAT16,CAT56,CAT69'),(160,5,1,1,3,'',0,1,'CAT31,CAT32,CAT17,CAT23'),(161,5,1,2,8,'',0,1,'BNR1');

--
-- Table structure for table `prstshp_tmmegamenu_lang`
--

CREATE TABLE `prstshp_tmmegamenu_lang` (
  `id` int(11) NOT NULL AUTO_INCREMENT,
  `id_item` int(11) NOT NULL,
  `id_lang` int(11) NOT NULL,
  `title` varchar(100) DEFAULT NULL,
  `badge` varchar(100) DEFAULT NULL,
  PRIMARY KEY (`id`)
) ENGINE=InnoDB AUTO_INCREMENT=629 DEFAULT CHARSET=utf8;

--
-- Dumping data for table `prstshp_tmmegamenu_lang`
--

INSERT INTO `prstshp_tmmegamenu_lang` VALUES (190,9,1,'Training Events',''),(191,9,2,'Training Events',''),(192,9,4,'Coaching',''),(510,2,1,'Shop',''),(511,2,2,'Shop',''),(512,2,4,'Shop',''),(513,2,7,'Shop',''),(518,5,1,'Surfski',''),(519,5,2,'Ski kayaks',''),(520,5,4,'Surfski',''),(521,5,7,'Surfski',''),(534,3,1,'Clothing',''),(535,3,2,'Textile',''),(536,3,4,'Kleidung',''),(537,3,7,'Abbigliamento',''),(538,4,1,'Fins',''),(539,4,2,'Palmes',''),(540,4,4,'Flossen',''),(541,4,7,'Pinne',''),(546,11,1,'Gift ideas',''),(547,11,2,'idées cadeaux',''),(548,11,4,'Geschenkideen',''),(549,11,7,'Idee regalo',''),(550,8,1,'Top Sale',''),(551,8,2,'Offre',''),(552,8,4,'Sale',''),(553,8,7,'In evidenza',''),(570,7,1,'Prof. Equipment',''),(571,7,2,'Professionnel',''),(572,7,4,'Prof. Equipment',''),(573,7,7,'Attrezzatura prof.',''),(574,13,1,'Team',''),(575,13,2,'Le team',''),(576,13,4,'Team',''),(577,13,7,'Team',''),(581,6,1,'Boards',''),(582,6,2,'Planches',''),(583,6,4,'Boards',''),(584,6,7,'Tavole',''),(625,10,1,'Events','2022'),(626,10,2,'Events','2022'),(627,10,4,'Events','2023'),(628,10,7,'Events','2022');

--
-- Table structure for table `prstshp_tmmegamenu_link`
--

CREATE TABLE `prstshp_tmmegamenu_link` (
  `id_item` int(11) NOT NULL AUTO_INCREMENT,
  `id_shop` int(11) NOT NULL DEFAULT '1',
  `specific_class` varchar(100) DEFAULT NULL,
  `blank` int(11) NOT NULL,
  PRIMARY KEY (`id_item`)
) ENGINE=InnoDB AUTO_INCREMENT=2 DEFAULT CHARSET=utf8;

--
-- Dumping data for table `prstshp_tmmegamenu_link`
--

INSERT INTO `prstshp_tmmegamenu_link` VALUES (1,1,'',1);

--
-- Table structure for table `prstshp_tmmegamenu_link_lang`
--

CREATE TABLE `prstshp_tmmegamenu_link_lang` (
  `id_item` int(10) unsigned NOT NULL,
  `id_lang` int(11) NOT NULL,
  `title` varchar(100) DEFAULT NULL,
  `url` varchar(255) NOT NULL,
  PRIMARY KEY (`id_item`,`id_lang`)
) ENGINE=InnoDB DEFAULT CHARSET=utf8;

--
-- Dumping data for table `prstshp_tmmegamenu_link_lang`
--

INSERT INTO `prstshp_tmmegamenu_link_lang` VALUES (1,1,'Team','http://team.wetiz.eu/'),(1,2,'équipe ','http://team.wetiz.eu/'),(1,4,'Team','http://team.wetiz.eu/'),(1,7,'Team','http://team.wetiz.eu/');

--
-- Table structure for table `prstshp_tmmegamenu_map`
--

CREATE TABLE `prstshp_tmmegamenu_map` (
  `id_item` int(11) NOT NULL AUTO_INCREMENT,
  `id_shop` int(11) NOT NULL DEFAULT '1',
  `latitude` varchar(100) DEFAULT NULL,
  `longitude` varchar(100) DEFAULT NULL,
  `scale` int(11) NOT NULL,
  `marker` varchar(100) NOT NULL,
  PRIMARY KEY (`id_item`)
) ENGINE=InnoDB DEFAULT CHARSET=utf8;

--
-- Dumping data for table `prstshp_tmmegamenu_map`
--


--
-- Table structure for table `prstshp_tmmegamenu_map_lang`
--

CREATE TABLE `prstshp_tmmegamenu_map_lang` (
  `id_item` int(10) unsigned NOT NULL,
  `id_lang` int(11) NOT NULL,
  `title` varchar(100) DEFAULT NULL,
  `description` text NOT NULL,
  PRIMARY KEY (`id_item`,`id_lang`)
) ENGINE=InnoDB DEFAULT CHARSET=utf8;

--
-- Dumping data for table `prstshp_tmmegamenu_map_lang`
--


--
-- Table structure for table `prstshp_tmmegamenu_video`
--

CREATE TABLE `prstshp_tmmegamenu_video` (
  `id_item` int(11) NOT NULL AUTO_INCREMENT,
  `id_shop` int(11) NOT NULL DEFAULT '1',
  PRIMARY KEY (`id_item`)
) ENGINE=InnoDB AUTO_INCREMENT=2 DEFAULT CHARSET=utf8;

--
-- Dumping data for table `prstshp_tmmegamenu_video`
--

INSERT INTO `prstshp_tmmegamenu_video` VALUES (1,1);

--
-- Table structure for table `prstshp_tmmegamenu_video_lang`
--

CREATE TABLE `prstshp_tmmegamenu_video_lang` (
  `id_item` int(10) unsigned NOT NULL,
  `id_lang` int(11) NOT NULL,
  `title` varchar(100) DEFAULT NULL,
  `url` varchar(100) NOT NULL,
  `type` varchar(100) DEFAULT NULL,
  PRIMARY KEY (`id_item`,`id_lang`)
) ENGINE=InnoDB DEFAULT CHARSET=utf8;

--
-- Dumping data for table `prstshp_tmmegamenu_video_lang`
--

INSERT INTO `prstshp_tmmegamenu_video_lang` VALUES (1,1,'Lifesaving is our passion!','https://www.youtube.com/watch?v=7fL6bQP1Tvs','youtube'),(1,2,'Lifesaving is our passion!','https://www.youtube.com/watch?v=7fL6bQP1Tvs','youtube'),(1,4,'Lifesaving is our passion!','https://www.youtube.com/watch?v=7fL6bQP1Tvs','youtube'),(1,7,'Lifesaving is our passion!','https://www.youtube.com/watch?v=7fL6bQP1Tvs','youtube');

--
-- Table structure for table `prstshp_tmnewsletter`
--

CREATE TABLE `prstshp_tmnewsletter` (
  `id_tmnewsletter` int(11) NOT NULL AUTO_INCREMENT,
  `id_guest` int(11) NOT NULL,
  `id_user` int(11) NOT NULL,
  `id_shop` int(11) NOT NULL,
  `status` int(1) NOT NULL,
  PRIMARY KEY (`id_tmnewsletter`)
) ENGINE=InnoDB AUTO_INCREMENT=22 DEFAULT CHARSET=utf8;

--
-- Dumping data for table `prstshp_tmnewsletter`
--

INSERT INTO `prstshp_tmnewsletter` VALUES (1,5,0,1,0),(2,6,0,1,0),(3,7,0,1,0),(4,8,0,1,0),(5,9,0,1,0),(6,13,0,1,0),(7,14,0,1,0),(8,15,0,1,0),(9,16,0,1,0),(10,18,0,1,0),(11,0,5,1,1),(12,19,0,1,0),(13,20,0,1,0),(14,21,0,1,0),(15,22,0,1,0),(16,23,0,1,0),(17,24,0,1,0),(18,26,0,1,0),(19,28,0,1,0),(20,30,0,1,0),(21,1828583,0,1,0);

--
-- Table structure for table `prstshp_tmnewsletter_settings`
--

CREATE TABLE `prstshp_tmnewsletter_settings` (
  `id_tmnewsletter` int(11) NOT NULL AUTO_INCREMENT,
  `id_shop` int(11) NOT NULL,
  `is_guest` int(11) NOT NULL,
  `verification` int(11) NOT NULL,
  `timeout` float NOT NULL,
  `ft_delay` float NOT NULL,
  `status` int(1) NOT NULL,
  PRIMARY KEY (`id_tmnewsletter`)
) ENGINE=InnoDB AUTO_INCREMENT=7 DEFAULT CHARSET=utf8;

--
-- Dumping data for table `prstshp_tmnewsletter_settings`
--

INSERT INTO `prstshp_tmnewsletter_settings` VALUES (5,1,1,0,10000,10000,1),(6,1,0,0,10000,10000,1);

--
-- Table structure for table `prstshp_tmnewsletter_settings_lang`
--

CREATE TABLE `prstshp_tmnewsletter_settings_lang` (
  `id` int(11) NOT NULL AUTO_INCREMENT,
  `id_tmnewsletter` int(11) NOT NULL,
  `id_lang` int(11) NOT NULL,
  `title` varchar(100) DEFAULT NULL,
  `content` text NOT NULL,
  PRIMARY KEY (`id`)
) ENGINE=InnoDB AUTO_INCREMENT=31 DEFAULT CHARSET=utf8;

--
-- Dumping data for table `prstshp_tmnewsletter_settings_lang`
--

INSERT INTO `prstshp_tmnewsletter_settings_lang` VALUES (21,5,1,'Newsletter','&lt;p&gt;Subscribe to the Bikes mailing list to receive updates on new arrivals, special offers and other discount information.&lt;/p&gt;'),(22,5,2,'Newsletter','&lt;p&gt;Subscribe to the Bikes mailing list to receive updates on new arrivals, special offers and other discount information.&lt;/p&gt;'),(23,5,3,'Newsletter','&lt;p&gt;Subscribe to the Bikes mailing list to receive updates on new arrivals, special offers and other discount information.&lt;/p&gt;'),(24,5,4,'Newsletter','&lt;p&gt;Subscribe to the Bikes mailing list to receive updates on new arrivals, special offers and other discount information.&lt;/p&gt;'),(25,5,5,'Newsletter','&lt;p&gt;Subscribe to the Bikes mailing list to receive updates on new arrivals, special offers and other discount information.&lt;/p&gt;'),(26,6,1,'Newsletter','&lt;p&gt;Subscribe to the Bikes mailing list to receive updates on new arrivals, special offers and other discount information.&lt;/p&gt;'),(27,6,2,'Newsletter','&lt;p&gt;Subscribe to the Bikes mailing list to receive updates on new arrivals, special offers and other discount information.&lt;/p&gt;'),(28,6,3,'Newsletter','&lt;p&gt;Subscribe to the Bikes mailing list to receive updates on new arrivals, special offers and other discount information.&lt;/p&gt;'),(29,6,4,'Newsletter','&lt;p&gt;Subscribe to the Bikes mailing list to receive updates on new arrivals, special offers and other discount information.&lt;/p&gt;'),(30,6,5,'Newsletter','&lt;p&gt;Subscribe to the Bikes mailing list to receive updates on new arrivals, special offers and other discount information.&lt;/p&gt;');

--
-- Table structure for table `prstshp_tmrelatedproducts`
--

CREATE TABLE `prstshp_tmrelatedproducts` (
  `id_shop` int(10) unsigned NOT NULL,
  `id_master` int(11) NOT NULL,
  `id_slave` int(11) NOT NULL
) ENGINE=InnoDB DEFAULT CHARSET=utf8;

--
-- Dumping data for table `prstshp_tmrelatedproducts`
--


--
-- Table structure for table `prstshp_tmsocialfeed`
--

CREATE TABLE `prstshp_tmsocialfeed` (
  `id_item` int(10) unsigned NOT NULL AUTO_INCREMENT,
  `id_shop` int(10) unsigned NOT NULL,
  `item_order` int(10) unsigned NOT NULL,
  `item_type` varchar(100) DEFAULT NULL,
  `hook` varchar(100) DEFAULT NULL,
  `item_theme` varchar(100) DEFAULT NULL,
  `item_width` int(10) unsigned NOT NULL,
  `item_height` int(10) unsigned NOT NULL,
  `item_limit` int(10) unsigned NOT NULL,
  `item_header` tinyint(1) unsigned NOT NULL DEFAULT '1',
  `item_footer` tinyint(1) unsigned NOT NULL DEFAULT '1',
  `item_border` tinyint(1) unsigned NOT NULL DEFAULT '1',
  `item_replies` tinyint(1) unsigned NOT NULL DEFAULT '1',
  `item_scroll` tinyint(1) unsigned NOT NULL DEFAULT '1',
  `item_background` tinyint(1) unsigned NOT NULL DEFAULT '1',
  `item_col_width` int(10) unsigned NOT NULL,
  `active` tinyint(1) unsigned NOT NULL DEFAULT '0',
  PRIMARY KEY (`id_item`)
) ENGINE=InnoDB AUTO_INCREMENT=2 DEFAULT CHARSET=utf8;

--
-- Dumping data for table `prstshp_tmsocialfeed`
--

INSERT INTO `prstshp_tmsocialfeed` VALUES (1,1,0,'instagram','footer',NULL,0,0,6,0,0,0,0,0,0,0,1);

--
-- Table structure for table `prstshp_translation`
--

CREATE TABLE `prstshp_translation` (
  `id_translation` int(11) NOT NULL AUTO_INCREMENT,
  `id_lang` int(11) NOT NULL,
  `key` text CHARACTER SET utf8 COLLATE utf8_bin NOT NULL,
  `translation` text COLLATE utf8mb4_unicode_ci NOT NULL,
  `domain` varchar(80) COLLATE utf8mb4_unicode_ci NOT NULL,
  `theme` varchar(32) COLLATE utf8mb4_unicode_ci DEFAULT NULL,
  PRIMARY KEY (`id_translation`),
  KEY `IDX_D153914BBA299860` (`id_lang`),
  KEY `key` (`domain`)
) ENGINE=InnoDB DEFAULT CHARSET=utf8mb4 COLLATE=utf8mb4_unicode_ci;

--
-- Dumping data for table `prstshp_translation`
--


--
-- Table structure for table `prstshp_vatnumberverified`
--

CREATE TABLE `prstshp_vatnumberverified` (
  `vat_number` varchar(32) NOT NULL,
  `valide` tinyint(1) unsigned NOT NULL DEFAULT '3',
  PRIMARY KEY (`vat_number`)
) ENGINE=InnoDB DEFAULT CHARSET=utf8;

--
-- Dumping data for table `prstshp_vatnumberverified`
--

INSERT INTO `prstshp_vatnumberverified` VALUES ('ATU15972703',7),('ATU16274305',7),('ATU16280209',7),('ATU20217806',9),('ATU20257308',7),('ATU31720901',7),('ATU36768002',7),('ATU40097104',7),('ATU41782004',10),('ATU58578068',4),('ATU61438689',7),('ATU62201888',7),('ATU62572200',7),('ATU63208834',7),('ATU63216914',7),('ATU64904205',7),('ATU71407104',9),('ATU71872057',7),('BE0445277015',7),('BE0453228045',7),('BE0459279954',7),('BE0460611032',7),('BE0467434288',4),('BE0500913839',7),('BE0675758616',9),('BE0839012683',7),('BE0839421667',7),('BE0872757597',7),('BE0883235577',7),('BE0888848810',7),('BG200124352',7),('CY10089201I',7),('CZ22826416',7),('CZ27642127',7),('CZ63835355',4),('CZ64353877',4),('CZ65996739',10),('CZ72247746',4),('CZ7658034417',7),('CZ7907210014',7),('CZ9012173049',10),('DE126357274',6),('DE134652596',6),('DE134652615',6),('DE136622723',6),('DE141624120',6),('DE153851764',6),('DE156890235',6),('DE188971978',6),('DE198631198',6),('DE203869511',6),('DE209635876',6),('DE224163125',6),('DE248669344',6),('DE256451431',6),('DE261355900',6),('DE267740665',6),('DE270882988',6),('DE271593070',6),('DE284666966',6),('DE298036716',6),('DE311691500',6),('DE316847748',6),('DE687107466',6),('DE811401484',6),('DE812901872',6),('DE815735889',6),('DK10203813',7),('DK25750217',4),('DK26357411',7),('DK26925398',7),('DK27738710',4),('DK35768009',7),('EE100064331',7),('EL047185761',10),('EL071853374',10),('EL090039068',9),('EL136996506',7),('EL997066104',9),('EL998062649',7),('EL998229085',7),('EL999875806',7),('ES03105946A',4),('ES20190669G',4),('ES39716273B',4),('ESB57549610',7),('ESB70213061',4),('ESB86728631',7),('ESG24612251',4),('ESG38065579',4),('ESG70076583',4),('ESG78420932',7),('ESX7443011G',4),('FI01287568',7),('FI02172359',10),('FI25796703',7),('FI27570724',4),('FI29311902',10),('FI31812888',7),('FR33410791321',7),('FR48792539579',9),('FR49505064527',4),('FR65344622329',4),('FR72390611648',7),('FR74381151174',7),('FR96306959438',7),('HU22952950',7),('IE3683569A',7),('IE3738656AH',10),('IE4036304H',9),('IE4787995G',7),('IE7188696G',7),('IE7260481J',10),('IE9760397C',9),('IEIE6749632',4),('IT00144620317',8),('IT00416470102',8),('IT00423950310',8),('IT00775050404',8),('IT01003390521',8),('IT01039310303',8),('IT01100130663',8),('IT01136130471',8),('IT01384031009',8),('IT01552000539',8),('IT01619150087',8),('IT01646420057',8),('IT01686930668',8),('IT01717190431',8),('IT01771910435',8),('IT01961720594',8),('IT01976640225',8),('IT01993470481',8),('IT01996250674',8),('IT02131841005',8),('IT02175590443',8),('IT02179900747',8),('IT02226290043',8),('IT02379680461',8),('IT02410320200',8),('IT02519280412',8),('IT02521000428',8),('IT02526150814',8),('IT02642030429',8),('IT02651620300',8),('IT02669790699',8),('IT03423100274',8),('IT03612270102',8),('IT03695410989',8),('IT04375140169',8),('IT04384700011',8),('IT04500770757',8),('IT04532180652',8),('IT06068191219',8),('IT06551620633',8),('IT08121011210',8),('IT08244160696',8),('IT08793490015',8),('IT09223590960',8),('IT10719390154',8),('IT10791180010',8),('IT11067230968',8),('IT12340670012',8),('IT90031930317',8),('IT90048750401',8),('IT91038130463',8),('MT25608240',4),('NL001721195B24',7),('NL158770201B01',10),('NL811481815B01',7),('NL820117511B01',10),('NL823693235B01',9),('NL854313096B01',7),('NL856383909B01',4),('PL6341791767',7),('PL8882167768',7),('PL9291870815',4),('PT176029036',10),('PT195850122',4),('PT206317492',4),('PT505311623',9),('PT508636736',4),('PT513759077',7),('PT514767375',7),('PT515698261',9),('RO31243670',7),('RO34999629',10),('RO35953476',7),('RO40652178',7),('SE530807161101',7),('SE600123240101',7),('SE880203205501',7),('SE969748651301',7),('SI48439517',7),('SI74407422',7),('XI282618584',4);

--
-- Table structure for table `prstshp_warehouse`
--

CREATE TABLE `prstshp_warehouse` (
  `id_warehouse` int(11) unsigned NOT NULL AUTO_INCREMENT,
  `id_currency` int(11) unsigned NOT NULL,
  `id_address` int(11) unsigned NOT NULL,
  `id_employee` int(11) unsigned NOT NULL,
  `reference` varchar(64) DEFAULT NULL,
  `name` varchar(45) NOT NULL,
  `management_type` enum('WA','FIFO','LIFO') NOT NULL DEFAULT 'WA',
  `deleted` tinyint(1) unsigned NOT NULL DEFAULT '0',
  PRIMARY KEY (`id_warehouse`)
) ENGINE=InnoDB DEFAULT CHARSET=utf8mb4 ROW_FORMAT=DYNAMIC;

--
-- Dumping data for table `prstshp_warehouse`
--


--
-- Table structure for table `prstshp_warehouse_carrier`
--

CREATE TABLE `prstshp_warehouse_carrier` (
  `id_carrier` int(11) unsigned NOT NULL,
  `id_warehouse` int(11) unsigned NOT NULL,
  PRIMARY KEY (`id_warehouse`,`id_carrier`),
  KEY `id_warehouse` (`id_warehouse`),
  KEY `id_carrier` (`id_carrier`)
) ENGINE=InnoDB DEFAULT CHARSET=utf8mb4 ROW_FORMAT=DYNAMIC;

--
-- Dumping data for table `prstshp_warehouse_carrier`
--


--
-- Table structure for table `prstshp_warehouse_product_location`
--

CREATE TABLE `prstshp_warehouse_product_location` (
  `id_warehouse_product_location` int(11) unsigned NOT NULL AUTO_INCREMENT,
  `id_product` int(11) unsigned NOT NULL,
  `id_product_attribute` int(11) unsigned NOT NULL,
  `id_warehouse` int(11) unsigned NOT NULL,
  `location` varchar(64) DEFAULT NULL,
  PRIMARY KEY (`id_warehouse_product_location`),
  UNIQUE KEY `id_product` (`id_product`,`id_product_attribute`,`id_warehouse`)
) ENGINE=InnoDB DEFAULT CHARSET=utf8mb4 ROW_FORMAT=DYNAMIC;

--
-- Dumping data for table `prstshp_warehouse_product_location`
--


--
-- Table structure for table `prstshp_warehouse_shop`
--

CREATE TABLE `prstshp_warehouse_shop` (
  `id_shop` int(11) unsigned NOT NULL,
  `id_warehouse` int(11) unsigned NOT NULL,
  PRIMARY KEY (`id_warehouse`,`id_shop`),
  KEY `id_warehouse` (`id_warehouse`),
  KEY `id_shop` (`id_shop`)
) ENGINE=InnoDB DEFAULT CHARSET=utf8mb4 ROW_FORMAT=DYNAMIC;

--
-- Dumping data for table `prstshp_warehouse_shop`
--


--
-- Table structure for table `prstshp_web_browser`
--

CREATE TABLE `prstshp_web_browser` (
  `id_web_browser` int(10) unsigned NOT NULL AUTO_INCREMENT,
  `name` varchar(64) DEFAULT NULL,
  PRIMARY KEY (`id_web_browser`)
) ENGINE=InnoDB AUTO_INCREMENT=12 DEFAULT CHARSET=utf8mb4 ROW_FORMAT=DYNAMIC;

--
-- Dumping data for table `prstshp_web_browser`
--

INSERT INTO `prstshp_web_browser` VALUES (1,'Safari'),(2,'Safari iPad'),(3,'Firefox'),(4,'Opera'),(5,'IE 6'),(6,'IE 7'),(7,'IE 8'),(8,'IE 9'),(9,'IE 10'),(10,'IE 11'),(11,'Chrome');

--
-- Table structure for table `prstshp_webservice_account`
--

CREATE TABLE `prstshp_webservice_account` (
  `id_webservice_account` int(11) NOT NULL AUTO_INCREMENT,
  `key` varchar(32) NOT NULL,
  `description` mediumtext,
  `class_name` varchar(64) NOT NULL DEFAULT 'WebserviceRequest',
  `is_module` tinyint(2) NOT NULL DEFAULT '0',
  `module_name` varchar(64) DEFAULT NULL,
  `active` tinyint(2) NOT NULL,
  PRIMARY KEY (`id_webservice_account`),
  KEY `key` (`key`)
) ENGINE=InnoDB DEFAULT CHARSET=utf8mb4 ROW_FORMAT=DYNAMIC;

--
-- Dumping data for table `prstshp_webservice_account`
--


--
-- Table structure for table `prstshp_webservice_account_shop`
--

CREATE TABLE `prstshp_webservice_account_shop` (
  `id_webservice_account` int(11) unsigned NOT NULL,
  `id_shop` int(11) unsigned NOT NULL,
  PRIMARY KEY (`id_webservice_account`,`id_shop`),
  KEY `id_shop` (`id_shop`)
) ENGINE=InnoDB DEFAULT CHARSET=utf8mb4 ROW_FORMAT=DYNAMIC;

--
-- Dumping data for table `prstshp_webservice_account_shop`
--


--
-- Table structure for table `prstshp_webservice_permission`
--

CREATE TABLE `prstshp_webservice_permission` (
  `id_webservice_permission` int(11) NOT NULL AUTO_INCREMENT,
  `resource` varchar(50) NOT NULL,
  `method` enum('GET','POST','PUT','PATCH','DELETE','HEAD') NOT NULL,
  `id_webservice_account` int(11) NOT NULL,
  PRIMARY KEY (`id_webservice_permission`),
  UNIQUE KEY `resource_2` (`resource`,`method`,`id_webservice_account`),
  KEY `resource` (`resource`),
  KEY `method` (`method`),
  KEY `id_webservice_account` (`id_webservice_account`)
) ENGINE=InnoDB DEFAULT CHARSET=utf8mb4 ROW_FORMAT=DYNAMIC;

--
-- Dumping data for table `prstshp_webservice_permission`
--


--
-- Table structure for table `prstshp_wishlist`
--

CREATE TABLE `prstshp_wishlist` (
  `id_wishlist` int(10) unsigned NOT NULL AUTO_INCREMENT,
  `id_customer` int(10) unsigned NOT NULL,
  `id_shop` int(10) unsigned DEFAULT '1',
  `id_shop_group` int(10) unsigned DEFAULT '1',
  `token` varchar(64) NOT NULL,
  `name` varchar(64) NOT NULL,
  `counter` int(10) unsigned DEFAULT NULL,
  `date_add` datetime NOT NULL,
  `date_upd` datetime NOT NULL,
  `default` int(10) unsigned DEFAULT '0',
  PRIMARY KEY (`id_wishlist`)
) ENGINE=InnoDB AUTO_INCREMENT=2404 DEFAULT CHARSET=utf8;

--
-- Dumping data for table `prstshp_wishlist`
--

INSERT INTO `prstshp_wishlist` VALUES (1,8489,1,1,'EC2DE57A28F6DD4D','Meine Wunschliste',NULL,'2023-04-14 04:55:04','2023-04-14 04:55:04',1),(2,8476,1,1,'83566E0631185A4D','Ma liste d\'envies',NULL,'2023-04-14 09:41:27','2023-04-14 09:41:27',1),(3,8448,1,1,'72A1192B0061BCBD','Ma liste d\'envies',NULL,'2023-04-14 10:49:50','2023-04-14 10:49:50',1),(4,8490,1,1,'ECE60F92F160F674','Meine Wunschliste',NULL,'2023-04-14 11:11:19','2023-04-14 11:11:19',1),(5,8491,1,1,'2A8E5D890A55AE51','Meine Wunschliste',NULL,'2023-04-14 13:03:36','2023-04-14 13:03:36',1),(6,8427,1,1,'73F6DA211360890A','Meine Wunschliste',NULL,'2023-04-14 15:22:48','2023-04-14 15:22:48',1),(7,8493,1,1,'2114E83822644472','Meine Wunschliste',NULL,'2023-04-14 22:27:14','2023-04-14 22:27:14',1),(8,8139,1,1,'324A3187AE50B722','Ma liste d\'envies',NULL,'2023-04-15 11:33:46','2023-04-15 11:33:46',1),(9,7058,1,1,'274A7041E82A9A30','My wishlist',NULL,'2023-04-15 13:36:41','2023-04-15 13:36:41',1),(10,8496,1,1,'6F03743293FD37E4','Meine Wunschliste',NULL,'2023-04-16 13:16:07','2023-04-16 13:16:07',1),(11,8426,1,1,'6C943CDB992538C1','Meine Wunschliste',NULL,'2023-04-16 16:31:41','2023-04-16 16:31:41',1),(12,7302,1,1,'C935543247601748','My wishlist',NULL,'2023-04-16 18:56:47','2023-04-16 18:56:47',1),(13,4695,1,1,'EBE63420F10033EA','My wishlist',NULL,'2023-04-16 20:10:42','2023-04-16 20:10:42',1),(14,5820,1,1,'39C984F97E9D391D','My wishlist',NULL,'2023-04-16 20:30:41','2023-04-16 20:30:41',1),(15,8503,1,1,'DAB0EC2BFDA4BAAC','Ma liste d\'envies',NULL,'2023-04-17 08:13:06','2023-04-17 08:13:06',1),(16,8502,1,1,'3537A9C4BFCBCAF3','Meine Wunschliste',NULL,'2023-04-17 09:45:16','2023-04-17 09:45:16',1),(17,8505,1,1,'BD518C9CF342B486','Meine Wunschliste',NULL,'2023-04-17 11:45:04','2023-04-17 11:45:04',1),(18,8454,1,1,'010B4E64F99CB812','Meine Wunschliste',NULL,'2023-04-17 14:46:55','2023-04-17 14:46:55',1),(19,8508,1,1,'909B26A2820F96F8','Meine Wunschliste',NULL,'2023-04-17 15:51:49','2023-04-17 15:51:49',1),(20,8424,1,1,'1ADE541659756DE4','Meine Wunschliste',NULL,'2023-04-17 16:54:35','2023-04-17 16:54:35',1),(21,8135,1,1,'FAA2283BA8E20FB0','Meine Wunschliste',NULL,'2023-04-17 21:12:14','2023-04-17 21:12:14',1),(22,1320,1,1,'6AFA157B483D94DE','Meine Wunschliste',NULL,'2023-04-17 21:32:49','2023-04-17 21:32:49',1),(23,8510,1,1,'4516C6B83DACC66B','La mia lista dei desideri',NULL,'2023-04-17 22:24:02','2023-04-17 22:24:02',1),(24,8511,1,1,'12526AB06BF9D185','Ma liste d\'envies',NULL,'2023-04-18 07:56:30','2023-04-18 07:56:30',1),(25,5386,1,1,'9BB87D96739B1A75','Meine Wunschliste',NULL,'2023-04-18 08:14:47','2023-04-18 08:14:47',1),(26,8513,1,1,'88D428EBCD46306D','Meine Wunschliste',NULL,'2023-04-18 14:35:42','2023-04-18 14:35:42',1),(27,8516,1,1,'E9D650D79BE34199','My wishlist',NULL,'2023-04-18 19:54:39','2023-04-18 19:54:39',1),(28,8519,1,1,'7A5601A3598D3876','Meine Wunschliste',NULL,'2023-04-19 10:25:54','2023-04-19 10:25:54',1),(29,8520,1,1,'BFD22984B888FE89','My wishlist',NULL,'2023-04-19 14:11:45','2023-04-19 14:11:45',1),(30,8161,1,1,'66F2F9954E6CC5A1','Meine Wunschliste',NULL,'2023-04-19 15:48:33','2023-04-19 15:48:33',1),(31,2129,1,1,'5AD3657B88FB6D4C','Meine Wunschliste',NULL,'2023-04-19 17:22:08','2023-04-19 17:22:08',1),(32,3291,1,1,'F3BA33A8D5AA3032','Meine Wunschliste',NULL,'2023-04-19 22:32:18','2023-04-19 22:32:18',1),(33,2744,1,1,'47665E219BD6779A','Meine Wunschliste',NULL,'2023-04-20 07:50:20','2023-04-20 07:50:20',1),(34,8526,1,1,'453FC9E6AA3F288A','Meine Wunschliste',NULL,'2023-04-20 22:59:24','2023-04-20 22:59:24',1),(35,8160,1,1,'EB00D9A38B654096','Meine Wunschliste',NULL,'2023-04-21 00:10:43','2023-04-21 00:10:43',1),(36,8528,1,1,'C9346DED90424ED4','Ma liste d\'envies',NULL,'2023-04-21 10:32:48','2023-04-21 10:32:48',1),(37,3950,1,1,'D886D2DD4E94733F','My wishlist',NULL,'2023-04-21 22:29:47','2023-04-21 22:29:47',1),(38,6224,1,1,'778A774778EAE1C2','My wishlist',NULL,'2023-04-22 14:46:14','2023-04-22 14:46:14',1),(39,4889,1,1,'E0B71BEC99C5BD65','Meine Wunschliste',NULL,'2023-04-22 17:02:39','2023-04-22 17:02:39',1),(40,8252,1,1,'4CB67D414409912D','My wishlist',NULL,'2023-04-23 09:33:05','2023-04-23 09:33:05',1),(41,6788,1,1,'200069B0CD9DF0DF','La mia lista dei desideri',NULL,'2023-04-23 17:00:25','2023-04-23 17:00:25',1),(42,8533,1,1,'B551051712AF8564','Meine Wunschliste',NULL,'2023-04-23 19:03:51','2023-04-23 19:03:51',1),(43,8536,1,1,'46C89AF047552531','Meine Wunschliste',NULL,'2023-04-24 07:16:30','2023-04-24 07:16:30',1),(44,2445,1,1,'6BFE0D0D9A5608D0','My wishlist',NULL,'2023-04-24 09:54:38','2023-04-24 09:54:38',1),(45,8537,1,1,'C6C8207F8A118C88','Meine Wunschliste',NULL,'2023-04-24 18:25:55','2023-04-24 18:25:55',1),(46,8538,1,1,'77DB50EBFA0E5619','Meine Wunschliste',NULL,'2023-04-24 18:29:13','2023-04-24 18:29:13',1),(47,5326,1,1,'AE1D849D89205470','My wishlist',NULL,'2023-04-24 18:53:57','2023-04-24 18:53:57',1),(48,8005,1,1,'3FEEC586D3530B46','Ma liste d\'envies',NULL,'2023-04-24 19:20:19','2023-04-24 19:20:19',1),(49,8539,1,1,'121A30EC9334A9B4','Ma liste d\'envies',NULL,'2023-04-24 19:22:57','2023-04-24 19:22:57',1),(50,2085,1,1,'97D1954C91DE196C','Meine Wunschliste',NULL,'2023-04-24 20:02:31','2023-04-24 20:02:31',1),(51,8540,1,1,'24C3D32282BE3C0D','Meine Wunschliste',NULL,'2023-04-24 21:39:56','2023-04-24 21:39:56',1),(52,8392,1,1,'937301F4DCD1A888','Meine Wunschliste',NULL,'2023-04-24 22:23:52','2023-04-24 22:23:52',1),(53,8541,1,1,'0DA22FB1B0F0AC9C','Meine Wunschliste',NULL,'2023-04-25 08:16:45','2023-04-25 08:16:45',1),(54,6689,1,1,'CC59263375911CAB','Meine Wunschliste',NULL,'2023-04-25 11:31:43','2023-04-25 11:31:43',1),(55,8543,1,1,'D79C385E8E097E1F','Meine Wunschliste',NULL,'2023-04-25 11:43:02','2023-04-25 11:43:02',1),(56,323,1,1,'885ACE71BF7F2275','Meine Wunschliste',NULL,'2023-04-25 13:15:42','2023-04-25 13:15:42',1),(57,8545,1,1,'508C5E74E004262E','Meine Wunschliste',NULL,'2023-04-26 10:36:24','2023-04-26 10:36:24',1),(58,8395,1,1,'1DDFABE2006B04DA','My wishlist',NULL,'2023-04-26 11:21:19','2023-04-26 11:21:19',1),(59,8348,1,1,'8C194C1695C1F078','Meine Wunschliste',NULL,'2023-04-26 12:25:30','2023-04-26 12:25:30',1),(60,4850,1,1,'621DC2870D1ED5E2','Meine Wunschliste',NULL,'2023-04-26 14:28:47','2023-04-26 14:28:47',1),(61,8546,1,1,'F8E2DF85B48D9040','Meine Wunschliste',NULL,'2023-04-26 16:57:22','2023-04-26 16:57:22',1),(62,8547,1,1,'2B3D23C21F00785C','Meine Wunschliste',NULL,'2023-04-26 18:45:57','2023-04-26 18:45:57',1),(63,8548,1,1,'E727712968FE71CF','My wishlist',NULL,'2023-04-26 18:53:19','2023-04-26 18:53:19',1),(64,7549,1,1,'5797273130D02561','Meine Wunschliste',NULL,'2023-04-27 16:39:38','2023-04-27 16:39:38',1),(65,8523,1,1,'0F78337FF412B4E0','Meine Wunschliste',NULL,'2023-04-27 17:59:17','2023-04-27 17:59:17',1),(66,8550,1,1,'110337D988FBC594','Ma liste d\'envies',NULL,'2023-04-27 19:15:36','2023-04-27 19:15:36',1),(67,6761,1,1,'6BD18AE41209DDAB','Meine Wunschliste',NULL,'2023-04-27 20:00:21','2023-04-27 20:00:21',1),(68,5565,1,1,'F5F4F8AD2C76BC3B','Meine Wunschliste',NULL,'2023-04-28 07:11:09','2023-04-28 07:11:09',1),(69,1700,1,1,'F00C9C41A71A1A45','Meine Wunschliste',NULL,'2023-04-28 11:10:59','2023-04-28 11:10:59',1),(70,4307,1,1,'A4EB1D9F32C0F9C9','Meine Wunschliste',NULL,'2023-04-28 11:13:51','2023-04-28 11:13:51',1),(71,8551,1,1,'52F39C16DC1B08C4','Meine Wunschliste',NULL,'2023-04-28 11:25:32','2023-04-28 11:25:32',1),(72,8552,1,1,'98BB371FCF9CC6C7','La mia lista dei desideri',NULL,'2023-04-28 13:26:42','2023-04-28 13:26:42',1),(73,8553,1,1,'E4B8F9FB2BD81F85','Meine Wunschliste',NULL,'2023-04-28 14:18:34','2023-04-28 14:18:34',1),(74,8556,1,1,'2ADFC5A01B0C7980','Meine Wunschliste',NULL,'2023-04-28 20:57:41','2023-04-28 20:57:41',1),(75,5974,1,1,'EC218A4EC38D73C8','My wishlist',NULL,'2023-04-29 13:54:28','2023-04-29 13:54:28',1),(76,4915,1,1,'15CD315A93E9F8DD','Meine Wunschliste',NULL,'2023-04-30 08:43:53','2023-04-30 08:43:53',1),(77,8558,1,1,'DE20B955454EFE80','Meine Wunschliste',NULL,'2023-04-30 14:03:29','2023-04-30 14:03:29',1),(78,8560,1,1,'F870F3881D9BE6A6','La mia lista dei desideri',NULL,'2023-05-01 11:27:18','2023-05-01 11:27:18',1),(79,8561,1,1,'2586954CC434B929','Meine Wunschliste',NULL,'2023-05-01 11:49:03','2023-05-01 11:49:03',1),(80,1698,1,1,'0B0CC243A02B6046','My wishlist',NULL,'2023-05-01 12:36:31','2023-05-01 12:36:31',1),(81,8281,1,1,'1175F46FD161E93D','My wishlist',NULL,'2023-05-01 18:08:39','2023-05-01 18:08:39',1),(82,8563,1,1,'54FEE50357061ED1','Meine Wunschliste',NULL,'2023-05-01 23:45:47','2023-05-01 23:45:47',1),(83,8564,1,1,'BBB48EFA7DB674AA','Ma liste d\'envies',NULL,'2023-05-02 11:07:29','2023-05-02 11:07:29',1),(84,8565,1,1,'50C0E8949E20D022','My wishlist',NULL,'2023-05-02 12:26:22','2023-05-02 12:26:22',1),(85,7913,1,1,'68B04CDE09D667F6','My wishlist',NULL,'2023-05-02 15:03:03','2023-05-02 15:03:03',1),(86,3074,1,1,'BE660E07518EFB6E','Meine Wunschliste',NULL,'2023-05-02 15:10:53','2023-05-02 15:10:53',1),(87,6343,1,1,'05D1A6828062DDC2','My wishlist',NULL,'2023-05-02 21:03:43','2023-05-02 21:03:43',1),(88,8570,1,1,'7462FB28376109B8','My wishlist',NULL,'2023-05-03 10:43:47','2023-05-03 10:43:47',1),(89,8572,1,1,'E001284B4CE90A71','Ma liste d\'envies',NULL,'2023-05-03 14:08:42','2023-05-03 14:08:42',1),(90,8108,1,1,'6207BE7C37A4C1A3','My wishlist',NULL,'2023-05-03 21:37:18','2023-05-03 21:37:18',1),(91,8574,1,1,'EC598CB21B29036C','Meine Wunschliste',NULL,'2023-05-04 10:56:42','2023-05-04 10:56:42',1),(92,8010,1,1,'D46B0921999A4B86','Ma liste d\'envies',NULL,'2023-05-04 14:20:10','2023-05-04 14:20:10',1),(93,8576,1,1,'8893C992A85659F7','Ma liste d\'envies',NULL,'2023-05-04 15:22:23','2023-05-04 15:22:23',1),(94,8555,1,1,'A2E45F28C1D8E006','Meine Wunschliste',NULL,'2023-05-04 17:09:22','2023-05-04 17:09:22',1),(95,1873,1,1,'436AA7948C5FE6E0','Ma liste d\'envies',NULL,'2023-05-04 17:32:50','2023-05-04 17:32:50',1),(96,7418,1,1,'E4F6FB5222AD7316','Meine Wunschliste',NULL,'2023-05-04 21:19:24','2023-05-04 21:19:24',1),(97,8581,1,1,'2D63CA3E82BDF8E1','Meine Wunschliste',NULL,'2023-05-05 15:07:14','2023-05-05 15:07:14',1),(98,4666,1,1,'225C610E8FDBDA5F','Meine Wunschliste',NULL,'2023-05-06 07:51:28','2023-05-06 07:51:28',1),(99,2693,1,1,'0E5F9250E5680C51','Meine Wunschliste',NULL,'2023-05-06 10:01:35','2023-05-06 10:01:35',1),(100,8584,1,1,'5A2632DCE69FF6B3','Meine Wunschliste',NULL,'2023-05-06 14:06:16','2023-05-06 14:06:16',1),(101,8585,1,1,'C1DD29B83C169D0D','La mia lista dei desideri',NULL,'2023-05-06 16:06:40','2023-05-06 16:06:40',1),(102,8586,1,1,'9816AEDF2FE0FD33','La mia lista dei desideri',NULL,'2023-05-06 17:39:20','2023-05-06 17:39:20',1),(103,8588,1,1,'5F35E05C62A243CC','My wishlist',NULL,'2023-05-07 08:07:42','2023-05-07 08:07:42',1),(104,8589,1,1,'4D8661DCCA4EC05C','Meine Wunschliste',NULL,'2023-05-07 14:54:48','2023-05-07 14:54:48',1),(105,8590,1,1,'C5BAAA3B6823081E','My wishlist',NULL,'2023-05-07 16:05:49','2023-05-07 16:05:49',1),(106,7745,1,1,'AD34EB22D235C6C1','Meine Wunschliste',NULL,'2023-05-07 21:20:43','2023-05-07 21:20:43',1),(107,8593,1,1,'6A05F39238727815','Meine Wunschliste',NULL,'2023-05-07 22:15:28','2023-05-07 22:15:28',1),(108,8595,1,1,'2C8ABEED507AB667','My wishlist',NULL,'2023-05-08 09:58:04','2023-05-08 09:58:04',1),(109,7806,1,1,'B471B9ED47AB695A','My wishlist',NULL,'2023-05-08 12:52:15','2023-05-08 12:52:15',1),(110,8597,1,1,'26A630394A45E4ED','Ma liste d\'envies',NULL,'2023-05-08 14:59:08','2023-05-08 14:59:08',1),(111,8478,1,1,'E4337A16159CBD37','Ma liste d\'envies',NULL,'2023-05-08 17:31:06','2023-05-08 17:31:06',1),(112,8598,1,1,'D1BEBEFFBCF799D9','Ma liste d\'envies',NULL,'2023-05-08 17:35:02','2023-05-08 17:35:02',1),(113,8599,1,1,'51D7F1DD0AAA9E34','My wishlist',NULL,'2023-05-08 17:37:04','2023-05-08 17:37:04',1),(114,2774,1,1,'361B5B439ED8A0A7','Ma liste d\'envies',NULL,'2023-05-08 19:54:49','2023-05-08 19:54:49',1),(115,7102,1,1,'39A85A121CDBCE1C','Ma liste d\'envies',NULL,'2023-05-08 23:29:40','2023-05-08 23:29:40',1),(116,8602,1,1,'312C6D82C1BE9D34','My wishlist',NULL,'2023-05-09 11:41:20','2023-05-09 11:41:20',1),(117,8603,1,1,'46CCA589DBF6224D','Ma liste d\'envies',NULL,'2023-05-09 14:39:12','2023-05-09 14:39:12',1),(118,8604,1,1,'C4F272FF515A4761','Meine Wunschliste',NULL,'2023-05-09 16:17:29','2023-05-09 16:17:29',1),(119,8165,1,1,'D10CEFF07595F66F','My wishlist',NULL,'2023-05-10 02:02:03','2023-05-10 02:02:03',1),(120,8606,1,1,'65E1017B694BA4EE','My wishlist',NULL,'2023-05-10 10:35:41','2023-05-10 10:35:41',1),(121,8607,1,1,'FA308375A4A37BD6','My wishlist',NULL,'2023-05-10 16:35:42','2023-05-10 16:35:42',1),(122,7616,1,1,'616D1DEBF0EC0CB2','Meine Wunschliste',NULL,'2023-05-10 18:37:58','2023-05-10 18:37:58',1),(123,8608,1,1,'5DF10E38F10704C1','My wishlist',NULL,'2023-05-10 20:49:48','2023-05-10 20:49:48',1),(124,5855,1,1,'CA04C0C1F4AEEBC8','My wishlist',NULL,'2023-05-11 09:03:39','2023-05-11 09:03:39',1),(125,8609,1,1,'AAF1B793A06FF8C2','Meine Wunschliste',NULL,'2023-05-11 10:41:36','2023-05-11 10:41:36',1),(126,8596,1,1,'5FD625AB5D34B569','La mia lista dei desideri',NULL,'2023-05-11 18:32:54','2023-05-11 18:32:54',1),(127,8612,1,1,'AEA6A75C61E51FB7','Meine Wunschliste',NULL,'2023-05-11 18:39:55','2023-05-11 18:39:55',1),(128,8617,1,1,'AC65756A161292F8','My wishlist',NULL,'2023-05-13 08:23:55','2023-05-13 08:23:55',1),(129,8618,1,1,'37FF536D3DDDC987','Meine Wunschliste',NULL,'2023-05-13 12:49:45','2023-05-13 12:49:45',1),(130,8619,1,1,'48A74ADD0EA4B733','My wishlist',NULL,'2023-05-13 12:51:38','2023-05-13 12:51:38',1),(131,8620,1,1,'5A88C479089A0D01','Meine Wunschliste',NULL,'2023-05-13 13:16:04','2023-05-13 13:16:04',1),(132,8621,1,1,'7CC756428BFA9752','Ma liste d\'envies',NULL,'2023-05-13 19:35:41','2023-05-13 19:35:41',1),(133,8622,1,1,'665AB913B192C38C','Meine Wunschliste',NULL,'2023-05-13 20:59:50','2023-05-13 20:59:50',1),(134,2244,1,1,'845F3D8074D6536B','Meine Wunschliste',NULL,'2023-05-13 21:14:02','2023-05-13 21:14:02',1),(135,8394,1,1,'695694D85E71A9A8','Meine Wunschliste',NULL,'2023-05-14 11:50:11','2023-05-14 11:50:11',1),(136,8601,1,1,'10EC635D743F2A73','Meine Wunschliste',NULL,'2023-05-14 18:50:36','2023-05-14 18:50:36',1),(137,2515,1,1,'F0F6BD43F58BC4CA','Meine Wunschliste',NULL,'2023-05-15 09:12:31','2023-05-15 09:12:31',1),(138,8626,1,1,'7EE3DBBD76BC21EC','Ma liste d\'envies',NULL,'2023-05-15 11:59:23','2023-05-15 11:59:23',1),(139,1062,1,1,'01E53E82F173A5AE','Meine Wunschliste',NULL,'2023-05-15 13:33:05','2023-05-15 13:33:05',1),(140,6808,1,1,'9DFDD3026B850E9C','Meine Wunschliste',NULL,'2023-05-15 14:04:35','2023-05-15 14:04:35',1),(141,8627,1,1,'655C97AE8591AD15','Meine Wunschliste',NULL,'2023-05-15 14:39:39','2023-05-15 14:39:39',1),(142,8629,1,1,'5B500065C043F5D0','Meine Wunschliste',NULL,'2023-05-15 15:02:44','2023-05-15 15:02:44',1),(143,5391,1,1,'34AD9F4B2573AB88','La mia lista dei desideri',NULL,'2023-05-15 21:28:13','2023-05-15 21:28:13',1),(144,1757,1,1,'898129E9092C2C49','My wishlist',NULL,'2023-05-15 21:46:17','2023-05-15 21:46:17',1),(145,8305,1,1,'E3A27A4629C9D2BF','My wishlist',NULL,'2023-05-16 07:46:15','2023-05-16 07:46:15',1),(146,8631,1,1,'323EC22C2A62DCBE','My wishlist',NULL,'2023-05-16 09:20:21','2023-05-16 09:20:21',1),(147,2262,1,1,'1868F29C8FAFCD4F','Meine Wunschliste',NULL,'2023-05-17 05:55:34','2023-05-17 05:55:34',1),(148,8437,1,1,'9012A1FC50B274A4','Meine Wunschliste',NULL,'2023-05-17 12:03:28','2023-05-17 12:03:28',1),(149,8634,1,1,'2102F4C7D96CBE89','Meine Wunschliste',NULL,'2023-05-17 13:51:00','2023-05-17 13:51:00',1),(150,8594,1,1,'8F8BFC22D719ADDB','Meine Wunschliste',NULL,'2023-05-17 19:18:59','2023-05-17 19:18:59',1),(151,8636,1,1,'5B095BFB5336C7EB','Meine Wunschliste',NULL,'2023-05-17 21:08:22','2023-05-17 21:08:22',1),(152,4943,1,1,'D0DE5FC7799A6F05','Meine Wunschliste',NULL,'2023-05-18 10:13:02','2023-05-18 10:13:02',1),(153,8637,1,1,'29E4CD33EFB891D0','Meine Wunschliste',NULL,'2023-05-18 11:17:27','2023-05-18 11:17:27',1),(154,8638,1,1,'A1661E5C25BB85B8','Meine Wunschliste',NULL,'2023-05-18 13:05:40','2023-05-18 13:05:40',1),(155,8641,1,1,'300F95213B5F3F2D','La mia lista dei desideri',NULL,'2023-05-18 20:18:24','2023-05-18 20:18:24',1),(156,8642,1,1,'DC10C6A7FC53B149','My wishlist',NULL,'2023-05-18 21:02:40','2023-05-18 21:02:40',1),(157,8399,1,1,'B0117B7741CD5DCF','My wishlist',NULL,'2023-05-18 21:26:39','2023-05-18 21:26:39',1),(158,8644,1,1,'8A83E44AFF7E017A','Meine Wunschliste',NULL,'2023-05-19 18:31:07','2023-05-19 18:31:07',1),(159,8647,1,1,'0728489CB91C9D55','Ma liste d\'envies',NULL,'2023-05-20 16:50:40','2023-05-20 16:50:40',1),(160,8648,1,1,'49BFECC6E6A2DB56','My wishlist',NULL,'2023-05-20 23:04:38','2023-05-20 23:04:38',1),(161,8650,1,1,'56CAC834056E7386','Ma liste d\'envies',NULL,'2023-05-21 21:03:33','2023-05-21 21:03:33',1),(162,8153,1,1,'0C32C7EA65588D9D','My wishlist',NULL,'2023-05-22 00:24:54','2023-05-22 00:24:54',1),(163,8651,1,1,'26B8F90898CEF489','Ma liste d\'envies',NULL,'2023-05-22 16:53:58','2023-05-22 16:53:58',1),(164,4453,1,1,'6E7308EC96DD4E2C','Meine Wunschliste',NULL,'2023-05-22 23:23:57','2023-05-22 23:23:57',1),(165,6067,1,1,'2EA5844ECC6C65AB','Meine Wunschliste',NULL,'2023-05-23 09:03:53','2023-05-23 09:03:53',1),(166,8653,1,1,'5B81FE730A28DBC6','Meine Wunschliste',NULL,'2023-05-23 09:55:19','2023-05-23 09:55:19',1),(167,2391,1,1,'55A4FB7376917ADB','Meine Wunschliste',NULL,'2023-05-23 15:33:43','2023-05-23 15:33:43',1),(168,3473,1,1,'689D9A95E1DDA772','Meine Wunschliste',NULL,'2023-05-23 15:37:05','2023-05-23 15:37:05',1),(169,8655,1,1,'02F291E0B3AE109D','Meine Wunschliste',NULL,'2023-05-23 18:44:12','2023-05-23 18:44:12',1),(170,8336,1,1,'E91922E8812573A2','Meine Wunschliste',NULL,'2023-05-24 18:03:57','2023-05-24 18:03:57',1),(171,8656,1,1,'E16C9FBBDC46AD35','La mia lista dei desideri',NULL,'2023-05-24 18:09:28','2023-05-24 18:09:28',1),(172,8659,1,1,'DB337CC4DA8729AE','My wishlist',NULL,'2023-05-24 22:53:45','2023-05-24 22:53:45',1),(173,8663,1,1,'F9DF692F18BB9D01','Meine Wunschliste',NULL,'2023-05-25 21:28:35','2023-05-25 21:28:35',1),(174,8666,1,1,'82F25CE175149587','La mia lista dei desideri',NULL,'2023-05-27 06:08:33','2023-05-27 06:08:33',1),(175,8639,1,1,'1ADA71E32C1AE57F','Meine Wunschliste',NULL,'2023-05-27 09:37:21','2023-05-27 09:37:21',1),(176,8673,1,1,'42BD7C9768E70A45','Meine Wunschliste',NULL,'2023-05-28 22:29:54','2023-05-28 22:29:54',1),(177,8676,1,1,'6D93065B99BC5A4F','La mia lista dei desideri',NULL,'2023-05-29 19:49:34','2023-05-29 19:49:34',1),(178,8678,1,1,'40E723FF2AB3D49B','My wishlist',NULL,'2023-05-29 21:27:15','2023-05-29 21:27:15',1),(179,7135,1,1,'021469F32C775DC0','Meine Wunschliste',NULL,'2023-05-29 21:34:33','2023-05-29 21:34:33',1),(180,7077,1,1,'1A9EE960C58147F5','Ma liste d\'envies',NULL,'2023-05-29 21:53:45','2023-05-29 21:53:45',1),(181,8031,1,1,'48CCF5CD39991FA8','Meine Wunschliste',NULL,'2023-05-29 21:59:22','2023-05-29 21:59:22',1),(182,8680,1,1,'F11F07C5BCF2EC97','My wishlist',NULL,'2023-05-30 06:20:59','2023-05-30 06:20:59',1),(183,8681,1,1,'F00A509E6D3C9094','La mia lista dei desideri',NULL,'2023-05-30 12:25:56','2023-05-30 12:25:56',1),(184,5321,1,1,'BACD8A76CCC97461','My wishlist',NULL,'2023-05-30 15:40:04','2023-05-30 15:40:04',1),(185,8682,1,1,'F178FE1AEF2AA390','Meine Wunschliste',NULL,'2023-05-31 06:45:46','2023-05-31 06:45:46',1),(186,8683,1,1,'0503A49873844027','Meine Wunschliste',NULL,'2023-05-31 11:52:41','2023-05-31 11:52:41',1),(187,8684,1,1,'32568658968453BD','Ma liste d\'envies',NULL,'2023-05-31 13:27:14','2023-05-31 13:27:14',1),(188,8685,1,1,'C514F2B6576CC49A','My wishlist',NULL,'2023-05-31 14:43:05','2023-05-31 14:43:05',1),(189,7304,1,1,'3EC4DE4A5C1C2027','Ma liste d\'envies',NULL,'2023-05-31 17:10:21','2023-05-31 17:10:21',1),(190,8686,1,1,'889DEE50BBEF2FFA','Meine Wunschliste',NULL,'2023-05-31 19:38:59','2023-05-31 19:38:59',1),(191,6900,1,1,'1F200C3F67B47E4F','My wishlist',NULL,'2023-05-31 21:07:46','2023-05-31 21:07:46',1),(192,3091,1,1,'39A0C17FA4E23312','Meine Wunschliste',NULL,'2023-06-01 08:17:02','2023-06-01 08:17:02',1),(193,8688,1,1,'561F071DE7CFDC97','Meine Wunschliste',NULL,'2023-06-01 14:06:28','2023-06-01 14:06:28',1),(194,8689,1,1,'439C8C2C2CD6C898','Ma liste d\'envies',NULL,'2023-06-01 16:06:47','2023-06-01 16:06:47',1),(195,8691,1,1,'2A9B7ABA8DF23AEF','Meine Wunschliste',NULL,'2023-06-02 11:49:27','2023-06-02 11:49:27',1),(196,8695,1,1,'F2BA1DF0F1D97F94','Meine Wunschliste',NULL,'2023-06-03 09:36:41','2023-06-03 09:36:41',1),(197,8699,1,1,'0144D28563E03169','My wishlist',NULL,'2023-06-04 13:34:49','2023-06-04 13:34:49',1),(198,1178,1,1,'1EDD3B62BA7A51DB','My wishlist',NULL,'2023-06-04 19:44:14','2023-06-04 19:44:14',1),(199,8123,1,1,'9956F33796833478','Meine Wunschliste',NULL,'2023-06-05 08:31:55','2023-06-05 08:31:55',1),(200,8702,1,1,'66EED6F82F9EA727','My wishlist',NULL,'2023-06-05 14:43:43','2023-06-05 14:43:43',1),(201,8705,1,1,'EC60B73EE8C320B9','Ma liste d\'envies',NULL,'2023-06-06 09:32:45','2023-06-06 09:32:45',1),(202,5741,1,1,'9F2A7A4EE7AA7D93','Ma liste d\'envies',NULL,'2023-06-06 12:06:03','2023-06-06 12:06:03',1),(203,8706,1,1,'90A0F11A6072230D','Ma liste d\'envies',NULL,'2023-06-06 12:10:06','2023-06-06 12:10:06',1),(204,4819,1,1,'3410B2C285E3662C','My wishlist',NULL,'2023-06-06 13:41:59','2023-06-06 13:41:59',1),(205,8707,1,1,'1065ED21D79F80FC','My wishlist',NULL,'2023-06-06 14:22:59','2023-06-06 14:22:59',1),(206,8709,1,1,'B2B234736FF22810','My wishlist',NULL,'2023-06-06 16:33:58','2023-06-06 16:33:58',1),(207,8704,1,1,'0FD5CD636039CF2D','My wishlist',NULL,'2023-06-06 20:31:58','2023-06-06 20:31:58',1),(208,3095,1,1,'A29D8A7C2DF5D8F4','Meine Wunschliste',NULL,'2023-06-07 13:06:54','2023-06-07 13:06:54',1),(209,8054,1,1,'432C696E224E2A95','My wishlist',NULL,'2023-06-07 15:17:28','2023-06-07 15:17:28',1),(210,8713,1,1,'F2642B0E863E51FB','Meine Wunschliste',NULL,'2023-06-07 16:14:31','2023-06-07 16:14:31',1),(211,1028,1,1,'A2E83A5ACE5875A2','My wishlist',NULL,'2023-06-07 21:20:26','2023-06-07 21:20:26',1),(212,8714,1,1,'D8C7EC95573E7257','My wishlist',NULL,'2023-06-07 21:20:26','2023-06-07 21:20:26',1),(213,3732,1,1,'A6064B3A4F80A67D','Meine Wunschliste',NULL,'2023-06-08 07:40:13','2023-06-08 07:40:13',1),(214,8715,1,1,'5C61EFBCAD3258E5','My wishlist',NULL,'2023-06-08 11:44:23','2023-06-08 11:44:23',1),(215,8716,1,1,'86894C22511AD989','My wishlist',NULL,'2023-06-08 13:57:42','2023-06-08 13:57:42',1),(216,3543,1,1,'1BC6956334B61190','Meine Wunschliste',NULL,'2023-06-08 16:25:17','2023-06-08 16:25:17',1),(217,8718,1,1,'38EA8DF38A0AE4FA','My wishlist',NULL,'2023-06-08 18:26:56','2023-06-08 18:26:56',1),(218,7676,1,1,'DC8EA6CF5369D47F','Meine Wunschliste',NULL,'2023-06-08 21:28:07','2023-06-08 21:28:07',1),(219,760,1,1,'F747954ACA4E7A9C','Meine Wunschliste',NULL,'2023-06-08 22:55:31','2023-06-08 22:55:31',1),(220,8720,1,1,'E571E6BFF033063B','Ma liste d\'envies',NULL,'2023-06-09 11:08:18','2023-06-09 11:08:18',1),(221,8721,1,1,'BB066ECF384F2C2F','Meine Wunschliste',NULL,'2023-06-09 11:25:22','2023-06-09 11:25:22',1),(222,530,1,1,'229FFA1BFA23D480','Meine Wunschliste',NULL,'2023-06-09 17:23:23','2023-06-09 17:23:23',1),(223,81,1,1,'B1DEB685A2C920DA','Meine Wunschliste',NULL,'2023-06-11 00:12:19','2023-06-11 00:12:19',1),(224,8723,1,1,'97EEB0DD7397BBF6','Meine Wunschliste',NULL,'2023-06-11 09:52:30','2023-06-11 09:52:30',1),(225,8724,1,1,'8076660ACE8B385F','Meine Wunschliste',NULL,'2023-06-11 15:52:59','2023-06-11 15:52:59',1),(226,8726,1,1,'D455FCBB28CB4C97','Ma liste d\'envies',NULL,'2023-06-11 17:54:48','2023-06-11 17:54:48',1),(227,7707,1,1,'EEA4C8CC100B014F','My wishlist',NULL,'2023-06-11 19:36:11','2023-06-11 19:36:11',1),(228,8728,1,1,'DF2514AF48F521F0','Meine Wunschliste',NULL,'2023-06-11 22:09:14','2023-06-11 22:09:14',1),(229,5688,1,1,'AEE204E0D4B3A3D6','My wishlist',NULL,'2023-06-11 22:15:21','2023-06-11 22:15:21',1),(230,8731,1,1,'25C5531FB340A3E4','My wishlist',NULL,'2023-06-12 08:12:48','2023-06-12 08:12:48',1),(231,8732,1,1,'028B8343CADAFCD5','Meine Wunschliste',NULL,'2023-06-12 08:32:23','2023-06-12 08:32:23',1),(232,8734,1,1,'21D2E94EE7632080','Meine Wunschliste',NULL,'2023-06-12 15:30:05','2023-06-12 15:30:05',1),(233,8736,1,1,'DEA31D2279AF5C9D','Meine Wunschliste',NULL,'2023-06-12 15:59:31','2023-06-12 15:59:31',1),(234,8739,1,1,'87E5E47294778396','My wishlist',NULL,'2023-06-12 20:41:17','2023-06-12 20:41:17',1),(235,8738,1,1,'41D05898D58AD312','Meine Wunschliste',NULL,'2023-06-12 20:42:27','2023-06-12 20:42:27',1),(236,8740,1,1,'E1D058D21D6CD6FB','Meine Wunschliste',NULL,'2023-06-12 22:41:34','2023-06-12 22:41:34',1),(237,8748,1,1,'41F0A8FDBECA6C3A','Meine Wunschliste',NULL,'2023-06-13 07:04:48','2023-06-13 07:04:48',1),(238,8753,1,1,'9353C77F14239E15','My wishlist',NULL,'2023-06-13 12:22:43','2023-06-13 12:22:43',1),(239,8757,1,1,'83608D07F4B3C673','Ma liste d\'envies',NULL,'2023-06-13 14:40:08','2023-06-13 14:40:08',1),(240,8757,1,1,'22027C462520A2EC','VICTOR ',NULL,'2023-06-13 14:41:03','2023-06-13 14:41:03',0),(241,8016,1,1,'EF2A8585F499C8AE','La mia lista dei desideri',NULL,'2023-06-13 19:38:49','2023-06-13 19:38:49',1),(242,5257,1,1,'1169403D562C99F3','Meine Wunschliste',NULL,'2023-06-13 20:25:54','2023-06-13 20:25:54',1),(243,8422,1,1,'B37CE6770F44D499','Meine Wunschliste',NULL,'2023-06-13 20:39:42','2023-06-13 20:39:42',1),(244,8779,1,1,'D0751D32C3689934','My wishlist',NULL,'2023-06-15 06:52:34','2023-06-15 06:52:34',1),(245,6093,1,1,'D2F1F27CAA21060F','My wishlist',NULL,'2023-06-15 14:30:01','2023-06-15 14:30:01',1),(246,8733,1,1,'F3650354505CD866','My wishlist',NULL,'2023-06-15 16:04:28','2023-06-15 16:04:28',1),(247,8783,1,1,'131DF1B9E538F58B','Meine Wunschliste',NULL,'2023-06-15 19:57:59','2023-06-15 19:57:59',1),(248,8079,1,1,'06C87216539B0975','My wishlist',NULL,'2023-06-15 20:04:21','2023-06-15 20:04:21',1),(249,8787,1,1,'22F04A5E17DC2E20','Meine Wunschliste',NULL,'2023-06-18 11:32:46','2023-06-18 11:32:46',1),(250,8788,1,1,'580751B502F669FF','La mia lista dei desideri',NULL,'2023-06-18 13:57:30','2023-06-18 13:57:30',1),(251,8790,1,1,'AB5752CA0CB6C7F4','Meine Wunschliste',NULL,'2023-06-18 19:10:48','2023-06-18 19:10:48',1),(252,8791,1,1,'BF0ED710F5E784AB','Ma liste d\'envies',NULL,'2023-06-18 19:44:19','2023-06-18 19:44:19',1),(253,8793,1,1,'AC5603CA00AA4E9C','My wishlist',NULL,'2023-06-19 11:29:25','2023-06-19 11:29:25',1),(254,8778,1,1,'93490AAEDB900D2A','Meine Wunschliste',NULL,'2023-06-19 19:07:28','2023-06-19 19:07:28',1),(255,8796,1,1,'23B2A92000562AE3','My wishlist',NULL,'2023-06-20 09:29:31','2023-06-20 09:29:31',1),(256,8801,1,1,'C61E1E7012D52316','Meine Wunschliste',NULL,'2023-06-20 10:02:12','2023-06-20 10:02:12',1),(257,7808,1,1,'8E33BE255E890D0C','My wishlist',NULL,'2023-06-20 17:57:34','2023-06-20 17:57:34',1),(258,8804,1,1,'DA2C9A0CEEA5BED9','La mia lista dei desideri',NULL,'2023-06-21 14:13:22','2023-06-21 14:13:22',1),(259,8806,1,1,'E89C7626196662CD','My wishlist',NULL,'2023-06-21 16:01:07','2023-06-21 16:01:07',1),(260,8807,1,1,'80B44A0FBA875015','Meine Wunschliste',NULL,'2023-06-21 16:36:02','2023-06-21 16:36:02',1),(261,8799,1,1,'0A24D3E2F220C18D','Meine Wunschliste',NULL,'2023-06-22 15:40:49','2023-06-22 15:40:49',1),(262,8793,1,1,'F5627C5BC2652A01','Ezra',NULL,'2023-06-22 18:39:12','2023-06-22 18:39:12',0),(263,8810,1,1,'EFFD396EAB0BC77C','Meine Wunschliste',NULL,'2023-06-22 19:39:35','2023-06-22 19:39:35',1),(264,8814,1,1,'DA47C292BF095853','La mia lista dei desideri',NULL,'2023-06-23 17:18:52','2023-06-23 17:18:52',1),(265,6500,1,1,'A4D7811DF0E06BF4','My wishlist',NULL,'2023-06-24 15:53:07','2023-06-24 15:53:07',1),(266,8818,1,1,'679DE685DC667E4D','Ma liste d\'envies',NULL,'2023-06-24 21:54:17','2023-06-24 21:54:17',1),(267,1135,1,1,'0B545FAF4B5D501B','Meine Wunschliste',NULL,'2023-06-25 14:12:38','2023-06-25 14:12:38',1),(268,3648,1,1,'997754FD19988C29','Meine Wunschliste',NULL,'2023-06-26 08:29:56','2023-06-26 08:29:56',1),(269,8840,1,1,'F0CCC478A5EE6C71','Ma liste d\'envies',NULL,'2023-06-26 11:55:25','2023-06-26 11:55:25',1),(270,8843,1,1,'8DC2B99EB0B0286B','Meine Wunschliste',NULL,'2023-06-27 09:45:46','2023-06-27 09:45:46',1),(271,8844,1,1,'946C7E789FED49C0','La mia lista dei desideri',NULL,'2023-06-27 11:39:38','2023-06-27 11:39:38',1),(272,8845,1,1,'7A75FE90A63C0DC6','Ma liste d\'envies',NULL,'2023-06-27 12:32:51','2023-06-27 12:32:51',1),(273,6838,1,1,'00F33FBA0BCF4106','Meine Wunschliste',NULL,'2023-06-27 15:20:55','2023-06-27 15:20:55',1),(274,8848,1,1,'8632A5F38315D321','Meine Wunschliste',NULL,'2023-06-27 20:25:06','2023-06-27 20:25:06',1),(275,8850,1,1,'C7442453682915DC','La mia lista dei desideri',NULL,'2023-06-28 21:47:24','2023-06-28 21:47:24',1),(276,8852,1,1,'D957CF926964CCAD','Meine Wunschliste',NULL,'2023-06-29 14:10:39','2023-06-29 14:10:39',1),(277,8853,1,1,'72B326C484E83C71','Meine Wunschliste',NULL,'2023-06-29 15:01:06','2023-06-29 15:01:06',1),(278,8854,1,1,'87DE23979D0864FF','Ma liste d\'envies',NULL,'2023-06-29 18:57:41','2023-06-29 18:57:41',1),(279,8855,1,1,'0F16CA31EB6297E7','Meine Wunschliste',NULL,'2023-06-29 21:47:27','2023-06-29 21:47:27',1),(280,6654,1,1,'5A7DAD77CDC28407','Meine Wunschliste',NULL,'2023-06-30 10:51:16','2023-06-30 10:51:16',1),(281,7902,1,1,'E39B6730743D1040','Meine Wunschliste',NULL,'2023-06-30 17:04:58','2023-06-30 17:04:58',1),(282,8857,1,1,'9B0DD971047EEB57','Meine Wunschliste',NULL,'2023-07-01 15:31:45','2023-07-01 15:31:45',1),(283,5737,1,1,'557A8D4AEF058740','Meine Wunschliste',NULL,'2023-07-01 17:40:57','2023-07-01 17:40:57',1),(284,8858,1,1,'4C16603C7C9D426E','My wishlist',NULL,'2023-07-01 19:34:46','2023-07-01 19:34:46',1),(285,7480,1,1,'027F5F4268D32BAD','Meine Wunschliste',NULL,'2023-07-02 02:07:13','2023-07-02 02:07:13',1),(286,8860,1,1,'3AB3F8F81A5629D2','My wishlist',NULL,'2023-07-02 17:10:04','2023-07-02 17:10:04',1),(287,1147,1,1,'32CE95320A850B78','My wishlist',NULL,'2023-07-02 21:13:26','2023-07-02 21:13:26',1),(288,2558,1,1,'3036B2468F28A153','Meine Wunschliste',NULL,'2023-07-03 11:14:31','2023-07-03 11:14:31',1),(289,8864,1,1,'F7E7563149B5AD30','My wishlist',NULL,'2023-07-03 14:16:29','2023-07-03 14:16:29',1),(290,7730,1,1,'DDF745AF87798C9D','Meine Wunschliste',NULL,'2023-07-03 17:47:37','2023-07-03 17:47:37',1),(291,8865,1,1,'BDDAA0F947FE32C1','Meine Wunschliste',NULL,'2023-07-03 22:32:16','2023-07-03 22:32:16',1),(292,5706,1,1,'51DE472B2A884AAA','Ma liste d\'envies',NULL,'2023-07-04 11:03:45','2023-07-04 11:03:45',1),(293,8866,1,1,'5D9CDBA7EE673C50','La mia lista dei desideri',NULL,'2023-07-04 15:34:01','2023-07-04 15:34:01',1),(294,8868,1,1,'B1104FF93A8F28B9','Ma liste d\'envies',NULL,'2023-07-04 22:08:10','2023-07-04 22:08:10',1),(295,8871,1,1,'15F6A971D60DE4CD','My wishlist',NULL,'2023-07-05 14:25:51','2023-07-05 14:25:51',1),(296,8873,1,1,'9555EE9638DC0581','Ma liste d\'envies',NULL,'2023-07-05 20:09:48','2023-07-05 20:09:48',1),(297,8875,1,1,'8699EB6367A5206C','Ma liste d\'envies',NULL,'2023-07-06 12:14:20','2023-07-06 12:14:20',1),(298,8876,1,1,'04379A3E9B11DDB2','Meine Wunschliste',NULL,'2023-07-06 13:57:57','2023-07-06 13:57:57',1),(299,8878,1,1,'E85B86220A29A423','Ma liste d\'envies',NULL,'2023-07-06 15:17:23','2023-07-06 15:17:23',1),(300,5632,1,1,'A25D00F2BB13A078','Meine Wunschliste',NULL,'2023-07-06 18:36:05','2023-07-06 18:36:05',1),(301,7752,1,1,'B902EBF4AB1675DB','Ma liste d\'envies',NULL,'2023-07-06 20:06:22','2023-07-06 20:06:22',1),(302,8880,1,1,'684ECD16281879A2','Meine Wunschliste',NULL,'2023-07-07 17:45:10','2023-07-07 17:45:10',1),(303,3364,1,1,'485DD5F7B3E24C69','Meine Wunschliste',NULL,'2023-07-08 17:23:31','2023-07-08 17:23:31',1),(304,8881,1,1,'85BAD7A894FFD5B8','Meine Wunschliste',NULL,'2023-07-08 22:26:26','2023-07-08 22:26:26',1),(305,8882,1,1,'4CE80562096BE884','La mia lista dei desideri',NULL,'2023-07-09 08:52:06','2023-07-09 08:52:06',1),(306,8883,1,1,'2256225B1B76E0E3','Meine Wunschliste',NULL,'2023-07-09 14:15:39','2023-07-09 14:15:39',1),(307,8884,1,1,'520377700BBFEDAA','Meine Wunschliste',NULL,'2023-07-09 14:27:58','2023-07-09 14:27:58',1),(308,8885,1,1,'1D6C86AF03EC2298','Meine Wunschliste',NULL,'2023-07-09 17:41:17','2023-07-09 17:41:17',1),(309,8887,1,1,'A0A8A0803749BE65','Meine Wunschliste',NULL,'2023-07-09 20:47:15','2023-07-09 20:47:15',1),(310,8888,1,1,'16CD8FE3C86E2221','Meine Wunschliste',NULL,'2023-07-09 20:58:10','2023-07-09 20:58:10',1),(311,3160,1,1,'70D2754861637C89','My wishlist',NULL,'2023-07-10 02:59:26','2023-07-10 02:59:26',1),(312,8889,1,1,'6C604805B86A1937','Meine Wunschliste',NULL,'2023-07-10 10:26:59','2023-07-10 10:26:59',1),(313,8890,1,1,'9E71886B596966B2','Meine Wunschliste',NULL,'2023-07-10 11:00:34','2023-07-10 11:00:34',1),(314,6076,1,1,'A49307F30CF89635','Ma liste d\'envies',NULL,'2023-07-10 11:48:36','2023-07-10 11:48:36',1),(315,8891,1,1,'B7956ADBD76C842A','Meine Wunschliste',NULL,'2023-07-10 12:57:57','2023-07-10 12:57:57',1),(316,7581,1,1,'6FE87BA148FD02F6','Meine Wunschliste',NULL,'2023-07-10 15:00:45','2023-07-10 15:00:45',1),(317,8893,1,1,'B3AA4D1DAB5BEC90','Meine Wunschliste',NULL,'2023-07-10 21:11:05','2023-07-10 21:11:05',1),(318,4101,1,1,'2CFB683DAB6510B4','My wishlist',NULL,'2023-07-11 01:07:52','2023-07-11 01:07:52',1),(319,8894,1,1,'DD5E6C633493B34D','Meine Wunschliste',NULL,'2023-07-11 09:39:17','2023-07-11 09:39:17',1),(320,8896,1,1,'0CA7592BADEF98D5','Meine Wunschliste',NULL,'2023-07-12 15:45:35','2023-07-12 15:45:35',1),(321,8897,1,1,'EE07F395F5358005','Ma liste d\'envies',NULL,'2023-07-12 16:12:06','2023-07-12 16:12:06',1),(322,8900,1,1,'BCBDF0CFDFBDC8F4','My wishlist',NULL,'2023-07-13 09:44:11','2023-07-13 09:44:11',1),(323,8226,1,1,'A4AB1A5B8BF3DCFC','Meine Wunschliste',NULL,'2023-07-13 10:53:25','2023-07-13 10:53:25',1),(324,410,1,1,'C8DCFED51502018A','Meine Wunschliste',NULL,'2023-07-13 14:22:50','2023-07-13 14:22:50',1),(325,8901,1,1,'0CEDDA091CB73324','Meine Wunschliste',NULL,'2023-07-13 16:18:05','2023-07-13 16:18:05',1),(326,8903,1,1,'8FB9BE7499ADB4A1','Meine Wunschliste',NULL,'2023-07-14 13:21:19','2023-07-14 13:21:19',1),(327,8904,1,1,'67AE730545331938','Meine Wunschliste',NULL,'2023-07-14 13:32:07','2023-07-14 13:32:07',1),(328,8905,1,1,'98AA7C3E2B23B63A','My wishlist',NULL,'2023-07-14 15:54:23','2023-07-14 15:54:23',1),(329,8906,1,1,'348FE07D8D6AB4B2','Meine Wunschliste',NULL,'2023-07-14 16:44:05','2023-07-14 16:44:05',1),(330,5559,1,1,'D0778FB1FEDA0043','Meine Wunschliste',NULL,'2023-07-15 14:25:17','2023-07-15 14:25:17',1),(331,4703,1,1,'2FD31496EC6C52A8','My wishlist',NULL,'2023-07-16 11:47:33','2023-07-16 11:47:33',1),(332,8474,1,1,'7627CB75EC9E39E9','Meine Wunschliste',NULL,'2023-07-16 13:00:21','2023-07-16 13:00:21',1),(333,8909,1,1,'082C9FCEBFE9027B','Meine Wunschliste',NULL,'2023-07-17 06:14:09','2023-07-17 06:14:09',1),(334,8911,1,1,'07FB9BCDD8E46DD3','Meine Wunschliste',NULL,'2023-07-17 18:19:13','2023-07-17 18:19:13',1),(335,8914,1,1,'C6215570569CC96A','La mia lista dei desideri',NULL,'2023-07-18 08:30:33','2023-07-18 08:30:33',1),(336,6041,1,1,'6F8DA0D5771DA9F7','Meine Wunschliste',NULL,'2023-07-18 16:45:02','2023-07-18 16:45:02',1),(337,1922,1,1,'1D1DB89B9CDF00D6','Meine Wunschliste',NULL,'2023-07-18 18:42:58','2023-07-18 18:42:58',1),(338,8345,1,1,'AD9EB8A67DFABDC3','My wishlist',NULL,'2023-07-18 20:20:34','2023-07-18 20:20:34',1),(339,8916,1,1,'999977D95FE5BB4C','My wishlist',NULL,'2023-07-18 22:29:48','2023-07-18 22:29:48',1),(340,8917,1,1,'BDFF2B9464309014','Ma liste d\'envies',NULL,'2023-07-19 15:00:04','2023-07-19 15:00:04',1),(341,7246,1,1,'5055CDD4F827496D','Ma liste d\'envies',NULL,'2023-07-19 17:00:25','2023-07-19 17:00:25',1),(342,8918,1,1,'9812DB67A0D52DE9','My wishlist',NULL,'2023-07-19 23:57:04','2023-07-19 23:57:04',1),(343,5494,1,1,'B71A6C4293E9EF18','My wishlist',NULL,'2023-07-20 19:56:06','2023-07-20 19:56:06',1),(344,7145,1,1,'E28827352066433A','My wishlist',NULL,'2023-07-20 20:37:37','2023-07-20 20:37:37',1),(345,8923,1,1,'AF447E257539ECFA','Meine Wunschliste',NULL,'2023-07-22 12:39:03','2023-07-22 12:39:03',1),(346,8924,1,1,'5F020639AFBC0763','Ma liste d\'envies',NULL,'2023-07-22 22:05:09','2023-07-22 22:05:09',1),(347,8925,1,1,'0DD173AC38A16FD3','Meine Wunschliste',NULL,'2023-07-23 17:00:01','2023-07-23 17:00:01',1),(348,8926,1,1,'E7575AA97E7ABC48','La mia lista dei desideri',NULL,'2023-07-23 17:41:47','2023-07-23 17:41:47',1),(349,7814,1,1,'6FD3F1295FBEE1DC','Meine Wunschliste',NULL,'2023-07-23 18:04:19','2023-07-23 18:04:19',1),(350,8930,1,1,'D23C360F58FFE53E','My wishlist',NULL,'2023-07-24 11:45:39','2023-07-24 11:45:39',1),(351,8931,1,1,'160C5EE6CB33CD20','Meine Wunschliste',NULL,'2023-07-24 16:59:24','2023-07-24 16:59:24',1),(352,7653,1,1,'2A9DAD14024843E4','Meine Wunschliste',NULL,'2023-07-24 19:25:29','2023-07-24 19:25:29',1),(353,8932,1,1,'A5B2D6FF06124CA9','Meine Wunschliste',NULL,'2023-07-25 11:51:48','2023-07-25 11:51:48',1),(354,6255,1,1,'11A8F711876B6936','Meine Wunschliste',NULL,'2023-07-25 13:28:30','2023-07-25 13:28:30',1),(355,8933,1,1,'821FB1D1616B8BE0','Ma liste d\'envies',NULL,'2023-07-25 16:02:11','2023-07-25 16:02:11',1),(356,8935,1,1,'233DB16844763B38','My wishlist',NULL,'2023-07-26 00:03:01','2023-07-26 00:03:01',1),(357,8936,1,1,'7604C9C2724DF6BA','Meine Wunschliste',NULL,'2023-07-26 17:35:30','2023-07-26 17:35:30',1),(358,8937,1,1,'08AADAC4A6989FC9','Meine Wunschliste',NULL,'2023-07-26 21:29:10','2023-07-26 21:29:10',1),(359,8938,1,1,'DEB66F9EBDEC342E','Meine Wunschliste',NULL,'2023-07-28 11:29:13','2023-07-28 11:29:13',1),(360,8939,1,1,'5FCED725A33A3F15','Ma liste d\'envies',NULL,'2023-07-28 11:37:50','2023-07-28 11:37:50',1),(361,8940,1,1,'2717003FC2C0DDA4','Ma liste d\'envies',NULL,'2023-07-28 14:29:08','2023-07-28 14:29:08',1),(362,4285,1,1,'D938D5091D80CB1A','Meine Wunschliste',NULL,'2023-07-29 20:28:03','2023-07-29 20:28:03',1),(363,8944,1,1,'ADFF55BC4D8497B1','Ma liste d\'envies',NULL,'2023-07-30 13:52:55','2023-07-30 13:52:55',1),(364,8946,1,1,'D81DBE97953A1403','La mia lista dei desideri',NULL,'2023-07-31 12:38:28','2023-07-31 12:38:28',1),(365,8947,1,1,'494FDB74D58D6B29','Meine Wunschliste',NULL,'2023-07-31 14:58:44','2023-07-31 14:58:44',1),(366,8948,1,1,'31441EB1AB50B544','Meine Wunschliste',NULL,'2023-07-31 20:25:21','2023-07-31 20:25:21',1),(367,8950,1,1,'FB9A40772DF9A9EC','My wishlist',NULL,'2023-08-01 08:54:26','2023-08-01 08:54:26',1),(368,5349,1,1,'46F9B0E30FBB00BB','Meine Wunschliste',NULL,'2023-08-01 09:12:30','2023-08-01 09:12:30',1),(369,8952,1,1,'9DFBE93B3B499A23','My wishlist',NULL,'2023-08-01 18:08:06','2023-08-01 18:08:06',1),(370,7516,1,1,'706BE4FFFF827C22','Ma liste d\'envies',NULL,'2023-08-02 09:08:13','2023-08-02 09:08:13',1),(371,6369,1,1,'B9D9A364F09853A1','My wishlist',NULL,'2023-08-02 13:30:54','2023-08-02 13:30:54',1),(372,8954,1,1,'5735A9023A127231','My wishlist',NULL,'2023-08-02 19:02:11','2023-08-02 19:02:11',1),(373,8955,1,1,'069A103C9777682F','Meine Wunschliste',NULL,'2023-08-04 23:08:52','2023-08-04 23:08:52',1),(374,8960,1,1,'1BBD4EF5C6A63486','My wishlist',NULL,'2023-08-06 16:33:55','2023-08-06 16:33:55',1),(375,8961,1,1,'228F787C68A80F1D','My wishlist',NULL,'2023-08-06 19:28:11','2023-08-06 19:28:11',1),(376,8962,1,1,'D6D7E042C06639A2','Meine Wunschliste',NULL,'2023-08-07 08:25:11','2023-08-07 08:25:11',1),(377,7796,1,1,'EAB132000417A290','My wishlist',NULL,'2023-08-07 10:30:45','2023-08-07 10:30:45',1),(378,8966,1,1,'3F911AAA45F921AC','Meine Wunschliste',NULL,'2023-08-08 00:11:32','2023-08-08 00:11:32',1),(379,8967,1,1,'D31056A8BF7E8CAB','Ma liste d\'envies',NULL,'2023-08-08 13:30:27','2023-08-08 13:30:27',1),(380,6508,1,1,'94E8320BAC4D8924','Meine Wunschliste',NULL,'2023-08-08 14:59:59','2023-08-08 14:59:59',1),(381,4424,1,1,'84822150F993340B','Ma liste d\'envies',NULL,'2023-08-08 17:59:29','2023-08-08 17:59:29',1),(382,4323,1,1,'4A34CD9C5F9F2490','Meine Wunschliste',NULL,'2023-08-08 18:37:14','2023-08-08 18:37:14',1),(383,8968,1,1,'99307C9BE0116C73','Ma liste d\'envies',NULL,'2023-08-08 19:32:28','2023-08-08 19:32:28',1),(384,8963,1,1,'DCDEE39CE97DCE8D','Meine Wunschliste',NULL,'2023-08-08 22:19:09','2023-08-08 22:19:09',1),(385,1637,1,1,'5ED5F8A3B593AD84','Meine Wunschliste',NULL,'2023-08-08 22:22:27','2023-08-08 22:22:27',1),(386,8969,1,1,'E33C4EA5D0E8AC2F','My wishlist',NULL,'2023-08-09 06:10:05','2023-08-09 06:10:05',1),(387,5656,1,1,'C76C2F8C19ED3179','Meine Wunschliste',NULL,'2023-08-09 14:50:11','2023-08-09 14:50:11',1),(388,3671,1,1,'5794389280F30C6C','My wishlist',NULL,'2023-08-09 15:18:59','2023-08-09 15:18:59',1),(389,8010,1,1,'2E8164E971970058','prochain idee achat',NULL,'2023-08-10 00:41:17','2023-08-10 00:41:17',0),(390,8972,1,1,'B9C6117B429D80E3','My wishlist',NULL,'2023-08-10 09:44:27','2023-08-10 09:44:27',1),(391,8975,1,1,'2F3A36F7FB3FADBA','Meine Wunschliste',NULL,'2023-08-10 18:02:52','2023-08-10 18:02:52',1),(392,8979,1,1,'65C6618ADC2BDA7D','Meine Wunschliste',NULL,'2023-08-12 11:08:42','2023-08-12 11:08:42',1),(393,8982,1,1,'E3ED626A13ABFADB','Ma liste d\'envies',NULL,'2023-08-14 21:26:16','2023-08-14 21:26:16',1),(394,8986,1,1,'FE25E44F93A11B41','Meine Wunschliste',NULL,'2023-08-16 12:36:00','2023-08-16 12:36:00',1),(395,8988,1,1,'D032FDAB1FF9C9D0','Ma liste d\'envies',NULL,'2023-08-16 22:01:29','2023-08-16 22:01:29',1),(396,8197,1,1,'2133B61CD4906C89','Ma liste d\'envies',NULL,'2023-08-18 14:01:31','2023-08-18 14:01:31',1),(397,8990,1,1,'8445747EEEC1604E','Meine Wunschliste',NULL,'2023-08-18 14:21:21','2023-08-18 14:21:21',1),(398,8991,1,1,'F0F8194953EE079C','My wishlist',NULL,'2023-08-18 15:39:46','2023-08-18 15:39:46',1),(399,8992,1,1,'B98B78561F3CB2D3','My wishlist',NULL,'2023-08-19 02:31:49','2023-08-19 02:31:49',1),(400,8993,1,1,'657CC519AEDF0A9D','Meine Wunschliste',NULL,'2023-08-19 08:52:47','2023-08-19 08:52:47',1),(401,5406,1,1,'C1C73E799E820D23','Meine Wunschliste',NULL,'2023-08-19 20:38:15','2023-08-19 20:38:15',1),(402,8996,1,1,'273053ECA1879AF2','Meine Wunschliste',NULL,'2023-08-20 08:59:24','2023-08-20 08:59:24',1),(403,3977,1,1,'8B269E09CC1913DE','My wishlist',NULL,'2023-08-20 12:00:41','2023-08-20 12:00:41',1),(404,8997,1,1,'170BB4621E0D9C6B','My wishlist',NULL,'2023-08-20 12:36:58','2023-08-20 12:36:58',1),(405,8999,1,1,'ADDE75F9094E865F','Meine Wunschliste',NULL,'2023-08-20 13:18:11','2023-08-20 13:18:11',1),(406,9002,1,1,'78425DC982384812','My wishlist',NULL,'2023-08-20 16:27:13','2023-08-20 16:27:13',1),(407,9003,1,1,'294048F4EAA4A0DE','Meine Wunschliste',NULL,'2023-08-20 18:11:35','2023-08-20 18:11:35',1),(408,9004,1,1,'6480CB36BC2074E1','Meine Wunschliste',NULL,'2023-08-20 20:05:17','2023-08-20 20:05:17',1),(409,9006,1,1,'EC4D2C18DFD125E9','Meine Wunschliste',NULL,'2023-08-21 13:04:42','2023-08-21 13:04:42',1),(410,9007,1,1,'53AFAB6ED447D2FC','My wishlist',NULL,'2023-08-21 16:25:20','2023-08-21 16:25:20',1),(411,9009,1,1,'52392AF8C6A7467D','Meine Wunschliste',NULL,'2023-08-21 18:52:14','2023-08-21 18:52:14',1),(412,9011,1,1,'5408E7319BE75F3F','My wishlist',NULL,'2023-08-21 21:05:00','2023-08-21 21:05:00',1),(413,9012,1,1,'8A51CD74C5C04118','Meine Wunschliste',NULL,'2023-08-21 22:44:21','2023-08-21 22:44:21',1),(414,9016,1,1,'D9DC3516403752DC','La mia lista dei desideri',NULL,'2023-08-22 10:28:41','2023-08-22 10:28:41',1),(415,9018,1,1,'F500055B9CC2E766','My wishlist',NULL,'2023-08-22 20:12:24','2023-08-22 20:12:24',1),(416,9025,1,1,'A55404DED1C28339','Meine Wunschliste',NULL,'2023-08-23 10:51:38','2023-08-23 10:51:38',1),(417,1684,1,1,'9A2D5BEDD19039FF','Ma liste d\'envies',NULL,'2023-08-23 14:26:58','2023-08-23 14:26:58',1),(418,1305,1,1,'BF5115C942001CF0','Meine Wunschliste',NULL,'2023-08-23 21:10:30','2023-08-23 21:10:30',1),(419,9028,1,1,'D1A9B749F27BF4A3','Meine Wunschliste',NULL,'2023-08-24 09:34:12','2023-08-24 09:34:12',1),(420,9029,1,1,'D3F027383D9500A4','Meine Wunschliste',NULL,'2023-08-24 10:00:52','2023-08-24 10:00:52',1),(421,9035,1,1,'57F976C69926F156','Meine Wunschliste',NULL,'2023-08-27 16:24:04','2023-08-27 16:24:04',1),(422,9036,1,1,'F54C919ED618540C','Meine Wunschliste',NULL,'2023-08-27 16:30:48','2023-08-27 16:30:48',1),(423,9037,1,1,'93D60728F45B8119','Meine Wunschliste',NULL,'2023-08-27 21:21:54','2023-08-27 21:21:54',1),(424,9038,1,1,'6FD5686C384BE187','La mia lista dei desideri',NULL,'2023-08-28 08:54:24','2023-08-28 08:54:24',1),(425,3209,1,1,'B049EF9D66D9E6BA','Meine Wunschliste',NULL,'2023-08-28 09:27:19','2023-08-28 09:27:19',1),(426,8943,1,1,'0E9082891779DC0F','Meine Wunschliste',NULL,'2023-08-29 20:13:58','2023-08-29 20:13:58',1),(427,4442,1,1,'2FBE14E33D2391B9','Meine Wunschliste',NULL,'2023-08-30 21:28:50','2023-08-30 21:28:50',1),(428,3558,1,1,'E0BD716D40F4B53D','Meine Wunschliste',NULL,'2023-08-31 13:56:55','2023-08-31 13:56:55',1),(429,9045,1,1,'8205574AF67E72FA','Meine Wunschliste',NULL,'2023-09-03 11:38:30','2023-09-03 11:38:30',1),(430,2019,1,1,'34D8D921F795B833','Meine Wunschliste',NULL,'2023-09-03 12:20:30','2023-09-03 12:20:30',1),(431,7675,1,1,'346BFD448D847167','My wishlist',NULL,'2023-09-05 04:13:56','2023-09-05 04:13:56',1),(432,9051,1,1,'0C382E591EA466FD','Meine Wunschliste',NULL,'2023-09-05 08:37:16','2023-09-05 08:37:16',1),(433,9052,1,1,'AA4CA7DBDFD08088','Meine Wunschliste',NULL,'2023-09-05 09:12:03','2023-09-05 09:12:03',1),(434,8243,1,1,'28528EE66DC7DF99','Meine Wunschliste',NULL,'2023-09-05 11:14:06','2023-09-05 11:14:06',1),(435,8041,1,1,'E95BD4BCD6371F89','Ma liste d\'envies',NULL,'2023-09-06 17:14:38','2023-09-06 17:14:38',1),(436,9056,1,1,'8E8D07D352CBF66D','Meine Wunschliste',NULL,'2023-09-07 09:18:57','2023-09-07 09:18:57',1),(437,9058,1,1,'DD54526039B5C48C','Meine Wunschliste',NULL,'2023-09-07 21:23:15','2023-09-07 21:23:15',1),(438,9059,1,1,'8A72CC86A17D98D1','Meine Wunschliste',NULL,'2023-09-07 21:57:37','2023-09-07 21:57:37',1),(439,6518,1,1,'78265623930266B0','My wishlist',NULL,'2023-09-07 22:21:44','2023-09-07 22:21:44',1),(440,9061,1,1,'C1D0E6EADC23AFDA','Meine Wunschliste',NULL,'2023-09-09 12:57:02','2023-09-09 12:57:02',1),(441,9063,1,1,'8B7E304F136DAB78','Meine Wunschliste',NULL,'2023-09-09 19:45:20','2023-09-09 19:45:20',1),(442,7798,1,1,'AAF754ABEB4533EA','Meine Wunschliste',NULL,'2023-09-09 22:38:36','2023-09-09 22:38:36',1),(443,9064,1,1,'019DE08406A4B24D','Meine Wunschliste',NULL,'2023-09-10 11:55:06','2023-09-10 11:55:06',1),(444,9067,1,1,'A419BFAC963BF264','Meine Wunschliste',NULL,'2023-09-10 20:09:49','2023-09-10 20:09:49',1),(445,6920,1,1,'23147908476C13A7','Meine Wunschliste',NULL,'2023-09-10 23:11:01','2023-09-10 23:11:01',1),(446,9072,1,1,'073D29904820757E','Meine Wunschliste',NULL,'2023-09-11 21:59:45','2023-09-11 21:59:45',1),(447,5387,1,1,'52D14E3551037AB9','My wishlist',NULL,'2023-09-12 12:32:37','2023-09-12 12:32:37',1),(448,9078,1,1,'B5476C295B6D99A0','Meine Wunschliste',NULL,'2023-09-13 16:16:51','2023-09-13 16:16:51',1),(449,9079,1,1,'6F148A18246168BA','Ma liste d\'envies',NULL,'2023-09-14 11:02:56','2023-09-14 11:02:56',1),(450,5466,1,1,'75CCBD331BD2E18A','Meine Wunschliste',NULL,'2023-09-15 00:08:40','2023-09-15 00:08:40',1),(451,9019,1,1,'FBBBC89CC9163BF9','My wishlist',NULL,'2023-09-15 09:25:35','2023-09-15 09:25:35',1),(452,9082,1,1,'5E60B6F09448F259','Meine Wunschliste',NULL,'2023-09-16 23:04:10','2023-09-16 23:04:10',1),(453,9083,1,1,'4D95CB07BB204D98','Ma liste d\'envies',NULL,'2023-09-17 15:09:08','2023-09-17 15:09:08',1),(454,9084,1,1,'30951EEFA421F751','Meine Wunschliste',NULL,'2023-09-17 17:19:21','2023-09-17 17:19:21',1),(455,6379,1,1,'4121F0839899FD97','Meine Wunschliste',NULL,'2023-09-18 07:57:12','2023-09-18 07:57:12',1),(456,9086,1,1,'9220CE8C6B75B0F7','Meine Wunschliste',NULL,'2023-09-18 13:06:22','2023-09-18 13:06:22',1),(457,9087,1,1,'8792F1E538DF780E','Ma liste d\'envies',NULL,'2023-09-18 16:44:26','2023-09-18 16:44:26',1),(458,9090,1,1,'1A73514FD8572A05','Meine Wunschliste',NULL,'2023-09-19 10:08:46','2023-09-19 10:08:46',1),(459,2815,1,1,'1A56656E337B72A5','Meine Wunschliste',NULL,'2023-09-19 14:12:48','2023-09-19 14:12:48',1),(460,9093,1,1,'C22ECB2B43455F8B','La mia lista dei desideri',NULL,'2023-09-21 16:11:18','2023-09-21 16:11:18',1),(461,9094,1,1,'65DBF2388B6DB07E','Meine Wunschliste',NULL,'2023-09-21 17:11:27','2023-09-21 17:11:27',1),(462,8475,1,1,'4D96E052F0A667F5','Meine Wunschliste',NULL,'2023-09-21 20:51:09','2023-09-21 20:51:09',1),(463,9095,1,1,'6B83D87AA8FC7B37','Meine Wunschliste',NULL,'2023-09-21 22:47:56','2023-09-21 22:47:56',1),(464,9096,1,1,'BE9B7CC4C347A72D','Ma liste d\'envies',NULL,'2023-09-22 17:33:13','2023-09-22 17:33:13',1),(465,320,1,1,'44B97AF7D94DA4FF','Meine Wunschliste',NULL,'2023-09-22 20:06:42','2023-09-22 20:06:42',1),(466,9098,1,1,'62EB4E4C7AC7A9D2','Meine Wunschliste',NULL,'2023-09-22 22:05:45','2023-09-22 22:05:45',1),(467,9099,1,1,'4B394FB9FCF4EDE6','Meine Wunschliste',NULL,'2023-09-23 10:55:56','2023-09-23 10:55:56',1),(468,9100,1,1,'29087E221D034416','La mia lista dei desideri',NULL,'2023-09-23 13:20:27','2023-09-23 13:20:27',1),(469,9101,1,1,'8031A4AD8B1646E0','La mia lista dei desideri',NULL,'2023-09-23 15:44:34','2023-09-23 15:44:34',1),(470,9103,1,1,'BE828E35DD166F32','Meine Wunschliste',NULL,'2023-09-24 11:42:29','2023-09-24 11:42:29',1),(471,9107,1,1,'BEAE22BE2AE12F75','Meine Wunschliste',NULL,'2023-09-24 20:23:12','2023-09-24 20:23:12',1),(472,9109,1,1,'6777182BA1FA8098','Ma liste d\'envies',NULL,'2023-09-25 18:54:30','2023-09-25 18:54:30',1),(473,7006,1,1,'A8B3278341B56D65','Meine Wunschliste',NULL,'2023-09-25 20:17:11','2023-09-25 20:17:11',1),(474,9111,1,1,'45661022B4CE2CE0','Meine Wunschliste',NULL,'2023-09-25 22:45:31','2023-09-25 22:45:31',1),(475,9112,1,1,'3B93C0C10D86F9BB','Meine Wunschliste',NULL,'2023-09-26 15:06:33','2023-09-26 15:06:33',1),(476,9116,1,1,'63720EE2FA2461D8','Meine Wunschliste',NULL,'2023-09-26 21:49:02','2023-09-26 21:49:02',1),(477,5563,1,1,'16119CFD91C6612E','My wishlist',NULL,'2023-09-26 22:04:14','2023-09-26 22:04:14',1),(478,9117,1,1,'FADAEDE1FC54FDB9','My wishlist',NULL,'2023-09-27 07:40:47','2023-09-27 07:40:47',1),(479,9118,1,1,'FB2C38E1FA243EBA','Ma liste d\'envies',NULL,'2023-09-27 11:07:05','2023-09-27 11:07:05',1),(480,9119,1,1,'37899205B5E8E160','Meine Wunschliste',NULL,'2023-09-27 13:21:25','2023-09-27 13:21:25',1),(481,9121,1,1,'630BB3FB1FA36AC2','My wishlist',NULL,'2023-09-27 17:44:50','2023-09-27 17:44:50',1),(482,9122,1,1,'1DCC76F00D2BBF86','Meine Wunschliste',NULL,'2023-09-29 14:07:19','2023-09-29 14:07:19',1),(483,7851,1,1,'C39000791C44BD22','Ma liste d\'envies',NULL,'2023-09-29 18:23:35','2023-09-29 18:23:35',1),(484,9123,1,1,'526C43993BA05DFB','Meine Wunschliste',NULL,'2023-09-30 17:38:04','2023-09-30 17:38:04',1),(485,9124,1,1,'9A70B9F3423334B1','Ma liste d\'envies',NULL,'2023-10-01 18:09:26','2023-10-01 18:09:26',1),(486,9126,1,1,'B3FA044035FB986E','My wishlist',NULL,'2023-10-02 12:57:14','2023-10-02 12:57:14',1),(487,6773,1,1,'541FAAAF283E5B08','My wishlist',NULL,'2023-10-02 17:44:12','2023-10-02 17:44:12',1),(488,9128,1,1,'DA95FF8DBE981007','Meine Wunschliste',NULL,'2023-10-03 21:45:55','2023-10-03 21:45:55',1),(489,9085,1,1,'A71B97674227E866','La mia lista dei desideri',NULL,'2023-10-04 19:23:09','2023-10-04 19:23:09',1),(490,9133,1,1,'45170AD217D40FD8','Ma liste d\'envies',NULL,'2023-10-05 09:30:27','2023-10-05 09:30:27',1),(491,4337,1,1,'EFBF02F18B652104','Ma liste d\'envies',NULL,'2023-10-05 23:00:26','2023-10-05 23:00:26',1),(492,9135,1,1,'AAB8EF835BC876CE','Ma liste d\'envies',NULL,'2023-10-06 09:48:46','2023-10-06 09:48:46',1),(493,9137,1,1,'9038ED1687618E61','Meine Wunschliste',NULL,'2023-10-06 17:40:20','2023-10-06 17:40:20',1),(494,9141,1,1,'28E6068B024F5EA9','Ma liste d\'envies',NULL,'2023-10-08 08:08:02','2023-10-08 08:08:02',1),(495,733,1,1,'7BCFB893BC58FA37','Meine Wunschliste',NULL,'2023-10-08 13:30:55','2023-10-08 13:30:55',1),(496,9142,1,1,'80BB719D76BE0480','Meine Wunschliste',NULL,'2023-10-08 19:52:03','2023-10-08 19:52:03',1),(497,5075,1,1,'77CB7DA7D539B868','My wishlist',NULL,'2023-10-09 09:52:33','2023-10-09 09:52:33',1),(498,2414,1,1,'FDC9EF55E54BF9D5','My wishlist',NULL,'2023-10-09 14:33:23','2023-10-09 14:33:23',1),(499,9144,1,1,'3101AE3DBF34DF85','Meine Wunschliste',NULL,'2023-10-09 21:01:36','2023-10-09 21:01:36',1),(500,9146,1,1,'AFBBC4EBE9D62AE9','Meine Wunschliste',NULL,'2023-10-10 11:48:04','2023-10-10 11:48:04',1),(501,9154,1,1,'2D6C6087BB91D8AD','My wishlist',NULL,'2023-10-14 17:07:31','2023-10-14 17:07:31',1),(502,6598,1,1,'9F3E3BB58DE3135F','Ma liste d\'envies',NULL,'2023-10-15 09:29:35','2023-10-15 09:29:35',1),(503,950,1,1,'12B4955E80077395','Meine Wunschliste',NULL,'2023-10-15 12:28:08','2023-10-15 12:28:08',1),(504,4280,1,1,'65CC530D15B3FC7B','My wishlist',NULL,'2023-10-15 12:47:32','2023-10-15 12:47:32',1),(505,1033,1,1,'1F64D94A99F75ECF','Meine Wunschliste',NULL,'2023-10-15 21:55:22','2023-10-15 21:55:22',1),(506,1793,1,1,'336F5615B3791D78','Meine Wunschliste',NULL,'2023-10-16 17:06:49','2023-10-16 17:06:49',1),(507,7332,1,1,'1C73CC386F139887','Meine Wunschliste',NULL,'2023-10-16 20:50:17','2023-10-16 20:50:17',1),(508,9158,1,1,'B247A12182C1DB20','Meine Wunschliste',NULL,'2023-10-16 21:02:12','2023-10-16 21:02:12',1),(509,9163,1,1,'656D44F5F521E208','La mia lista dei desideri',NULL,'2023-10-18 10:43:10','2023-10-18 10:43:10',1),(510,9164,1,1,'FAB1F50A4B96FF46','Meine Wunschliste',NULL,'2023-10-18 11:47:22','2023-10-18 11:47:22',1),(511,9160,1,1,'AE79E4BD74C1742A','Ma liste d\'envies',NULL,'2023-10-18 13:28:25','2023-10-18 13:28:25',1),(512,9172,1,1,'DBA187904578C853','Meine Wunschliste',NULL,'2023-10-18 20:32:24','2023-10-18 20:32:24',1),(513,9171,1,1,'11EFE89413428F92','Meine Wunschliste',NULL,'2023-10-18 20:33:26','2023-10-18 20:33:26',1),(514,9175,1,1,'A2CBB436DFCF00BD','La mia lista dei desideri',NULL,'2023-10-19 12:16:06','2023-10-19 12:16:06',1),(515,9176,1,1,'76340E740C81D9A5','My wishlist',NULL,'2023-10-19 14:24:34','2023-10-19 14:24:34',1),(516,9177,1,1,'D78913C8EC57008B','Ma liste d\'envies',NULL,'2023-10-19 16:49:36','2023-10-19 16:49:36',1),(517,9178,1,1,'075705C5EF6DBC89','Meine Wunschliste',NULL,'2023-10-19 18:22:37','2023-10-19 18:22:37',1),(518,9184,1,1,'67A0418093AD76D8','Ma liste d\'envies',NULL,'2023-10-20 18:47:53','2023-10-20 18:47:53',1),(519,4846,1,1,'DC9682951EC8AEF8','Ma liste d\'envies',NULL,'2023-10-21 07:56:42','2023-10-21 07:56:42',1),(520,9186,1,1,'858844CC13707EF8','La mia lista dei desideri',NULL,'2023-10-21 10:17:14','2023-10-21 10:17:14',1),(521,9187,1,1,'8779F265B62EB14A','Meine Wunschliste',NULL,'2023-10-21 10:38:25','2023-10-21 10:38:25',1),(522,9188,1,1,'05C17B694B4E2D6E','Meine Wunschliste',NULL,'2023-10-21 11:25:37','2023-10-21 11:25:37',1),(523,9190,1,1,'A02B226980E6F070','La mia lista dei desideri',NULL,'2023-10-21 14:59:21','2023-10-21 14:59:21',1),(524,9192,1,1,'9F811B8BDA860CA2','Meine Wunschliste',NULL,'2023-10-21 15:54:23','2023-10-21 15:54:23',1),(525,9193,1,1,'355FE32CDBE2A7F5','Meine Wunschliste',NULL,'2023-10-21 16:41:58','2023-10-21 16:41:58',1),(526,9194,1,1,'3B8971EA5CC4292F','Meine Wunschliste',NULL,'2023-10-21 20:29:36','2023-10-21 20:29:36',1),(527,9195,1,1,'2245BE28D48D02C3','Meine Wunschliste',NULL,'2023-10-22 11:18:47','2023-10-22 11:18:47',1),(528,9196,1,1,'F5B5D9D01C475C9B','Meine Wunschliste',NULL,'2023-10-22 11:26:56','2023-10-22 11:26:56',1),(529,5831,1,1,'C89FB05F0FC7897E','Meine Wunschliste',NULL,'2023-10-22 14:33:39','2023-10-22 14:33:39',1),(530,5566,1,1,'F1E8A33A76FCADE5','My wishlist',NULL,'2023-10-22 22:34:08','2023-10-22 22:34:08',1),(531,4097,1,1,'D8037E9DCD44B450','Ma liste d\'envies',NULL,'2023-10-23 08:39:09','2023-10-23 08:39:09',1),(532,7125,1,1,'7574829BC7D09871','Meine Wunschliste',NULL,'2023-10-23 10:45:08','2023-10-23 10:45:08',1),(533,8337,1,1,'B764D3FC485C9AB5','Meine Wunschliste',NULL,'2023-10-23 14:50:54','2023-10-23 14:50:54',1),(534,8388,1,1,'25E3C7E60CC2CBEA','Meine Wunschliste',NULL,'2023-10-23 20:32:38','2023-10-23 20:32:38',1),(535,9203,1,1,'0F8067C540FDBF26','My wishlist',NULL,'2023-10-24 08:05:43','2023-10-24 08:05:43',1),(536,9204,1,1,'86C0F2A49243E8E8','Meine Wunschliste',NULL,'2023-10-24 10:00:29','2023-10-24 10:00:29',1),(537,9206,1,1,'F60257D1DBF2EE50','My wishlist',NULL,'2023-10-24 17:11:41','2023-10-24 17:11:41',1),(538,9207,1,1,'D30214950BE9355A','Meine Wunschliste',NULL,'2023-10-24 21:06:15','2023-10-24 21:06:15',1),(539,1548,1,1,'C39146C3B63D09B6','La mia lista dei desideri',NULL,'2023-10-24 21:09:09','2023-10-24 21:09:09',1),(540,9209,1,1,'A1A54FB85FD99464','Meine Wunschliste',NULL,'2023-10-24 23:06:09','2023-10-24 23:06:09',1),(541,4742,1,1,'30F2D0C84C83292F','My wishlist',NULL,'2023-10-26 08:40:34','2023-10-26 08:40:34',1),(542,4278,1,1,'59D4525161F78F4C','Meine Wunschliste',NULL,'2023-10-26 08:52:28','2023-10-26 08:52:28',1),(543,4603,1,1,'34D2A583180D58BE','Ma liste d\'envies',NULL,'2023-10-26 11:40:06','2023-10-26 11:40:06',1),(544,9233,1,1,'2595546EBA96181C','Meine Wunschliste',NULL,'2023-10-27 13:49:21','2023-10-27 13:49:21',1),(545,8314,1,1,'E8E2F9FB7811AFD6','My wishlist',NULL,'2023-10-27 17:48:09','2023-10-27 17:48:09',1),(546,8314,1,1,'B6B1881E58CBA1B0','Aletas',NULL,'2023-10-27 17:48:55','2023-10-27 17:48:55',0),(547,9258,1,1,'D862AFA5CFD26057','La mia lista dei desideri',NULL,'2023-10-29 00:51:56','2023-10-29 00:51:56',1),(548,9269,1,1,'A5693DB57EA2EC68','My wishlist',NULL,'2023-10-29 16:14:11','2023-10-29 16:14:11',1),(549,7897,1,1,'82A1A6AB03020FFD','My wishlist',NULL,'2023-10-30 10:15:38','2023-10-30 10:15:38',1),(550,7950,1,1,'38A4E86B8696C149','Meine Wunschliste',NULL,'2023-10-30 18:35:36','2023-10-30 18:35:36',1),(551,9210,1,1,'2F0359DF67F3FBAE','La mia lista dei desideri',NULL,'2023-10-31 14:14:38','2023-10-31 14:14:38',1),(552,9297,1,1,'6CE9251686F040EA','La mia lista dei desideri',NULL,'2023-10-31 17:46:30','2023-10-31 17:46:30',1),(553,6519,1,1,'61D27162090E3F53','Meine Wunschliste',NULL,'2023-10-31 20:26:50','2023-10-31 20:26:50',1),(554,3951,1,1,'8E04C08DD8A38DCE','Ma liste d\'envies',NULL,'2023-11-01 08:51:12','2023-11-01 08:51:12',1),(555,9317,1,1,'3BA0AEEB4095FB58','Ma liste d\'envies',NULL,'2023-11-01 18:48:39','2023-11-01 18:48:39',1),(556,9319,1,1,'821C3FA543DD90FD','Meine Wunschliste',NULL,'2023-11-01 19:22:00','2023-11-01 19:22:00',1),(557,9329,1,1,'3CA41F700AC3AB32','My wishlist',NULL,'2023-11-02 11:08:41','2023-11-02 11:08:41',1),(558,9324,1,1,'74F5AD9DACE5D288','My wishlist',NULL,'2023-11-02 13:47:37','2023-11-02 13:47:37',1),(559,9338,1,1,'82D861A7BD248374','Meine Wunschliste',NULL,'2023-11-02 16:55:52','2023-11-02 16:55:52',1),(560,9346,1,1,'A96D006EEF9DAE1A','My wishlist',NULL,'2023-11-02 21:39:09','2023-11-02 21:39:09',1),(561,9349,1,1,'E4A20371BCB5E051','La mia lista dei desideri',NULL,'2023-11-03 00:08:02','2023-11-03 00:08:02',1),(562,9362,1,1,'D7BF022A8D0A3C96','Meine Wunschliste',NULL,'2023-11-03 12:47:44','2023-11-03 12:47:44',1),(563,9365,1,1,'35E9B27FCE75CCB0','Meine Wunschliste',NULL,'2023-11-03 20:13:02','2023-11-03 20:13:02',1),(564,9366,1,1,'D8A50B4567093B52','Ma liste d\'envies',NULL,'2023-11-03 20:25:25','2023-11-03 20:25:25',1),(565,9369,1,1,'14E7EE1061185390','La mia lista dei desideri',NULL,'2023-11-03 22:04:30','2023-11-03 22:04:30',1),(566,7345,1,1,'3B39C5DED000717E','Meine Wunschliste',NULL,'2023-11-04 12:49:54','2023-11-04 12:49:54',1),(567,9374,1,1,'BCAAD8FBD544DD30','Ma liste d\'envies',NULL,'2023-11-04 14:49:36','2023-11-04 14:49:36',1),(568,9375,1,1,'B92A7DB6A5AC7453','Meine Wunschliste',NULL,'2023-11-04 15:29:22','2023-11-04 15:29:22',1),(569,9376,1,1,'5F51AFE9422B2380','Meine Wunschliste',NULL,'2023-11-04 15:46:42','2023-11-04 15:46:42',1),(570,1514,1,1,'A54D647AEFD84DC5','My wishlist',NULL,'2023-11-04 18:13:04','2023-11-04 18:13:04',1),(571,9385,1,1,'ABC5D107CFA8A817','My wishlist',NULL,'2023-11-05 13:57:43','2023-11-05 13:57:43',1),(572,9390,1,1,'D5E63C82FA6A5EBD','My wishlist',NULL,'2023-11-05 21:47:58','2023-11-05 21:47:58',1),(573,9399,1,1,'5DFB14623661EACC','Meine Wunschliste',NULL,'2023-11-06 14:28:31','2023-11-06 14:28:31',1),(574,9402,1,1,'CCE793008B79D62A','My wishlist',NULL,'2023-11-06 17:51:33','2023-11-06 17:51:33',1),(575,7924,1,1,'5ABD724C3846FC3A','La mia lista dei desideri',NULL,'2023-11-06 19:58:15','2023-11-06 19:58:15',1),(576,1828,1,1,'87218FE244E531DE','La mia lista dei desideri',NULL,'2023-11-07 09:33:23','2023-11-07 09:33:23',1),(577,9422,1,1,'23C07421E4A07402','Meine Wunschliste',NULL,'2023-11-07 15:37:57','2023-11-07 15:37:57',1),(578,9432,1,1,'709FFF1F6892C45C','La mia lista dei desideri',NULL,'2023-11-07 20:38:33','2023-11-07 20:38:33',1),(579,9441,1,1,'FAA48AEF862EBF2E','Meine Wunschliste',NULL,'2023-11-08 01:28:50','2023-11-08 01:28:50',1),(580,9447,1,1,'857AC0D3D364EBC2','Ma liste d\'envies',NULL,'2023-11-08 10:42:32','2023-11-08 10:42:32',1),(581,8425,1,1,'96320303D0CF232E','Meine Wunschliste',NULL,'2023-11-08 18:35:38','2023-11-08 18:35:38',1),(582,7804,1,1,'C0F9EF93EC45DDDC','Meine Wunschliste',NULL,'2023-11-08 19:25:42','2023-11-08 19:25:42',1),(583,9459,1,1,'A87CF301CF0BAC91','Meine Wunschliste',NULL,'2023-11-08 20:00:59','2023-11-08 20:00:59',1),(584,9466,1,1,'482CC140446BB0B9','My wishlist',NULL,'2023-11-09 10:12:13','2023-11-09 10:12:13',1),(585,9468,1,1,'0A18F5A7E7C66616','Ma liste d\'envies',NULL,'2023-11-09 12:20:42','2023-11-09 12:20:42',1),(586,7982,1,1,'9ACB32EA1F24ED99','Meine Wunschliste',NULL,'2023-11-09 19:37:21','2023-11-09 19:37:21',1),(587,9477,1,1,'AC338A8063031C6B','Meine Wunschliste',NULL,'2023-11-09 21:47:21','2023-11-09 21:47:21',1),(588,9485,1,1,'DCFA7345E8EBDC8E','Meine Wunschliste',NULL,'2023-11-10 08:39:43','2023-11-10 08:39:43',1),(589,8307,1,1,'76C94A6384CC89E2','Meine Wunschliste',NULL,'2023-11-10 12:02:15','2023-11-10 12:02:15',1),(590,5344,1,1,'CE0663A1ECF311D5','Meine Wunschliste',NULL,'2023-11-10 15:27:30','2023-11-10 15:27:30',1),(591,9503,1,1,'C120EC6138400186','Meine Wunschliste',NULL,'2023-11-11 11:25:23','2023-11-11 11:25:23',1),(592,9504,1,1,'F669346CF3B83F04','Ma liste d\'envies',NULL,'2023-11-11 14:07:16','2023-11-11 14:07:16',1),(593,9515,1,1,'4EF32B84B0C4C78B','Meine Wunschliste',NULL,'2023-11-12 09:58:27','2023-11-12 09:58:27',1),(594,9518,1,1,'0D2B96BF35C2FE82','Meine Wunschliste',NULL,'2023-11-12 13:03:19','2023-11-12 13:03:19',1),(595,9520,1,1,'9ACF01CAF4F975FF','My wishlist',NULL,'2023-11-12 14:14:50','2023-11-12 14:14:50',1),(596,9522,1,1,'60B6B401569BD8E2','Meine Wunschliste',NULL,'2023-11-12 15:41:23','2023-11-12 15:41:23',1),(597,9525,1,1,'1DDDD16097F84AC2','Meine Wunschliste',NULL,'2023-11-12 18:16:43','2023-11-12 18:16:43',1),(598,9527,1,1,'DB5339B4722C5CBE','Meine Wunschliste',NULL,'2023-11-12 19:27:26','2023-11-12 19:27:26',1),(599,9539,1,1,'E906524B393232D2','Meine Wunschliste',NULL,'2023-11-13 06:32:32','2023-11-13 06:32:32',1),(600,9542,1,1,'08DE8E7CC5D015F1','Meine Wunschliste',NULL,'2023-11-13 09:06:48','2023-11-13 09:06:48',1),(601,9546,1,1,'C63B9CA5D0F1921A','Meine Wunschliste',NULL,'2023-11-13 14:10:00','2023-11-13 14:10:00',1),(602,9547,1,1,'D3B142A5FE0D4B1C','Meine Wunschliste',NULL,'2023-11-13 14:26:01','2023-11-13 14:26:01',1),(603,8047,1,1,'1B1E7409D76476FA','Ma liste d\'envies',NULL,'2023-11-13 21:50:46','2023-11-13 21:50:46',1),(604,9558,1,1,'656FC3830BBD0684','Meine Wunschliste',NULL,'2023-11-13 23:30:36','2023-11-13 23:30:36',1),(605,9563,1,1,'4518733F15F2A86F','Meine Wunschliste',NULL,'2023-11-14 04:35:19','2023-11-14 04:35:19',1),(606,9577,1,1,'C9E284AC545129F7','Meine Wunschliste',NULL,'2023-11-14 22:09:40','2023-11-14 22:09:40',1),(607,9588,1,1,'28EBD3B2F9AD8E9D','My wishlist',NULL,'2023-11-15 17:27:50','2023-11-15 17:27:50',1),(608,9594,1,1,'AD432A4845EA3AF0','Meine Wunschliste',NULL,'2023-11-15 21:01:01','2023-11-15 21:01:01',1),(609,6454,1,1,'92DE9F94A5BCA185','Meine Wunschliste',NULL,'2023-11-15 21:17:06','2023-11-15 21:17:06',1),(610,9595,1,1,'07502994C88503FA','Meine Wunschliste',NULL,'2023-11-15 21:37:10','2023-11-15 21:37:10',1),(611,9608,1,1,'8A91952D6A253B50','My wishlist',NULL,'2023-11-16 06:17:36','2023-11-16 06:17:36',1),(612,9610,1,1,'C5FC779BC3D40AAE','Meine Wunschliste',NULL,'2023-11-16 07:48:41','2023-11-16 07:48:41',1),(613,9629,1,1,'0C7A7406F32A792A','Ma liste d\'envies',NULL,'2023-11-16 15:47:39','2023-11-16 15:47:39',1),(614,9630,1,1,'1D2252C722A289C4','Ma liste d\'envies',NULL,'2023-11-16 17:05:59','2023-11-16 17:05:59',1),(615,6079,1,1,'84B97B530631189C','Ma liste d\'envies',NULL,'2023-11-16 20:53:14','2023-11-16 20:53:14',1),(616,9640,1,1,'24DEAFA37F3C82CB','Meine Wunschliste',NULL,'2023-11-16 22:17:56','2023-11-16 22:17:56',1),(617,6708,1,1,'68CDB7E72177DA1C','Meine Wunschliste',NULL,'2023-11-17 11:08:59','2023-11-17 11:08:59',1),(618,9701,1,1,'89C59490892AB7C0','Meine Wunschliste',NULL,'2023-11-18 01:33:43','2023-11-18 01:33:43',1),(619,9703,1,1,'9768BE20A7AC9623','Meine Wunschliste',NULL,'2023-11-18 07:40:29','2023-11-18 07:40:29',1),(620,9704,1,1,'87F36D210F9BCC89','Ma liste d\'envies',NULL,'2023-11-18 10:06:33','2023-11-18 10:06:33',1),(621,8358,1,1,'249E1AC1751FB778','Meine Wunschliste',NULL,'2023-11-18 11:35:39','2023-11-18 11:35:39',1),(622,9634,1,1,'CD9DC560819172B8','Ma liste d\'envies',NULL,'2023-11-18 13:04:55','2023-11-18 13:04:55',1),(623,9710,1,1,'5E9077597CB5CA71','Meine Wunschliste',NULL,'2023-11-18 20:55:30','2023-11-18 20:55:30',1),(624,1034,1,1,'2785C9ED4AE73219','Meine Wunschliste',NULL,'2023-11-19 10:46:27','2023-11-19 10:46:27',1),(625,9715,1,1,'BF2D3BEF9CCC1E03','Meine Wunschliste',NULL,'2023-11-19 11:57:40','2023-11-19 11:57:40',1),(626,9724,1,1,'EDF053C1AC910BD2','Ma liste d\'envies',NULL,'2023-11-19 19:00:20','2023-11-19 19:00:20',1),(627,5832,1,1,'B6227C9263506A51','Ma liste d\'envies',NULL,'2023-11-19 23:20:29','2023-11-19 23:20:29',1),(628,909,1,1,'16F1C96BA3CEF056','Meine Wunschliste',NULL,'2023-11-20 10:37:18','2023-11-20 10:37:18',1),(629,5866,1,1,'4EA849664120EF12','My wishlist',NULL,'2023-11-20 19:21:11','2023-11-20 19:21:11',1),(630,9751,1,1,'0174F670FEE24AD0','Meine Wunschliste',NULL,'2023-11-20 19:34:56','2023-11-20 19:34:56',1),(631,9461,1,1,'DC30D5BED3EC8C38','My wishlist',NULL,'2023-11-21 15:41:11','2023-11-21 15:41:11',1),(632,9770,1,1,'4FF50E5F9074DE6D','Meine Wunschliste',NULL,'2023-11-21 20:04:55','2023-11-21 20:04:55',1),(633,8194,1,1,'BBECE12F2A0B1D39','My wishlist',NULL,'2023-11-21 20:38:56','2023-11-21 20:38:56',1),(634,9784,1,1,'2FFF72C908A2CAC7','Meine Wunschliste',NULL,'2023-11-22 08:21:57','2023-11-22 08:21:57',1),(635,9789,1,1,'7D3CE796F05DB3E0','Meine Wunschliste',NULL,'2023-11-22 10:09:07','2023-11-22 10:09:07',1),(636,9794,1,1,'46065E88634A055C','Ma liste d\'envies',NULL,'2023-11-22 14:06:40','2023-11-22 14:06:40',1),(637,9798,1,1,'DBDB858545BAAAF5','Meine Wunschliste',NULL,'2023-11-22 16:10:01','2023-11-22 16:10:01',1),(638,9773,1,1,'B0B39E58C88CF830','Ma liste d\'envies',NULL,'2023-11-22 16:43:40','2023-11-22 16:43:40',1),(639,9752,1,1,'6DB586C8A8B76D08','Ma liste d\'envies',NULL,'2023-11-22 20:33:06','2023-11-22 20:33:06',1),(640,9820,1,1,'127C5EE5EF976467','My wishlist',NULL,'2023-11-23 10:35:47','2023-11-23 10:35:47',1),(641,8182,1,1,'66A84E86847C4891','Ma liste d\'envies',NULL,'2023-11-24 13:51:14','2023-11-24 13:51:14',1),(642,9853,1,1,'E508424D7686C77C','Meine Wunschliste',NULL,'2023-11-24 16:29:29','2023-11-24 16:29:29',1),(643,7862,1,1,'F376AE8DFBCF97CB','Ma liste d\'envies',NULL,'2023-11-24 19:41:54','2023-11-24 19:41:54',1),(644,8125,1,1,'5A51BD793CDDEE26','Ma liste d\'envies',NULL,'2023-11-25 11:32:29','2023-11-25 11:32:29',1),(645,9881,1,1,'AFBBAEEC8F2E6F44','My wishlist',NULL,'2023-11-25 17:36:30','2023-11-25 17:36:30',1),(646,9890,1,1,'94DC0286DF550CA5','Meine Wunschliste',NULL,'2023-11-26 09:01:06','2023-11-26 09:01:06',1),(647,9891,1,1,'7498FC21BA78C1C6','Meine Wunschliste',NULL,'2023-11-26 12:46:33','2023-11-26 12:46:33',1),(648,9892,1,1,'D53ED6CE3ECEAB6F','Ma liste d\'envies',NULL,'2023-11-26 14:20:16','2023-11-26 14:20:16',1),(649,9893,1,1,'85E286B0AD36895E','Meine Wunschliste',NULL,'2023-11-26 15:19:24','2023-11-26 15:19:24',1),(650,9896,1,1,'DA74EDA65505FD61','Meine Wunschliste',NULL,'2023-11-26 20:01:38','2023-11-26 20:01:38',1),(651,3179,1,1,'64D776685C705D0A','Ma liste d\'envies',NULL,'2023-11-27 15:19:41','2023-11-27 15:19:41',1),(652,9905,1,1,'9B35A1E6DBDF36AD','My wishlist',NULL,'2023-11-27 15:52:17','2023-11-27 15:52:17',1),(653,9910,1,1,'45E27E9F84185791','Meine Wunschliste',NULL,'2023-11-27 19:27:17','2023-11-27 19:27:17',1),(654,9911,1,1,'AE1BC5D7F32E9E02','My wishlist',NULL,'2023-11-27 19:32:54','2023-11-27 19:32:54',1),(655,9913,1,1,'18D0421659525096','Ma liste d\'envies',NULL,'2023-11-27 20:48:16','2023-11-27 20:48:16',1),(656,9917,1,1,'2AF992D9280B6359','My wishlist',NULL,'2023-11-27 23:07:18','2023-11-27 23:07:18',1),(657,9927,1,1,'8DDCCBB314870DCF','Meine Wunschliste',NULL,'2023-11-28 08:27:06','2023-11-28 08:27:06',1),(658,1017,1,1,'0C9699D7F78E97FE','Meine Wunschliste',NULL,'2023-11-28 10:03:14','2023-11-28 10:03:14',1),(659,9932,1,1,'D0FFB5768BB43034','Meine Wunschliste',NULL,'2023-11-28 14:22:20','2023-11-28 14:22:20',1),(660,9933,1,1,'54F2B0BD41D97C81','Ma liste d\'envies',NULL,'2023-11-28 14:34:59','2023-11-28 14:34:59',1),(661,9944,1,1,'A1982051E3F7AE39','Ma liste d\'envies',NULL,'2023-11-29 10:46:10','2023-11-29 10:46:10',1),(662,9945,1,1,'5F80A9EE81F03C69','Meine Wunschliste',NULL,'2023-11-29 11:28:00','2023-11-29 11:28:00',1),(663,9948,1,1,'D1A0BAF08CB3BBD5','My wishlist',NULL,'2023-11-29 17:13:47','2023-11-29 17:13:47',1),(664,9951,1,1,'EC2FC543108616B9','Meine Wunschliste',NULL,'2023-11-29 19:21:26','2023-11-29 19:21:26',1),(665,9952,1,1,'6B53EB4DBA1ED318','Meine Wunschliste',NULL,'2023-11-29 21:46:44','2023-11-29 21:46:44',1),(666,9962,1,1,'3DBD6AAE6266378A','Meine Wunschliste',NULL,'2023-11-30 13:31:41','2023-11-30 13:31:41',1),(667,9964,1,1,'F2A1ADB0A70BAE6B','Ma liste d\'envies',NULL,'2023-11-30 14:24:53','2023-11-30 14:24:53',1),(668,9977,1,1,'81BCC0C5DF625C4A','Ma liste d\'envies',NULL,'2023-12-01 08:34:42','2023-12-01 08:34:42',1),(669,4619,1,1,'A80E8423CCBE083D','My wishlist',NULL,'2023-12-01 10:07:26','2023-12-01 10:07:26',1),(670,9979,1,1,'8C5DBBF4CECFBB3E','Ma liste d\'envies',NULL,'2023-12-01 11:48:14','2023-12-01 11:48:14',1),(671,9996,1,1,'D7AF1DCAA498D197','Meine Wunschliste',NULL,'2023-12-02 20:24:27','2023-12-02 20:24:27',1),(672,10002,1,1,'41751CDB26EFF841','La mia lista dei desideri',NULL,'2023-12-03 08:18:08','2023-12-03 08:18:08',1),(673,10004,1,1,'29BB8A497AD8BB78','Meine Wunschliste',NULL,'2023-12-03 10:20:39','2023-12-03 10:20:39',1),(674,9874,1,1,'79A46DAF2D929B78','Ma liste d\'envies',NULL,'2023-12-03 13:56:48','2023-12-03 13:56:48',1),(675,10008,1,1,'8A8D64ACCD4EECFA','Meine Wunschliste',NULL,'2023-12-03 14:49:53','2023-12-03 14:49:53',1),(676,10023,1,1,'D5A1F12B81CA3735','My wishlist',NULL,'2023-12-04 15:24:43','2023-12-04 15:24:43',1),(677,10026,1,1,'17AD3CB6FB24C70E','Meine Wunschliste',NULL,'2023-12-04 16:52:30','2023-12-04 16:52:30',1),(678,10027,1,1,'81E8CA4752F4DE75','Meine Wunschliste',NULL,'2023-12-04 17:30:50','2023-12-04 17:30:50',1),(679,4650,1,1,'B660ABE7D95F1F00','Ma liste d\'envies',NULL,'2023-12-04 18:53:07','2023-12-04 18:53:07',1),(680,10029,1,1,'864994B6ED999008','Meine Wunschliste',NULL,'2023-12-04 21:18:27','2023-12-04 21:18:27',1),(681,10030,1,1,'0D4F668568D099F9','Meine Wunschliste',NULL,'2023-12-04 22:18:40','2023-12-04 22:18:40',1),(682,10031,1,1,'01EC12D65CC28FE9','Meine Wunschliste',NULL,'2023-12-04 23:52:23','2023-12-04 23:52:23',1),(683,10047,1,1,'CAF80D6155E33787','La mia lista dei desideri',NULL,'2023-12-05 15:00:12','2023-12-05 15:00:12',1),(684,10051,1,1,'9841211314FD41D4','Meine Wunschliste',NULL,'2023-12-05 16:11:09','2023-12-05 16:11:09',1),(685,4007,1,1,'986B47B4E507D962','Meine Wunschliste',NULL,'2023-12-05 19:52:48','2023-12-05 19:52:48',1),(686,10055,1,1,'CFCCDD0DF122703C','Ma liste d\'envies',NULL,'2023-12-05 20:55:37','2023-12-05 20:55:37',1),(687,10062,1,1,'E32DF8320A859BFB','My wishlist',NULL,'2023-12-06 00:31:32','2023-12-06 00:31:32',1),(688,10063,1,1,'3CC8FB2EA302778E','My wishlist',NULL,'2023-12-06 00:56:05','2023-12-06 00:56:05',1),(689,10069,1,1,'70C1CA8B1A69D463','La mia lista dei desideri',NULL,'2023-12-06 11:17:20','2023-12-06 11:17:20',1),(690,10080,1,1,'F232C5C0FDF8D118','La mia lista dei desideri',NULL,'2023-12-06 17:34:28','2023-12-06 17:34:28',1),(691,10085,1,1,'3519DD2907EB326F','Meine Wunschliste',NULL,'2023-12-06 21:04:40','2023-12-06 21:04:40',1),(692,10104,1,1,'F38D8702610E708B','My wishlist',NULL,'2023-12-07 20:42:01','2023-12-07 20:42:01',1),(693,10120,1,1,'B01BBA6E9EB075CC','Meine Wunschliste',NULL,'2023-12-08 14:23:38','2023-12-08 14:23:38',1),(694,10128,1,1,'1EDB38004A2224E6','Meine Wunschliste',NULL,'2023-12-08 21:52:38','2023-12-08 21:52:38',1),(695,10135,1,1,'BB2962303A241E14','La mia lista dei desideri',NULL,'2023-12-09 10:45:55','2023-12-09 10:45:55',1),(696,10139,1,1,'37BA91C7C6D54FB4','My wishlist',NULL,'2023-12-09 14:37:33','2023-12-09 14:37:33',1),(697,10142,1,1,'A25C4BBD7DBBAFF9','Meine Wunschliste',NULL,'2023-12-09 18:00:30','2023-12-09 18:00:30',1),(698,6190,1,1,'72104279963598A7','Ma liste d\'envies',NULL,'2023-12-10 16:08:39','2023-12-10 16:08:39',1),(699,10164,1,1,'E914651C15B7CEB8','Meine Wunschliste',NULL,'2023-12-11 12:58:25','2023-12-11 12:58:25',1),(700,10165,1,1,'1D7A3A7EFA304793','Meine Wunschliste',NULL,'2023-12-11 13:36:01','2023-12-11 13:36:01',1),(701,10180,1,1,'CC6CE7EC7C90DF3F','Ma liste d\'envies',NULL,'2023-12-12 13:01:04','2023-12-12 13:01:04',1),(702,10185,1,1,'9AEF50FC4C52DF9E','Meine Wunschliste',NULL,'2023-12-12 19:07:39','2023-12-12 19:07:39',1),(703,10186,1,1,'0E93755DB10C1A1A','Meine Wunschliste',NULL,'2023-12-12 20:16:14','2023-12-12 20:16:14',1),(704,10196,1,1,'C27DC7041908A484','Ma liste d\'envies',NULL,'2023-12-13 13:58:12','2023-12-13 13:58:12',1),(705,10207,1,1,'68CBE99140541F45','Meine Wunschliste',NULL,'2023-12-13 19:15:37','2023-12-13 19:15:37',1),(706,10223,1,1,'67B8AC09537D77BC','Meine Wunschliste',NULL,'2023-12-14 06:59:00','2023-12-14 06:59:00',1),(707,10214,1,1,'9C0879082CEDE81D','Meine Wunschliste',NULL,'2023-12-14 07:28:34','2023-12-14 07:28:34',1),(708,10231,1,1,'82FC445C3642B97A','Meine Wunschliste',NULL,'2023-12-14 20:13:50','2023-12-14 20:13:50',1),(709,10240,1,1,'FFEECF2FFEFA35F6','Meine Wunschliste',NULL,'2023-12-14 23:12:53','2023-12-14 23:12:53',1),(710,10248,1,1,'48FE52B25CBED180','My wishlist',NULL,'2023-12-15 12:44:36','2023-12-15 12:44:36',1),(711,8418,1,1,'346400F55E19CA67','Meine Wunschliste',NULL,'2023-12-16 17:53:10','2023-12-16 17:53:10',1),(712,10260,1,1,'BC7103413CBE5759','Meine Wunschliste',NULL,'2023-12-16 18:31:04','2023-12-16 18:31:04',1),(713,3911,1,1,'F8B5C7CDE38EC9E2','My wishlist',NULL,'2023-12-17 03:23:49','2023-12-17 03:23:49',1),(714,10280,1,1,'12727130741D5EB9','My wishlist',NULL,'2023-12-17 23:28:32','2023-12-17 23:28:32',1),(715,10284,1,1,'10AAAC8BC6952DF8','Ma liste d\'envies',NULL,'2023-12-18 07:27:54','2023-12-18 07:27:54',1),(716,10288,1,1,'13FFCDAE2CD1DC18','Ma liste d\'envies',NULL,'2023-12-18 10:33:32','2023-12-18 10:33:32',1),(717,10289,1,1,'824FAFA4FF6AAB85','My wishlist',NULL,'2023-12-18 13:13:05','2023-12-18 13:13:05',1),(718,10306,1,1,'FB5E18E4580491F2','My wishlist',NULL,'2023-12-19 09:17:19','2023-12-19 09:17:19',1),(719,10307,1,1,'D2D15A25AF7D658D','Meine Wunschliste',NULL,'2023-12-19 09:34:49','2023-12-19 09:34:49',1),(720,6397,1,1,'8E4C7727A5F0AB1F','Meine Wunschliste',NULL,'2023-12-19 11:33:54','2023-12-19 11:33:54',1),(721,10309,1,1,'B779C3CBAB789BF2','Meine Wunschliste',NULL,'2023-12-19 16:48:16','2023-12-19 16:48:16',1),(722,10311,1,1,'52998E819039D135','Meine Wunschliste',NULL,'2023-12-19 22:41:36','2023-12-19 22:41:36',1),(723,10319,1,1,'EEA2C1A2F55BD416','My wishlist',NULL,'2023-12-20 09:38:10','2023-12-20 09:38:10',1),(724,6432,1,1,'4F2B975A7853ADD9','Meine Wunschliste',NULL,'2023-12-20 12:05:15','2023-12-20 12:05:15',1),(725,10324,1,1,'2F6391E50BB98525','Meine Wunschliste',NULL,'2023-12-20 15:38:48','2023-12-20 15:38:48',1),(726,10333,1,1,'ED0D6DF3D580630E','Meine Wunschliste',NULL,'2023-12-21 02:47:31','2023-12-21 02:47:31',1),(727,10340,1,1,'0A69B4D9F34C69B0','Meine Wunschliste',NULL,'2023-12-21 08:24:17','2023-12-21 08:24:17',1),(728,10355,1,1,'0E97D3742A6275A8','Ma liste d\'envies',NULL,'2023-12-22 10:04:48','2023-12-22 10:04:48',1),(729,10379,1,1,'22E25DC20CB6F0E8','Ma liste d\'envies',NULL,'2023-12-23 19:51:12','2023-12-23 19:51:12',1),(730,10262,1,1,'6404178A1593B277','Meine Wunschliste',NULL,'2023-12-23 23:52:47','2023-12-23 23:52:47',1),(731,10389,1,1,'5C77669C972CA291','Meine Wunschliste',NULL,'2023-12-24 11:20:31','2023-12-24 11:20:31',1),(732,10424,1,1,'AAC2A7A6A7DDA683','Ma liste d\'envies',NULL,'2023-12-27 08:20:54','2023-12-27 08:20:54',1),(733,2699,1,1,'690D32A9E405B894','Meine Wunschliste',NULL,'2023-12-27 15:24:30','2023-12-27 15:24:30',1),(734,10428,1,1,'083D441B51E32F86','Meine Wunschliste',NULL,'2023-12-27 16:07:46','2023-12-27 16:07:46',1),(735,10429,1,1,'BF5FFA690D82E099','My wishlist',NULL,'2023-12-27 17:09:23','2023-12-27 17:09:23',1),(736,10438,1,1,'BC0D03E5B67F065E','Meine Wunschliste',NULL,'2023-12-29 12:02:55','2023-12-29 12:02:55',1),(737,10440,1,1,'7316A44CAB78A548','Meine Wunschliste',NULL,'2023-12-29 17:56:12','2023-12-29 17:56:12',1),(738,10459,1,1,'77706FCCF95AA42B','Meine Wunschliste',NULL,'2023-12-31 10:39:13','2023-12-31 10:39:13',1),(739,10460,1,1,'DC08D076E642008B','Ma liste d\'envies',NULL,'2023-12-31 11:55:01','2023-12-31 11:55:01',1),(740,10462,1,1,'1BC0A37DE49CBFAF','Meine Wunschliste',NULL,'2023-12-31 22:52:32','2023-12-31 22:52:32',1),(741,10463,1,1,'C550AC29AD35CCB1','Meine Wunschliste',NULL,'2024-01-01 10:42:00','2024-01-01 10:42:00',1),(742,10465,1,1,'7B03B52F6EE458A8','Meine Wunschliste',NULL,'2024-01-01 18:32:50','2024-01-01 18:32:50',1),(743,4567,1,1,'1EF97DE24AC7117C','Meine Wunschliste',NULL,'2024-01-02 07:40:03','2024-01-02 07:40:03',1),(744,10468,1,1,'CF35CA465FCCEB57','Meine Wunschliste',NULL,'2024-01-02 11:23:05','2024-01-02 11:23:05',1),(745,10486,1,1,'2345823CDBE1039C','Meine Wunschliste',NULL,'2024-01-03 15:17:30','2024-01-03 15:17:30',1),(746,10489,1,1,'C40A5742C69DEB7F','Meine Wunschliste',NULL,'2024-01-03 20:35:14','2024-01-03 20:35:14',1),(747,10490,1,1,'4A87DD722D374427','My wishlist',NULL,'2024-01-03 21:09:05','2024-01-03 21:09:05',1),(748,10508,1,1,'7CF905BAA2858619','Meine Wunschliste',NULL,'2024-01-05 13:31:11','2024-01-05 13:31:11',1),(749,10516,1,1,'7F9EA831DFB70237','Ma liste d\'envies',NULL,'2024-01-05 19:48:33','2024-01-05 19:48:33',1),(750,10517,1,1,'6705E6955E67884D','Ma liste d\'envies',NULL,'2024-01-05 20:08:41','2024-01-05 20:08:41',1),(751,10478,1,1,'076592063304F925','My wishlist',NULL,'2024-01-06 08:44:37','2024-01-06 08:44:37',1),(752,10530,1,1,'3FF21B550FE99A5A','Meine Wunschliste',NULL,'2024-01-06 13:27:02','2024-01-06 13:27:02',1),(753,10531,1,1,'AA35755212CDBDC0','Meine Wunschliste',NULL,'2024-01-06 23:05:41','2024-01-06 23:05:41',1),(754,10532,1,1,'DF47731BFC2BD942','Meine Wunschliste',NULL,'2024-01-07 13:27:25','2024-01-07 13:27:25',1),(755,10533,1,1,'7BBD5BA566ECCDDE','Meine Wunschliste',NULL,'2024-01-07 14:24:58','2024-01-07 14:24:58',1),(756,10534,1,1,'A0726A1C1A9167AD','Meine Wunschliste',NULL,'2024-01-07 16:49:38','2024-01-07 16:49:38',1),(757,10535,1,1,'5A6D90D3E200A156','Ma liste d\'envies',NULL,'2024-01-07 20:27:33','2024-01-07 20:27:33',1),(758,10536,1,1,'05AD65B93E7C60CA','Ma liste d\'envies',NULL,'2024-01-07 20:59:59','2024-01-07 20:59:59',1),(759,4961,1,1,'48EDB826FC60FCAC','La mia lista dei desideri',NULL,'2024-01-08 12:04:31','2024-01-08 12:04:31',1),(760,10540,1,1,'C03D4966DD225022','Meine Wunschliste',NULL,'2024-01-08 15:03:44','2024-01-08 15:03:44',1),(761,10554,1,1,'66575DF812DD5F76','Meine Wunschliste',NULL,'2024-01-09 20:28:23','2024-01-09 20:28:23',1),(762,10558,1,1,'93027CE7FFC81AA6','My wishlist',NULL,'2024-01-09 22:20:42','2024-01-09 22:20:42',1),(763,10561,1,1,'EDD3933E6E87C46A','Meine Wunschliste',NULL,'2024-01-10 05:41:56','2024-01-10 05:41:56',1),(764,10566,1,1,'FCCA062C93B45885','Meine Wunschliste',NULL,'2024-01-10 15:53:03','2024-01-10 15:53:03',1),(765,10567,1,1,'49CABB26D9E15115','Meine Wunschliste',NULL,'2024-01-10 17:08:59','2024-01-10 17:08:59',1),(766,10568,1,1,'B4A099CFA0D2DAD1','Meine Wunschliste',NULL,'2024-01-10 17:18:38','2024-01-10 17:18:38',1),(767,5904,1,1,'332D04CA05D10831','Meine Wunschliste',NULL,'2024-01-10 20:00:32','2024-01-10 20:00:32',1),(768,2390,1,1,'EA925F980427511C','Meine Wunschliste',NULL,'2024-01-10 20:02:11','2024-01-10 20:02:11',1),(769,6433,1,1,'4C8EE773A7D2A1CB','Meine Wunschliste',NULL,'2024-01-11 07:18:30','2024-01-11 07:18:30',1),(770,10579,1,1,'A1223A09C4A69338','Meine Wunschliste',NULL,'2024-01-11 19:56:57','2024-01-11 19:56:57',1),(771,10585,1,1,'123A4B32851D2405','Meine Wunschliste',NULL,'2024-01-12 07:09:59','2024-01-12 07:09:59',1),(772,10571,1,1,'A75F0A0F52F53F5A','My wishlist',NULL,'2024-01-12 10:38:34','2024-01-12 10:38:34',1),(773,10598,1,1,'A568A2DF4C8EA76D','La mia lista dei desideri',NULL,'2024-01-12 22:16:15','2024-01-12 22:16:15',1),(774,10601,1,1,'9D2FBF4A50A0EAAD','Meine Wunschliste',NULL,'2024-01-13 10:37:44','2024-01-13 10:37:44',1),(775,10607,1,1,'28AD252B2FBF899C','Meine Wunschliste',NULL,'2024-01-13 16:41:14','2024-01-13 16:41:14',1),(776,10608,1,1,'A53516098589FF81','My wishlist',NULL,'2024-01-13 16:52:07','2024-01-13 16:52:07',1),(777,10613,1,1,'F5743CD4EA197AC0','Meine Wunschliste',NULL,'2024-01-13 18:45:34','2024-01-13 18:45:34',1),(778,10614,1,1,'D8FB563D4F6F6757','Meine Wunschliste',NULL,'2024-01-13 18:59:11','2024-01-13 18:59:11',1),(779,10619,1,1,'7D942370FECCEC41','Ma liste d\'envies',NULL,'2024-01-13 22:09:31','2024-01-13 22:09:31',1),(780,10624,1,1,'273AD4C1EC483404','Ma liste d\'envies',NULL,'2024-01-14 03:21:50','2024-01-14 03:21:50',1),(781,10636,1,1,'09AEBEA9C2C6B239','Meine Wunschliste',NULL,'2024-01-14 11:27:13','2024-01-14 11:27:13',1),(782,10638,1,1,'5FFDE1246B0FB334','Meine Wunschliste',NULL,'2024-01-14 12:45:58','2024-01-14 12:45:58',1),(783,10639,1,1,'6CE02107DC40AEC5','Meine Wunschliste',NULL,'2024-01-14 14:47:47','2024-01-14 14:47:47',1),(784,10641,1,1,'1428057D83132404','Ma liste d\'envies',NULL,'2024-01-14 20:14:44','2024-01-14 20:14:44',1),(785,10643,1,1,'B0FBF6FFA8621BB3','Meine Wunschliste',NULL,'2024-01-14 20:28:11','2024-01-14 20:28:11',1),(786,10644,1,1,'385F996EE5F7623C','Ma liste d\'envies',NULL,'2024-01-14 20:39:10','2024-01-14 20:39:10',1),(787,10645,1,1,'6E1221016B9FAF87','Meine Wunschliste',NULL,'2024-01-15 11:20:24','2024-01-15 11:20:24',1),(788,5822,1,1,'9A71B368F50BFB0D','Meine Wunschliste',NULL,'2024-01-15 19:58:53','2024-01-15 19:58:53',1),(789,1931,1,1,'8BCCC992747F323E','Meine Wunschliste',NULL,'2024-01-17 07:29:40','2024-01-17 07:29:40',1),(790,10661,1,1,'30827F2B19A259F9','Meine Wunschliste',NULL,'2024-01-17 16:40:33','2024-01-17 16:40:33',1),(791,10666,1,1,'5DB91736D545FBFA','Meine Wunschliste',NULL,'2024-01-17 20:32:14','2024-01-17 20:32:14',1),(792,10668,1,1,'2B478B78BCAD111D','Ma liste d\'envies',NULL,'2024-01-17 23:05:34','2024-01-17 23:05:34',1),(793,10680,1,1,'DDC0C00CAE79AD0B','La mia lista dei desideri',NULL,'2024-01-18 21:28:23','2024-01-18 21:28:23',1),(794,3510,1,1,'8EFCC2B058F6B74A','La mia lista dei desideri',NULL,'2024-01-19 10:35:01','2024-01-19 10:35:01',1),(795,10688,1,1,'61D08EA537EFB0D2','Meine Wunschliste',NULL,'2024-01-19 14:35:00','2024-01-19 14:35:00',1),(796,10706,1,1,'796409127BC9060E','My wishlist',NULL,'2024-01-20 16:44:58','2024-01-20 16:44:58',1),(797,10708,1,1,'25E6E4750ABDA49A','My wishlist',NULL,'2024-01-20 16:58:12','2024-01-20 16:58:12',1),(798,10714,1,1,'0055BF96E0B0013A','My wishlist',NULL,'2024-01-21 09:22:08','2024-01-21 09:22:08',1),(799,10716,1,1,'5FF9ACAB935BD3A0','La mia lista dei desideri',NULL,'2024-01-21 21:12:36','2024-01-21 21:12:36',1),(800,10730,1,1,'8E55B5E7266AC44D','Meine Wunschliste',NULL,'2024-01-22 21:12:59','2024-01-22 21:12:59',1),(801,10731,1,1,'8DA5936B81B13CDD','My wishlist',NULL,'2024-01-22 21:45:18','2024-01-22 21:45:18',1),(802,10733,1,1,'E39F5665864A9883','My wishlist',NULL,'2024-01-22 23:16:11','2024-01-22 23:16:11',1),(803,10747,1,1,'7910BA73126481B3','Meine Wunschliste',NULL,'2024-01-23 18:25:15','2024-01-23 18:25:15',1),(804,2125,1,1,'646FC82B426614F1','My wishlist',NULL,'2024-01-26 01:06:30','2024-01-26 01:06:30',1),(805,10796,1,1,'C716EBF4D7CC9785','Meine Wunschliste',NULL,'2024-01-26 06:54:11','2024-01-26 06:54:11',1),(806,10803,1,1,'1A268095F3690CBC','My wishlist',NULL,'2024-01-27 00:11:34','2024-01-27 00:11:34',1),(807,10804,1,1,'89B5C24FD82A2093','Meine Wunschliste',NULL,'2024-01-27 07:35:27','2024-01-27 07:35:27',1),(808,708,1,1,'114234EED65D2E0D','Meine Wunschliste',NULL,'2024-01-27 09:24:26','2024-01-27 09:24:26',1),(809,10814,1,1,'CE9D0CC9C9DCEAFD','Meine Wunschliste',NULL,'2024-01-28 12:14:11','2024-01-28 12:14:11',1),(810,10819,1,1,'674FA4C3CEE51DC5','Meine Wunschliste',NULL,'2024-01-28 18:41:58','2024-01-28 18:41:58',1),(811,10821,1,1,'9E8F20361B6519A5','Meine Wunschliste',NULL,'2024-01-28 19:49:18','2024-01-28 19:49:18',1),(812,10822,1,1,'34120B311B30D788','Meine Wunschliste',NULL,'2024-01-28 20:08:35','2024-01-28 20:08:35',1),(813,10823,1,1,'A2082521E7E6AC2E','Meine Wunschliste',NULL,'2024-01-28 21:12:55','2024-01-28 21:12:55',1),(814,10824,1,1,'D196C8CA57E5D1DF','Meine Wunschliste',NULL,'2024-01-28 21:15:13','2024-01-28 21:15:13',1),(815,10829,1,1,'F3118585DFAC125B','Ma liste d\'envies',NULL,'2024-01-29 10:40:29','2024-01-29 10:40:29',1),(816,10831,1,1,'820B2687F4933467','Meine Wunschliste',NULL,'2024-01-29 13:05:22','2024-01-29 13:05:22',1),(817,10837,1,1,'D1C3F9CE252C24F2','Meine Wunschliste',NULL,'2024-01-29 20:04:08','2024-01-29 20:04:08',1),(818,10847,1,1,'07C78CB10C866FEA','My wishlist',NULL,'2024-01-30 08:24:19','2024-01-30 08:24:19',1),(819,10882,1,1,'5520D131CC6694B5','Meine Wunschliste',NULL,'2024-01-31 21:41:17','2024-01-31 21:41:17',1),(820,4034,1,1,'8981D7F99EE2E560','Meine Wunschliste',NULL,'2024-01-31 21:50:49','2024-01-31 21:50:49',1),(821,10913,1,1,'FAF014455869F8C4','My wishlist',NULL,'2024-02-01 23:26:45','2024-02-01 23:26:45',1),(822,10914,1,1,'71E6E20B65388811','My wishlist',NULL,'2024-02-01 23:33:56','2024-02-01 23:33:56',1),(823,10931,1,1,'DE56B6966B37992A','La mia lista dei desideri',NULL,'2024-02-03 09:27:10','2024-02-03 09:27:10',1),(824,10912,1,1,'682515526823E877','Ma liste d\'envies',NULL,'2024-02-03 16:21:05','2024-02-03 16:21:05',1),(825,10946,1,1,'E7242E398509C011','Meine Wunschliste',NULL,'2024-02-04 11:05:18','2024-02-04 11:05:18',1),(826,10740,1,1,'97B7AE74A8AF2A8C','Meine Wunschliste',NULL,'2024-02-04 13:12:22','2024-02-04 13:12:22',1),(827,10950,1,1,'71BC89ABA0ABC077','Meine Wunschliste',NULL,'2024-02-04 17:09:50','2024-02-04 17:09:50',1),(828,10952,1,1,'BFEAAF2B70A69862','Meine Wunschliste',NULL,'2024-02-04 17:43:58','2024-02-04 17:43:58',1),(829,10957,1,1,'8C8D0601F0DBD172','Ma liste d\'envies',NULL,'2024-02-04 20:48:43','2024-02-04 20:48:43',1),(830,10958,1,1,'DC9CEA3C2F46940D','Meine Wunschliste',NULL,'2024-02-04 21:33:47','2024-02-04 21:33:47',1),(831,10965,1,1,'45A0B08FAE649642','My wishlist',NULL,'2024-02-05 15:32:37','2024-02-05 15:32:37',1),(832,10969,1,1,'EAD16612F862885E','Meine Wunschliste',NULL,'2024-02-05 18:20:29','2024-02-05 18:20:29',1),(833,10974,1,1,'8530C988765E4A8C','My wishlist',NULL,'2024-02-05 21:24:20','2024-02-05 21:24:20',1),(834,10981,1,1,'261CA329992D9F5C','La mia lista dei desideri',NULL,'2024-02-06 11:24:17','2024-02-06 11:24:17',1),(835,10849,1,1,'85242BC8220AB624','Ma liste d\'envies',NULL,'2024-02-06 13:52:57','2024-02-06 13:52:57',1),(836,10996,1,1,'6AD45F8AB618DFB4','La mia lista dei desideri',NULL,'2024-02-06 19:20:27','2024-02-06 19:20:27',1),(837,10998,1,1,'03E2DBE4B56600D7','My wishlist',NULL,'2024-02-06 20:41:28','2024-02-06 20:41:28',1),(838,11013,1,1,'E4044E7D3F24C6B7','My wishlist',NULL,'2024-02-07 12:48:11','2024-02-07 12:48:11',1),(839,11018,1,1,'A675C2D0F79AEFE0','My wishlist',NULL,'2024-02-07 14:22:08','2024-02-07 14:22:08',1),(840,11018,1,1,'9BCEB61363B793FE','wopr',NULL,'2024-02-07 14:33:43','2024-02-07 14:33:43',0),(841,8032,1,1,'FB6AD42E051AC2DC','Meine Wunschliste',NULL,'2024-02-07 15:05:23','2024-02-07 15:05:23',1),(842,11024,1,1,'E6D9F33C80BB1160','My wishlist',NULL,'2024-02-07 22:13:53','2024-02-07 22:13:53',1),(843,11029,1,1,'A2F54DDC0F8B834F','My wishlist',NULL,'2024-02-08 13:07:32','2024-02-08 13:07:32',1),(844,11031,1,1,'302FFD8EBD73CAAE','Meine Wunschliste',NULL,'2024-02-08 17:25:30','2024-02-08 17:25:30',1),(845,4157,1,1,'0FCD5BC4D5EA7D3E','Meine Wunschliste',NULL,'2024-02-09 00:04:04','2024-02-09 00:04:04',1),(846,7489,1,1,'88FD29C4C80398EF','My wishlist',NULL,'2024-02-09 08:04:09','2024-02-09 08:04:09',1),(847,11035,1,1,'0A80AC438AEDB41F','Ma liste d\'envies',NULL,'2024-02-09 15:24:26','2024-02-09 15:24:26',1),(848,7383,1,1,'9B0E68E7B75B1E02','Meine Wunschliste',NULL,'2024-02-09 16:51:49','2024-02-09 16:51:49',1),(849,11041,1,1,'32C29004D6093F97','Meine Wunschliste',NULL,'2024-02-10 07:53:41','2024-02-10 07:53:41',1),(850,11042,1,1,'E5C8C5D6DD2DAD37','Ma liste d\'envies',NULL,'2024-02-10 11:21:45','2024-02-10 11:21:45',1),(851,11046,1,1,'0B0271545D28C4E9','Meine Wunschliste',NULL,'2024-02-10 18:28:04','2024-02-10 18:28:04',1),(852,2563,1,1,'531CC15A2AADDEE3','Meine Wunschliste',NULL,'2024-02-11 12:31:03','2024-02-11 12:31:03',1),(853,11053,1,1,'68EB230A21F9CCC5','My wishlist',NULL,'2024-02-11 21:18:05','2024-02-11 21:18:05',1),(854,11056,1,1,'53170C568D359F8B','My wishlist',NULL,'2024-02-12 01:15:29','2024-02-12 01:15:29',1),(855,10214,1,1,'AC655B489EB287D9','Ponožky',NULL,'2024-02-12 21:40:34','2024-02-12 21:40:34',0),(856,7486,1,1,'33D1ED17211C0A1A','Meine Wunschliste',NULL,'2024-02-13 11:37:12','2024-02-13 11:37:12',1),(857,11062,1,1,'9D7AD283673297E8','Meine Wunschliste',NULL,'2024-02-13 11:52:22','2024-02-13 11:52:22',1),(858,11078,1,1,'FAB61E86339D6CFF','Ma liste d\'envies',NULL,'2024-02-14 14:21:29','2024-02-14 14:21:29',1),(859,11003,1,1,'84973061E3F92CBA','Ma liste d\'envies',NULL,'2024-02-14 16:57:48','2024-02-14 16:57:48',1),(860,7342,1,1,'E7231EE5713F0138','Ma liste d\'envies',NULL,'2024-02-14 18:03:24','2024-02-14 18:03:24',1),(861,11084,1,1,'43D7A478C1ED2609','Meine Wunschliste',NULL,'2024-02-15 10:49:50','2024-02-15 10:49:50',1),(862,11087,1,1,'2AAA4BCE9870C059','Meine Wunschliste',NULL,'2024-02-15 20:30:36','2024-02-15 20:30:36',1),(863,11093,1,1,'50EBDE13228370C7','Meine Wunschliste',NULL,'2024-02-16 10:31:22','2024-02-16 10:31:22',1),(864,11097,1,1,'E8DFAAB9DB291E86','Meine Wunschliste',NULL,'2024-02-16 16:50:51','2024-02-16 16:50:51',1),(865,11099,1,1,'F52315A783C78E05','Meine Wunschliste',NULL,'2024-02-17 07:31:32','2024-02-17 07:31:32',1),(866,11105,1,1,'586B2BB7662F7BE5','Meine Wunschliste',NULL,'2024-02-17 21:08:50','2024-02-17 21:08:50',1),(867,11102,1,1,'EFC950F2EDA2E44D','Meine Wunschliste',NULL,'2024-02-17 23:28:03','2024-02-17 23:28:03',1),(868,5982,1,1,'494417CFA9911992','My wishlist',NULL,'2024-02-18 18:23:17','2024-02-18 18:23:17',1),(869,11112,1,1,'BB6B6D89345CEA64','Meine Wunschliste',NULL,'2024-02-18 19:21:28','2024-02-18 19:21:28',1),(870,11117,1,1,'33E6E6FFA5091FFF','Meine Wunschliste',NULL,'2024-02-19 20:02:51','2024-02-19 20:02:51',1),(871,11121,1,1,'E1453ED0F2EA1282','Meine Wunschliste',NULL,'2024-02-20 12:09:41','2024-02-20 12:09:41',1),(872,11126,1,1,'51836525D9A302D0','Meine Wunschliste',NULL,'2024-02-20 17:47:01','2024-02-20 17:47:01',1),(873,7697,1,1,'D43F2593083F6C19','Meine Wunschliste',NULL,'2024-02-21 16:03:56','2024-02-21 16:03:56',1),(874,11132,1,1,'83822FB2E4422830','Meine Wunschliste',NULL,'2024-02-21 21:49:29','2024-02-21 21:49:29',1),(875,11133,1,1,'571F055AE7B133C9','My wishlist',NULL,'2024-02-21 23:21:50','2024-02-21 23:21:50',1),(876,11140,1,1,'49CB419ED179F86B','Meine Wunschliste',NULL,'2024-02-22 13:56:05','2024-02-22 13:56:05',1),(877,11129,1,1,'AD8407EBBF5F4519','Meine Wunschliste',NULL,'2024-02-22 18:01:40','2024-02-22 18:01:40',1),(878,11146,1,1,'A07FFA8B5E6C71EC','Meine Wunschliste',NULL,'2024-02-23 11:10:17','2024-02-23 11:10:17',1),(879,11150,1,1,'36F0C6ACD3F54751','Meine Wunschliste',NULL,'2024-02-23 18:01:00','2024-02-23 18:01:00',1),(880,1445,1,1,'5E0EF58BE1D14BAF','Meine Wunschliste',NULL,'2024-02-24 08:03:24','2024-02-24 08:03:24',1),(881,6515,1,1,'76B0E5329CC61285','Meine Wunschliste',NULL,'2024-02-24 12:33:44','2024-02-24 12:33:44',1),(882,11153,1,1,'0ABC5666884E0CD0','Meine Wunschliste',NULL,'2024-02-24 14:03:35','2024-02-24 14:03:35',1),(883,11155,1,1,'5546E9F65DE82086','Meine Wunschliste',NULL,'2024-02-24 14:43:53','2024-02-24 14:43:53',1),(884,11157,1,1,'F417716D3851FB15','La mia lista dei desideri',NULL,'2024-02-24 21:49:41','2024-02-24 21:49:41',1),(885,10808,1,1,'F1A4E64DC85411B1','Ma liste d\'envies',NULL,'2024-02-25 00:25:10','2024-02-25 00:25:10',1),(886,4743,1,1,'0736549E58F26AEC','Meine Wunschliste',NULL,'2024-02-25 00:27:15','2024-02-25 00:27:15',1),(887,11160,1,1,'03F8B105546286EE','Meine Wunschliste',NULL,'2024-02-25 16:28:39','2024-02-25 16:28:39',1),(888,11162,1,1,'1F75B1D5100D39DA','Meine Wunschliste',NULL,'2024-02-25 18:30:15','2024-02-25 18:30:15',1),(889,11164,1,1,'3D65632B674DD652','Meine Wunschliste',NULL,'2024-02-25 20:26:41','2024-02-25 20:26:41',1),(890,8209,1,1,'5A8D86E1C39F6471','Meine Wunschliste',NULL,'2024-02-25 21:26:02','2024-02-25 21:26:02',1),(891,11171,1,1,'48389C625DE46024','Meine Wunschliste',NULL,'2024-02-26 11:01:28','2024-02-26 11:01:28',1),(892,11172,1,1,'4E5A4C3530FDA7C8','Meine Wunschliste',NULL,'2024-02-26 11:37:21','2024-02-26 11:37:21',1),(893,11173,1,1,'5883436A2ABCFE6A','Meine Wunschliste',NULL,'2024-02-26 12:20:10','2024-02-26 12:20:10',1),(894,11174,1,1,'7CC68BAA0A2CF19C','Ma liste d\'envies',NULL,'2024-02-26 15:37:41','2024-02-26 15:37:41',1),(895,11190,1,1,'20555145B4C04482','Ma liste d\'envies',NULL,'2024-02-27 23:34:52','2024-02-27 23:34:52',1),(896,11194,1,1,'4BF11293E93A3833','Meine Wunschliste',NULL,'2024-02-28 09:15:52','2024-02-28 09:15:52',1),(897,8085,1,1,'125184FC9665F1F8','Ma liste d\'envies',NULL,'2024-02-28 13:16:50','2024-02-28 13:16:50',1),(898,11195,1,1,'6951449D5A3EF0FC','Meine Wunschliste',NULL,'2024-02-28 15:26:34','2024-02-28 15:26:34',1),(899,1863,1,1,'869B0F164551AF5C','Meine Wunschliste',NULL,'2024-02-28 20:53:48','2024-02-28 20:53:48',1),(900,11202,1,1,'76BB9D9B9CB81603','Ma liste d\'envies',NULL,'2024-02-29 13:23:53','2024-02-29 13:23:53',1),(901,5783,1,1,'DB71F7FC3F00AB73','Meine Wunschliste',NULL,'2024-02-29 20:17:25','2024-02-29 20:17:25',1),(902,11210,1,1,'2F8903B2B0EB90FE','Meine Wunschliste',NULL,'2024-03-01 11:37:02','2024-03-01 11:37:02',1),(903,11212,1,1,'68A59DDB8D559118','Meine Wunschliste',NULL,'2024-03-01 19:33:17','2024-03-01 19:33:17',1),(904,11213,1,1,'4F180285E24246C3','Meine Wunschliste',NULL,'2024-03-01 20:09:42','2024-03-01 20:09:42',1),(905,8271,1,1,'197CB672BCA7C23F','Meine Wunschliste',NULL,'2024-03-02 11:36:37','2024-03-02 11:36:37',1),(906,11223,1,1,'1F428B2B49EE2AC8','Meine Wunschliste',NULL,'2024-03-02 13:36:50','2024-03-02 13:36:50',1),(907,5889,1,1,'6FC919E4CA25BD15','Ma liste d\'envies',NULL,'2024-03-02 17:36:08','2024-03-02 17:36:08',1),(908,11228,1,1,'16528F9862426F26','Meine Wunschliste',NULL,'2024-03-02 18:57:41','2024-03-02 18:57:41',1),(909,11232,1,1,'C14ABB371F089BDF','My wishlist',NULL,'2024-03-03 00:09:47','2024-03-03 00:09:47',1),(910,11239,1,1,'F3F61D3474DD3C73','Meine Wunschliste',NULL,'2024-03-03 14:54:23','2024-03-03 14:54:23',1),(911,11240,1,1,'A5C1DF039727FBB4','Meine Wunschliste',NULL,'2024-03-03 19:30:30','2024-03-03 19:30:30',1),(912,11241,1,1,'EEA59E93D1730A9A','My wishlist',NULL,'2024-03-03 20:02:52','2024-03-03 20:02:52',1),(913,11247,1,1,'199170DD33AFBD8A','My wishlist',NULL,'2024-03-04 08:01:17','2024-03-04 08:01:17',1),(914,11249,1,1,'5613F5276C3D58EC','Meine Wunschliste',NULL,'2024-03-04 14:59:56','2024-03-04 14:59:56',1),(915,11251,1,1,'2FAB58B7F4B915C1','Meine Wunschliste',NULL,'2024-03-04 19:02:25','2024-03-04 19:02:25',1),(916,11254,1,1,'725D7CCA9F1FAD19','Meine Wunschliste',NULL,'2024-03-05 06:31:13','2024-03-05 06:31:13',1),(917,11242,1,1,'BD07F15FA7476832','Meine Wunschliste',NULL,'2024-03-05 08:05:50','2024-03-05 08:05:50',1),(918,11259,1,1,'7312A033228D0240','My wishlist',NULL,'2024-03-05 14:19:03','2024-03-05 14:19:03',1),(919,11260,1,1,'BFEBB30C8925A651','Meine Wunschliste',NULL,'2024-03-05 16:23:29','2024-03-05 16:23:29',1),(920,11263,1,1,'B4F6660710DFCD6C','Meine Wunschliste',NULL,'2024-03-05 20:13:25','2024-03-05 20:13:25',1),(921,11268,1,1,'BC0E6F72FAF1A13C','My wishlist',NULL,'2024-03-06 12:20:15','2024-03-06 12:20:15',1),(922,11225,1,1,'B27DF777B3A5906A','Meine Wunschliste',NULL,'2024-03-06 15:12:15','2024-03-06 15:12:15',1),(923,7958,1,1,'932981437601715A','Meine Wunschliste',NULL,'2024-03-06 18:49:09','2024-03-06 18:49:09',1),(924,11271,1,1,'0A1C1E152B74EDD5','Meine Wunschliste',NULL,'2024-03-06 23:04:46','2024-03-06 23:04:46',1),(925,11275,1,1,'04B0FDB044960B7A','My wishlist',NULL,'2024-03-07 13:57:24','2024-03-07 13:57:24',1),(926,11282,1,1,'5AB46C56D6710560','Meine Wunschliste',NULL,'2024-03-08 20:11:25','2024-03-08 20:11:25',1),(927,11292,1,1,'BFE218407D90A1F1','Meine Wunschliste',NULL,'2024-03-09 14:40:23','2024-03-09 14:40:23',1),(928,8450,1,1,'9D44F0C8A9864E05','Ma liste d\'envies',NULL,'2024-03-09 16:11:38','2024-03-09 16:11:38',1),(929,11293,1,1,'C490850C1DB76557','Meine Wunschliste',NULL,'2024-03-09 16:41:47','2024-03-09 16:41:47',1),(930,11305,1,1,'B44443F29519B3FE','Meine Wunschliste',NULL,'2024-03-10 09:01:24','2024-03-10 09:01:24',1),(931,11309,1,1,'A60A7261496CBA5D','My wishlist',NULL,'2024-03-10 14:27:37','2024-03-10 14:27:37',1),(932,11313,1,1,'448381798E45C98D','Ma liste d\'envies',NULL,'2024-03-10 17:51:04','2024-03-10 17:51:04',1),(933,11308,1,1,'D1DE2B100CD2CB6E','My wishlist',NULL,'2024-03-10 20:26:34','2024-03-10 20:26:34',1),(934,11316,1,1,'E22142E82BAE6839','Meine Wunschliste',NULL,'2024-03-10 20:58:57','2024-03-10 20:58:57',1),(935,11317,1,1,'F420EDB20CDDCDCB','Meine Wunschliste',NULL,'2024-03-10 21:08:37','2024-03-10 21:08:37',1),(936,2245,1,1,'E83715CC7FF062DA','Meine Wunschliste',NULL,'2024-03-10 22:08:10','2024-03-10 22:08:10',1),(937,11322,1,1,'909E7192BE862273','Meine Wunschliste',NULL,'2024-03-11 07:09:12','2024-03-11 07:09:12',1),(938,3040,1,1,'66B2814A321CD783','Meine Wunschliste',NULL,'2024-03-11 17:11:00','2024-03-11 17:11:00',1),(939,4949,1,1,'1F0706E54EB7ADAE','Meine Wunschliste',NULL,'2024-03-11 20:28:17','2024-03-11 20:28:17',1),(940,11338,1,1,'BDC31857154A5A38','My wishlist',NULL,'2024-03-12 05:19:20','2024-03-12 05:19:20',1),(941,11343,1,1,'3520A6EC34166AE8','Meine Wunschliste',NULL,'2024-03-12 14:17:38','2024-03-12 14:17:38',1),(942,11346,1,1,'039BA97A1986F97D','Ma liste d\'envies',NULL,'2024-03-12 18:01:56','2024-03-12 18:01:56',1),(943,11351,1,1,'DAEB9D1030F053BE','Meine Wunschliste',NULL,'2024-03-13 07:46:06','2024-03-13 07:46:06',1),(944,11354,1,1,'542D42E1389132C9','Ma liste d\'envies',NULL,'2024-03-13 12:41:06','2024-03-13 12:41:06',1),(945,11362,1,1,'05BCD8AC842F0492','Meine Wunschliste',NULL,'2024-03-13 21:03:56','2024-03-13 21:03:56',1),(946,11237,1,1,'F34B9069BA1052D9','Meine Wunschliste',NULL,'2024-03-13 22:25:52','2024-03-13 22:25:52',1),(947,11364,1,1,'743332A16236B4C6','Meine Wunschliste',NULL,'2024-03-13 22:41:53','2024-03-13 22:41:53',1),(948,11280,1,1,'5D8C6119F4A53FCB','My wishlist',NULL,'2024-03-14 08:14:03','2024-03-14 08:14:03',1),(949,11376,1,1,'134C9148EF43BA68','My wishlist',NULL,'2024-03-14 09:19:40','2024-03-14 09:19:40',1),(950,11377,1,1,'6763493A8FE1CA31','Ma liste d\'envies',NULL,'2024-03-14 09:27:10','2024-03-14 09:27:10',1),(951,11387,1,1,'92BB95F2E0A4AF39','Meine Wunschliste',NULL,'2024-03-14 16:17:39','2024-03-14 16:17:39',1),(952,11392,1,1,'D3C1726374051499','My wishlist',NULL,'2024-03-14 23:42:05','2024-03-14 23:42:05',1),(953,11404,1,1,'64BFCD8393DE43D6','Meine Wunschliste',NULL,'2024-03-15 15:43:56','2024-03-15 15:43:56',1),(954,2309,1,1,'4799CAC35CBD5EB4','Meine Wunschliste',NULL,'2024-03-16 06:57:29','2024-03-16 06:57:29',1),(955,11427,1,1,'9DC0D3BE359EA3CA','Meine Wunschliste',NULL,'2024-03-16 11:21:42','2024-03-16 11:21:42',1),(956,11437,1,1,'990CCF18B4E26F33','Meine Wunschliste',NULL,'2024-03-17 11:21:53','2024-03-17 11:21:53',1),(957,11438,1,1,'69935A39633B7D3E','Meine Wunschliste',NULL,'2024-03-17 11:39:49','2024-03-17 11:39:49',1),(958,11439,1,1,'BEB1CE9FF0AC54AB','My wishlist',NULL,'2024-03-17 18:43:39','2024-03-17 18:43:39',1),(959,11441,1,1,'E5AFDFE14C2B8A19','Meine Wunschliste',NULL,'2024-03-17 21:33:24','2024-03-17 21:33:24',1),(960,4548,1,1,'62EFBE2872C7CD13','La mia lista dei desideri',NULL,'2024-03-18 14:41:17','2024-03-18 14:41:17',1),(961,11457,1,1,'1B1C4F9BE13F6392','Ma liste d\'envies',NULL,'2024-03-18 20:14:13','2024-03-18 20:14:13',1),(962,11459,1,1,'449E5E7A54C936CF','My wishlist',NULL,'2024-03-19 00:06:48','2024-03-19 00:06:48',1),(963,11525,1,1,'4A9F46E451BF7B24','Meine Wunschliste',NULL,'2024-03-23 19:27:04','2024-03-23 19:27:04',1),(964,11537,1,1,'E62C225993460D50','Meine Wunschliste',NULL,'2024-03-24 10:55:53','2024-03-24 10:55:53',1),(965,9153,1,1,'1F2E8358A0E3A3F1','My wishlist',NULL,'2024-03-24 11:09:42','2024-03-24 11:09:42',1),(966,2804,1,1,'499A34595C5D6289','Meine Wunschliste',NULL,'2024-03-24 12:23:58','2024-03-24 12:23:58',1),(967,11543,1,1,'D2A246E67F9C96C3','Meine Wunschliste',NULL,'2024-03-24 16:40:02','2024-03-24 16:40:02',1),(968,11550,1,1,'48CED0CBD014A385','Meine Wunschliste',NULL,'2024-03-24 20:51:04','2024-03-24 20:51:04',1),(969,11564,1,1,'9C186184BD1F1308','Meine Wunschliste',NULL,'2024-03-26 17:24:42','2024-03-26 17:24:42',1),(970,11567,1,1,'E3403F2597F69F9F','Ma liste d\'envies',NULL,'2024-03-26 19:10:35','2024-03-26 19:10:35',1),(971,11580,1,1,'C4ED0B43663FCE58','My wishlist',NULL,'2024-03-27 20:27:02','2024-03-27 20:27:02',1),(972,7301,1,1,'CDC73F2C9330D297','Ma liste d\'envies',NULL,'2024-03-28 08:01:01','2024-03-28 08:01:01',1),(973,11592,1,1,'B0B8EFD8D0C08157','Meine Wunschliste',NULL,'2024-03-28 09:31:43','2024-03-28 09:31:43',1),(974,11622,1,1,'CD4A84FBD7427E2A','My wishlist',NULL,'2024-03-30 22:44:17','2024-03-30 22:44:17',1),(975,11625,1,1,'3BD4F8D7775C95F8','La mia lista dei desideri',NULL,'2024-04-01 11:50:43','2024-04-01 11:50:43',1),(976,11626,1,1,'494C9DB294F90425','Meine Wunschliste',NULL,'2024-04-01 13:43:41','2024-04-01 13:43:41',1),(977,11628,1,1,'5135059B0D0EC411','Meine Wunschliste',NULL,'2024-04-01 18:52:54','2024-04-01 18:52:54',1),(978,11631,1,1,'BBD591A1917197F1','Meine Wunschliste',NULL,'2024-04-02 09:56:41','2024-04-02 09:56:41',1),(979,9107,1,1,'C1F47120DAF6E717','irb',NULL,'2024-04-02 11:46:48','2024-04-02 11:46:48',0),(980,11632,1,1,'0F929D85B93A2B6E','Meine Wunschliste',NULL,'2024-04-02 12:34:48','2024-04-02 12:34:48',1),(981,11633,1,1,'A70CAFCBD705CE9C','My wishlist',NULL,'2024-04-02 13:11:36','2024-04-02 13:11:36',1),(982,11636,1,1,'F4487BD9C39F9E76','La mia lista dei desideri',NULL,'2024-04-02 17:22:04','2024-04-02 17:22:04',1),(983,11637,1,1,'B3ED1CEFA817232E','Meine Wunschliste',NULL,'2024-04-02 17:26:35','2024-04-02 17:26:35',1),(984,8105,1,1,'A98C693F3DFC42E8','Ma liste d\'envies',NULL,'2024-04-02 19:49:07','2024-04-02 19:49:07',1),(985,11638,1,1,'B9DA209687D0B6FD','Meine Wunschliste',NULL,'2024-04-02 20:45:18','2024-04-02 20:45:18',1),(986,11639,1,1,'87B85FBB1AD8D850','My wishlist',NULL,'2024-04-02 23:41:11','2024-04-02 23:41:11',1),(987,11640,1,1,'AFC4340E03973646','My wishlist',NULL,'2024-04-02 23:51:45','2024-04-02 23:51:45',1),(988,11643,1,1,'316C22E13051AC7C','Meine Wunschliste',NULL,'2024-04-03 07:35:09','2024-04-03 07:35:09',1),(989,11647,1,1,'FFF4A4EEFF0E00F0','Meine Wunschliste',NULL,'2024-04-03 13:07:30','2024-04-03 13:07:30',1),(990,11650,1,1,'FA8F3E89F96506F9','Meine Wunschliste',NULL,'2024-04-03 14:07:06','2024-04-03 14:07:06',1),(991,11655,1,1,'971A2867ED06F19B','Ma liste d\'envies',NULL,'2024-04-03 22:00:00','2024-04-03 22:00:00',1),(992,11663,1,1,'591DE6A6D7DBCD67','My wishlist',NULL,'2024-04-04 09:21:59','2024-04-04 09:21:59',1),(993,11679,1,1,'D2F242A56555109C','Meine Wunschliste',NULL,'2024-04-04 17:58:48','2024-04-04 17:58:48',1),(994,1069,1,1,'4921F813BE0F0486','Ma liste d\'envies',NULL,'2024-04-05 13:24:41','2024-04-05 13:24:41',1),(995,11697,1,1,'D4A5841FB2EB8227','Meine Wunschliste',NULL,'2024-04-05 14:42:24','2024-04-05 14:42:24',1),(996,11716,1,1,'9FDA8C422C528682','My wishlist',NULL,'2024-04-07 11:13:55','2024-04-07 11:13:55',1),(997,11718,1,1,'8FD5834FE00CA990','My wishlist',NULL,'2024-04-07 18:01:41','2024-04-07 18:01:41',1),(998,11720,1,1,'033097B8F2EFEC37','Meine Wunschliste',NULL,'2024-04-07 19:27:32','2024-04-07 19:27:32',1),(999,11723,1,1,'557FA554B87D12E1','My wishlist',NULL,'2024-04-08 10:50:21','2024-04-08 10:50:21',1),(1000,6468,1,1,'720E5A367C900806','Meine Wunschliste',NULL,'2024-04-08 15:36:02','2024-04-08 15:36:02',1),(1001,11725,1,1,'25C20478F8B86D68','Meine Wunschliste',NULL,'2024-04-08 19:14:20','2024-04-08 19:14:20',1),(1002,11726,1,1,'EE5E8DC7C3945CAC','Meine Wunschliste',NULL,'2024-04-08 19:47:56','2024-04-08 19:47:56',1),(1003,11734,1,1,'2A242C25DD99E052','Meine Wunschliste',NULL,'2024-04-09 08:34:46','2024-04-09 08:34:46',1),(1004,2962,1,1,'975A45D0212F97A2','Ma liste d\'envies',NULL,'2024-04-09 11:55:08','2024-04-09 11:55:08',1),(1005,11750,1,1,'C20DE7B1AB7C614E','Meine Wunschliste',NULL,'2024-04-10 17:06:49','2024-04-10 17:06:49',1),(1006,11752,1,1,'FE35205240F6C4E4','Meine Wunschliste',NULL,'2024-04-11 07:57:25','2024-04-11 07:57:25',1),(1007,11756,1,1,'903286CC4458EB20','My wishlist',NULL,'2024-04-11 11:15:00','2024-04-11 11:15:00',1),(1008,11758,1,1,'A2FDB2356B776767','Meine Wunschliste',NULL,'2024-04-11 14:56:18','2024-04-11 14:56:18',1),(1009,11759,1,1,'3CDD77C0C44BE4BC','Meine Wunschliste',NULL,'2024-04-11 21:00:39','2024-04-11 21:00:39',1),(1010,11761,1,1,'E3AA1C1FE719190A','Meine Wunschliste',NULL,'2024-04-12 12:40:38','2024-04-12 12:40:38',1),(1011,11762,1,1,'06D8B9FA9A246B0B','La mia lista dei desideri',NULL,'2024-04-12 16:44:37','2024-04-12 16:44:37',1),(1012,11763,1,1,'4C0C9C10C9690663','Meine Wunschliste',NULL,'2024-04-12 21:08:54','2024-04-12 21:08:54',1),(1013,7419,1,1,'5E2787BAF3213366','Meine Wunschliste',NULL,'2024-04-14 11:22:18','2024-04-14 11:22:18',1),(1014,11772,1,1,'433B4F2DA190F23E','Ma liste d\'envies',NULL,'2024-04-14 11:49:40','2024-04-14 11:49:40',1),(1015,11775,1,1,'F64D51D1472C1611','La mia lista dei desideri',NULL,'2024-04-14 23:32:07','2024-04-14 23:32:07',1),(1016,11777,1,1,'F5D295AEA9C30C0C','Meine Wunschliste',NULL,'2024-04-15 20:58:17','2024-04-15 20:58:17',1),(1017,11786,1,1,'C95086717E5FB25E','Meine Wunschliste',NULL,'2024-04-16 18:35:18','2024-04-16 18:35:18',1),(1018,11787,1,1,'874B6AAD91FDBFD4','La mia lista dei desideri',NULL,'2024-04-16 18:39:45','2024-04-16 18:39:45',1),(1019,11790,1,1,'9660DF70AFF6E069','Meine Wunschliste',NULL,'2024-04-16 21:36:28','2024-04-16 21:36:28',1),(1020,11791,1,1,'19A1CF4D7A9E007E','Meine Wunschliste',NULL,'2024-04-16 21:56:50','2024-04-16 21:56:50',1),(1021,6764,1,1,'7B2A7F0A8046EFF0','My wishlist',NULL,'2024-04-16 23:51:38','2024-04-16 23:51:38',1),(1022,11803,1,1,'04091C82329F663C','Meine Wunschliste',NULL,'2024-04-18 08:55:59','2024-04-18 08:55:59',1),(1023,2189,1,1,'B5707A9C985C1AA1','Meine Wunschliste',NULL,'2024-04-18 09:51:23','2024-04-18 09:51:23',1),(1024,11804,1,1,'A0B51CDCC3AF9C8A','Ma liste d\'envies',NULL,'2024-04-18 11:35:07','2024-04-18 11:35:07',1),(1025,11810,1,1,'620BD919C8292DC7','Meine Wunschliste',NULL,'2024-04-19 13:29:26','2024-04-19 13:29:26',1),(1026,11816,1,1,'56FBC2F14E8590B8','Ma liste d\'envies',NULL,'2024-04-19 16:09:52','2024-04-19 16:09:52',1),(1027,11820,1,1,'4A4C87C1E800A814','My wishlist',NULL,'2024-04-19 23:54:28','2024-04-19 23:54:28',1),(1028,11836,1,1,'8371E9D81B8FE7BF','Meine Wunschliste',NULL,'2024-04-20 19:49:38','2024-04-20 19:49:38',1),(1029,6407,1,1,'18F56C4FD645B9E9','Meine Wunschliste',NULL,'2024-04-21 10:27:31','2024-04-21 10:27:31',1),(1030,11842,1,1,'F26873B86ACBF2E6','Meine Wunschliste',NULL,'2024-04-21 10:30:43','2024-04-21 10:30:43',1),(1031,2607,1,1,'4198F87234423798','Meine Wunschliste',NULL,'2024-04-21 11:11:54','2024-04-21 11:11:54',1),(1032,11846,1,1,'BC30E1EF3540F70E','My wishlist',NULL,'2024-04-21 17:51:28','2024-04-21 17:51:28',1),(1033,11848,1,1,'C1776F8A9D0C212E','Ma liste d\'envies',NULL,'2024-04-22 00:18:38','2024-04-22 00:18:38',1),(1034,11852,1,1,'E808B6313733B65C','Meine Wunschliste',NULL,'2024-04-22 18:18:03','2024-04-22 18:18:03',1),(1035,11854,1,1,'B7DEDE43CEBB6A8A','Meine Wunschliste',NULL,'2024-04-22 22:12:12','2024-04-22 22:12:12',1),(1036,11858,1,1,'77FA52E71FA903C6','Meine Wunschliste',NULL,'2024-04-23 08:11:07','2024-04-23 08:11:07',1),(1037,11861,1,1,'487FFC4E93559C52','Meine Wunschliste',NULL,'2024-04-23 14:33:28','2024-04-23 14:33:28',1),(1038,11866,1,1,'011A9889DF6CECB9','Meine Wunschliste',NULL,'2024-04-23 17:47:30','2024-04-23 17:47:30',1),(1039,6444,1,1,'93934E2E53E870CF','Meine Wunschliste',NULL,'2024-04-23 19:01:06','2024-04-23 19:01:06',1),(1040,11867,1,1,'698FA061FC436B80','Meine Wunschliste',NULL,'2024-04-23 21:09:28','2024-04-23 21:09:28',1),(1041,11869,1,1,'0248B708EE736E79','Meine Wunschliste',NULL,'2024-04-23 22:08:56','2024-04-23 22:08:56',1),(1042,11889,1,1,'BE7B50F4F035F7CC','Ma liste d\'envies',NULL,'2024-04-25 06:10:25','2024-04-25 06:10:25',1),(1043,11891,1,1,'BE3596D6372EAD99','Ma liste d\'envies',NULL,'2024-04-25 10:19:18','2024-04-25 10:19:18',1),(1044,11895,1,1,'A2A03F749FFA540F','My wishlist',NULL,'2024-04-25 17:53:06','2024-04-25 17:53:06',1),(1045,11897,1,1,'84E4CBFA21B7C2D3','Meine Wunschliste',NULL,'2024-04-25 19:52:27','2024-04-25 19:52:27',1),(1046,11899,1,1,'CEA5C2C0B4654505','Meine Wunschliste',NULL,'2024-04-25 21:17:46','2024-04-25 21:17:46',1),(1047,11900,1,1,'311243B47AE4C17B','Meine Wunschliste',NULL,'2024-04-25 21:31:13','2024-04-25 21:31:13',1),(1048,8127,1,1,'08215C0C446ED8E9','My wishlist',NULL,'2024-04-26 14:11:57','2024-04-26 14:11:57',1),(1049,7938,1,1,'20B810BE12079E13','My wishlist',NULL,'2024-04-26 20:35:14','2024-04-26 20:35:14',1),(1050,11915,1,1,'5628D838B7D088CA','My wishlist',NULL,'2024-04-26 20:37:33','2024-04-26 20:37:33',1),(1051,11920,1,1,'8CEEF5EDBD731E9D','Meine Wunschliste',NULL,'2024-04-27 21:00:31','2024-04-27 21:00:31',1),(1052,11929,1,1,'11ABD58CE47F1D7E','Meine Wunschliste',NULL,'2024-04-28 10:23:37','2024-04-28 10:23:37',1),(1053,11930,1,1,'0608C5AC63662E7D','My wishlist',NULL,'2024-04-28 11:41:34','2024-04-28 11:41:34',1),(1054,11931,1,1,'4DBFC4525D740CC7','My wishlist',NULL,'2024-04-28 11:56:28','2024-04-28 11:56:28',1),(1055,11932,1,1,'469AC0906305B521','Meine Wunschliste',NULL,'2024-04-28 18:12:21','2024-04-28 18:12:21',1),(1056,11936,1,1,'C10CB1880BC9CA1B','My wishlist',NULL,'2024-04-29 06:28:54','2024-04-29 06:28:54',1),(1057,11939,1,1,'458DD5E106797190','Meine Wunschliste',NULL,'2024-04-29 13:54:32','2024-04-29 13:54:32',1),(1058,11942,1,1,'1AB587235F63F256','My wishlist',NULL,'2024-04-29 21:28:31','2024-04-29 21:28:31',1),(1059,11946,1,1,'2AD2DF78E443DA59','La mia lista dei desideri',NULL,'2024-04-30 14:04:38','2024-04-30 14:04:38',1),(1060,11948,1,1,'A5F94209B5DDF027','Meine Wunschliste',NULL,'2024-04-30 16:37:40','2024-04-30 16:37:40',1),(1061,11951,1,1,'B1A2183D0A681E52','Meine Wunschliste',NULL,'2024-04-30 22:02:40','2024-04-30 22:02:40',1),(1062,11959,1,1,'8800F771AC3CFCDA','Meine Wunschliste',NULL,'2024-05-02 15:51:05','2024-05-02 15:51:05',1),(1063,7099,1,1,'6D26E3CEF165A990','Meine Wunschliste',NULL,'2024-05-02 19:53:55','2024-05-02 19:53:55',1),(1064,11962,1,1,'0B40517E96788484','My wishlist',NULL,'2024-05-02 22:22:05','2024-05-02 22:22:05',1),(1065,11966,1,1,'3AC8B6E400A4BA2E','Meine Wunschliste',NULL,'2024-05-03 08:43:11','2024-05-03 08:43:11',1),(1066,11969,1,1,'911460055395CCD2','Meine Wunschliste',NULL,'2024-05-03 10:58:58','2024-05-03 10:58:58',1),(1067,11970,1,1,'A9A9F79C466EF6B0','Meine Wunschliste',NULL,'2024-05-03 16:55:36','2024-05-03 16:55:36',1),(1068,11972,1,1,'4ECB99B10240A72D','My wishlist',NULL,'2024-05-04 10:56:54','2024-05-04 10:56:54',1),(1069,11976,1,1,'5E4A72388FB92A6E','Meine Wunschliste',NULL,'2024-05-05 08:41:38','2024-05-05 08:41:38',1),(1070,11977,1,1,'3A580F909EAAF0BD','Meine Wunschliste',NULL,'2024-05-05 09:52:20','2024-05-05 09:52:20',1),(1071,11983,1,1,'4BCC2DDADE224DBE','Meine Wunschliste',NULL,'2024-05-05 18:00:49','2024-05-05 18:00:49',1),(1072,11984,1,1,'B99F61B84D8A2A60','La mia lista dei desideri',NULL,'2024-05-05 18:55:48','2024-05-05 18:55:48',1),(1073,11986,1,1,'05DA3046E45DB02A','Meine Wunschliste',NULL,'2024-05-05 20:27:54','2024-05-05 20:27:54',1),(1074,11987,1,1,'431A7F7E3085010F','Meine Wunschliste',NULL,'2024-05-05 21:36:26','2024-05-05 21:36:26',1),(1075,6004,1,1,'68A3C7D22B6A35CC','My wishlist',NULL,'2024-05-06 15:36:53','2024-05-06 15:36:53',1),(1076,4248,1,1,'A3BC62AA3D0F1AF9','Meine Wunschliste',NULL,'2024-05-06 20:48:53','2024-05-06 20:48:53',1),(1077,3594,1,1,'EBB605C3B1DA319B','Meine Wunschliste',NULL,'2024-05-06 20:53:39','2024-05-06 20:53:39',1),(1078,11995,1,1,'DCCF380D8083EADA','Meine Wunschliste',NULL,'2024-05-07 01:15:32','2024-05-07 01:15:32',1),(1079,11998,1,1,'AF616767D8604C7B','Meine Wunschliste',NULL,'2024-05-07 11:51:20','2024-05-07 11:51:20',1),(1080,2339,1,1,'1C2498FF99DBAB44','My wishlist',NULL,'2024-05-07 20:12:31','2024-05-07 20:12:31',1),(1081,12007,1,1,'5DB00EE42AE2FE6C','My wishlist',NULL,'2024-05-08 11:50:25','2024-05-08 11:50:25',1),(1082,7756,1,1,'5409FBC26B69BE9E','My wishlist',NULL,'2024-05-09 10:45:27','2024-05-09 10:45:27',1),(1083,12009,1,1,'AB575A9BDF9A3A1A','My wishlist',NULL,'2024-05-09 13:51:52','2024-05-09 13:51:52',1),(1084,2177,1,1,'0C8F5B8EDB116F24','Ma liste d\'envies',NULL,'2024-05-09 21:32:33','2024-05-09 21:32:33',1),(1085,12014,1,1,'3420F97D1506284D','Meine Wunschliste',NULL,'2024-05-10 14:47:45','2024-05-10 14:47:45',1),(1086,12015,1,1,'2E640437115F0A9C','My wishlist',NULL,'2024-05-10 17:29:43','2024-05-10 17:29:43',1),(1087,1469,1,1,'C371F4C8969C0036','Meine Wunschliste',NULL,'2024-05-12 10:11:46','2024-05-12 10:11:46',1),(1088,12029,1,1,'400CE913B06A68FF','Meine Wunschliste',NULL,'2024-05-12 12:56:10','2024-05-12 12:56:10',1),(1089,8518,1,1,'E291306DBAB9D483','Meine Wunschliste',NULL,'2024-05-13 08:46:55','2024-05-13 08:46:55',1),(1090,12032,1,1,'7DE9EE1CEDCDD420','Meine Wunschliste',NULL,'2024-05-13 15:00:11','2024-05-13 15:00:11',1),(1091,12034,1,1,'D03293C9E55A2BAA','Meine Wunschliste',NULL,'2024-05-13 21:25:27','2024-05-13 21:25:27',1),(1092,12037,1,1,'0AB01D966C017290','Meine Wunschliste',NULL,'2024-05-14 01:44:27','2024-05-14 01:44:27',1),(1093,7321,1,1,'A305F427B68EFC4D','My wishlist',NULL,'2024-05-14 08:33:43','2024-05-14 08:33:43',1),(1094,12050,1,1,'F978E26129973756','La mia lista dei desideri',NULL,'2024-05-15 16:46:37','2024-05-15 16:46:37',1),(1095,12052,1,1,'8D8A970B4C9CC33D','Meine Wunschliste',NULL,'2024-05-15 20:28:43','2024-05-15 20:28:43',1),(1096,12053,1,1,'C418D07D4992E270','Meine Wunschliste',NULL,'2024-05-15 20:32:44','2024-05-15 20:32:44',1),(1097,2291,1,1,'44CC90F50BF67310','Meine Wunschliste',NULL,'2024-05-15 21:06:05','2024-05-15 21:06:05',1),(1098,12057,1,1,'647EB47B306356AF','My wishlist',NULL,'2024-05-15 22:07:08','2024-05-15 22:07:08',1),(1099,12062,1,1,'01A6F5D06DA2519D','Ma liste d\'envies',NULL,'2024-05-16 13:20:53','2024-05-16 13:20:53',1),(1100,12063,1,1,'7667A6B63F6E63DA','Ma liste d\'envies',NULL,'2024-05-16 14:19:57','2024-05-16 14:19:57',1),(1101,12064,1,1,'F72273B4B0BBCA3E','My wishlist',NULL,'2024-05-16 14:56:42','2024-05-16 14:56:42',1),(1102,12075,1,1,'FC0400FF18C4B49C','Meine Wunschliste',NULL,'2024-05-17 16:58:45','2024-05-17 16:58:45',1),(1103,12080,1,1,'85C24E392EDD0368','La mia lista dei desideri',NULL,'2024-05-18 11:59:51','2024-05-18 11:59:51',1),(1104,12083,1,1,'CE3461E0202E8846','My wishlist',NULL,'2024-05-18 18:04:55','2024-05-18 18:04:55',1),(1105,12084,1,1,'90B6A1AE894E59C8','My wishlist',NULL,'2024-05-18 19:11:46','2024-05-18 19:11:46',1),(1106,12074,1,1,'E4274389A6806882','Meine Wunschliste',NULL,'2024-05-19 08:21:32','2024-05-19 08:21:32',1),(1107,12091,1,1,'F9F1FBEEE393BA81','My wishlist',NULL,'2024-05-19 14:59:23','2024-05-19 14:59:23',1),(1108,12092,1,1,'74EC2C3E43A4F450','Meine Wunschliste',NULL,'2024-05-19 16:30:40','2024-05-19 16:30:40',1),(1109,12093,1,1,'410ADEFD4A66BBCC','Meine Wunschliste',NULL,'2024-05-19 18:46:30','2024-05-19 18:46:30',1),(1110,12105,1,1,'0818853CEF528A15','Meine Wunschliste',NULL,'2024-05-20 18:06:59','2024-05-20 18:06:59',1),(1111,12108,1,1,'08BA80ACEFC030B0','My wishlist',NULL,'2024-05-21 04:11:02','2024-05-21 04:11:02',1),(1112,12114,1,1,'1F79A44BA3825F71','Meine Wunschliste',NULL,'2024-05-21 13:57:00','2024-05-21 13:57:00',1),(1113,12128,1,1,'BC785C89DC1376D4','My wishlist',NULL,'2024-05-22 11:37:42','2024-05-22 11:37:42',1),(1114,12136,1,1,'AD54349404B76F10','My wishlist',NULL,'2024-05-22 20:04:06','2024-05-22 20:04:06',1),(1115,12137,1,1,'A1CB10D444BA1031','Meine Wunschliste',NULL,'2024-05-22 22:15:43','2024-05-22 22:15:43',1),(1116,12149,1,1,'446008AE3A43A23B','Meine Wunschliste',NULL,'2024-05-23 10:36:02','2024-05-23 10:36:02',1),(1117,12160,1,1,'5548E07DEED84852','My wishlist',NULL,'2024-05-24 07:19:23','2024-05-24 07:19:23',1),(1118,12163,1,1,'6EE9253E1C281FB5','Meine Wunschliste',NULL,'2024-05-24 13:00:28','2024-05-24 13:00:28',1),(1119,12185,1,1,'3A8BA18861EF3929','Meine Wunschliste',NULL,'2024-05-26 17:52:43','2024-05-26 17:52:43',1),(1120,12194,1,1,'7B1EE2C54F76A5D3','Ma liste d\'envies',NULL,'2024-05-27 14:40:59','2024-05-27 14:40:59',1),(1121,12210,1,1,'6AB7620575ED6DEB','Meine Wunschliste',NULL,'2024-05-28 12:20:41','2024-05-28 12:20:41',1),(1122,12213,1,1,'9A902DF428CD8E4B','Meine Wunschliste',NULL,'2024-05-28 19:21:32','2024-05-28 19:21:32',1),(1123,12226,1,1,'02DB51A18BEAE9A6','La mia lista dei desideri',NULL,'2024-05-29 11:38:44','2024-05-29 11:38:44',1),(1124,12228,1,1,'47C5E9D5E44CA764','Ma liste d\'envies',NULL,'2024-05-29 11:58:33','2024-05-29 11:58:33',1),(1125,4929,1,1,'22C1E6D0C3EE4703','La mia lista dei desideri',NULL,'2024-05-29 16:01:26','2024-05-29 16:01:26',1),(1126,12239,1,1,'9F2EAFEC6E96AEF3','My wishlist',NULL,'2024-05-30 11:48:31','2024-05-30 11:48:31',1),(1127,12256,1,1,'7FDE8B4D1B9A2F0E','Ma liste d\'envies',NULL,'2024-05-31 12:11:44','2024-05-31 12:11:44',1),(1128,366,1,1,'5976988B81EDDA6F','Meine Wunschliste',NULL,'2024-05-31 12:54:32','2024-05-31 12:54:32',1),(1129,12263,1,1,'F306C41F98B140C6','My wishlist',NULL,'2024-05-31 22:32:27','2024-05-31 22:32:27',1),(1130,12265,1,1,'7B6760667F1F6231','Ma liste d\'envies',NULL,'2024-06-01 08:37:43','2024-06-01 08:37:43',1),(1131,12266,1,1,'C5C12D202F7111C5','Meine Wunschliste',NULL,'2024-06-01 11:15:10','2024-06-01 11:15:10',1),(1132,12274,1,1,'21CE813D1478725F','Meine Wunschliste',NULL,'2024-06-01 21:18:48','2024-06-01 21:18:48',1),(1133,7807,1,1,'F306798615ABEED8','My wishlist',NULL,'2024-06-02 22:44:43','2024-06-02 22:44:43',1),(1134,12295,1,1,'19DCF93A5CBB62ED','Meine Wunschliste',NULL,'2024-06-03 10:19:05','2024-06-03 10:19:05',1),(1135,6228,1,1,'6423F5FBA5102309','Meine Wunschliste',NULL,'2024-06-03 13:40:04','2024-06-03 13:40:04',1),(1136,12304,1,1,'74A5F208DBF08CED','Ma liste d\'envies',NULL,'2024-06-03 16:56:10','2024-06-03 16:56:10',1),(1137,12309,1,1,'F909621F0264C4E8','Ma liste d\'envies',NULL,'2024-06-04 09:55:36','2024-06-04 09:55:36',1),(1138,12313,1,1,'7CC41BDA8F41D4DB','La mia lista dei desideri',NULL,'2024-06-04 11:45:41','2024-06-04 11:45:41',1),(1139,4634,1,1,'E522A869ABBEAD7F','My wishlist',NULL,'2024-06-04 14:03:31','2024-06-04 14:03:31',1),(1140,12335,1,1,'7B18A79BC76EB4F3','Meine Wunschliste',NULL,'2024-06-06 16:02:42','2024-06-06 16:02:42',1),(1141,12347,1,1,'EE59A2F43E87F9F4','My wishlist',NULL,'2024-06-07 22:50:42','2024-06-07 22:50:42',1),(1142,12349,1,1,'A519BF41D9441981','My wishlist',NULL,'2024-06-08 11:41:32','2024-06-08 11:41:32',1),(1143,12352,1,1,'5E32BD85F2F9CF38','Meine Wunschliste',NULL,'2024-06-09 12:40:34','2024-06-09 12:40:34',1),(1144,7167,1,1,'2B9A3021A88AAE16','Meine Wunschliste',NULL,'2024-06-09 16:12:33','2024-06-09 16:12:33',1),(1145,5538,1,1,'35F1CE9936666C21','Ma liste d\'envies',NULL,'2024-06-09 21:49:07','2024-06-09 21:49:07',1),(1146,12355,1,1,'B4C771AF72101F21','My wishlist',NULL,'2024-06-10 09:33:22','2024-06-10 09:33:22',1),(1147,12177,1,1,'51DDF802C0C00D3E','Meine Wunschliste',NULL,'2024-06-10 21:46:30','2024-06-10 21:46:30',1),(1148,6218,1,1,'F75A62488389178B','Meine Wunschliste',NULL,'2024-06-11 14:42:13','2024-06-11 14:42:13',1),(1149,12368,1,1,'4FAAC227852373EC','Meine Wunschliste',NULL,'2024-06-12 11:28:45','2024-06-12 11:28:45',1),(1150,12369,1,1,'82C8243875678277','Meine Wunschliste',NULL,'2024-06-12 16:24:47','2024-06-12 16:24:47',1),(1151,12370,1,1,'F064EFAE67CB3952','La mia lista dei desideri',NULL,'2024-06-12 16:35:54','2024-06-12 16:35:54',1),(1152,12372,1,1,'A0AA3376E979222D','Meine Wunschliste',NULL,'2024-06-12 20:56:52','2024-06-12 20:56:52',1),(1153,12374,1,1,'FA89BEECD50F3C11','My wishlist',NULL,'2024-06-12 23:24:08','2024-06-12 23:24:08',1),(1154,6328,1,1,'1AA91D372CA22672','My wishlist',NULL,'2024-06-13 16:50:30','2024-06-13 16:50:30',1),(1155,12386,1,1,'87441604B66337A3','My wishlist',NULL,'2024-06-13 21:41:38','2024-06-13 21:41:38',1),(1156,5385,1,1,'D8799D6FDD01DACC','My wishlist',NULL,'2024-06-13 21:46:22','2024-06-13 21:46:22',1),(1157,12399,1,1,'EDF748EDE6FDCD4A','Meine Wunschliste',NULL,'2024-06-15 14:56:23','2024-06-15 14:56:23',1),(1158,12407,1,1,'884B027F0F62FF39','Meine Wunschliste',NULL,'2024-06-16 11:58:11','2024-06-16 11:58:11',1),(1159,7114,1,1,'8BA0B982B288B3E0','Meine Wunschliste',NULL,'2024-06-16 15:12:49','2024-06-16 15:12:49',1),(1160,7501,1,1,'ABBB6209605B24B3','Meine Wunschliste',NULL,'2024-06-16 16:15:52','2024-06-16 16:15:52',1),(1161,12408,1,1,'C3F6690855813855','Meine Wunschliste',NULL,'2024-06-16 16:40:15','2024-06-16 16:40:15',1),(1162,7622,1,1,'F9D9ECD04F328F1A','Ma liste d\'envies',NULL,'2024-06-16 16:46:33','2024-06-16 16:46:33',1),(1163,3811,1,1,'8506CFAD75A3DBBD','Meine Wunschliste',NULL,'2024-06-17 10:25:37','2024-06-17 10:25:37',1),(1164,12417,1,1,'C58CDAF8093218B2','My wishlist',NULL,'2024-06-17 16:51:39','2024-06-17 16:51:39',1),(1165,12424,1,1,'93AE1C43B12C51F1','Meine Wunschliste',NULL,'2024-06-18 08:40:34','2024-06-18 08:40:34',1),(1166,12397,1,1,'D4D77BC1727E66C5','My wishlist',NULL,'2024-06-18 20:21:56','2024-06-18 20:21:56',1),(1167,12434,1,1,'4E62631DDE6CCDBA','Meine Wunschliste',NULL,'2024-06-18 22:01:07','2024-06-18 22:01:07',1),(1168,12452,1,1,'3CD391784B64C4F5','La mia lista dei desideri',NULL,'2024-06-20 15:30:07','2024-06-20 15:30:07',1),(1169,12456,1,1,'BCDB6CEC95CB9EB0','Meine Wunschliste',NULL,'2024-06-21 09:03:25','2024-06-21 09:03:25',1),(1170,12459,1,1,'A8876517EBCB852D','Meine Wunschliste',NULL,'2024-06-21 14:09:52','2024-06-21 14:09:52',1),(1171,12460,1,1,'D3D4535C17B4C69F','Meine Wunschliste',NULL,'2024-06-21 20:27:18','2024-06-21 20:27:18',1),(1172,12461,1,1,'E787BCC060854DA9','La mia lista dei desideri',NULL,'2024-06-21 21:01:52','2024-06-21 21:01:52',1),(1173,1424,1,1,'1DF98D15A4EDC945','Meine Wunschliste',NULL,'2024-06-21 21:14:13','2024-06-21 21:14:13',1),(1174,12462,1,1,'301215C3993C3472','Ma liste d\'envies',NULL,'2024-06-21 21:30:40','2024-06-21 21:30:40',1),(1175,12465,1,1,'2B1B859541C3A90A','Meine Wunschliste',NULL,'2024-06-22 13:44:55','2024-06-22 13:44:55',1),(1176,6189,1,1,'CD9DD45FD73A9F8D','My wishlist',NULL,'2024-06-22 18:37:34','2024-06-22 18:37:34',1),(1177,12478,1,1,'9EB72AD8A6A0CB73','My wishlist',NULL,'2024-06-23 21:49:14','2024-06-23 21:49:14',1),(1178,12482,1,1,'CC09E51543E904EC','My wishlist',NULL,'2024-06-24 03:11:46','2024-06-24 03:11:46',1),(1179,12485,1,1,'DF931DD6901D0A56','Meine Wunschliste',NULL,'2024-06-24 12:28:01','2024-06-24 12:28:01',1),(1180,12490,1,1,'84AF21FDB9A54316','Ma liste d\'envies',NULL,'2024-06-24 17:43:12','2024-06-24 17:43:12',1),(1181,12497,1,1,'5B01C7656C290E84','My wishlist',NULL,'2024-06-25 00:02:18','2024-06-25 00:02:18',1),(1182,12501,1,1,'BFFB2700CC562E53','Meine Wunschliste',NULL,'2024-06-25 14:09:31','2024-06-25 14:09:31',1),(1183,12513,1,1,'575DB5F2EE8667EE','Meine Wunschliste',NULL,'2024-06-26 15:58:49','2024-06-26 15:58:49',1),(1184,12517,1,1,'E2EBE4D727AB61F7','Meine Wunschliste',NULL,'2024-06-26 20:00:48','2024-06-26 20:00:48',1),(1185,12527,1,1,'0806F57CBDAD5B85','Meine Wunschliste',NULL,'2024-06-27 18:05:07','2024-06-27 18:05:07',1),(1186,12551,1,1,'0704F9B426D990E7','Ma liste d\'envies',NULL,'2024-06-29 14:55:39','2024-06-29 14:55:39',1),(1187,6508,1,1,'A6DCC556566B6355','Important ',NULL,'2024-06-29 18:39:32','2024-06-29 18:39:32',0),(1188,12556,1,1,'BC88AC3ED9B392C8','Ma liste d\'envies',NULL,'2024-06-30 14:12:02','2024-06-30 14:12:02',1),(1189,12557,1,1,'0BFD586313BF61F8','Meine Wunschliste',NULL,'2024-06-30 14:39:35','2024-06-30 14:39:35',1),(1190,12559,1,1,'1094A186FFDE95B3','Meine Wunschliste',NULL,'2024-06-30 16:39:03','2024-06-30 16:39:03',1),(1191,12560,1,1,'4E333A26949B17A0','Meine Wunschliste',NULL,'2024-06-30 21:54:14','2024-06-30 21:54:14',1),(1192,12561,1,1,'7808E4C694A74278','Meine Wunschliste',NULL,'2024-06-30 22:31:39','2024-06-30 22:31:39',1),(1193,12566,1,1,'87A16D59F31489B2','La mia lista dei desideri',NULL,'2024-07-01 15:28:55','2024-07-01 15:28:55',1),(1194,12568,1,1,'4D63BC3307C03D07','Meine Wunschliste',NULL,'2024-07-01 18:52:59','2024-07-01 18:52:59',1),(1195,12573,1,1,'325C433A25805B2F','My wishlist',NULL,'2024-07-02 06:06:38','2024-07-02 06:06:38',1),(1196,12578,1,1,'9777F2FDDF7B15D9','La mia lista dei desideri',NULL,'2024-07-03 13:42:26','2024-07-03 13:42:26',1),(1197,12581,1,1,'53DB66FDB99C8452','Meine Wunschliste',NULL,'2024-07-03 17:53:08','2024-07-03 17:53:08',1),(1198,12586,1,1,'2B5490AA65917B1D','Ma liste d\'envies',NULL,'2024-07-04 08:42:53','2024-07-04 08:42:53',1),(1199,12588,1,1,'F4E5BA92D10F1518','Meine Wunschliste',NULL,'2024-07-04 11:46:05','2024-07-04 11:46:05',1),(1200,12589,1,1,'9CF73DC2485E13AD','Ma liste d\'envies',NULL,'2024-07-04 11:47:46','2024-07-04 11:47:46',1),(1201,12592,1,1,'0B6B875C61C8DFCA','Ma liste d\'envies',NULL,'2024-07-04 16:43:10','2024-07-04 16:43:10',1),(1202,12608,1,1,'720EC8D2CB9A3AC0','My wishlist',NULL,'2024-07-05 06:44:12','2024-07-05 06:44:12',1),(1203,12612,1,1,'CEB06292AFD63833','Meine Wunschliste',NULL,'2024-07-05 14:50:38','2024-07-05 14:50:38',1),(1204,12628,1,1,'C8EDD02A12E35738','La mia lista dei desideri',NULL,'2024-07-06 11:19:13','2024-07-06 11:19:13',1),(1205,12637,1,1,'A73569F157CA87DC','Meine Wunschliste',NULL,'2024-07-06 19:43:06','2024-07-06 19:43:06',1),(1206,12652,1,1,'9DF0E6F8F6551336','Meine Wunschliste',NULL,'2024-07-07 17:58:53','2024-07-07 17:58:53',1),(1207,7485,1,1,'E9DA6FA668F64B79','Meine Wunschliste',NULL,'2024-07-07 19:51:48','2024-07-07 19:51:48',1),(1208,12639,1,1,'6D7CE26E1C14F2E8','Meine Wunschliste',NULL,'2024-07-07 20:22:08','2024-07-07 20:22:08',1),(1209,12664,1,1,'C55D52C816021CDA','Meine Wunschliste',NULL,'2024-07-08 09:13:31','2024-07-08 09:13:31',1),(1210,12671,1,1,'EC3EE113BEEA3382','Meine Wunschliste',NULL,'2024-07-08 17:50:39','2024-07-08 17:50:39',1),(1211,12672,1,1,'6458E8967C19016D','Meine Wunschliste',NULL,'2024-07-08 18:33:20','2024-07-08 18:33:20',1),(1212,5808,1,1,'61053081DD918E88','Meine Wunschliste',NULL,'2024-07-09 12:10:33','2024-07-09 12:10:33',1),(1213,7435,1,1,'AE0E6A79FB294A42','Ma liste d\'envies',NULL,'2024-07-09 13:17:16','2024-07-09 13:17:16',1),(1214,12680,1,1,'A9E3906171DF56A2','La mia lista dei desideri',NULL,'2024-07-09 14:53:06','2024-07-09 14:53:06',1),(1215,12680,1,1,'FC1BF04B5FFF4F07','ostacoli',NULL,'2024-07-09 14:54:28','2024-07-09 14:54:28',0),(1216,12681,1,1,'61BA5E36EAE6E805','Meine Wunschliste',NULL,'2024-07-09 14:59:26','2024-07-09 14:59:26',1),(1217,6634,1,1,'2A2591F593EEEF8F','Meine Wunschliste',NULL,'2024-07-09 15:39:05','2024-07-09 15:39:05',1),(1218,12686,1,1,'F16F6B45ABB62350','My wishlist',NULL,'2024-07-09 22:38:02','2024-07-09 22:38:02',1),(1219,12700,1,1,'02722EC74A54A276','My wishlist',NULL,'2024-07-10 12:29:29','2024-07-10 12:29:29',1),(1220,9936,1,1,'480BF7FB9B511F22','La mia lista dei desideri',NULL,'2024-07-10 23:20:42','2024-07-10 23:20:42',1),(1221,7672,1,1,'8F6C85016D5B6865','My wishlist',NULL,'2024-07-11 10:35:54','2024-07-11 10:35:54',1),(1222,12709,1,1,'C75D5BCE93940758','Meine Wunschliste',NULL,'2024-07-11 14:14:13','2024-07-11 14:14:13',1),(1223,12714,1,1,'9D399FDB2D95FF88','Meine Wunschliste',NULL,'2024-07-11 20:59:04','2024-07-11 20:59:04',1),(1224,12716,1,1,'AE57443881E12F7E','Meine Wunschliste',NULL,'2024-07-12 17:21:32','2024-07-12 17:21:32',1),(1225,12717,1,1,'4D492DAAEDD4EC99','La mia lista dei desideri',NULL,'2024-07-12 17:42:19','2024-07-12 17:42:19',1),(1226,12723,1,1,'82168317B7697E79','Meine Wunschliste',NULL,'2024-07-14 05:48:23','2024-07-14 05:48:23',1),(1227,1725,1,1,'DD544F916C364513','Meine Wunschliste',NULL,'2024-07-14 10:52:55','2024-07-14 10:52:55',1),(1228,12728,1,1,'99805C522E784C62','My wishlist',NULL,'2024-07-15 14:41:49','2024-07-15 14:41:49',1),(1229,12731,1,1,'A14DBC8B17671222','Ma liste d\'envies',NULL,'2024-07-15 21:23:41','2024-07-15 21:23:41',1),(1230,12736,1,1,'4D04E952ED5AA153','Meine Wunschliste',NULL,'2024-07-16 14:27:34','2024-07-16 14:27:34',1),(1231,12737,1,1,'B47FE52D523D6F06','Meine Wunschliste',NULL,'2024-07-16 14:35:54','2024-07-16 14:35:54',1),(1232,12738,1,1,'31BC2350F1BEE625','La mia lista dei desideri',NULL,'2024-07-16 14:39:32','2024-07-16 14:39:32',1),(1233,12744,1,1,'A71151BBDA679316','My wishlist',NULL,'2024-07-17 03:00:20','2024-07-17 03:00:20',1),(1234,12752,1,1,'45C13D0171EA724A','My wishlist',NULL,'2024-07-17 21:48:51','2024-07-17 21:48:51',1),(1235,12692,1,1,'5A46CC347772547A','Meine Wunschliste',NULL,'2024-07-18 10:30:40','2024-07-18 10:30:40',1),(1236,12759,1,1,'D4824948CE1598A8','Meine Wunschliste',NULL,'2024-07-18 16:17:07','2024-07-18 16:17:07',1),(1237,12757,1,1,'DCE026D32F68F443','My wishlist',NULL,'2024-07-18 23:07:22','2024-07-18 23:07:22',1),(1238,12770,1,1,'2A47E62C3FAD71CC','Meine Wunschliste',NULL,'2024-07-19 07:56:42','2024-07-19 07:56:42',1),(1239,12782,1,1,'D56A3960EAC27100','My wishlist',NULL,'2024-07-20 16:42:31','2024-07-20 16:42:31',1),(1240,12795,1,1,'BC20846C9508531D','Meine Wunschliste',NULL,'2024-07-21 21:51:59','2024-07-21 21:51:59',1),(1241,12833,1,1,'5893A59EA2CC4D2A','Ma liste d\'envies',NULL,'2024-07-24 17:08:27','2024-07-24 17:08:27',1),(1242,12856,1,1,'C70EC561C8798DFF','Meine Wunschliste',NULL,'2024-07-27 13:09:36','2024-07-27 13:09:36',1),(1243,12860,1,1,'A480D8C8C6DC8706','My wishlist',NULL,'2024-07-27 13:54:10','2024-07-27 13:54:10',1),(1244,4748,1,1,'4B65025AD571C95F','Meine Wunschliste',NULL,'2024-07-29 12:21:16','2024-07-29 12:21:16',1),(1245,12024,1,1,'AC2DCEED21B54CEB','Meine Wunschliste',NULL,'2024-07-29 22:16:58','2024-07-29 22:16:58',1),(1246,12877,1,1,'E1ACF83E144D08D1','My wishlist',NULL,'2024-07-31 14:27:02','2024-07-31 14:27:02',1),(1247,12894,1,1,'1AF31DB267DCB1F0','Meine Wunschliste',NULL,'2024-08-02 11:49:18','2024-08-02 11:49:18',1),(1248,12915,1,1,'155B729213101327','Meine Wunschliste',NULL,'2024-08-04 15:41:41','2024-08-04 15:41:41',1),(1249,12941,1,1,'72B0BCEC0F94D121','My wishlist',NULL,'2024-08-06 13:20:08','2024-08-06 13:20:08',1),(1250,12940,1,1,'A933580B1D405160','Meine Wunschliste',NULL,'2024-08-06 17:02:50','2024-08-06 17:02:50',1),(1251,12946,1,1,'49FBFE79D65CAD64','Meine Wunschliste',NULL,'2024-08-06 19:12:29','2024-08-06 19:12:29',1),(1252,12965,1,1,'FF2C9710568AEF2C','My wishlist',NULL,'2024-08-07 15:04:21','2024-08-07 15:04:21',1),(1253,12968,1,1,'9F7DDB6245D6088D','Ma liste d\'envies',NULL,'2024-08-07 22:11:13','2024-08-07 22:11:13',1),(1254,12970,1,1,'4B4BB9F6E40069A8','La mia lista dei desideri',NULL,'2024-08-08 03:55:32','2024-08-08 03:55:32',1),(1255,12972,1,1,'7EDE3B3A7FDDFDEF','My wishlist',NULL,'2024-08-08 11:38:24','2024-08-08 11:38:24',1),(1256,4517,1,1,'5EC8A36327BCB2B2','Meine Wunschliste',NULL,'2024-08-08 11:47:16','2024-08-08 11:47:16',1),(1257,12975,1,1,'A46C9A981FD95A05','Meine Wunschliste',NULL,'2024-08-09 06:09:52','2024-08-09 06:09:52',1),(1258,12984,1,1,'5D46DC8C93CCC635','Meine Wunschliste',NULL,'2024-08-10 13:23:07','2024-08-10 13:23:07',1),(1259,12991,1,1,'E1A7B9347F510DA7','Ma liste d\'envies',NULL,'2024-08-10 22:54:39','2024-08-10 22:54:39',1),(1260,13000,1,1,'91BFDBD03B370958','Meine Wunschliste',NULL,'2024-08-11 20:15:04','2024-08-11 20:15:04',1),(1261,13020,1,1,'93067726B397B82A','Ma liste d\'envies',NULL,'2024-08-13 10:19:22','2024-08-13 10:19:22',1),(1262,13025,1,1,'70F649A59DD3B87B','My wishlist',NULL,'2024-08-13 14:13:06','2024-08-13 14:13:06',1),(1263,13047,1,1,'8681C8E41AD9B096','My wishlist',NULL,'2024-08-14 19:58:22','2024-08-14 19:58:22',1),(1264,13050,1,1,'FD7B25B1A168EE35','Ma liste d\'envies',NULL,'2024-08-14 21:02:56','2024-08-14 21:02:56',1),(1265,13066,1,1,'9B0E5271E20245B5','Ma liste d\'envies',NULL,'2024-08-16 16:56:32','2024-08-16 16:56:32',1),(1266,13072,1,1,'BA7A492C140468ED','Meine Wunschliste',NULL,'2024-08-17 16:54:04','2024-08-17 16:54:04',1),(1267,13073,1,1,'88406B23A40CB7B5','My wishlist',NULL,'2024-08-17 17:10:50','2024-08-17 17:10:50',1),(1268,13075,1,1,'975031003190BFFD','My wishlist',NULL,'2024-08-18 13:52:06','2024-08-18 13:52:06',1),(1269,13077,1,1,'8A30C9749E0C0565','Meine Wunschliste',NULL,'2024-08-18 18:53:33','2024-08-18 18:53:33',1),(1270,8206,1,1,'428A19B30DFD5194','Meine Wunschliste',NULL,'2024-08-18 21:07:07','2024-08-18 21:07:07',1),(1271,13082,1,1,'E128BE5FE5CDDB41','My wishlist',NULL,'2024-08-19 07:41:29','2024-08-19 07:41:29',1),(1272,13083,1,1,'5CCCA324C421E2D2','Meine Wunschliste',NULL,'2024-08-19 08:28:02','2024-08-19 08:28:02',1),(1273,13084,1,1,'90FFB13AD403CC95','My wishlist',NULL,'2024-08-19 09:46:01','2024-08-19 09:46:01',1),(1274,13086,1,1,'BA67A91997D6B782','Ma liste d\'envies',NULL,'2024-08-19 19:01:26','2024-08-19 19:01:26',1),(1275,13088,1,1,'0183F18490E21EB8','My wishlist',NULL,'2024-08-19 23:16:51','2024-08-19 23:16:51',1),(1276,13095,1,1,'60043D269D5F2798','Meine Wunschliste',NULL,'2024-08-20 15:25:22','2024-08-20 15:25:22',1),(1277,13105,1,1,'84F4DC375BE6A93F','La mia lista dei desideri',NULL,'2024-08-21 13:41:45','2024-08-21 13:41:45',1),(1278,13106,1,1,'86CB461FAFD07804','Ma liste d\'envies',NULL,'2024-08-21 19:11:55','2024-08-21 19:11:55',1),(1279,13110,1,1,'133FACE646B715E4','My wishlist',NULL,'2024-08-22 11:43:25','2024-08-22 11:43:25',1),(1280,13113,1,1,'584832D5A719C061','Meine Wunschliste',NULL,'2024-08-22 19:37:44','2024-08-22 19:37:44',1),(1281,13114,1,1,'0C4D1B7C1835B2BB','Meine Wunschliste',NULL,'2024-08-22 19:52:25','2024-08-22 19:52:25',1),(1282,13120,1,1,'2700AE4EB29C5B14','Ma liste d\'envies',NULL,'2024-08-23 17:47:39','2024-08-23 17:47:39',1),(1283,13123,1,1,'70ED9E680A5013B6','Meine Wunschliste',NULL,'2024-08-24 15:43:27','2024-08-24 15:43:27',1),(1284,13135,1,1,'6E12795C4BF9C966','My wishlist',NULL,'2024-08-26 13:57:50','2024-08-26 13:57:50',1),(1285,4860,1,1,'0606E0EEA5C32EFF','My wishlist',NULL,'2024-08-26 19:39:13','2024-08-26 19:39:13',1),(1286,13144,1,1,'DB3AFE5F51F4516E','Ma liste d\'envies',NULL,'2024-08-27 15:10:08','2024-08-27 15:10:08',1),(1287,13145,1,1,'C906F1B0958946F8','La mia lista dei desideri',NULL,'2024-08-27 17:40:37','2024-08-27 17:40:37',1),(1288,13151,1,1,'47DE7D453DDE8884','Meine Wunschliste',NULL,'2024-08-28 21:46:14','2024-08-28 21:46:14',1),(1289,13152,1,1,'B8F74F770EDE319F','Meine Wunschliste',NULL,'2024-08-29 04:43:55','2024-08-29 04:43:55',1),(1290,13155,1,1,'7029461149420013','Meine Wunschliste',NULL,'2024-08-29 17:01:41','2024-08-29 17:01:41',1),(1291,13158,1,1,'039485ABF42E26C5','Meine Wunschliste',NULL,'2024-08-29 18:33:14','2024-08-29 18:33:14',1),(1292,13157,1,1,'15C52A72BA33F634','Ma liste d\'envies',NULL,'2024-08-29 18:34:20','2024-08-29 18:34:20',1),(1293,13159,1,1,'D13C463A98DFB414','My wishlist',NULL,'2024-08-29 20:58:58','2024-08-29 20:58:58',1),(1294,13160,1,1,'376368307D67B083','Ma liste d\'envies',NULL,'2024-08-29 21:38:22','2024-08-29 21:38:22',1),(1295,13119,1,1,'E4AF379C02BDC62D','Ma liste d\'envies',NULL,'2024-08-31 10:56:49','2024-08-31 10:56:49',1),(1296,13166,1,1,'33B7B1022F8E7516','Meine Wunschliste',NULL,'2024-08-31 15:35:12','2024-08-31 15:35:12',1),(1297,13167,1,1,'82C29B911369F794','Meine Wunschliste',NULL,'2024-08-31 19:50:51','2024-08-31 19:50:51',1),(1298,13171,1,1,'99DF9A9C50091A09','My wishlist',NULL,'2024-09-01 12:48:59','2024-09-01 12:48:59',1),(1299,13176,1,1,'99E63CED146A76D8','Meine Wunschliste',NULL,'2024-09-02 08:33:02','2024-09-02 08:33:02',1),(1300,13177,1,1,'0A71CD5077FBF9FD','La mia lista dei desideri',NULL,'2024-09-02 09:56:36','2024-09-02 09:56:36',1),(1301,13178,1,1,'D92351E642940CA4','Ma liste d\'envies',NULL,'2024-09-02 10:44:28','2024-09-02 10:44:28',1),(1302,13179,1,1,'A8E7DFF295498C5B','La mia lista dei desideri',NULL,'2024-09-02 14:29:36','2024-09-02 14:29:36',1),(1303,13118,1,1,'16F6530F821FB987','Ma liste d\'envies',NULL,'2024-09-02 22:08:27','2024-09-02 22:08:27',1),(1304,13183,1,1,'9B33F8F175692482','Meine Wunschliste',NULL,'2024-09-03 13:54:29','2024-09-03 13:54:29',1),(1305,13184,1,1,'BCD0E845ADE354CE','Meine Wunschliste',NULL,'2024-09-03 14:11:39','2024-09-03 14:11:39',1),(1306,3168,1,1,'03AFBABF2301E69D','Meine Wunschliste',NULL,'2024-09-03 19:16:29','2024-09-03 19:16:29',1),(1307,13185,1,1,'DCAB56B787A2B8B1','Meine Wunschliste',NULL,'2024-09-04 08:26:43','2024-09-04 08:26:43',1),(1308,7688,1,1,'9D738FB3D679F8AC','Ma liste d\'envies',NULL,'2024-09-04 09:15:16','2024-09-04 09:15:16',1),(1309,13195,1,1,'BF3778094B1C21E5','Ma liste d\'envies',NULL,'2024-09-06 11:49:07','2024-09-06 11:49:07',1),(1310,13206,1,1,'A6515926DE24CF50','My wishlist',NULL,'2024-09-09 11:15:05','2024-09-09 11:15:05',1),(1311,13210,1,1,'9CBEDBECD547E2D4','Ma liste d\'envies',NULL,'2024-09-09 18:01:58','2024-09-09 18:01:58',1),(1312,13211,1,1,'B199891990C3AC29','Meine Wunschliste',NULL,'2024-09-09 19:54:40','2024-09-09 19:54:40',1),(1313,13212,1,1,'E1F6F23EB63B70CD','La mia lista dei desideri',NULL,'2024-09-09 22:29:22','2024-09-09 22:29:22',1),(1314,1108,1,1,'B5064B59CF4784A8','Meine Wunschliste',NULL,'2024-09-10 16:19:13','2024-09-10 16:19:13',1),(1315,13216,1,1,'3B2ABEFCF283355A','My wishlist',NULL,'2024-09-11 08:12:00','2024-09-11 08:12:00',1),(1316,13217,1,1,'A6D066233E1B2D36','Meine Wunschliste',NULL,'2024-09-11 08:20:05','2024-09-11 08:20:05',1),(1317,13218,1,1,'F50D4E2B3F7C184C','Meine Wunschliste',NULL,'2024-09-11 08:30:38','2024-09-11 08:30:38',1),(1318,3641,1,1,'509DD9C95055B736','Meine Wunschliste',NULL,'2024-09-11 09:13:15','2024-09-11 09:13:15',1),(1319,13219,1,1,'79C5D635CA9D6999','My wishlist',NULL,'2024-09-11 09:43:03','2024-09-11 09:43:03',1),(1320,13220,1,1,'AD2A9818BEC67D5A','Meine Wunschliste',NULL,'2024-09-11 15:07:50','2024-09-11 15:07:50',1),(1321,13221,1,1,'0590586978F3C8B6','Meine Wunschliste',NULL,'2024-09-11 16:58:23','2024-09-11 16:58:23',1),(1322,13222,1,1,'DD163A847461FBB8','My wishlist',NULL,'2024-09-11 21:23:05','2024-09-11 21:23:05',1),(1323,13223,1,1,'14E75AD3FECBBFDB','My wishlist',NULL,'2024-09-11 22:37:30','2024-09-11 22:37:30',1),(1324,13224,1,1,'2AA5171F6580E070','My wishlist',NULL,'2024-09-12 03:33:33','2024-09-12 03:33:33',1),(1325,13225,1,1,'3407B6A2E68085F0','Meine Wunschliste',NULL,'2024-09-12 11:22:46','2024-09-12 11:22:46',1),(1326,13226,1,1,'DE411EAD739AACF7','Meine Wunschliste',NULL,'2024-09-12 17:09:36','2024-09-12 17:09:36',1),(1327,13232,1,1,'E9A99F23044F09B5','Ma liste d\'envies',NULL,'2024-09-13 15:52:47','2024-09-13 15:52:47',1),(1328,13235,1,1,'B7FF0CDE231A4C34','Meine Wunschliste',NULL,'2024-09-14 20:58:45','2024-09-14 20:58:45',1),(1329,13237,1,1,'A83053FED9DB49E4','Meine Wunschliste',NULL,'2024-09-16 16:46:57','2024-09-16 16:46:57',1),(1330,13238,1,1,'D06A1C6A3ED0105F','My wishlist',NULL,'2024-09-16 23:05:15','2024-09-16 23:05:15',1),(1331,13239,1,1,'A7FA3379C974E47E','Meine Wunschliste',NULL,'2024-09-17 07:03:44','2024-09-17 07:03:44',1),(1332,13240,1,1,'2ABE1FFD38B5A1AD','Ma liste d\'envies',NULL,'2024-09-17 10:15:50','2024-09-17 10:15:50',1),(1333,13241,1,1,'C439D3F4645A269B','Meine Wunschliste',NULL,'2024-09-17 11:55:27','2024-09-17 11:55:27',1),(1334,13242,1,1,'17AB6C810B538B1C','Meine Wunschliste',NULL,'2024-09-18 09:01:30','2024-09-18 09:01:30',1),(1335,13244,1,1,'DE4928BEF70C0A3A','Ma liste d\'envies',NULL,'2024-09-18 13:17:53','2024-09-18 13:17:53',1),(1336,13246,1,1,'110B27C4979B2D3D','Meine Wunschliste',NULL,'2024-09-18 18:16:01','2024-09-18 18:16:01',1),(1337,13247,1,1,'84EBE4501B2D32B6','Ma liste d\'envies',NULL,'2024-09-18 20:23:44','2024-09-18 20:23:44',1),(1338,13253,1,1,'62B6CE815B039C23','Meine Wunschliste',NULL,'2024-09-19 22:52:24','2024-09-19 22:52:24',1),(1339,13254,1,1,'709CBFAFF6820B64','Meine Wunschliste',NULL,'2024-09-20 11:32:38','2024-09-20 11:32:38',1),(1340,13256,1,1,'C001EA87735E1FE5','Meine Wunschliste',NULL,'2024-09-20 12:21:37','2024-09-20 12:21:37',1),(1341,13257,1,1,'01A8E06178A07D83','Meine Wunschliste',NULL,'2024-09-20 20:27:37','2024-09-20 20:27:37',1),(1342,13259,1,1,'3EF094C8A3C0AC9C','Meine Wunschliste',NULL,'2024-09-21 21:47:02','2024-09-21 21:47:02',1),(1343,13261,1,1,'6B4AB7F4A3B9C738','Meine Wunschliste',NULL,'2024-09-22 19:50:53','2024-09-22 19:50:53',1),(1344,13262,1,1,'47809AC3B3354283','My wishlist',NULL,'2024-09-22 22:07:00','2024-09-22 22:07:00',1),(1345,2139,1,1,'56ED7AD9AAB719AE','Meine Wunschliste',NULL,'2024-09-23 14:23:39','2024-09-23 14:23:39',1),(1346,13264,1,1,'A217A1FCD5D64E03','My wishlist',NULL,'2024-09-23 14:54:59','2024-09-23 14:54:59',1),(1347,8220,1,1,'BE6C019C8AF8DF2B','Meine Wunschliste',NULL,'2024-09-23 19:00:24','2024-09-23 19:00:24',1),(1348,13267,1,1,'C19A37455ABEE59B','Meine Wunschliste',NULL,'2024-09-24 17:37:20','2024-09-24 17:37:20',1),(1349,13268,1,1,'65BEE4840C0185B2','Meine Wunschliste',NULL,'2024-09-24 20:30:50','2024-09-24 20:30:50',1),(1350,13271,1,1,'F1C53F88978C73EB','Meine Wunschliste',NULL,'2024-09-26 05:00:41','2024-09-26 05:00:41',1),(1351,13273,1,1,'AC4C65433B8A83D6','Ma liste d\'envies',NULL,'2024-09-27 09:46:38','2024-09-27 09:46:38',1),(1352,13278,1,1,'6E67CE000EF75180','Meine Wunschliste',NULL,'2024-09-29 11:39:24','2024-09-29 11:39:24',1),(1353,13283,1,1,'21DF3F781D3169EF','Ma liste d\'envies',NULL,'2024-09-30 22:08:06','2024-09-30 22:08:06',1),(1354,3479,1,1,'1344908BF1878B27','Ma liste d\'envies',NULL,'2024-10-01 11:45:52','2024-10-01 11:45:52',1),(1355,13284,1,1,'A1417AD9000B2B84','My wishlist',NULL,'2024-10-01 19:39:16','2024-10-01 19:39:16',1),(1356,13285,1,1,'261D0ECFF77B6FAE','My wishlist',NULL,'2024-10-01 22:17:28','2024-10-01 22:17:28',1),(1357,13287,1,1,'F5A09F52040D9CBA','Meine Wunschliste',NULL,'2024-10-02 08:15:11','2024-10-02 08:15:11',1),(1358,13288,1,1,'40825E14552A651E','Meine Wunschliste',NULL,'2024-10-02 14:29:27','2024-10-02 14:29:27',1),(1359,3878,1,1,'7F1F121563DD9469','Ma liste d\'envies',NULL,'2024-10-02 21:59:45','2024-10-02 21:59:45',1),(1360,13292,1,1,'D18326CEDAC6BCE8','Meine Wunschliste',NULL,'2024-10-03 10:38:10','2024-10-03 10:38:10',1),(1361,13298,1,1,'926A76DFC0D6606F','My wishlist',NULL,'2024-10-05 16:50:39','2024-10-05 16:50:39',1),(1362,13300,1,1,'4E95EE83410B5270','Meine Wunschliste',NULL,'2024-10-05 17:24:07','2024-10-05 17:24:07',1),(1363,13301,1,1,'B49AE97AE4D9C3D3','My wishlist',NULL,'2024-10-05 18:30:11','2024-10-05 18:30:11',1),(1364,13302,1,1,'EAD206AA600E7C94','La mia lista dei desideri',NULL,'2024-10-05 23:16:39','2024-10-05 23:16:39',1),(1365,13305,1,1,'3660C78697901A2D','Ma liste d\'envies',NULL,'2024-10-07 08:56:12','2024-10-07 08:56:12',1),(1366,13306,1,1,'49ADA53DFEFEAF66','Meine Wunschliste',NULL,'2024-10-08 07:08:11','2024-10-08 07:08:11',1),(1367,13307,1,1,'0079CF268A0CED2F','Ma liste d\'envies',NULL,'2024-10-08 07:15:20','2024-10-08 07:15:20',1),(1368,13310,1,1,'24B38222D64D286B','Meine Wunschliste',NULL,'2024-10-08 19:25:25','2024-10-08 19:25:25',1),(1369,13312,1,1,'F84FE565965765BC','Meine Wunschliste',NULL,'2024-10-09 18:37:47','2024-10-09 18:37:47',1),(1370,13316,1,1,'7DAAC48445E8A3A0','Meine Wunschliste',NULL,'2024-10-10 07:56:08','2024-10-10 07:56:08',1),(1371,13319,1,1,'9A8F60EC102EA8C8','Meine Wunschliste',NULL,'2024-10-10 20:26:22','2024-10-10 20:26:22',1),(1372,13318,1,1,'87B52CE91E4045D1','La mia lista dei desideri',NULL,'2024-10-10 20:39:43','2024-10-10 20:39:43',1),(1373,13320,1,1,'9D0D8C9A20397455','Ma liste d\'envies',NULL,'2024-10-10 21:35:14','2024-10-10 21:35:14',1),(1374,13322,1,1,'64F4CD52FE241780','La mia lista dei desideri',NULL,'2024-10-11 09:48:28','2024-10-11 09:48:28',1),(1375,13324,1,1,'3BBE5EA33DAFAA63','My wishlist',NULL,'2024-10-12 19:18:09','2024-10-12 19:18:09',1),(1376,13325,1,1,'6F764E1D440EE129','Meine Wunschliste',NULL,'2024-10-12 22:10:20','2024-10-12 22:10:20',1),(1377,13255,1,1,'3CB003375E8FF2A7','Meine Wunschliste',NULL,'2024-10-14 03:23:33','2024-10-14 03:23:33',1),(1378,13327,1,1,'5A8555DC6D51F831','Meine Wunschliste',NULL,'2024-10-14 07:13:53','2024-10-14 07:13:53',1),(1379,13328,1,1,'5D6142F221EC0BAD','My wishlist',NULL,'2024-10-14 17:40:01','2024-10-14 17:40:01',1),(1380,13329,1,1,'E91B507E809313AD','Meine Wunschliste',NULL,'2024-10-14 21:58:24','2024-10-14 21:58:24',1),(1381,13330,1,1,'45C536B795B10CEE','La mia lista dei desideri',NULL,'2024-10-15 17:06:29','2024-10-15 17:06:29',1),(1382,13331,1,1,'D9F07D4564B95E6E','My wishlist',NULL,'2024-10-16 08:39:10','2024-10-16 08:39:10',1),(1383,4315,1,1,'E20F7E6B48B09315','Meine Wunschliste',NULL,'2024-10-16 11:13:56','2024-10-16 11:13:56',1),(1384,5772,1,1,'B9A3E5BB0A3279CE','Ma liste d\'envies',NULL,'2024-10-16 13:14:08','2024-10-16 13:14:08',1),(1385,13333,1,1,'80B84A1FDEAE53C7','Meine Wunschliste',NULL,'2024-10-16 13:42:57','2024-10-16 13:42:57',1),(1386,13334,1,1,'2ED9B165D883BDDF','Meine Wunschliste',NULL,'2024-10-16 15:11:57','2024-10-16 15:11:57',1),(1387,13335,1,1,'9010D639027328DA','My wishlist',NULL,'2024-10-16 19:26:02','2024-10-16 19:26:02',1),(1388,13338,1,1,'D2B3618825648010','Meine Wunschliste',NULL,'2024-10-17 09:34:26','2024-10-17 09:34:26',1),(1389,13339,1,1,'C88D3EE34571C349','My wishlist',NULL,'2024-10-17 09:42:37','2024-10-17 09:42:37',1),(1390,13342,1,1,'44587531068C205F','My wishlist',NULL,'2024-10-17 17:31:56','2024-10-17 17:31:56',1),(1391,13343,1,1,'C49D6CFC5C834A9F','Meine Wunschliste',NULL,'2024-10-17 19:49:18','2024-10-17 19:49:18',1),(1392,13345,1,1,'6774920E982860F9','Meine Wunschliste',NULL,'2024-10-18 08:32:43','2024-10-18 08:32:43',1),(1393,13347,1,1,'413EE14BCDA72B66','La mia lista dei desideri',NULL,'2024-10-18 19:55:51','2024-10-18 19:55:51',1),(1394,13348,1,1,'91BBFEA343D3C46D','La mia lista dei desideri',NULL,'2024-10-18 20:01:03','2024-10-18 20:01:03',1),(1395,13351,1,1,'D091275ADCB7123F','Meine Wunschliste',NULL,'2024-10-19 13:46:25','2024-10-19 13:46:25',1),(1396,13353,1,1,'6F69046F575452DC','Meine Wunschliste',NULL,'2024-10-19 18:00:40','2024-10-19 18:00:40',1),(1397,13355,1,1,'F43D8CFD67C3AF12','My wishlist',NULL,'2024-10-20 12:06:23','2024-10-20 12:06:23',1),(1398,13356,1,1,'5620A1F942D0CAEF','Meine Wunschliste',NULL,'2024-10-20 14:24:49','2024-10-20 14:24:49',1),(1399,13357,1,1,'AFB673E6AE0A1CD5','Meine Wunschliste',NULL,'2024-10-20 15:07:19','2024-10-20 15:07:19',1),(1400,13360,1,1,'CAEA555DDFD2C2EA','Meine Wunschliste',NULL,'2024-10-20 21:35:52','2024-10-20 21:35:52',1),(1401,13361,1,1,'A3C7D67F7309CD5C','My wishlist',NULL,'2024-10-20 23:16:29','2024-10-20 23:16:29',1),(1402,13365,1,1,'E9F61C435EACD154','My wishlist',NULL,'2024-10-21 15:45:43','2024-10-21 15:45:43',1),(1403,13367,1,1,'ACF9B8C6A41B651B','Meine Wunschliste',NULL,'2024-10-21 18:49:55','2024-10-21 18:49:55',1),(1404,13370,1,1,'CDFA5AF2C46FBC46','Meine Wunschliste',NULL,'2024-10-21 19:49:08','2024-10-21 19:49:08',1),(1405,13372,1,1,'197B7375620B8C40','My wishlist',NULL,'2024-10-22 07:55:05','2024-10-22 07:55:05',1),(1406,13373,1,1,'437209F726EC2329','Meine Wunschliste',NULL,'2024-10-22 12:40:56','2024-10-22 12:40:56',1),(1407,13375,1,1,'FA7DC9601DD7808C','My wishlist',NULL,'2024-10-23 11:28:33','2024-10-23 11:28:33',1),(1408,13376,1,1,'6B6F9C0EBDD7BCC9','Meine Wunschliste',NULL,'2024-10-23 13:46:19','2024-10-23 13:46:19',1),(1409,13377,1,1,'F406E6B01F70F8D9','Meine Wunschliste',NULL,'2024-10-23 13:51:19','2024-10-23 13:51:19',1),(1410,13379,1,1,'9136AD31BC6C97D0','La mia lista dei desideri',NULL,'2024-10-23 19:50:16','2024-10-23 19:50:16',1),(1411,13380,1,1,'7C8C44EBF3331CF4','My wishlist',NULL,'2024-10-23 22:15:49','2024-10-23 22:15:49',1),(1412,13374,1,1,'451A735B9CD8C4DC','Meine Wunschliste',NULL,'2024-10-24 08:04:42','2024-10-24 08:04:42',1),(1413,13384,1,1,'BE911AA9FB298B5B','My wishlist',NULL,'2024-10-24 19:28:46','2024-10-24 19:28:46',1),(1414,13387,1,1,'6DE1F01E4AAD2191','My wishlist',NULL,'2024-10-25 17:42:30','2024-10-25 17:42:30',1),(1415,13388,1,1,'69ED0EE2EA0CA225','Meine Wunschliste',NULL,'2024-10-25 18:31:34','2024-10-25 18:31:34',1),(1416,13390,1,1,'2E4860C7F2934401','Meine Wunschliste',NULL,'2024-10-26 22:35:36','2024-10-26 22:35:36',1),(1417,13392,1,1,'D4A242F011DAF32B','Meine Wunschliste',NULL,'2024-10-27 20:56:37','2024-10-27 20:56:37',1),(1418,13395,1,1,'EF08488C440C76EC','My wishlist',NULL,'2024-10-28 15:02:39','2024-10-28 15:02:39',1),(1419,13397,1,1,'6430CC41FFC57951','Ma liste d\'envies',NULL,'2024-10-29 12:13:26','2024-10-29 12:13:26',1),(1420,13399,1,1,'DBE85D0D7EB1AE19','My wishlist',NULL,'2024-10-29 16:07:41','2024-10-29 16:07:41',1),(1421,13403,1,1,'09A989D245030A28','Meine Wunschliste',NULL,'2024-10-30 13:47:00','2024-10-30 13:47:00',1),(1422,13408,1,1,'F9125E08B3017A53','La mia lista dei desideri',NULL,'2024-10-31 17:34:58','2024-10-31 17:34:58',1),(1423,13411,1,1,'1A1C9D3090B67DE0','La mia lista dei desideri',NULL,'2024-11-01 19:29:38','2024-11-01 19:29:38',1),(1424,13412,1,1,'F256D1E818F008B7','Ma liste d\'envies',NULL,'2024-11-01 20:15:26','2024-11-01 20:15:26',1),(1425,13415,1,1,'AD92032AACFBFBC1','Meine Wunschliste',NULL,'2024-11-02 16:33:23','2024-11-02 16:33:23',1),(1426,13417,1,1,'496F7C7105B50065','Meine Wunschliste',NULL,'2024-11-02 17:56:37','2024-11-02 17:56:37',1),(1427,13418,1,1,'D736D049E0952EE5','Meine Wunschliste',NULL,'2024-11-02 18:58:13','2024-11-02 18:58:13',1),(1428,13419,1,1,'A2ACA33C9868424E','Meine Wunschliste',NULL,'2024-11-03 13:48:44','2024-11-03 13:48:44',1),(1429,13420,1,1,'A91F23D2B1F6563F','Ma liste d\'envies',NULL,'2024-11-03 18:10:55','2024-11-03 18:10:55',1),(1430,13421,1,1,'57FCA45522A88C3D','Meine Wunschliste',NULL,'2024-11-04 12:49:14','2024-11-04 12:49:14',1),(1431,13443,1,1,'2F7A5D04B4E9AF9D','La mia lista dei desideri',NULL,'2024-11-06 10:35:22','2024-11-06 10:35:22',1),(1432,13458,1,1,'38995A6A6CCFBB69','My wishlist',NULL,'2024-11-06 21:13:03','2024-11-06 21:13:03',1),(1433,13460,1,1,'700239AED841ACD6','Meine Wunschliste',NULL,'2024-11-06 22:24:20','2024-11-06 22:24:20',1),(1434,13456,1,1,'CC67813F43FD91B8','Ma liste d\'envies',NULL,'2024-11-07 10:53:04','2024-11-07 10:53:04',1),(1435,13469,1,1,'F9B70331E6FC101C','Meine Wunschliste',NULL,'2024-11-07 12:39:13','2024-11-07 12:39:13',1),(1436,13475,1,1,'07F3C124466E6AC9','La mia lista dei desideri',NULL,'2024-11-07 13:57:46','2024-11-07 13:57:46',1),(1437,13489,1,1,'68B59EC013D1369D','Meine Wunschliste',NULL,'2024-11-08 20:58:38','2024-11-08 20:58:38',1),(1438,13498,1,1,'7DC1D5903DCEE644','Meine Wunschliste',NULL,'2024-11-09 20:48:45','2024-11-09 20:48:45',1),(1439,13501,1,1,'E032A51BA0C10F1F','La mia lista dei desideri',NULL,'2024-11-10 11:40:21','2024-11-10 11:40:21',1),(1440,1446,1,1,'F860ACD7ED0B7E10','Meine Wunschliste',NULL,'2024-11-10 12:12:53','2024-11-10 12:12:53',1),(1441,13512,1,1,'07A5FF28AE2274B2','La mia lista dei desideri',NULL,'2024-11-11 14:37:18','2024-11-11 14:37:18',1),(1442,5528,1,1,'497F73D337C54A2F','My wishlist',NULL,'2024-11-11 17:02:51','2024-11-11 17:02:51',1),(1443,13513,1,1,'770E8711C227E3B5','My wishlist',NULL,'2024-11-11 17:20:48','2024-11-11 17:20:48',1),(1444,13514,1,1,'CE12BA6E948BC4C7','Meine Wunschliste',NULL,'2024-11-11 19:09:53','2024-11-11 19:09:53',1),(1445,13515,1,1,'B61DB9A7B8404BA8','La mia lista dei desideri',NULL,'2024-11-11 19:15:05','2024-11-11 19:15:05',1),(1446,13516,1,1,'81966499BFD98189','Ma liste d\'envies',NULL,'2024-11-11 19:52:29','2024-11-11 19:52:29',1),(1447,13538,1,1,'BBCCE210F70FC1BB','Meine Wunschliste',NULL,'2024-11-13 13:55:03','2024-11-13 13:55:03',1),(1448,13542,1,1,'6040ECC4394CED5D','Meine Wunschliste',NULL,'2024-11-13 16:59:53','2024-11-13 16:59:53',1),(1449,13545,1,1,'8FD1280A9FCA848B','My wishlist',NULL,'2024-11-13 18:40:32','2024-11-13 18:40:32',1),(1450,13561,1,1,'1F0FC2FF82F009F2','Meine Wunschliste',NULL,'2024-11-15 12:45:50','2024-11-15 12:45:50',1),(1451,3309,1,1,'F16248F8BF0B1ED7','La mia lista dei desideri',NULL,'2024-11-15 14:30:51','2024-11-15 14:30:51',1),(1452,13571,1,1,'703ECBBE093848F9','Meine Wunschliste',NULL,'2024-11-15 19:40:40','2024-11-15 19:40:40',1),(1453,13572,1,1,'36AECFBEA827B942','Ma liste d\'envies',NULL,'2024-11-15 20:15:13','2024-11-15 20:15:13',1),(1454,13581,1,1,'C5BDD281D06B6EF8','My wishlist',NULL,'2024-11-16 12:13:24','2024-11-16 12:13:24',1),(1455,13583,1,1,'BF0CDB54F1FB4452','My wishlist',NULL,'2024-11-16 14:56:23','2024-11-16 14:56:23',1),(1456,13585,1,1,'246E78D644145140','My wishlist',NULL,'2024-11-16 22:00:24','2024-11-16 22:00:24',1),(1457,13590,1,1,'D9A7860EBB0F170B','Meine Wunschliste',NULL,'2024-11-17 15:19:31','2024-11-17 15:19:31',1),(1458,6713,1,1,'F2151D90F6668B3D','My wishlist',NULL,'2024-11-18 15:20:45','2024-11-18 15:20:45',1),(1459,13600,1,1,'502F9A586FD92A9F','Meine Wunschliste',NULL,'2024-11-18 16:01:31','2024-11-18 16:01:31',1),(1460,13606,1,1,'4F136800EF04E462','My wishlist',NULL,'2024-11-18 19:22:07','2024-11-18 19:22:07',1),(1461,13609,1,1,'8E7847023E55402C','Meine Wunschliste',NULL,'2024-11-18 21:51:10','2024-11-18 21:51:10',1),(1462,13610,1,1,'69A0CCC860432B19','La mia lista dei desideri',NULL,'2024-11-18 22:04:51','2024-11-18 22:04:51',1),(1463,13617,1,1,'6211CA9EF49BDFA2','Meine Wunschliste',NULL,'2024-11-19 08:51:55','2024-11-19 08:51:55',1),(1464,13640,1,1,'A5103AEE496C4D61','Meine Wunschliste',NULL,'2024-11-20 06:13:48','2024-11-20 06:13:48',1),(1465,13653,1,1,'ECFA436CD6DA8923','My wishlist',NULL,'2024-11-20 19:00:54','2024-11-20 19:00:54',1),(1466,13657,1,1,'B4B37AA73B209886','La mia lista dei desideri',NULL,'2024-11-20 21:57:28','2024-11-20 21:57:28',1),(1467,13659,1,1,'0E8E8333426CD3BE','La mia lista dei desideri',NULL,'2024-11-20 22:33:55','2024-11-20 22:33:55',1),(1468,13674,1,1,'DB337469DCE6B420','My wishlist',NULL,'2024-11-21 13:24:33','2024-11-21 13:24:33',1),(1469,13659,1,1,'567719AE5A6671BF','Salvamento ',NULL,'2024-11-21 17:36:44','2024-11-21 17:36:44',0),(1470,13685,1,1,'7B655214BC91482C','Meine Wunschliste',NULL,'2024-11-21 19:42:14','2024-11-21 19:42:14',1),(1471,13686,1,1,'664CFF1AF6C2D43E','Meine Wunschliste',NULL,'2024-11-21 21:16:37','2024-11-21 21:16:37',1),(1472,13689,1,1,'678DAE48AE744E50','Meine Wunschliste',NULL,'2024-11-22 20:36:32','2024-11-22 20:36:32',1),(1473,13690,1,1,'3D0B1AAC2520A163','My wishlist',NULL,'2024-11-23 01:45:11','2024-11-23 01:45:11',1),(1474,6445,1,1,'19741E7C3B45CA30','Meine Wunschliste',NULL,'2024-11-23 11:14:09','2024-11-23 11:14:09',1),(1475,13707,1,1,'20FCF02DD451CA57','Meine Wunschliste',NULL,'2024-11-24 12:16:25','2024-11-24 12:16:25',1),(1476,6092,1,1,'2EDEC4F93074E326','Meine Wunschliste',NULL,'2024-11-24 16:22:46','2024-11-24 16:22:46',1),(1477,13713,1,1,'A9E474C79ABF1440','Meine Wunschliste',NULL,'2024-11-24 20:32:42','2024-11-24 20:32:42',1),(1478,13722,1,1,'1694A26A99DFB42F','Meine Wunschliste',NULL,'2024-11-25 08:31:31','2024-11-25 08:31:31',1),(1479,13729,1,1,'44F74662D15CE29D','Meine Wunschliste',NULL,'2024-11-25 12:49:50','2024-11-25 12:49:50',1),(1480,13734,1,1,'3B818FC8AEF935A1','La mia lista dei desideri',NULL,'2024-11-25 16:27:26','2024-11-25 16:27:26',1),(1481,13735,1,1,'156B301497F35229','Meine Wunschliste',NULL,'2024-11-25 17:36:14','2024-11-25 17:36:14',1),(1482,13747,1,1,'F725A1829374A15E','My wishlist',NULL,'2024-11-26 08:13:02','2024-11-26 08:13:02',1),(1483,13753,1,1,'475997B4B67B6BF8','My wishlist',NULL,'2024-11-26 10:49:41','2024-11-26 10:49:41',1),(1484,13769,1,1,'ECBF36DED6E0973E','My wishlist',NULL,'2024-11-27 12:16:59','2024-11-27 12:16:59',1),(1485,7833,1,1,'5B3000A7E98B2C12','My wishlist',NULL,'2024-11-28 07:53:23','2024-11-28 07:53:23',1),(1486,13793,1,1,'651582B666270247','La mia lista dei desideri',NULL,'2024-11-28 21:54:16','2024-11-28 21:54:16',1),(1487,13794,1,1,'7CE8D808E6A98EA8','Ma liste d\'envies',NULL,'2024-11-28 22:00:57','2024-11-28 22:00:57',1),(1488,13795,1,1,'39731E18076E07F8','Meine Wunschliste',NULL,'2024-11-28 22:09:24','2024-11-28 22:09:24',1),(1489,13797,1,1,'D664A1F8AE6C9FCB','Meine Wunschliste',NULL,'2024-11-29 15:27:31','2024-11-29 15:27:31',1),(1490,13798,1,1,'B254EE220CEECDCF','Meine Wunschliste',NULL,'2024-11-29 18:52:40','2024-11-29 18:52:40',1),(1491,13800,1,1,'F624A79EDABB5204','Meine Wunschliste',NULL,'2024-11-29 21:53:08','2024-11-29 21:53:08',1),(1492,13787,1,1,'45949A87BAEFA4FF','Meine Wunschliste',NULL,'2024-11-30 08:34:49','2024-11-30 08:34:49',1),(1493,13802,1,1,'CBFFB3B89674B57D','Meine Wunschliste',NULL,'2024-11-30 12:44:59','2024-11-30 12:44:59',1),(1494,13803,1,1,'98A624907914A79E','Meine Wunschliste',NULL,'2024-12-01 10:07:49','2024-12-01 10:07:49',1),(1495,13804,1,1,'4F0D626D7E6AF7D5','My wishlist',NULL,'2024-12-01 12:50:39','2024-12-01 12:50:39',1),(1496,13809,1,1,'93C949A9A2E9B85E','My wishlist',NULL,'2024-12-01 18:19:58','2024-12-01 18:19:58',1),(1497,13808,1,1,'2C3CBCE39ED07924','My wishlist',NULL,'2024-12-01 20:46:48','2024-12-01 20:46:48',1),(1498,13812,1,1,'F400F6EB6770086E','Meine Wunschliste',NULL,'2024-12-01 22:26:14','2024-12-01 22:26:14',1),(1499,8048,1,1,'3B7ABDB774BC3699','Ma liste d\'envies',NULL,'2024-12-02 12:38:00','2024-12-02 12:38:00',1),(1500,13833,1,1,'2C838C2ECC53E952','Meine Wunschliste',NULL,'2024-12-03 22:32:19','2024-12-03 22:32:19',1),(1501,13834,1,1,'D2AE7A6A22F64A97','My wishlist',NULL,'2024-12-03 22:36:31','2024-12-03 22:36:31',1),(1502,13837,1,1,'3C6A48A635379E86','Meine Wunschliste',NULL,'2024-12-04 09:15:23','2024-12-04 09:15:23',1),(1503,13840,1,1,'BA7E80EE902E0BAE','Meine Wunschliste',NULL,'2024-12-04 14:55:25','2024-12-04 14:55:25',1),(1504,13846,1,1,'B33643179AF412EF','Ma liste d\'envies',NULL,'2024-12-05 12:59:51','2024-12-05 12:59:51',1),(1505,13847,1,1,'2BA5C9677B9D9AC8','Meine Wunschliste',NULL,'2024-12-05 15:36:32','2024-12-05 15:36:32',1),(1506,13849,1,1,'4A3DC6796363E8A6','La mia lista dei desideri',NULL,'2024-12-05 17:46:10','2024-12-05 17:46:10',1),(1507,13859,1,1,'C7857A0BD154F3B7','Meine Wunschliste',NULL,'2024-12-06 15:26:05','2024-12-06 15:26:05',1),(1508,13864,1,1,'F89021A806667B31','Ma liste d\'envies',NULL,'2024-12-06 20:14:27','2024-12-06 20:14:27',1),(1509,13865,1,1,'B64A904A14986B80','My wishlist',NULL,'2024-12-06 20:16:26','2024-12-06 20:16:26',1),(1510,13866,1,1,'050FED5F444868F0','My wishlist',NULL,'2024-12-07 05:16:15','2024-12-07 05:16:15',1),(1511,5962,1,1,'94E98A89BE512050','Meine Wunschliste',NULL,'2024-12-07 14:11:37','2024-12-07 14:11:37',1),(1512,13870,1,1,'B32A3EACFEE18A8C','Meine Wunschliste',NULL,'2024-12-07 14:47:48','2024-12-07 14:47:48',1),(1513,13872,1,1,'925DCDC168180D14','Ma liste d\'envies',NULL,'2024-12-07 16:00:18','2024-12-07 16:00:18',1),(1514,13873,1,1,'791D33C3EF83E50F','Meine Wunschliste',NULL,'2024-12-07 20:03:28','2024-12-07 20:03:28',1),(1515,13878,1,1,'AFAB6AF987E4B1FA','Meine Wunschliste',NULL,'2024-12-08 07:21:53','2024-12-08 07:21:53',1),(1516,13885,1,1,'909CF09F934965D8','Meine Wunschliste',NULL,'2024-12-08 18:22:32','2024-12-08 18:22:32',1),(1517,13892,1,1,'9A3A9DA1D9F5E066','My wishlist',NULL,'2024-12-09 00:24:33','2024-12-09 00:24:33',1),(1518,13894,1,1,'E45D0C57A87115DC','My wishlist',NULL,'2024-12-09 11:51:41','2024-12-09 11:51:41',1),(1519,13900,1,1,'385481FCD599ADD3','My wishlist',NULL,'2024-12-09 20:33:06','2024-12-09 20:33:06',1),(1520,13913,1,1,'160E91285BB87DCC','Meine Wunschliste',NULL,'2024-12-10 20:38:59','2024-12-10 20:38:59',1),(1521,13914,1,1,'A00F073C81C4C0DC','Meine Wunschliste',NULL,'2024-12-10 20:42:08','2024-12-10 20:42:08',1),(1522,13854,1,1,'2460A905C01136E4','Ma liste d\'envies',NULL,'2024-12-11 07:33:02','2024-12-11 07:33:02',1),(1523,13926,1,1,'809F7E988D8EC415','My wishlist',NULL,'2024-12-11 14:02:45','2024-12-11 14:02:45',1),(1524,13933,1,1,'6BB27E8ADC98431D','Meine Wunschliste',NULL,'2024-12-12 06:37:08','2024-12-12 06:37:08',1),(1525,7959,1,1,'33922D0BB0FB0F31','Ma liste d\'envies',NULL,'2024-12-12 07:34:20','2024-12-12 07:34:20',1),(1526,13897,1,1,'39368E894063E587','Meine Wunschliste',NULL,'2024-12-12 08:59:04','2024-12-12 08:59:04',1),(1527,13935,1,1,'24C6CF37A5D6A808','La mia lista dei desideri',NULL,'2024-12-12 11:01:30','2024-12-12 11:01:30',1),(1528,13936,1,1,'BE8F3EAE151052B1','Ma liste d\'envies',NULL,'2024-12-12 13:18:54','2024-12-12 13:18:54',1),(1529,13937,1,1,'15E9126B689CFED4','Ma liste d\'envies',NULL,'2024-12-12 15:16:04','2024-12-12 15:16:04',1),(1530,13939,1,1,'EB242C5A398D63C4','Meine Wunschliste',NULL,'2024-12-12 21:54:58','2024-12-12 21:54:58',1),(1531,13945,1,1,'1E73A72B4A6CC174','Meine Wunschliste',NULL,'2024-12-13 09:49:36','2024-12-13 09:49:36',1),(1532,13946,1,1,'FC93BFCFC255972F','Meine Wunschliste',NULL,'2024-12-13 10:41:47','2024-12-13 10:41:47',1),(1533,4887,1,1,'1C88562D6541596D','Meine Wunschliste',NULL,'2024-12-13 11:11:19','2024-12-13 11:11:19',1),(1534,13954,1,1,'58CDE0E4A891BB77','Ma liste d\'envies',NULL,'2024-12-13 18:11:26','2024-12-13 18:11:26',1),(1535,13966,1,1,'4C856C08C84D27BE','My wishlist',NULL,'2024-12-14 17:10:33','2024-12-14 17:10:33',1),(1536,13974,1,1,'C698377CAEDCE69A','My wishlist',NULL,'2024-12-14 22:55:40','2024-12-14 22:55:40',1),(1537,13986,1,1,'7D7328102D6031ED','Meine Wunschliste',NULL,'2024-12-15 19:37:57','2024-12-15 19:37:57',1),(1538,14005,1,1,'0820965A243D1BBC','Meine Wunschliste',NULL,'2024-12-16 10:49:30','2024-12-16 10:49:30',1),(1539,14009,1,1,'5BE3857273ED4B9A','Meine Wunschliste',NULL,'2024-12-16 12:18:56','2024-12-16 12:18:56',1),(1540,14015,1,1,'12F3D54A17ED5F62','Ma liste d\'envies',NULL,'2024-12-16 15:02:11','2024-12-16 15:02:11',1),(1541,14017,1,1,'E5B05828E6C50D7E','Ma liste d\'envies',NULL,'2024-12-16 16:28:25','2024-12-16 16:28:25',1),(1542,14021,1,1,'1EAD76C814FC9121','Ma liste d\'envies',NULL,'2024-12-16 19:10:52','2024-12-16 19:10:52',1),(1543,14022,1,1,'8BA20A3BDB53A77B','Ma liste d\'envies',NULL,'2024-12-16 20:50:46','2024-12-16 20:50:46',1),(1544,14023,1,1,'224B81BDE42FA8CD','Meine Wunschliste',NULL,'2024-12-16 21:34:03','2024-12-16 21:34:03',1),(1545,14029,1,1,'7F89C9C43F0E462D','My wishlist',NULL,'2024-12-17 00:12:13','2024-12-17 00:12:13',1),(1546,14033,1,1,'B5CDE403A91DCDD1','Meine Wunschliste',NULL,'2024-12-17 07:04:56','2024-12-17 07:04:56',1),(1547,14048,1,1,'DFD565B86A4565F8','Ma liste d\'envies',NULL,'2024-12-17 15:39:43','2024-12-17 15:39:43',1),(1548,14049,1,1,'7B6BA39F29775A79','Meine Wunschliste',NULL,'2024-12-17 15:51:00','2024-12-17 15:51:00',1),(1549,14050,1,1,'25E7AF0E8737EF01','Meine Wunschliste',NULL,'2024-12-17 16:33:10','2024-12-17 16:33:10',1),(1550,14065,1,1,'EB7F66B0DBC86299','Meine Wunschliste',NULL,'2024-12-17 19:03:25','2024-12-17 19:03:25',1),(1551,14067,1,1,'B0DBA7E2D791C4B2','Meine Wunschliste',NULL,'2024-12-17 20:22:57','2024-12-17 20:22:57',1),(1552,14074,1,1,'E6EC66497FCA8899','Meine Wunschliste',NULL,'2024-12-17 22:46:03','2024-12-17 22:46:03',1),(1553,14078,1,1,'A70198E7D73C923F','Meine Wunschliste',NULL,'2024-12-18 13:39:59','2024-12-18 13:39:59',1),(1554,14079,1,1,'BB682D93A1D5993D','Meine Wunschliste',NULL,'2024-12-18 18:03:13','2024-12-18 18:03:13',1),(1555,14088,1,1,'E497653C8B372DE8','Ma liste d\'envies',NULL,'2024-12-19 12:42:08','2024-12-19 12:42:08',1),(1556,14092,1,1,'1C6F6B7B41377286','Meine Wunschliste',NULL,'2024-12-19 15:04:55','2024-12-19 15:04:55',1),(1557,14099,1,1,'4A7AA285CBBBCCD9','Meine Wunschliste',NULL,'2024-12-19 19:07:49','2024-12-19 19:07:49',1),(1558,14107,1,1,'C4C4BAE29B743815','My wishlist',NULL,'2024-12-20 09:05:00','2024-12-20 09:05:00',1),(1559,14071,1,1,'0AF1315D0608360F','Meine Wunschliste',NULL,'2024-12-20 13:49:19','2024-12-20 13:49:19',1),(1560,14113,1,1,'01D4B29961D5ACD2','Meine Wunschliste',NULL,'2024-12-20 14:23:55','2024-12-20 14:23:55',1),(1561,14115,1,1,'D3A16AE237BF8897','La mia lista dei desideri',NULL,'2024-12-20 15:46:46','2024-12-20 15:46:46',1),(1562,3500,1,1,'070B8C736BDB751F','Meine Wunschliste',NULL,'2024-12-22 10:34:28','2024-12-22 10:34:28',1),(1563,14133,1,1,'ED859F1E670A3C64','La mia lista dei desideri',NULL,'2024-12-22 10:37:33','2024-12-22 10:37:33',1),(1564,14135,1,1,'BF6705045F79AF77','My wishlist',NULL,'2024-12-22 15:59:52','2024-12-22 15:59:52',1),(1565,14138,1,1,'3245E52B04671B1C','Meine Wunschliste',NULL,'2024-12-22 19:11:17','2024-12-22 19:11:17',1),(1566,14141,1,1,'81ADF08309CC0E5A','Meine Wunschliste',NULL,'2024-12-23 09:28:53','2024-12-23 09:28:53',1),(1567,14152,1,1,'EDB7C4AD0415790F','Meine Wunschliste',NULL,'2024-12-23 21:47:51','2024-12-23 21:47:51',1),(1568,14162,1,1,'B3310E43CA5083FD','My wishlist',NULL,'2024-12-25 09:04:23','2024-12-25 09:04:23',1),(1569,14163,1,1,'8A6A79100D7B71B9','Ma liste d\'envies',NULL,'2024-12-25 12:35:00','2024-12-25 12:35:00',1),(1570,14109,1,1,'B869FD80B00A3488','My wishlist',NULL,'2024-12-25 13:09:31','2024-12-25 13:09:31',1),(1571,14165,1,1,'E934069227259A21','My wishlist',NULL,'2024-12-25 19:32:14','2024-12-25 19:32:14',1),(1572,14176,1,1,'932A000D9E948A1F','Meine Wunschliste',NULL,'2024-12-27 11:23:51','2024-12-27 11:23:51',1),(1573,5698,1,1,'C4298AB05F651D1C','Meine Wunschliste',NULL,'2024-12-27 13:46:03','2024-12-27 13:46:03',1),(1574,14178,1,1,'C57A69F32B2DD7D8','La mia lista dei desideri',NULL,'2024-12-27 14:03:52','2024-12-27 14:03:52',1),(1575,14181,1,1,'053A730889B37520','La mia lista dei desideri',NULL,'2024-12-27 23:11:53','2024-12-27 23:11:53',1),(1576,14184,1,1,'242B7C56086BB065','Meine Wunschliste',NULL,'2024-12-28 15:02:58','2024-12-28 15:02:58',1),(1577,14186,1,1,'FE3177A85D212625','Ma liste d\'envies',NULL,'2024-12-29 12:18:09','2024-12-29 12:18:09',1),(1578,14187,1,1,'971E7D2D48CC0B3B','Meine Wunschliste',NULL,'2024-12-29 12:20:45','2024-12-29 12:20:45',1),(1579,14188,1,1,'C41570ABFE78C5F2','My wishlist',NULL,'2024-12-29 23:54:32','2024-12-29 23:54:32',1),(1580,14191,1,1,'B902F8C6B9A0F8AD','My wishlist',NULL,'2024-12-30 08:27:34','2024-12-30 08:27:34',1),(1581,5412,1,1,'4BA2362B2BBA0E44','Meine Wunschliste',NULL,'2024-12-30 11:01:32','2024-12-30 11:01:32',1),(1582,14194,1,1,'7E47FAD97BADF917','Meine Wunschliste',NULL,'2024-12-31 20:36:38','2024-12-31 20:36:38',1),(1583,14200,1,1,'D863FA10781D1080','Meine Wunschliste',NULL,'2025-01-01 19:23:04','2025-01-01 19:23:04',1),(1584,14201,1,1,'FCB0C2DC818EC16A','My wishlist',NULL,'2025-01-01 22:52:55','2025-01-01 22:52:55',1),(1585,14210,1,1,'4256BD0C46E88F6F','Meine Wunschliste',NULL,'2025-01-02 12:30:52','2025-01-02 12:30:52',1),(1586,14216,1,1,'3FF8569529DF88AC','Meine Wunschliste',NULL,'2025-01-02 20:51:49','2025-01-02 20:51:49',1),(1587,14217,1,1,'6C8EBAD541377FC3','Ma liste d\'envies',NULL,'2025-01-02 21:21:40','2025-01-02 21:21:40',1),(1588,14224,1,1,'16E77943444BAC27','Meine Wunschliste',NULL,'2025-01-03 08:27:59','2025-01-03 08:27:59',1),(1589,3817,1,1,'FE017079822B4AAF','Meine Wunschliste',NULL,'2025-01-03 18:36:36','2025-01-03 18:36:36',1),(1590,14230,1,1,'D76843948E14766F','La mia lista dei desideri',NULL,'2025-01-03 23:12:51','2025-01-03 23:12:51',1),(1591,14236,1,1,'E60269D9858C4C2C','My wishlist',NULL,'2025-01-04 14:23:07','2025-01-04 14:23:07',1),(1592,14238,1,1,'9F984458876AA084','Meine Wunschliste',NULL,'2025-01-04 18:16:45','2025-01-04 18:16:45',1),(1593,14239,1,1,'612D6DA7B3897B6D','Meine Wunschliste',NULL,'2025-01-04 19:51:14','2025-01-04 19:51:14',1),(1594,14253,1,1,'5891E830C44A24C2','Meine Wunschliste',NULL,'2025-01-05 19:19:16','2025-01-05 19:19:16',1),(1595,14254,1,1,'378C6964FEDE224B','My wishlist',NULL,'2025-01-05 19:21:11','2025-01-05 19:21:11',1),(1596,14259,1,1,'EA00A7A08BCC8A62','Meine Wunschliste',NULL,'2025-01-06 10:32:49','2025-01-06 10:32:49',1),(1597,14265,1,1,'C454B222839BA370','Meine Wunschliste',NULL,'2025-01-06 21:50:20','2025-01-06 21:50:20',1),(1598,14268,1,1,'D08F10463E4448C8','Ma liste d\'envies',NULL,'2025-01-07 08:05:29','2025-01-07 08:05:29',1),(1599,7947,1,1,'B8ABAF0432EA9345','Meine Wunschliste',NULL,'2025-01-07 11:39:38','2025-01-07 11:39:38',1),(1600,14272,1,1,'9B45C856BD266911','Meine Wunschliste',NULL,'2025-01-07 12:52:10','2025-01-07 12:52:10',1),(1601,14273,1,1,'FF155CC12648A1BF','Meine Wunschliste',NULL,'2025-01-07 13:09:44','2025-01-07 13:09:44',1),(1602,14278,1,1,'4F08ED88ABAE0371','Meine Wunschliste',NULL,'2025-01-08 08:26:13','2025-01-08 08:26:13',1),(1603,14280,1,1,'AB9494D084899389','Meine Wunschliste',NULL,'2025-01-08 11:38:27','2025-01-08 11:38:27',1),(1604,13831,1,1,'C7D30BB8F356946D','Meine Wunschliste',NULL,'2025-01-09 06:11:53','2025-01-09 06:11:53',1),(1605,14297,1,1,'1C7AFBA4DE6813D1','Meine Wunschliste',NULL,'2025-01-10 09:12:52','2025-01-10 09:12:52',1),(1606,4494,1,1,'14BA46C790EAE821','Meine Wunschliste',NULL,'2025-01-10 19:46:48','2025-01-10 19:46:48',1),(1607,14305,1,1,'41BBC71CD55DBAD1','Meine Wunschliste',NULL,'2025-01-11 14:17:17','2025-01-11 14:17:17',1),(1608,14311,1,1,'20617F77BB40DE72','My wishlist',NULL,'2025-01-12 12:49:22','2025-01-12 12:49:22',1),(1609,14312,1,1,'757A6B476F7941B0','La mia lista dei desideri',NULL,'2025-01-12 13:12:20','2025-01-12 13:12:20',1),(1610,14315,1,1,'AFA4424B2363B18D','La mia lista dei desideri',NULL,'2025-01-12 21:41:29','2025-01-12 21:41:29',1),(1611,14317,1,1,'D74A17040D19ECD5','Meine Wunschliste',NULL,'2025-01-13 06:42:25','2025-01-13 06:42:25',1),(1612,14318,1,1,'94D3FBE6029704F3','My wishlist',NULL,'2025-01-13 08:09:57','2025-01-13 08:09:57',1),(1613,14323,1,1,'85C8FA49BA9735DC','Meine Wunschliste',NULL,'2025-01-13 15:15:40','2025-01-13 15:15:40',1),(1614,14329,1,1,'DB53F79F8129A7AB','Meine Wunschliste',NULL,'2025-01-14 06:47:03','2025-01-14 06:47:03',1),(1615,14335,1,1,'BF0B74EDC9BA26F2','La mia lista dei desideri',NULL,'2025-01-14 20:58:15','2025-01-14 20:58:15',1),(1616,14340,1,1,'9628512A06F698B2','Meine Wunschliste',NULL,'2025-01-15 15:16:05','2025-01-15 15:16:05',1),(1617,14341,1,1,'0BA4FD5CAB049E30','Meine Wunschliste',NULL,'2025-01-15 17:16:25','2025-01-15 17:16:25',1),(1618,14342,1,1,'FBF1B5E07E116D96','Meine Wunschliste',NULL,'2025-01-15 17:55:59','2025-01-15 17:55:59',1),(1619,14351,1,1,'9E3301F152DEA259','Meine Wunschliste',NULL,'2025-01-16 15:20:14','2025-01-16 15:20:14',1),(1620,14355,1,1,'56F1869C40F81808','La mia lista dei desideri',NULL,'2025-01-16 19:50:33','2025-01-16 19:50:33',1),(1621,14358,1,1,'3A697268B3ED6468','Meine Wunschliste',NULL,'2025-01-16 22:35:25','2025-01-16 22:35:25',1),(1622,14365,1,1,'33669EF08968D19C','Meine Wunschliste',NULL,'2025-01-17 22:54:03','2025-01-17 22:54:03',1),(1623,7248,1,1,'FFF187AED9A6DFAA','Ma liste d\'envies',NULL,'2025-01-18 13:11:05','2025-01-18 13:11:05',1),(1624,14373,1,1,'5B5EE3F07EA47F0F','Ma liste d\'envies',NULL,'2025-01-18 21:28:09','2025-01-18 21:28:09',1),(1625,14374,1,1,'7559A05AADD68187','My wishlist',NULL,'2025-01-19 03:03:37','2025-01-19 03:03:37',1),(1626,14375,1,1,'8BB86CFDF64AA73C','Meine Wunschliste',NULL,'2025-01-19 09:05:02','2025-01-19 09:05:02',1),(1627,14376,1,1,'34EEE255F71D0B65','La mia lista dei desideri',NULL,'2025-01-19 10:22:41','2025-01-19 10:22:41',1),(1628,14397,1,1,'CBF25FF633C2C7C4','My wishlist',NULL,'2025-01-21 16:38:12','2025-01-21 16:38:12',1),(1629,7580,1,1,'9FF22D945F4EA0F7','Meine Wunschliste',NULL,'2025-01-21 19:04:45','2025-01-21 19:04:45',1),(1630,14402,1,1,'09A94B35C8524CB8','Meine Wunschliste',NULL,'2025-01-22 08:26:10','2025-01-22 08:26:10',1),(1631,14415,1,1,'D6A051CF401F87A3','Meine Wunschliste',NULL,'2025-01-23 07:56:09','2025-01-23 07:56:09',1),(1632,14425,1,1,'CF90B41C771CE237','My wishlist',NULL,'2025-01-24 07:40:12','2025-01-24 07:40:12',1),(1633,14385,1,1,'5648EC938952FA37','My wishlist',NULL,'2025-01-24 10:56:02','2025-01-24 10:56:02',1),(1634,7233,1,1,'7CDC97FD8F907FA0','Ma liste d\'envies',NULL,'2025-01-24 18:09:38','2025-01-24 18:09:38',1),(1635,14436,1,1,'F59B85CADF219EC4','La mia lista dei desideri',NULL,'2025-01-25 09:02:43','2025-01-25 09:02:43',1),(1636,14443,1,1,'35FA3639D5931850','Ma liste d\'envies',NULL,'2025-01-25 17:49:25','2025-01-25 17:49:25',1),(1637,14445,1,1,'59382242ED635BB0','My wishlist',NULL,'2025-01-25 21:13:10','2025-01-25 21:13:10',1),(1638,14442,1,1,'7814181F9024BA9A','My wishlist',NULL,'2025-01-25 22:42:44','2025-01-25 22:42:44',1),(1639,14452,1,1,'0777F8EEF33A477B','Ma liste d\'envies',NULL,'2025-01-26 12:46:44','2025-01-26 12:46:44',1),(1640,14454,1,1,'18A27A941609F083','Meine Wunschliste',NULL,'2025-01-26 19:40:40','2025-01-26 19:40:40',1),(1641,14455,1,1,'6EA44133FD655A7C','My wishlist',NULL,'2025-01-26 21:00:31','2025-01-26 21:00:31',1),(1642,2386,1,1,'6784A4871E04A93A','Meine Wunschliste',NULL,'2025-01-27 11:54:31','2025-01-27 11:54:31',1),(1643,14457,1,1,'2A292D2809C52733','Meine Wunschliste',NULL,'2025-01-27 12:24:17','2025-01-27 12:24:17',1),(1644,14459,1,1,'66B1437D6BD438BE','Meine Wunschliste',NULL,'2025-01-27 14:24:27','2025-01-27 14:24:27',1),(1645,14461,1,1,'8D32D0662349AEAE','My wishlist',NULL,'2025-01-27 21:04:56','2025-01-27 21:04:56',1),(1646,14463,1,1,'6CE309E32EA5E865','My wishlist',NULL,'2025-01-28 05:26:40','2025-01-28 05:26:40',1),(1647,14464,1,1,'2DF512188EB60E9F','Meine Wunschliste',NULL,'2025-01-28 20:02:44','2025-01-28 20:02:44',1),(1648,14465,1,1,'1A4CB8C4AFFDAA0B','My wishlist',NULL,'2025-01-28 23:12:35','2025-01-28 23:12:35',1),(1649,14468,1,1,'21925BF826C5A998','Ma liste d\'envies',NULL,'2025-01-29 13:00:42','2025-01-29 13:00:42',1),(1650,14471,1,1,'D896CE2C7BE95585','Ma liste d\'envies',NULL,'2025-01-29 20:48:46','2025-01-29 20:48:46',1),(1651,14477,1,1,'E09213C5870131A2','Meine Wunschliste',NULL,'2025-01-30 12:48:26','2025-01-30 12:48:26',1),(1652,14481,1,1,'8C32256D39BA0023','Meine Wunschliste',NULL,'2025-01-31 08:40:15','2025-01-31 08:40:15',1),(1653,14482,1,1,'ECDDB052957E7952','Meine Wunschliste',NULL,'2025-01-31 11:27:20','2025-01-31 11:27:20',1),(1654,14485,1,1,'F29EB4358F1B38DE','Meine Wunschliste',NULL,'2025-01-31 21:06:05','2025-01-31 21:06:05',1),(1655,14489,1,1,'4FAE0857A823550B','Meine Wunschliste',NULL,'2025-02-01 16:49:43','2025-02-01 16:49:43',1),(1656,14430,1,1,'AF0AE0A789AC6F00','La mia lista dei desideri',NULL,'2025-02-01 17:00:35','2025-02-01 17:00:35',1),(1657,14491,1,1,'D300EAA00ABFA0BE','Meine Wunschliste',NULL,'2025-02-01 20:43:17','2025-02-01 20:43:17',1),(1658,14499,1,1,'A0754A3B122FD9C3','Ma liste d\'envies',NULL,'2025-02-02 11:15:37','2025-02-02 11:15:37',1),(1659,14509,1,1,'0BA33DA284F50E7C','Meine Wunschliste',NULL,'2025-02-03 15:00:51','2025-02-03 15:00:51',1),(1660,7946,1,1,'D95330F36AD51FAC','Meine Wunschliste',NULL,'2025-02-03 16:21:58','2025-02-03 16:21:58',1),(1661,1546,1,1,'9E63C25799E631B4','Meine Wunschliste',NULL,'2025-02-03 22:11:22','2025-02-03 22:11:22',1),(1662,14519,1,1,'E7547DC6599F51C1','My wishlist',NULL,'2025-02-04 11:24:58','2025-02-04 11:24:58',1),(1663,14528,1,1,'F2ECD77F2D41C10F','Meine Wunschliste',NULL,'2025-02-04 12:29:30','2025-02-04 12:29:30',1),(1664,14530,1,1,'9F32B9F01ADBF49C','Meine Wunschliste',NULL,'2025-02-04 13:29:45','2025-02-04 13:29:45',1),(1665,14532,1,1,'DDA6C7C761D49B51','Meine Wunschliste',NULL,'2025-02-04 18:15:29','2025-02-04 18:15:29',1),(1666,14533,1,1,'C9844719C392D1EE','Meine Wunschliste',NULL,'2025-02-04 21:45:13','2025-02-04 21:45:13',1),(1667,14538,1,1,'3FF6CB7FBDF5B4BA','Meine Wunschliste',NULL,'2025-02-05 12:32:33','2025-02-05 12:32:33',1),(1668,14539,1,1,'1FB9092BF26977BD','Ma liste d\'envies',NULL,'2025-02-05 20:12:50','2025-02-05 20:12:50',1),(1669,4536,1,1,'84195A149ED5423B','My wishlist',NULL,'2025-02-05 20:54:00','2025-02-05 20:54:00',1),(1670,14541,1,1,'CD348F08D8248005','Meine Wunschliste',NULL,'2025-02-05 22:07:34','2025-02-05 22:07:34',1),(1671,14179,1,1,'B0676382B97A4A56','My wishlist',NULL,'2025-02-06 10:10:28','2025-02-06 10:10:28',1),(1672,14543,1,1,'AE3428058B1F6708','Meine Wunschliste',NULL,'2025-02-06 18:20:25','2025-02-06 18:20:25',1),(1673,14544,1,1,'A13272ACB09FCF16','My wishlist',NULL,'2025-02-06 19:12:43','2025-02-06 19:12:43',1),(1674,14552,1,1,'E08C1A04D1BE6EF0','Meine Wunschliste',NULL,'2025-02-07 13:02:15','2025-02-07 13:02:15',1),(1675,14555,1,1,'21575E6235D6C906','Meine Wunschliste',NULL,'2025-02-07 23:37:49','2025-02-07 23:37:49',1),(1676,14564,1,1,'3490D38D55363FD3','Meine Wunschliste',NULL,'2025-02-09 07:50:49','2025-02-09 07:50:49',1),(1677,14565,1,1,'3E2472222DC67B0B','My wishlist',NULL,'2025-02-09 08:03:23','2025-02-09 08:03:23',1),(1678,14567,1,1,'C9CDD5596FD57445','Meine Wunschliste',NULL,'2025-02-09 09:20:55','2025-02-09 09:20:55',1),(1679,14569,1,1,'C2B2E30492693AB9','Meine Wunschliste',NULL,'2025-02-09 11:08:36','2025-02-09 11:08:36',1),(1680,14572,1,1,'08AA4F2841022A92','Meine Wunschliste',NULL,'2025-02-09 20:57:22','2025-02-09 20:57:22',1),(1681,753,1,1,'A3BDBB650D33BA7F','Meine Wunschliste',NULL,'2025-02-10 09:53:41','2025-02-10 09:53:41',1),(1682,14575,1,1,'FCE273BE628C342C','Meine Wunschliste',NULL,'2025-02-10 12:31:35','2025-02-10 12:31:35',1),(1683,14577,1,1,'4A47E70B918630A7','Meine Wunschliste',NULL,'2025-02-10 17:15:33','2025-02-10 17:15:33',1),(1684,14580,1,1,'FDAF5B1DE8C0FA34','Meine Wunschliste',NULL,'2025-02-10 18:19:56','2025-02-10 18:19:56',1),(1685,2902,1,1,'38E9E57BDF8DA2EE','Meine Wunschliste',NULL,'2025-02-10 19:02:33','2025-02-10 19:02:33',1),(1686,14584,1,1,'4679AECD3781A2C4','Meine Wunschliste',NULL,'2025-02-11 11:48:22','2025-02-11 11:48:22',1),(1687,14592,1,1,'35C51F1789550B3A','Meine Wunschliste',NULL,'2025-02-11 22:49:30','2025-02-11 22:49:30',1),(1688,14593,1,1,'1F0CB1651E658B92','Meine Wunschliste',NULL,'2025-02-12 06:59:20','2025-02-12 06:59:20',1),(1689,14595,1,1,'B8BED036692DC8C2','Ma liste d\'envies',NULL,'2025-02-12 11:22:30','2025-02-12 11:22:30',1),(1690,14597,1,1,'85BAB377D0AA77C8','Meine Wunschliste',NULL,'2025-02-12 17:03:19','2025-02-12 17:03:19',1),(1691,8113,1,1,'1AB1EF7333649CB1','Meine Wunschliste',NULL,'2025-02-12 19:39:37','2025-02-12 19:39:37',1),(1692,14599,1,1,'D7924B9A2D711A8E','My wishlist',NULL,'2025-02-12 19:49:11','2025-02-12 19:49:11',1),(1693,14601,1,1,'31B9EA5304DF14F1','Meine Wunschliste',NULL,'2025-02-13 11:48:53','2025-02-13 11:48:53',1),(1694,14604,1,1,'D5E4AEA1CB77E6E9','Meine Wunschliste',NULL,'2025-02-13 19:31:14','2025-02-13 19:31:14',1),(1695,3821,1,1,'79E402971A205475','My wishlist',NULL,'2025-02-14 13:00:28','2025-02-14 13:00:28',1),(1696,14615,1,1,'C403991BC200F3DE','Meine Wunschliste',NULL,'2025-02-14 17:21:56','2025-02-14 17:21:56',1),(1697,14627,1,1,'92B9D9DF43CAF62E','Meine Wunschliste',NULL,'2025-02-15 12:09:14','2025-02-15 12:09:14',1),(1698,14627,1,1,'CE0F53D1A98BC8F6','DLRG ',NULL,'2025-02-15 12:10:18','2025-02-15 12:10:18',0),(1699,14629,1,1,'B78A8BE720F7678D','Meine Wunschliste',NULL,'2025-02-15 19:01:26','2025-02-15 19:01:26',1),(1700,14637,1,1,'D8D18DC5BDD05F76','Meine Wunschliste',NULL,'2025-02-16 19:54:10','2025-02-16 19:54:10',1),(1701,14639,1,1,'80B4E82B1807E4F5','Ma liste d\'envies',NULL,'2025-02-17 07:22:57','2025-02-17 07:22:57',1),(1702,14640,1,1,'A7CB84DC40738A49','My wishlist',NULL,'2025-02-17 08:38:22','2025-02-17 08:38:22',1),(1703,14643,1,1,'7FAD3D61507B6CAA','Ma liste d\'envies',NULL,'2025-02-17 11:43:39','2025-02-17 11:43:39',1),(1704,14659,1,1,'442D585993AD5B0B','Ma liste d\'envies',NULL,'2025-02-17 21:14:22','2025-02-17 21:14:22',1),(1705,14660,1,1,'16A9FBA26BF90D22','My wishlist',NULL,'2025-02-17 22:30:06','2025-02-17 22:30:06',1),(1706,14663,1,1,'F06CFC762FEDB966','My wishlist',NULL,'2025-02-18 19:30:02','2025-02-18 19:30:02',1),(1707,14669,1,1,'422073FB23D5F418','La mia lista dei desideri',NULL,'2025-02-20 11:42:51','2025-02-20 11:42:51',1),(1708,14672,1,1,'96ED053C9F5BC1C5','My wishlist',NULL,'2025-02-20 22:39:00','2025-02-20 22:39:00',1),(1709,14673,1,1,'5A31B0DFDD01B265','La mia lista dei desideri',NULL,'2025-02-20 23:50:19','2025-02-20 23:50:19',1),(1710,14673,1,1,'99B5C99950D7A8B5','Like',NULL,'2025-02-20 23:51:44','2025-02-20 23:51:44',0),(1711,14676,1,1,'906330DD2D9FD667','Ma liste d\'envies',NULL,'2025-02-21 18:03:24','2025-02-21 18:03:24',1),(1712,14678,1,1,'1FD7DD4771660588','Meine Wunschliste',NULL,'2025-02-21 22:46:48','2025-02-21 22:46:48',1),(1713,14680,1,1,'808F7D8379E7B038','Meine Wunschliste',NULL,'2025-02-22 11:37:35','2025-02-22 11:37:35',1),(1714,6512,1,1,'C26A02D315A4A739','My wishlist',NULL,'2025-02-22 13:47:58','2025-02-22 13:47:58',1),(1715,3972,1,1,'6CB7025FDCF34C1D','Meine Wunschliste',NULL,'2025-02-22 20:32:27','2025-02-22 20:32:27',1),(1716,14684,1,1,'A501703471994770','Meine Wunschliste',NULL,'2025-02-23 12:26:33','2025-02-23 12:26:33',1),(1717,14690,1,1,'D9A2A3330A3820EA','Meine Wunschliste',NULL,'2025-02-24 09:11:44','2025-02-24 09:11:44',1),(1718,14694,1,1,'B68ABE2A593F658D','Meine Wunschliste',NULL,'2025-02-24 22:16:44','2025-02-24 22:16:44',1),(1719,14695,1,1,'30D1912C96B6F132','My wishlist',NULL,'2025-02-25 09:57:54','2025-02-25 09:57:54',1),(1720,14697,1,1,'616D641B94129595','My wishlist',NULL,'2025-02-25 18:33:22','2025-02-25 18:33:22',1),(1721,14698,1,1,'A1B926A393903C34','Meine Wunschliste',NULL,'2025-02-25 19:44:12','2025-02-25 19:44:12',1),(1722,14701,1,1,'D2B649CFF057826D','Meine Wunschliste',NULL,'2025-02-26 08:16:48','2025-02-26 08:16:48',1),(1723,14702,1,1,'621A7E01A541902A','My wishlist',NULL,'2025-02-26 10:15:25','2025-02-26 10:15:25',1),(1724,14704,1,1,'F39669C2A0795777','Ma liste d\'envies',NULL,'2025-02-27 04:01:46','2025-02-27 04:01:46',1),(1725,14707,1,1,'72383959F4283082','Meine Wunschliste',NULL,'2025-02-27 19:55:52','2025-02-27 19:55:52',1),(1726,14709,1,1,'EFBEF7B4E653A73A','La mia lista dei desideri',NULL,'2025-02-28 09:40:27','2025-02-28 09:40:27',1),(1727,14710,1,1,'58D7F70E0047CDFD','Ma liste d\'envies',NULL,'2025-02-28 11:45:07','2025-02-28 11:45:07',1),(1728,14711,1,1,'6BCA95CC1526565C','Meine Wunschliste',NULL,'2025-02-28 13:53:22','2025-02-28 13:53:22',1),(1729,14712,1,1,'604FC9C15AA4975E','Meine Wunschliste',NULL,'2025-02-28 15:34:24','2025-02-28 15:34:24',1),(1730,14713,1,1,'4CD607BD79D3F085','Ma liste d\'envies',NULL,'2025-02-28 19:28:40','2025-02-28 19:28:40',1),(1731,14714,1,1,'F1AE154D15EC5270','Meine Wunschliste',NULL,'2025-02-28 20:08:26','2025-02-28 20:08:26',1),(1732,613,1,1,'7982A86E648B82A9','Meine Wunschliste',NULL,'2025-03-01 13:22:51','2025-03-01 13:22:51',1),(1733,14722,1,1,'174B4AB8626930B1','Ma liste d\'envies',NULL,'2025-03-02 16:01:32','2025-03-02 16:01:32',1),(1734,14723,1,1,'CC4FBF4AEA0E5E72','Meine Wunschliste',NULL,'2025-03-02 17:32:52','2025-03-02 17:32:52',1),(1735,4055,1,1,'D6C706F84AEC8B81','Meine Wunschliste',NULL,'2025-03-02 18:54:33','2025-03-02 18:54:33',1),(1736,14716,1,1,'24697CF2B53591A7','My wishlist',NULL,'2025-03-03 20:23:23','2025-03-03 20:23:23',1),(1737,14728,1,1,'65B06FE7CB4EA42C','Meine Wunschliste',NULL,'2025-03-04 09:01:10','2025-03-04 09:01:10',1),(1738,14729,1,1,'CE6EE8089F8C990B','Meine Wunschliste',NULL,'2025-03-04 11:25:42','2025-03-04 11:25:42',1),(1739,14730,1,1,'28D9EE7C7DAD1FA0','La mia lista dei desideri',NULL,'2025-03-04 11:57:04','2025-03-04 11:57:04',1),(1740,14732,1,1,'4D1117CCAE00AB16','Meine Wunschliste',NULL,'2025-03-04 14:03:04','2025-03-04 14:03:04',1),(1741,14734,1,1,'B4EEAF18507EAD89','Ma liste d\'envies',NULL,'2025-03-04 16:37:37','2025-03-04 16:37:37',1),(1742,14739,1,1,'4BE562C452E5DD5A','Meine Wunschliste',NULL,'2025-03-05 16:59:30','2025-03-05 16:59:30',1),(1743,14740,1,1,'1DEC0C583F745D80','Meine Wunschliste',NULL,'2025-03-05 20:06:19','2025-03-05 20:06:19',1),(1744,14741,1,1,'0F879B5F61AF17FB','My wishlist',NULL,'2025-03-05 20:12:50','2025-03-05 20:12:50',1),(1745,14720,1,1,'C62FE23120EA2608','Meine Wunschliste',NULL,'2025-03-06 07:46:02','2025-03-06 07:46:02',1),(1746,14747,1,1,'27281A9E9583FFB3','Meine Wunschliste',NULL,'2025-03-07 06:12:33','2025-03-07 06:12:33',1),(1747,14751,1,1,'F497DD0C52FD3B55','My wishlist',NULL,'2025-03-07 21:49:55','2025-03-07 21:49:55',1),(1748,14753,1,1,'7BE85B2552AEDDD3','Ma liste d\'envies',NULL,'2025-03-08 09:30:41','2025-03-08 09:30:41',1),(1749,14757,1,1,'829C82E50E6F708C','Ma liste d\'envies',NULL,'2025-03-08 12:52:44','2025-03-08 12:52:44',1),(1750,14761,1,1,'DAE0BBDD12E233B9','Meine Wunschliste',NULL,'2025-03-09 16:48:34','2025-03-09 16:48:34',1),(1751,14762,1,1,'A5A1A962CAD22FAA','Meine Wunschliste',NULL,'2025-03-09 17:28:53','2025-03-09 17:28:53',1),(1752,14764,1,1,'324A423F17E04627','Ma liste d\'envies',NULL,'2025-03-09 19:36:06','2025-03-09 19:36:06',1),(1753,14765,1,1,'0B60C328AFE9007E','Ma liste d\'envies',NULL,'2025-03-09 19:47:40','2025-03-09 19:47:40',1),(1754,14766,1,1,'2B8A10F02D9E0E0E','My wishlist',NULL,'2025-03-09 19:50:11','2025-03-09 19:50:11',1),(1755,14767,1,1,'B3E5D09318B5D017','Meine Wunschliste',NULL,'2025-03-09 20:14:09','2025-03-09 20:14:09',1),(1756,14769,1,1,'C64DC78151199820','My wishlist',NULL,'2025-03-10 20:57:42','2025-03-10 20:57:42',1),(1757,14770,1,1,'EBD98423F264D261','Ma liste d\'envies',NULL,'2025-03-10 21:06:16','2025-03-10 21:06:16',1),(1758,4176,1,1,'2554A72BAB912F7E','Meine Wunschliste',NULL,'2025-03-10 22:15:40','2025-03-10 22:15:40',1),(1759,14771,1,1,'8BB61B53925C9482','Meine Wunschliste',NULL,'2025-03-10 23:16:11','2025-03-10 23:16:11',1),(1760,14774,1,1,'5036D78572C9DC46','My wishlist',NULL,'2025-03-11 13:39:39','2025-03-11 13:39:39',1),(1761,14776,1,1,'8D22D7995F7B6DAA','My wishlist',NULL,'2025-03-11 18:17:20','2025-03-11 18:17:20',1),(1762,14777,1,1,'E49751ACC51181E6','Meine Wunschliste',NULL,'2025-03-11 20:23:25','2025-03-11 20:23:25',1),(1763,14778,1,1,'4B1C688586280CF1','Meine Wunschliste',NULL,'2025-03-12 09:24:13','2025-03-12 09:24:13',1),(1764,14781,1,1,'6766932BB98E4064','Meine Wunschliste',NULL,'2025-03-13 12:57:58','2025-03-13 12:57:58',1),(1765,14782,1,1,'00553BEAA5B8B851','Meine Wunschliste',NULL,'2025-03-13 18:01:29','2025-03-13 18:01:29',1),(1766,14783,1,1,'116B6612F220322A','Meine Wunschliste',NULL,'2025-03-13 20:29:59','2025-03-13 20:29:59',1),(1767,14786,1,1,'0E7DD0B88DB3E2CF','Meine Wunschliste',NULL,'2025-03-14 08:48:53','2025-03-14 08:48:53',1),(1768,14745,1,1,'7E6435B3D15CF105','Meine Wunschliste',NULL,'2025-03-14 09:13:15','2025-03-14 09:13:15',1),(1769,14789,1,1,'2C429F2B9D17F9B6','Meine Wunschliste',NULL,'2025-03-15 08:43:03','2025-03-15 08:43:03',1),(1770,14791,1,1,'EEDB6F523AD327DD','My wishlist',NULL,'2025-03-15 13:14:05','2025-03-15 13:14:05',1),(1771,14795,1,1,'3EC77307F8021DC2','Ma liste d\'envies',NULL,'2025-03-15 19:40:44','2025-03-15 19:40:44',1),(1772,14799,1,1,'190B6A52DFF54842','Meine Wunschliste',NULL,'2025-03-16 14:27:55','2025-03-16 14:27:55',1),(1773,14802,1,1,'94F1A04B133E729F','Meine Wunschliste',NULL,'2025-03-16 19:54:17','2025-03-16 19:54:17',1),(1774,14804,1,1,'69CA05E5C3703B14','Meine Wunschliste',NULL,'2025-03-16 21:09:24','2025-03-16 21:09:24',1),(1775,14794,1,1,'81E9061BBC2E7368','My wishlist',NULL,'2025-03-17 17:57:36','2025-03-17 17:57:36',1),(1776,14814,1,1,'B94D554E3ADC1EEC','Meine Wunschliste',NULL,'2025-03-18 15:51:41','2025-03-18 15:51:41',1),(1777,14817,1,1,'6F3CCF825C0A9399','Meine Wunschliste',NULL,'2025-03-18 19:06:34','2025-03-18 19:06:34',1),(1778,14796,1,1,'32BEED920C5942FE','My wishlist',NULL,'2025-03-19 13:56:06','2025-03-19 13:56:06',1),(1779,14818,1,1,'27F004AAB4478483','My wishlist',NULL,'2025-03-19 15:08:08','2025-03-19 15:08:08',1),(1780,14822,1,1,'C5B92819A6B94A49','La mia lista dei desideri',NULL,'2025-03-20 13:50:57','2025-03-20 13:50:57',1),(1781,14824,1,1,'D30E014DDC1DEBA1','Meine Wunschliste',NULL,'2025-03-20 18:46:58','2025-03-20 18:46:58',1),(1782,14825,1,1,'31DF0746F33F4F9E','Meine Wunschliste',NULL,'2025-03-20 22:33:56','2025-03-20 22:33:56',1),(1783,14826,1,1,'FFF77EBBBD3BA733','Meine Wunschliste',NULL,'2025-03-21 12:05:12','2025-03-21 12:05:12',1),(1784,14828,1,1,'4B9650ECDDC0A5E8','Meine Wunschliste',NULL,'2025-03-21 12:19:49','2025-03-21 12:19:49',1),(1785,14827,1,1,'01615BFDA2C92315','Meine Wunschliste',NULL,'2025-03-21 12:22:00','2025-03-21 12:22:00',1),(1786,14831,1,1,'6A68F59D263BC856','Meine Wunschliste',NULL,'2025-03-21 19:06:34','2025-03-21 19:06:34',1),(1787,14833,1,1,'4AE33B38F1DEEE35','Meine Wunschliste',NULL,'2025-03-21 19:58:54','2025-03-21 19:58:54',1),(1788,14839,1,1,'D7AC4799BE18BC7B','Meine Wunschliste',NULL,'2025-03-22 13:43:10','2025-03-22 13:43:10',1),(1789,14840,1,1,'5E42631161047A2C','My wishlist',NULL,'2025-03-22 14:55:15','2025-03-22 14:55:15',1),(1790,14845,1,1,'C63825D491D64FB0','My wishlist',NULL,'2025-03-23 14:00:20','2025-03-23 14:00:20',1),(1791,14847,1,1,'D25BD37AF35BEEF0','Meine Wunschliste',NULL,'2025-03-23 15:06:02','2025-03-23 15:06:02',1),(1792,14849,1,1,'C76656697EC23A33','Meine Wunschliste',NULL,'2025-03-23 20:17:57','2025-03-23 20:17:57',1),(1793,14852,1,1,'5DF73B603EA9E76C','La mia lista dei desideri',NULL,'2025-03-23 22:09:34','2025-03-23 22:09:34',1),(1794,14859,1,1,'C1D74366191526AC','Meine Wunschliste',NULL,'2025-03-24 12:56:58','2025-03-24 12:56:58',1),(1795,14861,1,1,'B84A7D48856AF9C9','Meine Wunschliste',NULL,'2025-03-24 18:09:23','2025-03-24 18:09:23',1),(1796,6803,1,1,'63E412C2E648C2BC','Ma liste d\'envies',NULL,'2025-03-24 21:15:33','2025-03-24 21:15:33',1),(1797,14866,1,1,'26DB7632E1ADB8C7','My wishlist',NULL,'2025-03-27 20:44:23','2025-03-27 20:44:23',1),(1798,3750,1,1,'63C37E0E915AA2B2','Ma liste d\'envies',NULL,'2025-03-28 13:53:40','2025-03-28 13:53:40',1),(1799,14877,1,1,'AF4C96FD6CBF88D7','Meine Wunschliste',NULL,'2025-03-28 23:59:55','2025-03-28 23:59:55',1),(1800,14878,1,1,'801CB691F781F9D0','La mia lista dei desideri',NULL,'2025-03-29 05:42:20','2025-03-29 05:42:20',1),(1801,14879,1,1,'E81E6EF16B9C5524','Meine Wunschliste',NULL,'2025-03-29 07:48:30','2025-03-29 07:48:30',1),(1802,14881,1,1,'8E34C4429F3DD4DF','Meine Wunschliste',NULL,'2025-03-29 12:08:26','2025-03-29 12:08:26',1),(1803,14882,1,1,'E5BD314BC8221315','Meine Wunschliste',NULL,'2025-03-29 14:50:52','2025-03-29 14:50:52',1),(1804,14883,1,1,'A2E013D392B579F1','Ma liste d\'envies',NULL,'2025-03-29 15:26:40','2025-03-29 15:26:40',1),(1805,14884,1,1,'53CBD04FCCC2235B','Ma liste d\'envies',NULL,'2025-03-29 19:41:17','2025-03-29 19:41:17',1),(1806,7970,1,1,'89D2846C2DC3BEE1','My wishlist',NULL,'2025-03-29 21:22:12','2025-03-29 21:22:12',1),(1807,14885,1,1,'3C0A9DA7A3E0748B','Meine Wunschliste',NULL,'2025-03-30 09:44:11','2025-03-30 09:44:11',1),(1808,14886,1,1,'2EAA22B29FDBDD2E','Meine Wunschliste',NULL,'2025-03-30 17:08:22','2025-03-30 17:08:22',1),(1809,14887,1,1,'05801B1C3CC79ED0','Meine Wunschliste',NULL,'2025-03-30 17:33:44','2025-03-30 17:33:44',1),(1810,14888,1,1,'EB142A9640151847','La mia lista dei desideri',NULL,'2025-03-30 17:44:35','2025-03-30 17:44:35',1),(1811,14889,1,1,'78E3F71A70A37B61','My wishlist',NULL,'2025-03-30 22:22:18','2025-03-30 22:22:18',1),(1812,14890,1,1,'3E6F36B5B481A9BC','Meine Wunschliste',NULL,'2025-03-31 10:23:59','2025-03-31 10:23:59',1),(1813,14894,1,1,'A260A7BFC650A657','Meine Wunschliste',NULL,'2025-03-31 16:42:57','2025-03-31 16:42:57',1),(1814,14895,1,1,'C63A852F3CB59ADE','Meine Wunschliste',NULL,'2025-03-31 20:45:00','2025-03-31 20:45:00',1),(1815,8299,1,1,'6CEA08423D8EBD9B','My wishlist',NULL,'2025-04-01 17:17:19','2025-04-01 17:17:19',1),(1816,7448,1,1,'A9C354266C85A406','Ma liste d\'envies',NULL,'2025-04-01 23:43:06','2025-04-01 23:43:06',1),(1817,14900,1,1,'10F65D0EA278965D','Meine Wunschliste',NULL,'2025-04-02 17:59:17','2025-04-02 17:59:17',1),(1818,14901,1,1,'24178B84900027E0','My wishlist',NULL,'2025-04-02 19:58:01','2025-04-02 19:58:01',1),(1819,14902,1,1,'D11EAD339AB317E3','Ma liste d\'envies',NULL,'2025-04-02 23:51:23','2025-04-02 23:51:23',1),(1820,7567,1,1,'8EE809FF7EBAF750','My wishlist',NULL,'2025-04-03 15:37:03','2025-04-03 15:37:03',1),(1821,14904,1,1,'4B71B3AFF69E49D2','Ma liste d\'envies',NULL,'2025-04-03 15:51:41','2025-04-03 15:51:41',1),(1822,14907,1,1,'5F991C05E94061B1','Meine Wunschliste',NULL,'2025-04-04 14:54:35','2025-04-04 14:54:35',1),(1823,14909,1,1,'4C7846A86E519311','Ma liste d\'envies',NULL,'2025-04-04 22:10:43','2025-04-04 22:10:43',1),(1824,14911,1,1,'73499AF7E311434F','Meine Wunschliste',NULL,'2025-04-05 01:20:21','2025-04-05 01:20:21',1),(1825,14912,1,1,'6114114B91A3F5DB','Meine Wunschliste',NULL,'2025-04-05 09:21:56','2025-04-05 09:21:56',1),(1826,14914,1,1,'CC2971C71DB9D8C8','Meine Wunschliste',NULL,'2025-04-05 09:49:23','2025-04-05 09:49:23',1),(1827,14915,1,1,'8703520E731960C4','Meine Wunschliste',NULL,'2025-04-05 14:47:42','2025-04-05 14:47:42',1),(1828,545,1,1,'FD52BA571F1F1C44','Meine Wunschliste',NULL,'2025-04-05 15:15:05','2025-04-05 15:15:05',1),(1829,14917,1,1,'68607582BC62A141','My wishlist',NULL,'2025-04-05 17:07:10','2025-04-05 17:07:10',1),(1830,14918,1,1,'571444CCAE1CA54B','Ma liste d\'envies',NULL,'2025-04-05 18:32:09','2025-04-05 18:32:09',1),(1831,14919,1,1,'F9B3B00502F15B9B','My wishlist',NULL,'2025-04-06 11:42:53','2025-04-06 11:42:53',1),(1832,14924,1,1,'F607F79029652346','Meine Wunschliste',NULL,'2025-04-06 19:51:01','2025-04-06 19:51:01',1),(1833,14926,1,1,'DBE4B5A81CE41104','Meine Wunschliste',NULL,'2025-04-07 13:03:08','2025-04-07 13:03:08',1),(1834,14927,1,1,'925B2EB1B8FBC7B4','Meine Wunschliste',NULL,'2025-04-07 17:00:54','2025-04-07 17:00:54',1),(1835,14929,1,1,'6ACFB717856CDF75','Meine Wunschliste',NULL,'2025-04-07 23:32:59','2025-04-07 23:32:59',1),(1836,14930,1,1,'124A999145A58063','Meine Wunschliste',NULL,'2025-04-08 08:08:15','2025-04-08 08:08:15',1),(1837,14931,1,1,'097EC1A25F4B561B','Meine Wunschliste',NULL,'2025-04-08 13:18:36','2025-04-08 13:18:36',1),(1838,8242,1,1,'788D699B19625592','Ma liste d\'envies',NULL,'2025-04-08 15:08:30','2025-04-08 15:08:30',1),(1839,14932,1,1,'0C1F35CDFF5326C3','Meine Wunschliste',NULL,'2025-04-08 21:41:55','2025-04-08 21:41:55',1),(1840,14933,1,1,'6BEAD23F0C268C2B','La mia lista dei desideri',NULL,'2025-04-09 00:45:09','2025-04-09 00:45:09',1),(1841,4115,1,1,'EE151F5C95B90775','Meine Wunschliste',NULL,'2025-04-09 10:09:30','2025-04-09 10:09:30',1),(1842,14936,1,1,'12762A2D4DE3B2D7','Meine Wunschliste',NULL,'2025-04-09 11:28:15','2025-04-09 11:28:15',1),(1843,2490,1,1,'61F7E0EB40FEB5CB','Ma liste d\'envies',NULL,'2025-04-10 09:09:59','2025-04-10 09:09:59',1),(1844,14937,1,1,'6F3598AA53F78CF2','Meine Wunschliste',NULL,'2025-04-10 21:45:27','2025-04-10 21:45:27',1),(1845,14941,1,1,'E9E0F09828DF7936','My wishlist',NULL,'2025-04-12 22:52:52','2025-04-12 22:52:52',1),(1846,14943,1,1,'EB6E545DCFC2FAF8','Meine Wunschliste',NULL,'2025-04-13 15:27:21','2025-04-13 15:27:21',1),(1847,14945,1,1,'F482F0F286FF7027','My wishlist',NULL,'2025-04-13 22:01:08','2025-04-13 22:01:08',1),(1848,14947,1,1,'6672FC43DE20506C','Meine Wunschliste',NULL,'2025-04-14 15:08:44','2025-04-14 15:08:44',1),(1849,14950,1,1,'2318A3759A7EB7D9','My wishlist',NULL,'2025-04-15 13:48:13','2025-04-15 13:48:13',1),(1850,14951,1,1,'4E8EBF57C62E5930','My wishlist',NULL,'2025-04-15 14:27:34','2025-04-15 14:27:34',1),(1851,14952,1,1,'C0A905D5527B5A30','Meine Wunschliste',NULL,'2025-04-15 16:47:36','2025-04-15 16:47:36',1),(1852,14954,1,1,'1BC6CD39469B4FA5','Meine Wunschliste',NULL,'2025-04-16 11:17:08','2025-04-16 11:17:08',1),(1853,14955,1,1,'E0EB9F91819B8E3F','My wishlist',NULL,'2025-04-16 11:23:53','2025-04-16 11:23:53',1),(1854,14957,1,1,'BBC81011DF1380B4','My wishlist',NULL,'2025-04-16 21:57:02','2025-04-16 21:57:02',1),(1855,14959,1,1,'F6B10CEEA6FF684B','Meine Wunschliste',NULL,'2025-04-17 15:34:32','2025-04-17 15:34:32',1),(1856,14961,1,1,'2211FF5043E5343B','Meine Wunschliste',NULL,'2025-04-18 15:44:22','2025-04-18 15:44:22',1),(1857,14962,1,1,'279B6240B2295B44','Ma liste d\'envies',NULL,'2025-04-18 16:56:41','2025-04-18 16:56:41',1),(1858,14967,1,1,'6A9C019C019FE904','Meine Wunschliste',NULL,'2025-04-20 07:33:00','2025-04-20 07:33:00',1),(1859,14968,1,1,'A2231DF51A71A593','Meine Wunschliste',NULL,'2025-04-20 11:52:07','2025-04-20 11:52:07',1),(1860,14973,1,1,'7CDBD9FE4D12B548','Ma liste d\'envies',NULL,'2025-04-21 10:33:17','2025-04-21 10:33:17',1),(1861,14975,1,1,'19E4F06021FB2CA3','Meine Wunschliste',NULL,'2025-04-21 21:02:54','2025-04-21 21:02:54',1),(1862,14979,1,1,'EC49EA68ED2D2BBC','Ma liste d\'envies',NULL,'2025-04-23 00:44:15','2025-04-23 00:44:15',1),(1863,8320,1,1,'CDC3CB4FF366C950','Ma liste d\'envies',NULL,'2025-04-23 08:51:28','2025-04-23 08:51:28',1),(1864,14939,1,1,'6A4B7B68415E04F7','La mia lista dei desideri',NULL,'2025-04-23 17:02:05','2025-04-23 17:02:05',1),(1865,7439,1,1,'A9E14A6ECE527689','Meine Wunschliste',NULL,'2025-04-23 17:23:36','2025-04-23 17:23:36',1),(1866,14983,1,1,'69BA2E0A8AF1AC50','Meine Wunschliste',NULL,'2025-04-23 18:27:08','2025-04-23 18:27:08',1),(1867,14984,1,1,'7FB1816EDD828654','Meine Wunschliste',NULL,'2025-04-24 08:56:58','2025-04-24 08:56:58',1),(1868,14986,1,1,'46C272263B2A8BD9','Meine Wunschliste',NULL,'2025-04-24 09:42:51','2025-04-24 09:42:51',1),(1869,14801,1,1,'C236D467857FE197','Meine Wunschliste',NULL,'2025-04-24 14:11:00','2025-04-24 14:11:00',1),(1870,14987,1,1,'26010F40E83A0588','My wishlist',NULL,'2025-04-24 14:55:34','2025-04-24 14:55:34',1),(1871,14988,1,1,'2561B73A9B693C0D','Meine Wunschliste',NULL,'2025-04-24 15:05:16','2025-04-24 15:05:16',1),(1872,14989,1,1,'0707F20FAB8A28E0','Ma liste d\'envies',NULL,'2025-04-24 15:17:08','2025-04-24 15:17:08',1),(1873,14992,1,1,'35685DBF830A0BFE','La mia lista dei desideri',NULL,'2025-04-24 17:12:26','2025-04-24 17:12:26',1),(1874,14990,1,1,'F7CBC2583327A816','Ma liste d\'envies',NULL,'2025-04-24 21:23:07','2025-04-24 21:23:07',1),(1875,14994,1,1,'565DA6BC67E2848B','Meine Wunschliste',NULL,'2025-04-25 13:07:36','2025-04-25 13:07:36',1),(1876,7550,1,1,'B9AEB48BFE8534B9','La mia lista dei desideri',NULL,'2025-04-25 16:20:41','2025-04-25 16:20:41',1),(1877,14998,1,1,'066B8B650CCC69D9','Meine Wunschliste',NULL,'2025-04-26 18:09:10','2025-04-26 18:09:10',1),(1878,7101,1,1,'AA96F2807C994959','Meine Wunschliste',NULL,'2025-04-27 10:07:10','2025-04-27 10:07:10',1),(1879,15000,1,1,'4213F0A2E592F83D','My wishlist',NULL,'2025-04-27 11:03:01','2025-04-27 11:03:01',1),(1880,15002,1,1,'5A1BE9D8B68B678A','La mia lista dei desideri',NULL,'2025-04-27 21:02:12','2025-04-27 21:02:12',1),(1881,15004,1,1,'6BF390292F8AC619','My wishlist',NULL,'2025-04-28 10:58:46','2025-04-28 10:58:46',1),(1882,15005,1,1,'171A6DCD5FB795CA','Ma liste d\'envies',NULL,'2025-04-28 13:21:14','2025-04-28 13:21:14',1),(1883,14995,1,1,'0899247B3CED4ED8','Ma liste d\'envies',NULL,'2025-04-28 17:25:13','2025-04-28 17:25:13',1),(1884,15007,1,1,'1A8DFA22143B02B9','La mia lista dei desideri',NULL,'2025-04-28 21:20:35','2025-04-28 21:20:35',1),(1885,15008,1,1,'A1AC054C9BA2EA7E','My wishlist',NULL,'2025-04-28 21:30:46','2025-04-28 21:30:46',1),(1886,15011,1,1,'CBD33EEDD09C6495','Meine Wunschliste',NULL,'2025-04-29 11:50:00','2025-04-29 11:50:00',1),(1887,15012,1,1,'F2ACBE7B92065FCE','My wishlist',NULL,'2025-04-29 12:00:54','2025-04-29 12:00:54',1),(1888,15013,1,1,'4D755DC3304A221B','My wishlist',NULL,'2025-04-29 16:00:21','2025-04-29 16:00:21',1),(1889,15016,1,1,'E2926F98CBD69540','My wishlist',NULL,'2025-04-29 16:38:17','2025-04-29 16:38:17',1),(1890,15018,1,1,'48EB44FC8DD1384D','Ma liste d\'envies',NULL,'2025-04-29 19:34:41','2025-04-29 19:34:41',1),(1891,15017,1,1,'50A67F8036D8E01B','My wishlist',NULL,'2025-04-29 19:37:33','2025-04-29 19:37:33',1),(1892,15019,1,1,'9B3EE26D6EFB5CC3','My wishlist',NULL,'2025-04-29 21:13:51','2025-04-29 21:13:51',1),(1893,15023,1,1,'DA09241C0B9E360C','Meine Wunschliste',NULL,'2025-05-01 09:51:00','2025-05-01 09:51:00',1),(1894,15024,1,1,'AAE35571AEA3EFCA','Meine Wunschliste',NULL,'2025-05-01 11:17:46','2025-05-01 11:17:46',1),(1895,15025,1,1,'5BA8BE04C60DD491','La mia lista dei desideri',NULL,'2025-05-02 16:17:22','2025-05-02 16:17:22',1),(1896,15027,1,1,'8D23ABBE88F123F3','Meine Wunschliste',NULL,'2025-05-02 20:35:50','2025-05-02 20:35:50',1),(1897,15028,1,1,'7757C82F364EABAD','Meine Wunschliste',NULL,'2025-05-02 21:20:41','2025-05-02 21:20:41',1),(1898,15029,1,1,'21255C5659DCF8D1','La mia lista dei desideri',NULL,'2025-05-03 10:31:38','2025-05-03 10:31:38',1),(1899,15032,1,1,'4332B2594E1FE3D1','Ma liste d\'envies',NULL,'2025-05-03 21:20:48','2025-05-03 21:20:48',1),(1900,15033,1,1,'9A4AAA93093C7BC4','Meine Wunschliste',NULL,'2025-05-04 20:11:25','2025-05-04 20:11:25',1),(1901,15035,1,1,'DA99C4D79A3D5F3C','Meine Wunschliste',NULL,'2025-05-05 07:12:34','2025-05-05 07:12:34',1),(1902,15036,1,1,'4C819BC1C379C5AD','Meine Wunschliste',NULL,'2025-05-05 09:49:03','2025-05-05 09:49:03',1),(1903,15037,1,1,'9065786ED3539367','Meine Wunschliste',NULL,'2025-05-05 11:51:04','2025-05-05 11:51:04',1),(1904,1217,1,1,'0F456F2E5C02E4E0','Meine Wunschliste',NULL,'2025-05-05 18:28:23','2025-05-05 18:28:23',1),(1905,15038,1,1,'47A8834384413945','Meine Wunschliste',NULL,'2025-05-05 19:42:54','2025-05-05 19:42:54',1),(1906,15039,1,1,'07C9BE2886D4E253','Meine Wunschliste',NULL,'2025-05-06 19:23:59','2025-05-06 19:23:59',1),(1907,15042,1,1,'A13C27C744B3DE1C','Meine Wunschliste',NULL,'2025-05-06 21:33:56','2025-05-06 21:33:56',1),(1908,15044,1,1,'533F5106D3623470','Meine Wunschliste',NULL,'2025-05-07 10:24:04','2025-05-07 10:24:04',1),(1909,997,1,1,'9D8F3D74C7BCFBA3','Meine Wunschliste',NULL,'2025-05-07 10:35:19','2025-05-07 10:35:19',1),(1910,15045,1,1,'C57B180AC7694533','Meine Wunschliste',NULL,'2025-05-07 16:35:31','2025-05-07 16:35:31',1),(1911,15040,1,1,'7949468512BA4373','Meine Wunschliste',NULL,'2025-05-09 17:05:34','2025-05-09 17:05:34',1),(1912,15049,1,1,'D767BD6097C0651C','Meine Wunschliste',NULL,'2025-05-10 04:31:47','2025-05-10 04:31:47',1),(1913,2716,1,1,'CF4713F955C62C76','Meine Wunschliste',NULL,'2025-05-11 10:26:01','2025-05-11 10:26:01',1),(1914,15050,1,1,'89E94B748F088E08','Ma liste d\'envies',NULL,'2025-05-11 18:16:23','2025-05-11 18:16:23',1),(1915,15055,1,1,'868490E47B3DD8D3','My wishlist',NULL,'2025-05-12 21:28:55','2025-05-12 21:28:55',1),(1916,15056,1,1,'DED32EF3D73F654D','Meine Wunschliste',NULL,'2025-05-12 21:53:57','2025-05-12 21:53:57',1),(1917,15057,1,1,'8390225A40AB506A','Meine Wunschliste',NULL,'2025-05-13 11:04:37','2025-05-13 11:04:37',1),(1918,15060,1,1,'6837792DACB1CFBA','Ma liste d\'envies',NULL,'2025-05-13 22:10:42','2025-05-13 22:10:42',1),(1919,15061,1,1,'83512B89B1CF884B','Meine Wunschliste',NULL,'2025-05-14 15:33:26','2025-05-14 15:33:26',1),(1920,15068,1,1,'C76DC2BF2931FF68','Meine Wunschliste',NULL,'2025-05-17 11:41:22','2025-05-17 11:41:22',1),(1921,15071,1,1,'B0E6A8EEEAEB1389','Meine Wunschliste',NULL,'2025-05-18 17:04:13','2025-05-18 17:04:13',1),(1922,15072,1,1,'2937869B6E4E6A3F','Meine Wunschliste',NULL,'2025-05-18 20:32:36','2025-05-18 20:32:36',1),(1923,15073,1,1,'9A9A2DDAD02AABCC','Meine Wunschliste',NULL,'2025-05-18 22:02:48','2025-05-18 22:02:48',1),(1924,15074,1,1,'F2FEC608671DDC23','Ma liste d\'envies',NULL,'2025-05-19 11:42:41','2025-05-19 11:42:41',1),(1925,4417,1,1,'9DA8C3077BFE5010','Meine Wunschliste',NULL,'2025-05-19 15:39:00','2025-05-19 15:39:00',1),(1926,15075,1,1,'22B6EF3208373584','La mia lista dei desideri',NULL,'2025-05-19 18:41:49','2025-05-19 18:41:49',1),(1927,15078,1,1,'E7D17F4D0BF746B5','Meine Wunschliste',NULL,'2025-05-20 13:06:15','2025-05-20 13:06:15',1),(1928,15083,1,1,'EC7EAED0E889AF81','Meine Wunschliste',NULL,'2025-05-22 19:31:12','2025-05-22 19:31:12',1),(1929,15084,1,1,'3FA71E21DBA55CAC','My wishlist',NULL,'2025-05-22 20:17:14','2025-05-22 20:17:14',1),(1930,15087,1,1,'6B587BD08B243579','My wishlist',NULL,'2025-05-23 08:34:53','2025-05-23 08:34:53',1),(1931,15088,1,1,'F706970211D82475','Meine Wunschliste',NULL,'2025-05-23 13:13:14','2025-05-23 13:13:14',1),(1932,15090,1,1,'CF5DF04F442F2FA4','Ma liste d\'envies',NULL,'2025-05-23 17:42:46','2025-05-23 17:42:46',1),(1933,15092,1,1,'F767B42B0A23FCAD','Meine Wunschliste',NULL,'2025-05-24 19:45:42','2025-05-24 19:45:42',1),(1934,15093,1,1,'1CF991834A7111C8','Meine Wunschliste',NULL,'2025-05-24 22:20:59','2025-05-24 22:20:59',1),(1935,15096,1,1,'4DDCE87244CFE840','My wishlist',NULL,'2025-05-25 15:37:28','2025-05-25 15:37:28',1),(1936,15098,1,1,'E00CFB899B9306B1','Meine Wunschliste',NULL,'2025-05-25 20:50:16','2025-05-25 20:50:16',1),(1937,15099,1,1,'415A5E91E020CACB','Meine Wunschliste',NULL,'2025-05-26 13:58:14','2025-05-26 13:58:14',1),(1938,15102,1,1,'BC0F1376D7D44B37','My wishlist',NULL,'2025-05-27 11:28:48','2025-05-27 11:28:48',1),(1939,15109,1,1,'40E643FB0477D231','My wishlist',NULL,'2025-05-29 21:50:12','2025-05-29 21:50:12',1),(1940,6716,1,1,'622062C3E0E6FD4D','Meine Wunschliste',NULL,'2025-05-30 15:26:15','2025-05-30 15:26:15',1),(1941,15110,1,1,'DB8686F85EF58757','Meine Wunschliste',NULL,'2025-05-31 18:00:59','2025-05-31 18:00:59',1),(1942,15112,1,1,'DE771FEB205C5151','My wishlist',NULL,'2025-06-01 13:25:44','2025-06-01 13:25:44',1),(1943,15114,1,1,'3402DABEF720945F','Meine Wunschliste',NULL,'2025-06-02 08:34:14','2025-06-02 08:34:14',1),(1944,15113,1,1,'C5F6E7C32A26DAB8','Ma liste d\'envies',NULL,'2025-06-02 11:53:31','2025-06-02 11:53:31',1),(1945,15115,1,1,'36D6570C935D8F7E','Meine Wunschliste',NULL,'2025-06-02 19:25:10','2025-06-02 19:25:10',1),(1946,15116,1,1,'D06DD823B53B5EE6','Meine Wunschliste',NULL,'2025-06-02 19:52:58','2025-06-02 19:52:58',1),(1947,15119,1,1,'EC9118FC4C5B9ECE','Meine Wunschliste',NULL,'2025-06-03 09:18:57','2025-06-03 09:18:57',1),(1948,15120,1,1,'9BA4C7DC0205BF50','Meine Wunschliste',NULL,'2025-06-03 12:57:58','2025-06-03 12:57:58',1),(1949,15123,1,1,'BAB310F948E439F1','Ma liste d\'envies',NULL,'2025-06-03 18:29:21','2025-06-03 18:29:21',1),(1950,15123,1,1,'21E267375B47D606','paddle',NULL,'2025-06-03 18:30:26','2025-06-03 18:30:26',0),(1951,7543,1,1,'AB014CB301C3363B','Meine Wunschliste',NULL,'2025-06-04 09:13:57','2025-06-04 09:13:57',1),(1952,15125,1,1,'C9E1C31EAF0B8C60','Ma liste d\'envies',NULL,'2025-06-04 10:35:48','2025-06-04 10:35:48',1),(1953,15127,1,1,'1331FA361C71A14D','Meine Wunschliste',NULL,'2025-06-04 17:10:44','2025-06-04 17:10:44',1),(1954,15132,1,1,'83F1030EBFDCBFAE','Ma liste d\'envies',NULL,'2025-06-05 06:01:16','2025-06-05 06:01:16',1),(1955,15134,1,1,'03BA63BA138C6934','Ma liste d\'envies',NULL,'2025-06-05 12:41:30','2025-06-05 12:41:30',1),(1956,15136,1,1,'2E55A4D39D8990D2','Meine Wunschliste',NULL,'2025-06-05 14:44:09','2025-06-05 14:44:09',1),(1957,15138,1,1,'8D2770C725A0F802','La mia lista dei desideri',NULL,'2025-06-06 14:36:18','2025-06-06 14:36:18',1),(1958,15139,1,1,'B9DE48310DEAE35B','Meine Wunschliste',NULL,'2025-06-06 14:57:42','2025-06-06 14:57:42',1),(1959,15141,1,1,'7409DC87D7BD14CD','Meine Wunschliste',NULL,'2025-06-07 11:13:24','2025-06-07 11:13:24',1),(1960,15143,1,1,'48D4793179819C2F','Meine Wunschliste',NULL,'2025-06-07 17:09:47','2025-06-07 17:09:47',1),(1961,15145,1,1,'317114D606CBE98C','My wishlist',NULL,'2025-06-08 12:03:26','2025-06-08 12:03:26',1),(1962,15147,1,1,'FFB56700D52CA928','Meine Wunschliste',NULL,'2025-06-09 11:31:43','2025-06-09 11:31:43',1),(1963,15146,1,1,'88B4A7683558ED3E','Ma liste d\'envies',NULL,'2025-06-09 12:31:51','2025-06-09 12:31:51',1),(1964,15148,1,1,'97B8C692280D1C13','Meine Wunschliste',NULL,'2025-06-09 16:38:36','2025-06-09 16:38:36',1),(1965,15151,1,1,'245F15566BC43714','La mia lista dei desideri',NULL,'2025-06-09 22:24:39','2025-06-09 22:24:39',1),(1966,15152,1,1,'F5EAE952A61F6B49','Meine Wunschliste',NULL,'2025-06-10 11:00:22','2025-06-10 11:00:22',1),(1967,15153,1,1,'1D881E7E8DB141D7','Meine Wunschliste',NULL,'2025-06-10 12:52:50','2025-06-10 12:52:50',1),(1968,15154,1,1,'8351E730C66E002D','Meine Wunschliste',NULL,'2025-06-10 20:42:57','2025-06-10 20:42:57',1),(1969,1797,1,1,'662C8BAB6886FEBE','Meine Wunschliste',NULL,'2025-06-11 15:59:49','2025-06-11 15:59:49',1),(1970,15160,1,1,'9B6397868904B326','My wishlist',NULL,'2025-06-12 17:22:05','2025-06-12 17:22:05',1),(1971,15164,1,1,'A529589E0BE0A6D0','My wishlist',NULL,'2025-06-13 18:40:53','2025-06-13 18:40:53',1),(1972,15165,1,1,'A96F521F6156C21B','Meine Wunschliste',NULL,'2025-06-13 19:47:09','2025-06-13 19:47:09',1),(1973,15166,1,1,'59DA6ED5B468F877','Meine Wunschliste',NULL,'2025-06-14 09:40:38','2025-06-14 09:40:38',1),(1974,15097,1,1,'631120D6444A8DBA','Meine Wunschliste',NULL,'2025-06-14 16:03:40','2025-06-14 16:03:40',1),(1975,15168,1,1,'48F4302E6FBD90B4','Meine Wunschliste',NULL,'2025-06-14 23:02:57','2025-06-14 23:02:57',1),(1976,6676,1,1,'9B2B47652D0D4F6F','La mia lista dei desideri',NULL,'2025-06-15 13:40:41','2025-06-15 13:40:41',1),(1977,15170,1,1,'0C30CBDF45B815FA','Ma liste d\'envies',NULL,'2025-06-15 16:29:41','2025-06-15 16:29:41',1),(1978,15171,1,1,'429891412903DC59','My wishlist',NULL,'2025-06-15 18:32:01','2025-06-15 18:32:01',1),(1979,7787,1,1,'430E89C51AD4E923','Meine Wunschliste',NULL,'2025-06-16 15:48:28','2025-06-16 15:48:28',1),(1980,14971,1,1,'747CF6DDBFE4AA7D','Meine Wunschliste',NULL,'2025-06-17 13:49:37','2025-06-17 13:49:37',1),(1981,15174,1,1,'30A239ECE8A95795','My wishlist',NULL,'2025-06-18 09:22:38','2025-06-18 09:22:38',1),(1982,15175,1,1,'1B5CE5EDBC263648','Ma liste d\'envies',NULL,'2025-06-18 13:27:24','2025-06-18 13:27:24',1),(1983,15176,1,1,'07D91DF8F07D8C0B','My wishlist',NULL,'2025-06-18 16:00:46','2025-06-18 16:00:46',1),(1984,15177,1,1,'04B983BCE72C65FB','La mia lista dei desideri',NULL,'2025-06-19 23:56:43','2025-06-19 23:56:43',1),(1985,15178,1,1,'ED9E49AE1C757E44','Meine Wunschliste',NULL,'2025-06-20 10:30:09','2025-06-20 10:30:09',1),(1986,15179,1,1,'700A5E3DF00A9A23','Meine Wunschliste',NULL,'2025-06-20 12:48:10','2025-06-20 12:48:10',1),(1987,15180,1,1,'EF48AC8FD10795E5','Meine Wunschliste',NULL,'2025-06-20 17:53:31','2025-06-20 17:53:31',1),(1988,5716,1,1,'03C57DFAC58CC474','My wishlist',NULL,'2025-06-21 16:18:26','2025-06-21 16:18:26',1),(1989,15183,1,1,'288468E59184197A','Ma liste d\'envies',NULL,'2025-06-22 14:48:20','2025-06-22 14:48:20',1),(1990,15184,1,1,'4F479FC4F7143518','Meine Wunschliste',NULL,'2025-06-22 17:25:38','2025-06-22 17:25:38',1),(1991,15185,1,1,'027B6B9E4881C30B','Meine Wunschliste',NULL,'2025-06-22 17:33:31','2025-06-22 17:33:31',1),(1992,15192,1,1,'0E2E63C988736EA8','My wishlist',NULL,'2025-06-24 23:05:39','2025-06-24 23:05:39',1),(1993,15193,1,1,'A198E170523E18F2','My wishlist',NULL,'2025-06-25 10:25:39','2025-06-25 10:25:39',1),(1994,15194,1,1,'BB6F5379B3E48182','Meine Wunschliste',NULL,'2025-06-25 16:02:55','2025-06-25 16:02:55',1),(1995,15200,1,1,'9F8055A3FE6E4592','My wishlist',NULL,'2025-06-26 11:43:38','2025-06-26 11:43:38',1),(1996,15202,1,1,'4617441F988F6E7B','My wishlist',NULL,'2025-06-26 15:45:29','2025-06-26 15:45:29',1),(1997,15207,1,1,'A4652090A8CAC753','My wishlist',NULL,'2025-06-27 08:01:14','2025-06-27 08:01:14',1),(1998,15208,1,1,'00FE7185C8A9C491','Ma liste d\'envies',NULL,'2025-06-27 14:29:25','2025-06-27 14:29:25',1),(1999,7809,1,1,'3A8F33E70BEAD43A','My wishlist',NULL,'2025-06-27 22:36:44','2025-06-27 22:36:44',1),(2000,15210,1,1,'558C8F070CA306DF','Meine Wunschliste',NULL,'2025-06-28 18:51:58','2025-06-28 18:51:58',1),(2001,15212,1,1,'9F98E142200615F1','Meine Wunschliste',NULL,'2025-06-29 13:13:33','2025-06-29 13:13:33',1),(2002,15216,1,1,'E42984BBE439FCE5','Meine Wunschliste',NULL,'2025-06-29 20:20:13','2025-06-29 20:20:13',1),(2003,15217,1,1,'8D88BECF3B0D9F0C','Meine Wunschliste',NULL,'2025-06-29 22:33:19','2025-06-29 22:33:19',1),(2004,5450,1,1,'703C23C6E432321F','Meine Wunschliste',NULL,'2025-06-30 10:02:18','2025-06-30 10:02:18',1),(2005,15219,1,1,'E5C6728051E3DE8B','Meine Wunschliste',NULL,'2025-06-30 11:10:10','2025-06-30 11:10:10',1),(2006,15221,1,1,'EF0D9F50651D1415','My wishlist',NULL,'2025-06-30 13:08:58','2025-06-30 13:08:58',1),(2007,15222,1,1,'98E42DCBDCA40457','Meine Wunschliste',NULL,'2025-06-30 13:21:23','2025-06-30 13:21:23',1),(2008,15223,1,1,'515B04F844012500','Meine Wunschliste',NULL,'2025-06-30 18:44:13','2025-06-30 18:44:13',1),(2009,15228,1,1,'DC56A6287A04A8AA','Ma liste d\'envies',NULL,'2025-07-01 12:28:15','2025-07-01 12:28:15',1),(2010,15230,1,1,'93EB86D105E48FBD','My wishlist',NULL,'2025-07-01 16:14:39','2025-07-01 16:14:39',1),(2011,15231,1,1,'7AFC5ED2A4BAF88D','Meine Wunschliste',NULL,'2025-07-01 17:50:57','2025-07-01 17:50:57',1),(2012,15237,1,1,'A3E93D6C43CB715E','Meine Wunschliste',NULL,'2025-07-02 14:01:09','2025-07-02 14:01:09',1),(2013,15232,1,1,'8B439EE828D4A38E','My wishlist',NULL,'2025-07-02 20:38:15','2025-07-02 20:38:15',1),(2014,15241,1,1,'0B730B2F6819E23C','Meine Wunschliste',NULL,'2025-07-03 10:50:13','2025-07-03 10:50:13',1),(2015,15248,1,1,'D91DEA6E2221CE34','Meine Wunschliste',NULL,'2025-07-04 21:57:16','2025-07-04 21:57:16',1),(2016,15249,1,1,'BDA1D1D36AEB46E5','My wishlist',NULL,'2025-07-05 09:37:32','2025-07-05 09:37:32',1),(2017,15250,1,1,'1192084C997EF291','Meine Wunschliste',NULL,'2025-07-05 13:17:36','2025-07-05 13:17:36',1),(2018,15251,1,1,'0C1278179B08D707','La mia lista dei desideri',NULL,'2025-07-06 12:50:16','2025-07-06 12:50:16',1),(2019,15252,1,1,'7422EA802DD769DD','My wishlist',NULL,'2025-07-06 23:39:41','2025-07-06 23:39:41',1),(2020,15235,1,1,'B70A981B568244E3','Meine Wunschliste',NULL,'2025-07-07 16:58:17','2025-07-07 16:58:17',1),(2021,15254,1,1,'72DE60B1A8BA9C69','My wishlist',NULL,'2025-07-07 17:29:55','2025-07-07 17:29:55',1),(2022,15256,1,1,'D21927972A4DA5F7','La mia lista dei desideri',NULL,'2025-07-08 13:22:00','2025-07-08 13:22:00',1),(2023,15245,1,1,'5CBD2F41BE1C157A','Meine Wunschliste',NULL,'2025-07-08 14:10:03','2025-07-08 14:10:03',1),(2024,15258,1,1,'B52607861D59F7AE','Meine Wunschliste',NULL,'2025-07-08 18:14:30','2025-07-08 18:14:30',1),(2025,15261,1,1,'18E680033B4A68FD','Ma liste d\'envies',NULL,'2025-07-09 10:49:43','2025-07-09 10:49:43',1),(2026,15262,1,1,'DFF28C96085498D4','Meine Wunschliste',NULL,'2025-07-09 11:18:31','2025-07-09 11:18:31',1),(2027,7154,1,1,'7B364049CA50E5A3','My wishlist',NULL,'2025-07-09 11:29:12','2025-07-09 11:29:12',1),(2028,8354,1,1,'A8D8C57D9AC48B51','Meine Wunschliste',NULL,'2025-07-09 13:42:34','2025-07-09 13:42:34',1),(2029,15263,1,1,'116E390BB3EFF909','Ma liste d\'envies',NULL,'2025-07-09 14:23:53','2025-07-09 14:23:53',1),(2030,15266,1,1,'783B3EA946AD4669','Meine Wunschliste',NULL,'2025-07-09 19:46:27','2025-07-09 19:46:27',1),(2031,15273,1,1,'737EDF8533F09FFA','Meine Wunschliste',NULL,'2025-07-10 15:43:07','2025-07-10 15:43:07',1),(2032,7388,1,1,'875E7D20EC489CF9','My wishlist',NULL,'2025-07-10 17:39:28','2025-07-10 17:39:28',1),(2033,15276,1,1,'82508593A60F18D5','Meine Wunschliste',NULL,'2025-07-10 19:56:49','2025-07-10 19:56:49',1),(2034,15277,1,1,'16EEF65EFD0ADB66','My wishlist',NULL,'2025-07-10 20:46:33','2025-07-10 20:46:33',1),(2035,15280,1,1,'E4F2627987B546D3','Meine Wunschliste',NULL,'2025-07-12 10:21:35','2025-07-12 10:21:35',1),(2036,15281,1,1,'54F650CCF2E39DE4','La mia lista dei desideri',NULL,'2025-07-12 17:05:38','2025-07-12 17:05:38',1),(2037,7690,1,1,'6577EEC272628E41','Meine Wunschliste',NULL,'2025-07-12 19:32:38','2025-07-12 19:32:38',1),(2038,15265,1,1,'239D3AAAEA1B62AA','Ma liste d\'envies',NULL,'2025-07-13 01:32:23','2025-07-13 01:32:23',1),(2039,15282,1,1,'7C224428D02E160B','Meine Wunschliste',NULL,'2025-07-13 18:48:37','2025-07-13 18:48:37',1),(2040,15283,1,1,'676AE98B1C0D15EA','Meine Wunschliste',NULL,'2025-07-13 22:06:33','2025-07-13 22:06:33',1),(2041,15284,1,1,'E091F62A40A73441','Meine Wunschliste',NULL,'2025-07-14 19:07:13','2025-07-14 19:07:13',1),(2042,15286,1,1,'C601BE9B68ABEBAD','Meine Wunschliste',NULL,'2025-07-14 21:56:45','2025-07-14 21:56:45',1),(2043,15287,1,1,'49C9B19961243DF7','My wishlist',NULL,'2025-07-15 16:57:08','2025-07-15 16:57:08',1),(2044,15291,1,1,'01DD98D8E423DA7C','Meine Wunschliste',NULL,'2025-07-16 08:30:07','2025-07-16 08:30:07',1),(2045,15297,1,1,'EAC3F04C67E28C7B','Meine Wunschliste',NULL,'2025-07-17 17:57:18','2025-07-17 17:57:18',1),(2046,4892,1,1,'03BF95B9487B096C','My wishlist',NULL,'2025-07-18 13:01:20','2025-07-18 13:01:20',1),(2047,15301,1,1,'5CEEE5C3EC0366CC','Ma liste d\'envies',NULL,'2025-07-19 09:59:32','2025-07-19 09:59:32',1),(2048,8793,1,1,'DE6FCB12377220B2','Orenj',NULL,'2025-07-21 09:11:27','2025-07-21 09:11:27',0),(2049,15308,1,1,'C9F8592527CCD9F8','Meine Wunschliste',NULL,'2025-07-21 20:45:07','2025-07-21 20:45:07',1),(2050,15309,1,1,'8606CBBD3C632EA7','Meine Wunschliste',NULL,'2025-07-21 21:59:00','2025-07-21 21:59:00',1),(2051,15220,1,1,'408F18B69A9B0F42','Meine Wunschliste',NULL,'2025-07-22 08:14:48','2025-07-22 08:14:48',1),(2052,1242,1,1,'3F8934F616E40C4F','Meine Wunschliste',NULL,'2025-07-23 19:33:04','2025-07-23 19:33:04',1),(2053,7214,1,1,'9C7626BAAD4B94A7','Ma liste d\'envies',NULL,'2025-07-24 05:12:16','2025-07-24 05:12:16',1),(2054,15312,1,1,'300D7665E8B2A3EF','My wishlist',NULL,'2025-07-24 06:08:20','2025-07-24 06:08:20',1),(2055,15314,1,1,'9A96A07E5561133E','My wishlist',NULL,'2025-07-24 19:05:46','2025-07-24 19:05:46',1),(2056,15315,1,1,'354F1AF740A2E0CF','Meine Wunschliste',NULL,'2025-07-24 20:05:07','2025-07-24 20:05:07',1),(2057,15316,1,1,'DB1D2EAC0BBC3E1D','Meine Wunschliste',NULL,'2025-07-25 10:42:44','2025-07-25 10:42:44',1),(2058,15317,1,1,'B1F2873D99624729','Meine Wunschliste',NULL,'2025-07-25 12:19:41','2025-07-25 12:19:41',1),(2059,15318,1,1,'9AED4D34ABDBB79B','Meine Wunschliste',NULL,'2025-07-25 22:08:56','2025-07-25 22:08:56',1),(2060,2820,1,1,'13A830C97F0B98EE','Meine Wunschliste',NULL,'2025-07-26 13:21:39','2025-07-26 13:21:39',1),(2061,15319,1,1,'ECE61F205050AC55','La mia lista dei desideri',NULL,'2025-07-26 13:56:10','2025-07-26 13:56:10',1),(2062,15324,1,1,'BF660CE5EB816452','Meine Wunschliste',NULL,'2025-07-27 13:00:44','2025-07-27 13:00:44',1),(2063,15328,1,1,'9C249CCD563EFFEE','Meine Wunschliste',NULL,'2025-07-28 16:28:26','2025-07-28 16:28:26',1),(2064,15330,1,1,'C77AE77795F987CE','Meine Wunschliste',NULL,'2025-07-29 11:29:34','2025-07-29 11:29:34',1),(2065,15331,1,1,'12F02EEFE2755334','My wishlist',NULL,'2025-07-29 11:36:27','2025-07-29 11:36:27',1),(2066,15332,1,1,'2D877D2CFB5D02E2','Meine Wunschliste',NULL,'2025-07-29 19:20:48','2025-07-29 19:20:48',1),(2067,15333,1,1,'891C90CCB0C1165E','Meine Wunschliste',NULL,'2025-07-29 23:00:02','2025-07-29 23:00:02',1),(2068,15336,1,1,'B79AFE7617143485','Ma liste d\'envies',NULL,'2025-07-30 14:53:03','2025-07-30 14:53:03',1),(2069,15337,1,1,'2BB21720997BEDF4','My wishlist',NULL,'2025-07-30 21:02:02','2025-07-30 21:02:02',1),(2070,15339,1,1,'25CA999EE8EAF5F6','Meine Wunschliste',NULL,'2025-07-30 21:56:47','2025-07-30 21:56:47',1),(2071,6349,1,1,'B1DB4BA5B51AF2BD','La mia lista dei desideri',NULL,'2025-07-31 15:01:08','2025-07-31 15:01:08',1),(2072,15340,1,1,'31AAAC7AC2C405D5','Meine Wunschliste',NULL,'2025-08-01 01:09:25','2025-08-01 01:09:25',1),(2073,15341,1,1,'B7D1BC2B0E3F78EA','Meine Wunschliste',NULL,'2025-08-01 08:10:01','2025-08-01 08:10:01',1),(2074,15342,1,1,'443359954B94C5D6','Meine Wunschliste',NULL,'2025-08-01 20:43:12','2025-08-01 20:43:12',1),(2075,15343,1,1,'566F7F7185A37E08','Ma liste d\'envies',NULL,'2025-08-01 22:06:17','2025-08-01 22:06:17',1),(2076,6234,1,1,'89A81144FA31C477','My wishlist',NULL,'2025-08-02 12:18:59','2025-08-02 12:18:59',1),(2077,15348,1,1,'3A0987DB9A91FCBB','Meine Wunschliste',NULL,'2025-08-03 22:47:22','2025-08-03 22:47:22',1),(2078,15349,1,1,'C037449873C1617A','My wishlist',NULL,'2025-08-04 00:06:34','2025-08-04 00:06:34',1),(2079,15350,1,1,'EC653F197500B51B','My wishlist',NULL,'2025-08-04 14:41:11','2025-08-04 14:41:11',1),(2080,13006,1,1,'B9CC709CA1918B66','Ma liste d\'envies',NULL,'2025-08-05 14:50:10','2025-08-05 14:50:10',1),(2081,15353,1,1,'B7620AC628E0AA14','Meine Wunschliste',NULL,'2025-08-05 22:12:17','2025-08-05 22:12:17',1),(2082,15355,1,1,'9733D2168BD30EB3','Ma liste d\'envies',NULL,'2025-08-06 19:05:54','2025-08-06 19:05:54',1),(2083,15358,1,1,'BF509DEE5910CD89','Ma liste d\'envies',NULL,'2025-08-07 17:06:57','2025-08-07 17:06:57',1),(2084,15359,1,1,'287721493BB5EA0A','Meine Wunschliste',NULL,'2025-08-07 22:40:48','2025-08-07 22:40:48',1),(2085,15361,1,1,'8039B57B4CE394F6','La mia lista dei desideri',NULL,'2025-08-08 14:28:30','2025-08-08 14:28:30',1),(2086,15364,1,1,'FF2DF3435700477D','My wishlist',NULL,'2025-08-08 20:52:37','2025-08-08 20:52:37',1),(2087,6970,1,1,'0021E33E41FAE3AA','Ma liste d\'envies',NULL,'2025-08-10 16:04:44','2025-08-10 16:04:44',1),(2088,15372,1,1,'E8B37CE2C0E7034F','My wishlist',NULL,'2025-08-12 15:49:45','2025-08-12 15:49:45',1),(2089,15378,1,1,'F5908C1CF79B66FB','Meine Wunschliste',NULL,'2025-08-13 09:13:57','2025-08-13 09:13:57',1),(2090,15380,1,1,'3F2C708058B721BB','My wishlist',NULL,'2025-08-13 12:46:49','2025-08-13 12:46:49',1),(2091,15384,1,1,'4F7CB2CF081417CE','My wishlist',NULL,'2025-08-13 23:10:35','2025-08-13 23:10:35',1),(2092,8235,1,1,'D9F5123A6D2F8453','Ma liste d\'envies',NULL,'2025-08-14 14:23:44','2025-08-14 14:23:44',1),(2093,15385,1,1,'B06441BB948B620B','Meine Wunschliste',NULL,'2025-08-14 15:56:26','2025-08-14 15:56:26',1),(2094,15386,1,1,'C7C7D043499FD516','Ma liste d\'envies',NULL,'2025-08-14 17:51:09','2025-08-14 17:51:09',1),(2095,15379,1,1,'DBE2A5D4E3C694D1','My wishlist',NULL,'2025-08-14 22:28:06','2025-08-14 22:28:06',1),(2096,15393,1,1,'1CAC1AEABC77ED3E','My wishlist',NULL,'2025-08-17 11:42:27','2025-08-17 11:42:27',1),(2097,15394,1,1,'051CC05B5B028DE5','Meine Wunschliste',NULL,'2025-08-17 15:32:37','2025-08-17 15:32:37',1),(2098,4275,1,1,'5CF5765917969493','My wishlist',NULL,'2025-08-18 13:54:50','2025-08-18 13:54:50',1),(2099,15398,1,1,'D278993287828FE7','La mia lista dei desideri',NULL,'2025-08-18 18:05:41','2025-08-18 18:05:41',1),(2100,15400,1,1,'EDF864DBA25FD3E4','Meine Wunschliste',NULL,'2025-08-19 10:22:02','2025-08-19 10:22:02',1),(2101,15401,1,1,'8F04FBF51DECC114','Ma liste d\'envies',NULL,'2025-08-19 12:08:23','2025-08-19 12:08:23',1),(2102,15402,1,1,'6FC425A29C581DCE','My wishlist',NULL,'2025-08-19 16:02:18','2025-08-19 16:02:18',1),(2103,15403,1,1,'B3AA60F4B83A8F20','Meine Wunschliste',NULL,'2025-08-20 12:50:25','2025-08-20 12:50:25',1),(2104,15405,1,1,'CFD340BD7783B3B3','Meine Wunschliste',NULL,'2025-08-20 21:54:41','2025-08-20 21:54:41',1),(2105,15406,1,1,'BC8194C86E397608','Meine Wunschliste',NULL,'2025-08-21 11:46:09','2025-08-21 11:46:09',1),(2106,15389,1,1,'5415FEF451AAD61E','My wishlist',NULL,'2025-08-22 09:31:55','2025-08-22 09:31:55',1),(2107,15411,1,1,'5E7F2926EB510FB7','My wishlist',NULL,'2025-08-22 14:49:05','2025-08-22 14:49:05',1),(2108,15412,1,1,'C426F239D3D6E3A0','Meine Wunschliste',NULL,'2025-08-22 15:43:20','2025-08-22 15:43:20',1),(2109,15414,1,1,'386E8897DAEE18FC','Ma liste d\'envies',NULL,'2025-08-24 12:32:30','2025-08-24 12:32:30',1),(2110,430,1,1,'D9E804A96EEBD146','Meine Wunschliste',NULL,'2025-08-24 13:31:44','2025-08-24 13:31:44',1),(2111,15416,1,1,'A05C985BBEF5B35C','Ma liste d\'envies',NULL,'2025-08-24 14:08:47','2025-08-24 14:08:47',1),(2112,15419,1,1,'89EAF752A34A636E','Meine Wunschliste',NULL,'2025-08-26 08:07:27','2025-08-26 08:07:27',1),(2113,15420,1,1,'2B85755942048560','La mia lista dei desideri',NULL,'2025-08-26 09:35:28','2025-08-26 09:35:28',1),(2114,15423,1,1,'CE861CCA365FFE4E','Meine Wunschliste',NULL,'2025-08-26 11:20:45','2025-08-26 11:20:45',1),(2115,1348,1,1,'82DC5D2E8A4FF1B7','Meine Wunschliste',NULL,'2025-08-26 23:14:31','2025-08-26 23:14:31',1),(2116,15427,1,1,'28F40F040E438F9E','Meine Wunschliste',NULL,'2025-08-28 08:05:35','2025-08-28 08:05:35',1),(2117,15434,1,1,'F12B7E991F22DB00','My wishlist',NULL,'2025-08-30 18:06:30','2025-08-30 18:06:30',1),(2118,15437,1,1,'CBCD3AFD1DCB14E5','My wishlist',NULL,'2025-08-31 18:32:00','2025-08-31 18:32:00',1),(2119,3448,1,1,'B0D9CF5B417B8ACC','La mia lista dei desideri',NULL,'2025-09-01 16:34:10','2025-09-01 16:34:10',1),(2120,15446,1,1,'86C63EAC7F78968A','Ma liste d\'envies',NULL,'2025-09-01 20:43:07','2025-09-01 20:43:07',1),(2121,15447,1,1,'E1A0D652A5444A74','My wishlist',NULL,'2025-09-01 21:01:03','2025-09-01 21:01:03',1),(2122,15451,1,1,'1B2FF1C6FE89A42F','Meine Wunschliste',NULL,'2025-09-02 12:33:42','2025-09-02 12:33:42',1),(2123,15452,1,1,'E92486DA493C1D31','Meine Wunschliste',NULL,'2025-09-02 14:39:06','2025-09-02 14:39:06',1),(2124,15453,1,1,'6A9B22ED9219579C','Meine Wunschliste',NULL,'2025-09-02 21:18:17','2025-09-02 21:18:17',1),(2125,15451,1,1,'9EFA945ADC6DC8B3','Geschenke ',NULL,'2025-09-02 22:53:07','2025-09-02 22:53:07',0),(2126,15456,1,1,'247CAA3209EC3469','My wishlist',NULL,'2025-09-03 08:53:46','2025-09-03 08:53:46',1),(2127,15457,1,1,'B1D78413979F732E','Meine Wunschliste',NULL,'2025-09-03 11:08:01','2025-09-03 11:08:01',1),(2128,15459,1,1,'BBAFA9DC6570D1B2','My wishlist',NULL,'2025-09-03 23:22:49','2025-09-03 23:22:49',1),(2129,15465,1,1,'968D03A70707CDB1','Ma liste d\'envies',NULL,'2025-09-04 14:58:35','2025-09-04 14:58:35',1),(2130,15466,1,1,'ADA7CD1D4B0BA2FA','Meine Wunschliste',NULL,'2025-09-04 16:19:54','2025-09-04 16:19:54',1),(2131,3383,1,1,'4460CC7FDE957933','Meine Wunschliste',NULL,'2025-09-04 19:10:38','2025-09-04 19:10:38',1),(2132,15469,1,1,'9B087458AD4A338E','My wishlist',NULL,'2025-09-05 18:06:35','2025-09-05 18:06:35',1),(2133,15475,1,1,'B58A1DF4E13D6195','My wishlist',NULL,'2025-09-06 18:31:26','2025-09-06 18:31:26',1),(2134,15482,1,1,'8424DBAD02209220','My wishlist',NULL,'2025-09-07 17:03:49','2025-09-07 17:03:49',1),(2135,15483,1,1,'210EE48A2846F2C4','Meine Wunschliste',NULL,'2025-09-07 19:20:41','2025-09-07 19:20:41',1),(2136,15484,1,1,'75613B5A5E173193','Meine Wunschliste',NULL,'2025-09-08 10:09:28','2025-09-08 10:09:28',1),(2137,15485,1,1,'45649B45ECC4923A','Meine Wunschliste',NULL,'2025-09-08 11:35:00','2025-09-08 11:35:00',1),(2138,15486,1,1,'FB7680CAD5218277','My wishlist',NULL,'2025-09-08 14:04:45','2025-09-08 14:04:45',1),(2139,15488,1,1,'CF894752E1E39010','Ma liste d\'envies',NULL,'2025-09-08 23:06:25','2025-09-08 23:06:25',1),(2140,15491,1,1,'3E9803400089258C','My wishlist',NULL,'2025-09-09 11:35:58','2025-09-09 11:35:58',1),(2141,7522,1,1,'A4B93D42ADF9DBEF','Ma liste d\'envies',NULL,'2025-09-09 17:21:05','2025-09-09 17:21:05',1),(2142,15494,1,1,'8AE4D6F5C058CB70','La mia lista dei desideri',NULL,'2025-09-09 23:28:55','2025-09-09 23:28:55',1),(2143,15498,1,1,'85FCF1A14855C716','Meine Wunschliste',NULL,'2025-09-11 19:31:21','2025-09-11 19:31:21',1),(2144,15499,1,1,'CDA7478D85B1DF17','Meine Wunschliste',NULL,'2025-09-11 21:13:22','2025-09-11 21:13:22',1),(2145,15504,1,1,'43CBE57C8D8D1178','Meine Wunschliste',NULL,'2025-09-13 15:50:17','2025-09-13 15:50:17',1),(2146,15505,1,1,'8E3785B2BD1A36B6','My wishlist',NULL,'2025-09-13 19:57:19','2025-09-13 19:57:19',1),(2147,15509,1,1,'0D03049FF201CF86','Meine Wunschliste',NULL,'2025-09-14 15:27:17','2025-09-14 15:27:17',1),(2148,15510,1,1,'68B26D6F8869CF22','Meine Wunschliste',NULL,'2025-09-14 17:49:16','2025-09-14 17:49:16',1),(2149,2945,1,1,'E804BDB7E1F82D04','Meine Wunschliste',NULL,'2025-09-14 20:38:15','2025-09-14 20:38:15',1),(2150,15512,1,1,'794C25422B8CA817','Meine Wunschliste',NULL,'2025-09-14 21:42:58','2025-09-14 21:42:58',1),(2151,15514,1,1,'C89D5E96B4812B9D','Meine Wunschliste',NULL,'2025-09-14 21:49:47','2025-09-14 21:49:47',1),(2152,15513,1,1,'E5133A9ED2A79413','Meine Wunschliste',NULL,'2025-09-14 21:54:27','2025-09-14 21:54:27',1),(2153,15515,1,1,'EA8A67551F4ACDF8','My wishlist',NULL,'2025-09-14 22:55:08','2025-09-14 22:55:08',1),(2154,15516,1,1,'0F0CAB10F525A090','My wishlist',NULL,'2025-09-15 09:18:02','2025-09-15 09:18:02',1),(2155,15519,1,1,'94F8FB69CFFB2849','Meine Wunschliste',NULL,'2025-09-15 20:16:17','2025-09-15 20:16:17',1),(2156,15520,1,1,'A81C0F9C0E49450F','Ma liste d\'envies',NULL,'2025-09-15 21:42:56','2025-09-15 21:42:56',1),(2157,15521,1,1,'828A55AB22EF4606','Meine Wunschliste',NULL,'2025-09-16 08:00:10','2025-09-16 08:00:10',1),(2158,15522,1,1,'0756DADE302D43DA','Ma liste d\'envies',NULL,'2025-09-16 11:59:53','2025-09-16 11:59:53',1),(2159,15523,1,1,'61002CA67A8A446B','Meine Wunschliste',NULL,'2025-09-16 20:02:46','2025-09-16 20:02:46',1),(2160,15524,1,1,'E4A4C1EFAC3F11B5','Ma liste d\'envies',NULL,'2025-09-17 11:18:17','2025-09-17 11:18:17',1),(2161,15525,1,1,'820714AD677F76DD','My wishlist',NULL,'2025-09-18 22:26:00','2025-09-18 22:26:00',1),(2162,15529,1,1,'1FC997ED8552CE19','La mia lista dei desideri',NULL,'2025-09-20 09:43:35','2025-09-20 09:43:35',1),(2163,15497,1,1,'16C878E6DA9F1784','Meine Wunschliste',NULL,'2025-09-20 16:34:36','2025-09-20 16:34:36',1),(2164,15534,1,1,'63BBF27481086174','Meine Wunschliste',NULL,'2025-09-21 17:45:21','2025-09-21 17:45:21',1),(2165,15511,1,1,'0DD87D39983D9287','Meine Wunschliste',NULL,'2025-09-22 09:07:33','2025-09-22 09:07:33',1),(2166,15531,1,1,'017B04154F9C73D0','Ma liste d\'envies',NULL,'2025-09-22 15:47:00','2025-09-22 15:47:00',1),(2167,15537,1,1,'1E108F7D82641E3B','La mia lista dei desideri',NULL,'2025-09-22 19:47:34','2025-09-22 19:47:34',1),(2168,7178,1,1,'C860B874A36C6491','Meine Wunschliste',NULL,'2025-09-22 22:14:02','2025-09-22 22:14:02',1),(2169,15539,1,1,'489569CA2EA7E43D','Meine Wunschliste',NULL,'2025-09-23 07:41:39','2025-09-23 07:41:39',1),(2170,15540,1,1,'92A85288F1D50206','My wishlist',NULL,'2025-09-23 21:12:59','2025-09-23 21:12:59',1),(2171,15541,1,1,'2AF812D625B3B4E6','Meine Wunschliste',NULL,'2025-09-24 18:16:44','2025-09-24 18:16:44',1),(2172,15542,1,1,'443664B34E86F906','Ma liste d\'envies',NULL,'2025-09-24 18:37:28','2025-09-24 18:37:28',1),(2173,15544,1,1,'A13662E2738FE9B1','My wishlist',NULL,'2025-09-27 08:21:52','2025-09-27 08:21:52',1),(2174,15545,1,1,'90B7751B16785EBF','Ma liste d\'envies',NULL,'2025-09-27 10:57:20','2025-09-27 10:57:20',1),(2175,15546,1,1,'01F10F9C2C3979B1','Meine Wunschliste',NULL,'2025-09-27 15:36:28','2025-09-27 15:36:28',1),(2176,1603,1,1,'7B520E798F08A6AA','Meine Wunschliste',NULL,'2025-09-28 11:35:47','2025-09-28 11:35:47',1),(2177,15547,1,1,'F86D708F0B148417','Meine Wunschliste',NULL,'2025-09-28 16:08:35','2025-09-28 16:08:35',1),(2178,15558,1,1,'FFE9AA6EFE8525B2','My wishlist',NULL,'2025-09-30 13:06:23','2025-09-30 13:06:23',1),(2179,15561,1,1,'E11BF6B5547B9BA5','My wishlist',NULL,'2025-09-30 20:14:48','2025-09-30 20:14:48',1),(2180,4119,1,1,'3A87BB9FA237E1AE','Meine Wunschliste',NULL,'2025-10-02 19:52:48','2025-10-02 19:52:48',1),(2181,15570,1,1,'71399FD1E7298F3D','Meine Wunschliste',NULL,'2025-10-03 10:14:55','2025-10-03 10:14:55',1),(2182,15571,1,1,'758F33D511F05619','My wishlist',NULL,'2025-10-03 12:47:30','2025-10-03 12:47:30',1),(2183,15557,1,1,'41F2334EC883C436','My wishlist',NULL,'2025-10-04 09:43:12','2025-10-04 09:43:12',1),(2184,15573,1,1,'3F0E6F3577D2FA2E','Meine Wunschliste',NULL,'2025-10-05 07:51:05','2025-10-05 07:51:05',1),(2185,15576,1,1,'B15EE523038C388B','Meine Wunschliste',NULL,'2025-10-05 22:28:38','2025-10-05 22:28:38',1),(2186,11616,1,1,'44E4C510F089B32C','My wishlist',NULL,'2025-10-06 09:14:45','2025-10-06 09:14:45',1),(2187,15577,1,1,'DDFC79395EC4C0AA','My wishlist',NULL,'2025-10-06 13:31:23','2025-10-06 13:31:23',1),(2188,15580,1,1,'B49D62E30C3CDADB','Ma liste d\'envies',NULL,'2025-10-06 21:22:17','2025-10-06 21:22:17',1),(2189,15581,1,1,'D6CD5E8AE5B897BD','My wishlist',NULL,'2025-10-06 23:00:34','2025-10-06 23:00:34',1),(2190,15583,1,1,'C8A91A7D66D6592F','Meine Wunschliste',NULL,'2025-10-07 10:08:45','2025-10-07 10:08:45',1),(2191,15585,1,1,'A8E314189265B4DC','Ma liste d\'envies',NULL,'2025-10-07 19:07:04','2025-10-07 19:07:04',1),(2192,15587,1,1,'DBE2A727551D10AD','My wishlist',NULL,'2025-10-08 08:39:19','2025-10-08 08:39:19',1),(2193,15593,1,1,'BAEF0A6477671C8C','Meine Wunschliste',NULL,'2025-10-09 10:50:39','2025-10-09 10:50:39',1),(2194,8314,1,1,'1D5104F426930924','Aletas 2025',NULL,'2025-10-10 09:35:18','2025-10-10 09:35:18',0),(2195,15595,1,1,'7CE904CD976A8689','My wishlist',NULL,'2025-10-10 18:32:46','2025-10-10 18:32:46',1),(2196,15596,1,1,'D9DC257C695DCF02','Meine Wunschliste',NULL,'2025-10-10 20:45:01','2025-10-10 20:45:01',1),(2197,15599,1,1,'5E7F240861BC70CB','Ma liste d\'envies',NULL,'2025-10-11 10:26:53','2025-10-11 10:26:53',1),(2198,15601,1,1,'9A32DB22B4FE891E','Meine Wunschliste',NULL,'2025-10-11 12:40:10','2025-10-11 12:40:10',1),(2199,15602,1,1,'E14FC5390B342055','Meine Wunschliste',NULL,'2025-10-12 20:17:54','2025-10-12 20:17:54',1),(2200,15604,1,1,'DE7041257D45BBA6','Ma liste d\'envies',NULL,'2025-10-13 22:14:29','2025-10-13 22:14:29',1),(2201,15608,1,1,'BEE2305A344F516D','La mia lista dei desideri',NULL,'2025-10-15 07:38:06','2025-10-15 07:38:06',1),(2202,15609,1,1,'6F79E570D2C20CF6','Meine Wunschliste',NULL,'2025-10-15 09:04:51','2025-10-15 09:04:51',1),(2203,3921,1,1,'AAF66E1307B2D8BD','Meine Wunschliste',NULL,'2025-10-15 12:30:25','2025-10-15 12:30:25',1),(2204,2463,1,1,'DB0EC428E5ECB0E2','Meine Wunschliste',NULL,'2025-10-15 16:27:37','2025-10-15 16:27:37',1),(2205,15612,1,1,'00F5407393F418EC','Meine Wunschliste',NULL,'2025-10-15 20:43:12','2025-10-15 20:43:12',1),(2206,15613,1,1,'AA1D2C7656FE808E','Ma liste d\'envies',NULL,'2025-10-16 12:57:09','2025-10-16 12:57:09',1),(2207,15615,1,1,'EDC414A5CA186515','La mia lista dei desideri',NULL,'2025-10-17 12:04:43','2025-10-17 12:04:43',1),(2208,15624,1,1,'35309CDD1E6E49CD','Meine Wunschliste',NULL,'2025-10-19 12:41:03','2025-10-19 12:41:03',1),(2209,15601,1,1,'D3BB2A7F7971A22A','DLRG',NULL,'2025-10-19 14:13:42','2025-10-19 14:13:42',0),(2210,15625,1,1,'D82FE84738C44ABC','Meine Wunschliste',NULL,'2025-10-19 14:33:34','2025-10-19 14:33:34',1),(2211,15626,1,1,'406B226C0CC261DA','La mia lista dei desideri',NULL,'2025-10-19 16:34:20','2025-10-19 16:34:20',1),(2212,15630,1,1,'9783877A70B08FD7','My wishlist',NULL,'2025-10-20 05:05:26','2025-10-20 05:05:26',1),(2213,15632,1,1,'543CE500225567A9','La mia lista dei desideri',NULL,'2025-10-21 11:44:13','2025-10-21 11:44:13',1),(2214,240,1,1,'0B5E95BD4A1DB773','Meine Wunschliste',NULL,'2025-10-21 20:07:58','2025-10-21 20:07:58',1),(2215,15635,1,1,'D1E048CEE2C055C4','La mia lista dei desideri',NULL,'2025-10-22 08:37:47','2025-10-22 08:37:47',1),(2216,15637,1,1,'5986417522D13285','Meine Wunschliste',NULL,'2025-10-22 09:50:12','2025-10-22 09:50:12',1),(2217,15603,1,1,'05313859D41B08FD','Meine Wunschliste',NULL,'2025-10-23 10:31:07','2025-10-23 10:31:07',1),(2218,15639,1,1,'CDD6DFE4494FCF0A','Ma liste d\'envies',NULL,'2025-10-23 13:41:09','2025-10-23 13:41:09',1),(2219,15642,1,1,'DB8660DA2A5B5410','Meine Wunschliste',NULL,'2025-10-24 10:28:26','2025-10-24 10:28:26',1),(2220,15538,1,1,'7BE321ABC716B140','Ma liste d\'envies',NULL,'2025-10-24 13:50:38','2025-10-24 13:50:38',1),(2221,15645,1,1,'BA738FA20876BE7A','Ma liste d\'envies',NULL,'2025-10-25 11:24:54','2025-10-25 11:24:54',1),(2222,15644,1,1,'BDB39867E014BF71','La mia lista dei desideri',NULL,'2025-10-25 16:45:01','2025-10-25 16:45:01',1),(2223,15647,1,1,'1DF5EDD71945A573','Meine Wunschliste',NULL,'2025-10-25 19:33:47','2025-10-25 19:33:47',1),(2224,15648,1,1,'23ACB81F678213F0','Meine Wunschliste',NULL,'2025-10-25 19:52:04','2025-10-25 19:52:04',1),(2225,1708,1,1,'219EEE8091889D25','Meine Wunschliste',NULL,'2025-10-26 10:13:36','2025-10-26 10:13:36',1),(2226,15649,1,1,'827C75598D88BAF4','Meine Wunschliste',NULL,'2025-10-26 14:42:51','2025-10-26 14:42:51',1),(2227,6005,1,1,'471663EB30ECB0E8','Meine Wunschliste',NULL,'2025-10-26 19:33:53','2025-10-26 19:33:53',1),(2228,15651,1,1,'C7D2C93B4BBB54C7','Ma liste d\'envies',NULL,'2025-10-26 20:26:12','2025-10-26 20:26:12',1),(2229,15652,1,1,'72EA471DE8662F5E','Meine Wunschliste',NULL,'2025-10-27 12:20:59','2025-10-27 12:20:59',1),(2230,15654,1,1,'6C0FA783825990AC','Meine Wunschliste',NULL,'2025-10-28 07:20:48','2025-10-28 07:20:48',1),(2231,15655,1,1,'FA4ECA52BD62977E','La mia lista dei desideri',NULL,'2025-10-28 10:55:30','2025-10-28 10:55:30',1),(2232,15657,1,1,'579881426A9AC635','Meine Wunschliste',NULL,'2025-10-28 17:27:58','2025-10-28 17:27:58',1),(2233,15661,1,1,'44FDF374ED18292C','Ma liste d\'envies',NULL,'2025-10-29 10:32:56','2025-10-29 10:32:56',1),(2234,15662,1,1,'D5447EE4BE73E138','Meine Wunschliste',NULL,'2025-10-29 13:09:51','2025-10-29 13:09:51',1),(2235,15664,1,1,'7E4CD8B6C7D4D6C5','Ma liste d\'envies',NULL,'2025-10-29 16:24:53','2025-10-29 16:24:53',1),(2236,15667,1,1,'BB486141DEB7B408','My wishlist',NULL,'2025-10-29 19:58:27','2025-10-29 19:58:27',1),(2237,15669,1,1,'4C87749DAF7D8892','Meine Wunschliste',NULL,'2025-10-30 09:18:40','2025-10-30 09:18:40',1),(2238,6651,1,1,'93FEAB6E16FAEBA8','Ma liste d\'envies',NULL,'2025-10-30 10:14:54','2025-10-30 10:14:54',1),(2239,15678,1,1,'27098ADFCF1617F2','Meine Wunschliste',NULL,'2025-10-31 14:43:44','2025-10-31 14:43:44',1),(2240,15679,1,1,'2925A152A47D8F9B','Meine Wunschliste',NULL,'2025-10-31 15:03:17','2025-10-31 15:03:17',1),(2241,15684,1,1,'18505CAB3455E14C','Meine Wunschliste',NULL,'2025-11-02 15:18:18','2025-11-02 15:18:18',1),(2242,15683,1,1,'861C43E569B48E7E','La mia lista dei desideri',NULL,'2025-11-02 16:03:40','2025-11-02 16:03:40',1),(2243,15691,1,1,'C9369E73C3FDD87D','Ma liste d\'envies',NULL,'2025-11-02 19:13:27','2025-11-02 19:13:27',1),(2244,15693,1,1,'DDD4714BE92A9A72','Meine Wunschliste',NULL,'2025-11-02 20:19:54','2025-11-02 20:19:54',1),(2245,15697,1,1,'C9181728BE3B4209','Meine Wunschliste',NULL,'2025-11-03 15:55:42','2025-11-03 15:55:42',1),(2246,15699,1,1,'8CC2D4F22E23B874','My wishlist',NULL,'2025-11-03 18:30:34','2025-11-03 18:30:34',1),(2247,15638,1,1,'8110ECED0F92B76A','Ma liste d\'envies',NULL,'2025-11-04 10:09:05','2025-11-04 10:09:05',1),(2248,15702,1,1,'B40F51D0176904D5','Meine Wunschliste',NULL,'2025-11-04 19:15:11','2025-11-04 19:15:11',1),(2249,4040,1,1,'FFF63E6DBBB4A7F0','My wishlist',NULL,'2025-11-05 14:36:25','2025-11-05 14:36:25',1),(2250,15709,1,1,'29D8B37234B444F2','La mia lista dei desideri',NULL,'2025-11-06 08:20:03','2025-11-06 08:20:03',1),(2251,15710,1,1,'B6959893406A38F0','My wishlist',NULL,'2025-11-06 21:15:09','2025-11-06 21:15:09',1),(2252,15712,1,1,'DC9F61CFF48C1990','My wishlist',NULL,'2025-11-07 09:45:43','2025-11-07 09:45:43',1),(2253,4958,1,1,'ED04A702F3E03826','Meine Wunschliste',NULL,'2025-11-07 17:54:41','2025-11-07 17:54:41',1),(2254,15719,1,1,'DD7189DC37248A62','La mia lista dei desideri',NULL,'2025-11-08 13:37:11','2025-11-08 13:37:11',1),(2255,15722,1,1,'91C908855EF305DD','My wishlist',NULL,'2025-11-09 11:08:23','2025-11-09 11:08:23',1),(2256,15733,1,1,'5F4A9132294F3DC0','Meine Wunschliste',NULL,'2025-11-10 15:20:14','2025-11-10 15:20:14',1),(2257,15736,1,1,'0C3C190004DA0E41','Meine Wunschliste',NULL,'2025-11-10 16:42:39','2025-11-10 16:42:39',1),(2258,2763,1,1,'36A7EFA008BFF433','Meine Wunschliste',NULL,'2025-11-10 22:48:37','2025-11-10 22:48:37',1),(2259,15741,1,1,'4DE7015EC321CD3B','Meine Wunschliste',NULL,'2025-11-11 13:25:27','2025-11-11 13:25:27',1),(2260,6043,1,1,'B4BBBEEFB3FAD562','Meine Wunschliste',NULL,'2025-11-11 17:24:54','2025-11-11 17:24:54',1),(2261,15743,1,1,'1DE01857626A4D33','Meine Wunschliste',NULL,'2025-11-12 09:31:07','2025-11-12 09:31:07',1),(2262,15744,1,1,'E3718D7A72A6E7F0','Meine Wunschliste',NULL,'2025-11-12 11:06:45','2025-11-12 11:06:45',1),(2263,15752,1,1,'A113C23D6B4DD924','Meine Wunschliste',NULL,'2025-11-12 19:25:17','2025-11-12 19:25:17',1),(2264,15756,1,1,'103884DABC130BDE','Ma liste d\'envies',NULL,'2025-11-13 16:43:23','2025-11-13 16:43:23',1),(2265,15757,1,1,'63CFC35A9C8E6164','Meine Wunschliste',NULL,'2025-11-13 17:40:25','2025-11-13 17:40:25',1),(2266,15774,1,1,'7C9B0044D2BE4221','Ma liste d\'envies',NULL,'2025-11-14 21:31:58','2025-11-14 21:31:58',1),(2267,15775,1,1,'C4AF1B010500DB9E','Ma liste d\'envies',NULL,'2025-11-14 21:42:16','2025-11-14 21:42:16',1),(2268,15676,1,1,'26CD6DCC586096DD','Meine Wunschliste',NULL,'2025-11-15 06:20:44','2025-11-15 06:20:44',1),(2269,2342,1,1,'EC27F07560830A1F','My wishlist',NULL,'2025-11-15 10:04:12','2025-11-15 10:04:12',1),(2270,15779,1,1,'DE79C3A8689BDDD9','La mia lista dei desideri',NULL,'2025-11-16 15:01:52','2025-11-16 15:01:52',1),(2271,3382,1,1,'E5828E3C45BFE8D0','Meine Wunschliste',NULL,'2025-11-16 16:05:07','2025-11-16 16:05:07',1),(2272,13133,1,1,'FB8E7DBC8484A797','La mia lista dei desideri',NULL,'2025-11-16 16:55:28','2025-11-16 16:55:28',1),(2273,15783,1,1,'F9DD025DFF95F879','My wishlist',NULL,'2025-11-16 18:41:54','2025-11-16 18:41:54',1),(2274,15787,1,1,'427D7104CA472A75','Ma liste d\'envies',NULL,'2025-11-16 23:14:36','2025-11-16 23:14:36',1),(2275,15790,1,1,'E446EB5D2392B34C','La mia lista dei desideri',NULL,'2025-11-17 10:58:31','2025-11-17 10:58:31',1),(2276,15792,1,1,'ABCCF1F2AA575BBC','Meine Wunschliste',NULL,'2025-11-17 14:08:50','2025-11-17 14:08:50',1),(2277,15801,1,1,'B9AFEF17BC4D795E','Meine Wunschliste',NULL,'2025-11-17 22:22:21','2025-11-17 22:22:21',1),(2278,15804,1,1,'7BCAB118A3171BA7','Meine Wunschliste',NULL,'2025-11-18 14:57:11','2025-11-18 14:57:11',1),(2279,15807,1,1,'E0D49064414ADFA1','Meine Wunschliste',NULL,'2025-11-18 21:27:23','2025-11-18 21:27:23',1),(2280,15810,1,1,'309CF018D3282CFB','Ma liste d\'envies',NULL,'2025-11-19 07:49:35','2025-11-19 07:49:35',1),(2281,15816,1,1,'EC909DEB94B7D877','Meine Wunschliste',NULL,'2025-11-19 13:24:06','2025-11-19 13:24:06',1),(2282,15818,1,1,'6446BE58DA135ED5','Ma liste d\'envies',NULL,'2025-11-19 17:53:34','2025-11-19 17:53:34',1),(2283,847,1,1,'7D77CE4EC89D32E6','Meine Wunschliste',NULL,'2025-11-19 21:03:01','2025-11-19 21:03:01',1),(2284,15824,1,1,'7215554A7A27B883','La mia lista dei desideri',NULL,'2025-11-20 12:29:28','2025-11-20 12:29:28',1),(2285,15831,1,1,'78E2462E3BB9597C','Ma liste d\'envies',NULL,'2025-11-21 10:37:53','2025-11-21 10:37:53',1),(2286,15836,1,1,'EC4163936BFB2821','Ma liste d\'envies',NULL,'2025-11-22 08:16:34','2025-11-22 08:16:34',1),(2287,15839,1,1,'3BAA38194DE8D75A','Meine Wunschliste',NULL,'2025-11-22 15:51:07','2025-11-22 15:51:07',1),(2288,15842,1,1,'C163A276469D5FF8','Meine Wunschliste',NULL,'2025-11-22 20:06:06','2025-11-22 20:06:06',1),(2289,15848,1,1,'3198CD948DD1F722','Ma liste d\'envies',NULL,'2025-11-23 20:36:45','2025-11-23 20:36:45',1),(2290,15849,1,1,'D4C7964DDE291002','My wishlist',NULL,'2025-11-23 20:45:32','2025-11-23 20:45:32',1),(2291,15851,1,1,'A5E368513B3E63EB','Meine Wunschliste',NULL,'2025-11-23 23:07:34','2025-11-23 23:07:34',1),(2292,15861,1,1,'8C1010D8E8B5CBC6','My wishlist',NULL,'2025-11-25 17:22:02','2025-11-25 17:22:02',1),(2293,15866,1,1,'C0A6E94369AB210B','Ma liste d\'envies',NULL,'2025-11-25 20:51:47','2025-11-25 20:51:47',1),(2294,15867,1,1,'FE5F48E39FF37602','La mia lista dei desideri',NULL,'2025-11-25 22:50:37','2025-11-25 22:50:37',1),(2295,15739,1,1,'9FAE14EFF3DCCCDA','My wishlist',NULL,'2025-11-27 09:17:18','2025-11-27 09:17:18',1),(2296,15875,1,1,'34541AAC14661805','Meine Wunschliste',NULL,'2025-11-27 10:43:29','2025-11-27 10:43:29',1),(2297,15883,1,1,'7E150138548F67ED','Ma liste d\'envies',NULL,'2025-11-28 11:58:18','2025-11-28 11:58:18',1),(2298,15884,1,1,'1B4FCFA53836846C','Ma liste d\'envies',NULL,'2025-11-28 12:28:20','2025-11-28 12:28:20',1),(2299,15898,1,1,'1238A8BCE2C5B76D','My wishlist',NULL,'2025-11-28 22:47:47','2025-11-28 22:47:47',1),(2300,15908,1,1,'73643034E7A85496','My wishlist',NULL,'2025-11-29 13:53:17','2025-11-29 13:53:17',1),(2301,15923,1,1,'7B8CBAE36D1AE579','Meine Wunschliste',NULL,'2025-11-30 12:38:56','2025-11-30 12:38:56',1),(2302,2983,1,1,'29A6C0E1888F29F1','Ma liste d\'envies',NULL,'2025-11-30 16:08:21','2025-11-30 16:08:21',1),(2303,15927,1,1,'9FFB9AC0FFE040CD','Meine Wunschliste',NULL,'2025-11-30 16:49:15','2025-11-30 16:49:15',1),(2304,15929,1,1,'E2FA7123637B7EBA','My wishlist',NULL,'2025-11-30 18:48:15','2025-11-30 18:48:15',1),(2305,15930,1,1,'754503F3879A2250','Meine Wunschliste',NULL,'2025-11-30 20:27:14','2025-11-30 20:27:14',1),(2306,15950,1,1,'96495CA8A65D0E3D','La mia lista dei desideri',NULL,'2025-12-01 19:41:26','2025-12-01 19:41:26',1),(2307,15954,1,1,'F02AC807350F2476','Ma liste d\'envies',NULL,'2025-12-01 22:02:42','2025-12-01 22:02:42',1),(2308,15967,1,1,'A5485CE343E24D75','Ma liste d\'envies',NULL,'2025-12-02 12:23:59','2025-12-02 12:23:59',1),(2309,15971,1,1,'A6BCBF28148AA6AC','Meine Wunschliste',NULL,'2025-12-02 14:49:56','2025-12-02 14:49:56',1),(2310,15981,1,1,'593DAF526FB68BB6','My wishlist',NULL,'2025-12-03 19:16:24','2025-12-03 19:16:24',1),(2311,15987,1,1,'7E5928115F8BBE85','Meine Wunschliste',NULL,'2025-12-04 11:36:42','2025-12-04 11:36:42',1),(2312,15985,1,1,'AE2F02AABB6338C0','Meine Wunschliste',NULL,'2025-12-04 15:42:44','2025-12-04 15:42:44',1),(2313,15979,1,1,'B9B6F21A74492902','La mia lista dei desideri',NULL,'2025-12-04 19:43:23','2025-12-04 19:43:23',1),(2314,15988,1,1,'BA6B518E1C9C4361','Meine Wunschliste',NULL,'2025-12-04 21:14:53','2025-12-04 21:14:53',1),(2315,15994,1,1,'8DDD3FF0CE5E3296','Meine Wunschliste',NULL,'2025-12-06 13:31:25','2025-12-06 13:31:25',1),(2316,15996,1,1,'7C4B822ECABDCC00','Ma liste d\'envies',NULL,'2025-12-06 16:09:24','2025-12-06 16:09:24',1),(2317,15997,1,1,'6C5AB9A72CE3B69E','Meine Wunschliste',NULL,'2025-12-07 09:24:45','2025-12-07 09:24:45',1),(2318,16000,1,1,'67833636FFA35AC3','My wishlist',NULL,'2025-12-07 13:54:39','2025-12-07 13:54:39',1),(2319,16004,1,1,'07722A8586EC12F6','Ma liste d\'envies',NULL,'2025-12-07 19:36:36','2025-12-07 19:36:36',1),(2320,16012,1,1,'D488E776912B15A7','Meine Wunschliste',NULL,'2025-12-08 13:04:28','2025-12-08 13:04:28',1),(2321,16011,1,1,'0827A27F0BDAD2C3','Ma liste d\'envies',NULL,'2025-12-08 16:35:55','2025-12-08 16:35:55',1),(2322,16015,1,1,'5D8050586ED2B64F','Meine Wunschliste',NULL,'2025-12-08 19:03:27','2025-12-08 19:03:27',1),(2323,2577,1,1,'8DD1C5A474FB6136','Meine Wunschliste',NULL,'2025-12-08 21:07:56','2025-12-08 21:07:56',1),(2324,15873,1,1,'6FD4D3DF287A8CE7','Meine Wunschliste',NULL,'2025-12-09 12:36:27','2025-12-09 12:36:27',1),(2325,16020,1,1,'FE8983FF4B71959D','Meine Wunschliste',NULL,'2025-12-09 17:37:41','2025-12-09 17:37:41',1),(2326,16021,1,1,'4CC9B5223EE934DF','Ma liste d\'envies',NULL,'2025-12-09 17:57:37','2025-12-09 17:57:37',1),(2327,16024,1,1,'5BF8B3D31689629E','Meine Wunschliste',NULL,'2025-12-09 21:13:37','2025-12-09 21:13:37',1),(2328,15989,1,1,'29DA95F520553563','La mia lista dei desideri',NULL,'2025-12-09 21:26:09','2025-12-09 21:26:09',1),(2329,16026,1,1,'B0CDF70FC759433C','Meine Wunschliste',NULL,'2025-12-09 22:18:01','2025-12-09 22:18:01',1),(2330,16035,1,1,'B4D73C8F7B5B7D05','Ma liste d\'envies',NULL,'2025-12-11 16:29:59','2025-12-11 16:29:59',1),(2331,16036,1,1,'7F9E1E9339686A4A','Meine Wunschliste',NULL,'2025-12-11 18:15:38','2025-12-11 18:15:38',1),(2332,16038,1,1,'E4D55371A6946B33','My wishlist',NULL,'2025-12-12 10:17:36','2025-12-12 10:17:36',1),(2333,16039,1,1,'0B9CE13F5673EF72','Ma liste d\'envies',NULL,'2025-12-12 11:00:22','2025-12-12 11:00:22',1),(2334,16040,1,1,'1C5B5141045EF9A3','Meine Wunschliste',NULL,'2025-12-12 12:56:21','2025-12-12 12:56:21',1),(2335,16044,1,1,'02107B46C5371FCD','Meine Wunschliste',NULL,'2025-12-13 09:54:15','2025-12-13 09:54:15',1),(2336,2836,1,1,'6D18A346BC69C469','My wishlist',NULL,'2025-12-13 11:11:49','2025-12-13 11:11:49',1),(2337,16045,1,1,'6D8E71B3E2B1CF93','La mia lista dei desideri',NULL,'2025-12-13 19:10:20','2025-12-13 19:10:20',1),(2338,433,1,1,'56FA06E40FC23FAC','Meine Wunschliste',NULL,'2025-12-14 16:40:04','2025-12-14 16:40:04',1),(2339,1948,1,1,'6794DDBCA3FDEA80','Meine Wunschliste',NULL,'2025-12-14 17:43:55','2025-12-14 17:43:55',1),(2340,16048,1,1,'07DB04047FE70676','Ma liste d\'envies',NULL,'2025-12-14 18:03:53','2025-12-14 18:03:53',1),(2341,16050,1,1,'4D5B20C69CEF86D2','My wishlist',NULL,'2025-12-14 19:57:27','2025-12-14 19:57:27',1),(2342,16053,1,1,'C1897C702147BEFD','La mia lista dei desideri',NULL,'2025-12-14 23:59:31','2025-12-14 23:59:31',1),(2343,16055,1,1,'60AB6BCD7AD43F36','La mia lista dei desideri',NULL,'2025-12-15 08:34:42','2025-12-15 08:34:42',1),(2344,16042,1,1,'DEFD321E3BF9122A','Ma liste d\'envies',NULL,'2025-12-15 13:32:26','2025-12-15 13:32:26',1),(2345,16057,1,1,'E0E7D587DEA1ED49','Meine Wunschliste',NULL,'2025-12-15 14:40:45','2025-12-15 14:40:45',1),(2346,16059,1,1,'3C8D05445D2B9679','My wishlist',NULL,'2025-12-15 17:11:42','2025-12-15 17:11:42',1),(2347,6705,1,1,'976D74682566967F','Ma liste d\'envies',NULL,'2025-12-15 20:36:21','2025-12-15 20:36:21',1),(2348,16062,1,1,'DC72F4AFB91C916B','La mia lista dei desideri',NULL,'2025-12-16 10:17:21','2025-12-16 10:17:21',1),(2349,16085,1,1,'FE6ADAD363F44EB6','Meine Wunschliste',NULL,'2025-12-17 16:26:36','2025-12-17 16:26:36',1),(2350,15665,1,1,'1D882C781026AFD0','Ma liste d\'envies',NULL,'2025-12-17 20:07:22','2025-12-17 20:07:22',1),(2351,16090,1,1,'9E941C2594C1386B','La mia lista dei desideri',NULL,'2025-12-17 22:10:14','2025-12-17 22:10:14',1),(2352,16091,1,1,'6DD84C34DDFBE2E2','Meine Wunschliste',NULL,'2025-12-17 22:33:04','2025-12-17 22:33:04',1),(2353,16107,1,1,'0BF785DDA946122D','Meine Wunschliste',NULL,'2025-12-18 16:50:53','2025-12-18 16:50:53',1),(2354,16109,1,1,'C04FAC1D36EF5603','My wishlist',NULL,'2025-12-18 20:07:14','2025-12-18 20:07:14',1),(2355,5930,1,1,'CC7DF7E944363982','Meine Wunschliste',NULL,'2025-12-19 00:44:44','2025-12-19 00:44:44',1),(2356,16121,1,1,'1D5D9C9B745340D0','Meine Wunschliste',NULL,'2025-12-19 13:13:19','2025-12-19 13:13:19',1),(2357,16130,1,1,'ADD5B0A0AA894CE0','Ma liste d\'envies',NULL,'2025-12-20 10:09:10','2025-12-20 10:09:10',1),(2358,4550,1,1,'A7922B8B8536155D','Meine Wunschliste',NULL,'2025-12-20 15:02:10','2025-12-20 15:02:10',1),(2359,16136,1,1,'CACF2C5CCD89A5AA','Ma liste d\'envies',NULL,'2025-12-20 16:58:36','2025-12-20 16:58:36',1),(2360,16144,1,1,'5D49A37EE1DCEAAF','My wishlist',NULL,'2025-12-21 11:07:57','2025-12-21 11:07:57',1),(2361,16145,1,1,'C0D3DE7F53298D5C','La mia lista dei desideri',NULL,'2025-12-21 12:51:01','2025-12-21 12:51:01',1),(2362,16146,1,1,'DEAE340023C13F9F','My wishlist',NULL,'2025-12-21 19:07:31','2025-12-21 19:07:31',1),(2363,16147,1,1,'238CAC67F33C2825','La mia lista dei desideri',NULL,'2025-12-21 19:37:13','2025-12-21 19:37:13',1),(2364,16151,1,1,'E68C9722FD7DDAEF','Meine Wunschliste',NULL,'2025-12-23 13:03:10','2025-12-23 13:03:10',1),(2365,7904,1,1,'563CE9085A955CF2','La mia lista dei desideri',NULL,'2025-12-24 09:19:56','2025-12-24 09:19:56',1),(2366,16153,1,1,'9937F0B88638861C','Meine Wunschliste',NULL,'2025-12-24 09:55:33','2025-12-24 09:55:33',1),(2367,16037,1,1,'C1EE1E43D4ABBC74','La mia lista dei desideri',NULL,'2025-12-25 10:31:45','2025-12-25 10:31:45',1),(2368,16156,1,1,'20AD519F475787FB','Meine Wunschliste',NULL,'2025-12-25 14:09:23','2025-12-25 14:09:23',1),(2369,16160,1,1,'1BF528637B8ABDD0','My wishlist',NULL,'2025-12-28 18:40:28','2025-12-28 18:40:28',1),(2370,16163,1,1,'D9A50BDC2C11AAE3','Meine Wunschliste',NULL,'2025-12-30 10:56:28','2025-12-30 10:56:28',1),(2371,16164,1,1,'995B53D138AC5710','La mia lista dei desideri',NULL,'2025-12-30 13:50:19','2025-12-30 13:50:19',1),(2372,16165,1,1,'A164F8C35F24CD30','La mia lista dei desideri',NULL,'2025-12-30 13:59:48','2025-12-30 13:59:48',1),(2373,16167,1,1,'A2DA3EFD3B9F1FD9','My wishlist',NULL,'2025-12-30 21:50:32','2025-12-30 21:50:32',1),(2374,16169,1,1,'7F36ED0A9331A804','La mia lista dei desideri',NULL,'2025-12-31 12:42:26','2025-12-31 12:42:26',1),(2375,16170,1,1,'1593CB6E0441B6FA','La mia lista dei desideri',NULL,'2025-12-31 13:23:02','2025-12-31 13:23:02',1),(2376,16173,1,1,'192D7362B140962D','My wishlist',NULL,'2026-01-02 21:31:28','2026-01-02 21:31:28',1),(2377,16174,1,1,'933087A05B1A67F6','My wishlist',NULL,'2026-01-03 16:15:24','2026-01-03 16:15:24',1),(2378,16181,1,1,'C10119800492336B','My wishlist',NULL,'2026-01-04 22:45:01','2026-01-04 22:45:01',1),(2379,16182,1,1,'63B61916F715F9DD','Ma liste d\'envies',NULL,'2026-01-05 13:42:14','2026-01-05 13:42:14',1),(2380,16183,1,1,'9FD5613979788B65','Meine Wunschliste',NULL,'2026-01-05 17:21:08','2026-01-05 17:21:08',1),(2381,16184,1,1,'704BFA6D4444E326','Meine Wunschliste',NULL,'2026-01-05 20:11:22','2026-01-05 20:11:22',1),(2382,16186,1,1,'EBF4E175FD7F4A92','My wishlist',NULL,'2026-01-06 10:00:25','2026-01-06 10:00:25',1),(2383,16168,1,1,'E700708F559CA33B','My wishlist',NULL,'2026-01-07 19:47:26','2026-01-07 19:47:26',1),(2384,16193,1,1,'015823962D59AD56','Meine Wunschliste',NULL,'2026-01-08 19:23:46','2026-01-08 19:23:46',1),(2385,16172,1,1,'A538DEDF29909DED','Meine Wunschliste',NULL,'2026-01-08 19:51:51','2026-01-08 19:51:51',1),(2386,16201,1,1,'C4D330C27FD49A9C','Meine Wunschliste',NULL,'2026-01-11 10:00:35','2026-01-11 10:00:35',1),(2387,16203,1,1,'C3607A7307BA5477','Meine Wunschliste',NULL,'2026-01-11 17:45:18','2026-01-11 17:45:18',1),(2388,16207,1,1,'619681D1A248F9DA','My wishlist',NULL,'2026-01-12 10:31:52','2026-01-12 10:31:52',1),(2389,16211,1,1,'E73D8562DE3F8A3A','Meine Wunschliste',NULL,'2026-01-12 21:41:29','2026-01-12 21:41:29',1),(2390,7713,1,1,'5DC8F42527C18456','La mia lista dei desideri',NULL,'2026-01-12 21:48:16','2026-01-12 21:48:16',1),(2391,16206,1,1,'5115CEA08A648A2A','My wishlist',NULL,'2026-01-13 20:14:11','2026-01-13 20:14:11',1),(2392,16215,1,1,'77024A460067F0C3','Meine Wunschliste',NULL,'2026-01-14 19:32:22','2026-01-14 19:32:22',1),(2393,16217,1,1,'8B6FDF6A23B75B39','Ma liste d\'envies',NULL,'2026-01-15 07:33:49','2026-01-15 07:33:49',1),(2394,16221,1,1,'34886020BDCD7E66','Meine Wunschliste',NULL,'2026-01-15 12:01:13','2026-01-15 12:01:13',1),(2395,16222,1,1,'BC5F8E631A5DE4ED','Ma liste d\'envies',NULL,'2026-01-15 14:24:38','2026-01-15 14:24:38',1),(2396,16224,1,1,'8DB006189CFC7B02','Meine Wunschliste',NULL,'2026-01-16 13:04:37','2026-01-16 13:04:37',1),(2397,16225,1,1,'CBD090D09517FCD1','Ma liste d\'envies',NULL,'2026-01-17 10:34:41','2026-01-17 10:34:41',1),(2398,16227,1,1,'BB2787DBB4AF4580','Meine Wunschliste',NULL,'2026-01-17 19:15:55','2026-01-17 19:15:55',1),(2399,16229,1,1,'C739FFEC0B5B95C0','Ma liste d\'envies',NULL,'2026-01-18 16:20:08','2026-01-18 16:20:08',1),(2400,16230,1,1,'98BFC865CFD794D8','Meine Wunschliste',NULL,'2026-01-18 19:50:26','2026-01-18 19:50:26',1),(2401,16231,1,1,'1CE5651278C7D10A','My wishlist',NULL,'2026-01-18 23:45:08','2026-01-18 23:45:08',1),(2402,5801,1,1,'30B2C3E465A1A588','Meine Wunschliste',NULL,'2026-01-19 21:20:57','2026-01-19 21:20:57',1),(2403,16233,1,1,'A6A7539E6ABE5DA7','Meine Wunschliste',NULL,'2026-01-20 12:17:16','2026-01-20 12:17:16',1);

--
-- Table structure for table `prstshp_wishlist_email`
--

CREATE TABLE `prstshp_wishlist_email` (
  `id_wishlist` int(10) unsigned NOT NULL,
  `email` varchar(128) NOT NULL,
  `date_add` datetime NOT NULL
) ENGINE=InnoDB DEFAULT CHARSET=utf8;

--
-- Dumping data for table `prstshp_wishlist_email`
--

INSERT INTO `prstshp_wishlist_email` VALUES (37,'florence.kosche@gmx.de','2018-04-09 18:46:42'),(127,'sport@v.owr.at','2022-05-04 08:24:37');

--
-- Table structure for table `prstshp_wishlist_product`
--

CREATE TABLE `prstshp_wishlist_product` (
  `id_wishlist_product` int(10) NOT NULL AUTO_INCREMENT,
  `id_wishlist` int(10) unsigned NOT NULL,
  `id_product` int(10) unsigned NOT NULL,
  `id_product_attribute` int(10) unsigned NOT NULL,
  `quantity` int(10) unsigned NOT NULL,
  `priority` int(10) unsigned NOT NULL,
  PRIMARY KEY (`id_wishlist_product`)
) ENGINE=InnoDB AUTO_INCREMENT=336 DEFAULT CHARSET=utf8;

--
-- Dumping data for table `prstshp_wishlist_product`
--

INSERT INTO `prstshp_wishlist_product` VALUES (1,80,1270,131668,1,1),(2,80,28,37678,1,1),(3,80,27,481,1,1),(4,80,1123,8074,1,1),(6,112,1119,131644,1,1),(7,112,1160,0,1,1),(8,112,1174,0,1,1),(9,132,789,0,1,1),(10,132,104,131678,1,1),(11,132,84,0,1,1),(12,132,86,0,3,1),(13,132,1243,0,1,1),(14,132,795,0,1,1),(15,173,896,0,3,1),(16,183,1298,131619,1,1),(17,183,1009,134416,1,1),(18,183,1156,0,1,1),(19,183,27,481,1,1),(20,183,1162,0,1,1),(21,183,1163,0,1,1),(22,183,854,131511,1,1),(23,217,809,0,1,1),(24,217,1319,131742,1,1),(25,262,1296,0,1,1),(26,262,861,0,1,1),(29,290,1097,0,1,1),(30,290,36,0,2,1),(31,290,663,23,4,1),(32,316,33,0,1,1),(33,316,883,0,1,1),(34,316,1096,0,1,1),(35,316,944,0,1,1),(36,316,30,0,1,1),(37,316,800,131679,1,1),(38,363,1122,37501,1,1),(39,363,1196,131662,1,1),(40,363,1160,0,1,1),(41,410,1109,0,1,1),(42,410,1108,0,1,1),(43,410,1273,0,1,1),(44,413,1190,37596,1,1),(45,413,1053,131522,1,1),(46,413,1053,131515,1,1),(47,422,1109,0,1,1),(48,422,1445,134394,1,1),(49,262,1235,0,1,1),(50,459,1108,0,1,1),(51,459,789,0,1,1),(53,468,1059,37977,1,1),(54,468,1053,131521,1,1),(55,504,896,0,2,1),(56,543,76,15027,1,1),(58,543,1165,0,1,1),(59,543,108,37986,1,1),(62,594,76,14948,1,1),(63,594,108,37582,1,1),(64,594,1167,23909,1,1),(65,595,793,0,1,1),(66,595,854,131511,1,1),(67,595,1108,0,1,1),(68,595,1109,0,1,1),(69,595,947,7386,1,1),(70,595,1273,0,1,1),(71,595,1229,0,1,1),(74,595,1252,0,1,1),(75,595,861,0,1,1),(76,595,38,0,1,1),(77,595,1013,0,1,1),(78,595,1160,0,1,1),(79,595,89,0,1,1),(80,595,663,23,1,1),(82,654,1053,131521,1,1),(83,689,1108,0,1,1),(84,689,1109,0,1,1),(85,689,1215,0,1,1),(86,840,1457,0,2,1),(87,855,1273,0,1,1),(88,855,1095,0,1,1),(89,855,108,37582,1,1),(90,685,1053,134223,1,1),(91,894,883,0,1,1),(92,934,76,15013,1,1),(93,957,1453,0,1,1),(95,595,1053,134223,1,1),(96,595,1237,0,1,1),(97,595,1174,0,1,1),(98,986,1059,131429,1,1),(102,1048,789,0,1,1),(103,1064,108,37584,1,1),(104,1064,1059,37974,1,1),(105,1064,1059,131429,1,1),(106,1010,1184,0,1,1),(107,1010,1182,0,1,1),(108,1130,1484,134497,1,1),(109,1130,1301,131635,1,1),(110,1187,38,0,1,1),(111,1187,1358,0,1,1),(112,1187,16,131599,1,1),(113,1188,78,14588,1,1),(114,1188,78,14580,1,1),(115,1188,79,14660,1,1),(116,386,789,0,1,1),(117,1202,789,0,1,1),(118,1188,79,14628,1,1),(120,1215,896,0,1,1),(121,986,1059,37977,1,1),(122,1255,1445,134394,1,1),(123,1255,38,0,1,1),(124,1255,1399,0,1,1),(125,1255,1427,0,1,1),(126,1255,1400,0,1,1),(127,1255,1402,0,1,1),(128,1255,22,0,1,1),(130,1421,583,37825,1,1),(131,1432,663,23,1,1),(132,1455,1053,131522,1,1),(133,1455,1053,134223,1,1),(134,1455,1053,131521,2,1),(135,1458,1459,0,1,1),(136,1458,1460,0,1,1),(137,1458,1461,0,1,1),(138,1458,948,37649,1,1),(139,1458,1122,37501,1,1),(140,1458,1119,131644,1,1),(143,1469,1189,37547,1,1),(146,1469,79,14673,1,1),(147,1460,100,0,2,1),(149,1508,78,14593,1,1),(150,1508,78,14592,1,1),(151,1528,1478,134480,1,1),(152,1542,1108,0,1,1),(153,1542,1109,0,1,1),(154,1542,1059,131429,1,1),(155,1556,1009,134416,1,1),(156,1596,108,37581,1,1),(158,1641,1053,131598,1,1),(159,1641,1053,134312,1,1),(160,1641,1053,131516,1,1),(162,1706,1059,134744,1,1),(163,1706,1059,37975,1,1),(164,1708,1059,131587,1,1),(165,1710,1109,0,1,1),(166,1710,1108,0,1,1),(167,1710,1059,37977,1,1),(168,1010,1353,0,1,1),(169,1010,1403,0,1,1),(170,1010,1424,0,1,1),(171,1010,1439,0,1,1),(172,1010,1445,134394,1,1),(173,1010,1476,0,1,1),(176,1496,1109,0,1,1),(177,868,1551,0,1,1),(178,1812,1273,0,1,1),(179,1812,1108,0,1,1),(180,1812,1109,0,1,1),(181,1812,854,131511,1,1),(182,1812,1175,0,1,1),(184,1813,1049,134465,1,1),(185,1823,1059,37977,1,1),(186,1823,1059,131587,1,1),(187,1528,837,131640,1,1),(188,1893,1109,0,1,1),(189,1893,1108,0,1,1),(190,1908,1162,0,1,1),(191,1908,1100,0,1,1),(192,1908,31,0,1,1),(193,1908,1306,0,1,1),(194,1908,1173,0,1,1),(195,1908,789,0,1,1),(196,1908,1298,131619,1,1),(197,1937,1053,131516,1,1),(198,1937,76,15001,1,1),(199,1823,583,37825,1,1),(200,1947,65,2096,1,1),(203,1947,38,0,1,1),(204,1947,1532,0,1,1),(205,1950,1112,134751,1,1),(206,1959,943,131645,1,1),(207,1964,1167,23909,1,1),(208,1964,1189,37561,1,1),(209,1964,1189,37537,1,1),(210,1964,1095,0,1,1),(212,1964,1190,37596,1,1),(213,1964,793,0,1,1),(214,1958,1555,134950,3,1),(215,1958,1555,134950,3,1),(216,1958,1070,131554,1,1),(218,1994,1301,131635,1,1),(221,1994,1177,0,1,1),(222,1994,1162,0,1,1),(223,2019,1314,131715,1,1),(224,2019,1438,134375,1,1),(225,2019,1445,134395,1,1),(226,2019,1399,0,1,1),(227,519,19,134518,1,1),(229,1938,1053,131518,1,1),(230,1938,1053,134223,1,1),(231,1938,1059,134244,8,1),(232,2077,1301,131635,1,1),(233,2077,1107,7926,1,1),(234,2077,1151,14138,1,1),(235,2077,1099,0,1,1),(241,2091,1306,0,1,1),(242,2091,1160,0,1,1),(243,2091,1174,0,1,1),(244,2091,789,0,1,1),(245,2091,1117,131647,1,1),(246,2091,1107,7926,1,1),(247,2091,1122,37501,1,1),(248,2091,1602,0,1,1),(249,1508,1116,131646,1,1),(250,1508,1305,131670,1,1),(251,273,1605,135007,1,1),(252,273,953,0,1,1),(253,273,1400,0,1,1),(255,273,1590,0,1,1),(256,2122,1486,134502,1,1),(257,2122,1160,0,1,1),(259,2122,108,37581,1,1),(260,2122,663,23,1,1),(261,2125,1273,0,1,1),(262,2125,1108,0,1,1),(263,2125,1109,0,1,1),(265,2125,1182,0,1,1),(266,2122,1551,0,1,1),(267,2128,1215,0,1,1),(268,2128,1072,131625,1,1),(269,2128,1451,0,1,1),(270,2128,789,0,1,1),(271,2128,894,0,1,1),(272,2128,84,0,1,1),(273,2128,1108,0,1,1),(274,2128,1109,0,1,1),(275,2128,1273,0,1,1),(276,2128,1511,134555,1,1),(277,2128,803,0,1,1),(278,2128,820,0,1,1),(279,2128,79,14628,1,1),(280,2128,108,37985,1,1),(281,2128,1059,37977,1,1),(282,2128,793,0,1,1),(283,2077,1189,37529,1,1),(284,2077,76,15001,1,1),(286,2077,1453,0,1,1),(288,2122,108,37582,1,1),(289,2081,1205,37623,1,1),(292,2081,1428,134332,1,1),(293,2081,1316,131733,1,1),(294,2081,1429,134699,1,1),(295,2081,1203,37614,1,1),(296,2081,1398,134266,1,1),(297,2081,1430,134692,1,1),(298,1926,1298,131618,1,1),(299,1926,1451,0,1,1),(300,2170,1109,0,1,1),(301,2170,1108,0,1,1),(302,2170,1059,131429,1,1),(303,2170,108,37986,1,1),(304,2170,583,37893,1,1),(305,1926,1013,0,1,1),(306,1926,35,134470,1,1),(307,1926,84,0,1,1),(308,1926,789,0,1,1),(309,1926,1053,131519,1,1),(310,546,1189,37502,1,1),(314,2122,79,14662,1,1),(315,2209,1398,134906,1,1),(316,2209,1527,134696,1,1),(317,2233,1560,0,1,1),(319,2122,1171,24093,1,1),(320,2302,28,37678,1,1),(321,2302,1221,131533,1,1),(323,2286,1428,134332,1,1),(324,2327,1059,131429,1,1),(325,2327,1059,37974,1,1),(326,2334,76,14994,1,1),(327,2334,79,14628,1,1),(328,2334,1171,24038,1,1),(329,2334,1273,0,1,1),(330,2334,1190,37596,1,1),(331,2334,1053,131519,1,1),(332,2334,84,0,1,1),(333,2334,1261,134988,1,1),(334,2334,1164,0,1,1),(335,2304,1072,131625,1,1);

--
-- Table structure for table `prstshp_wishlist_product_cart`
--

CREATE TABLE `prstshp_wishlist_product_cart` (
  `id_wishlist_product` int(10) unsigned NOT NULL,
  `id_cart` int(10) unsigned NOT NULL,
  `quantity` int(10) unsigned NOT NULL,
  `date_add` datetime NOT NULL
) ENGINE=InnoDB DEFAULT CHARSET=utf8;

--
-- Dumping data for table `prstshp_wishlist_product_cart`
--

INSERT INTO `prstshp_wishlist_product_cart` VALUES (6,62870,1,'2023-05-08 17:42:22'),(7,62870,1,'2023-05-08 17:42:27'),(8,62870,1,'2023-05-08 17:42:34'),(42,63992,1,'2023-08-21 17:42:02'),(41,63992,1,'2023-08-21 17:42:38'),(43,63992,1,'2023-08-21 17:43:13'),(64,64775,1,'2023-11-12 19:37:50'),(63,64775,1,'2023-11-12 19:37:56'),(92,66367,1,'2024-03-11 14:24:49'),(94,64770,1,'2024-03-26 13:11:03'),(70,64770,1,'2024-03-26 13:11:30');

--
-- Table structure for table `prstshp_xmlswfblaze_slideshow`
--

CREATE TABLE `prstshp_xmlswfblaze_slideshow` (
  `id_slide` int(10) unsigned NOT NULL AUTO_INCREMENT,
  `title` varchar(128) NOT NULL,
  `desc` varchar(225) NOT NULL,
  `href` varchar(255) NOT NULL,
  `img` varchar(225) NOT NULL,
  `order` tinyint(1) NOT NULL DEFAULT '0',
  PRIMARY KEY (`id_slide`)
) ENGINE=InnoDB AUTO_INCREMENT=8 DEFAULT CHARSET=utf8;

--
-- Dumping data for table `prstshp_xmlswfblaze_slideshow`
--

INSERT INTO `prstshp_xmlswfblaze_slideshow` VALUES (1,'Muizenberg (South Africa)','Muizenberg (South Africa)','','muizenberg01_big.jpg',1),(2,'Oskar Ahlgren in Action','Oskar Ahlgren in Action','','oscar1_big.jpg',3),(3,'Pascal Stöckli in Action','Pascal Stöckli in Action','','pascal_big.jpg',4),(4,'Near Table Mountain (South Africa)','Near Table Mountain (South Africa)','','tablemountain_big.jpg',5),(5,'Ship (South Africa)','Ship (South Africa)','','sski_ship_big.jpg',7),(6,'EbiElite','Ebi and his Elite, Bodensee 2012','','gr0t0976.jpeg',2),(7,'Fenn Surfski and Lifesaving Camp Fuerteventura','Jule, Fuerteventura, March 2013','','jule_fuerte_1.jpeg',6);

--
-- Table structure for table `prstshp_zone`
--

CREATE TABLE `prstshp_zone` (
  `id_zone` int(10) unsigned NOT NULL AUTO_INCREMENT,
  `name` varchar(64) NOT NULL,
  `active` tinyint(1) unsigned NOT NULL DEFAULT '0',
  PRIMARY KEY (`id_zone`)
) ENGINE=InnoDB AUTO_INCREMENT=30 DEFAULT CHARSET=utf8mb4 ROW_FORMAT=DYNAMIC;

--
-- Dumping data for table `prstshp_zone`
--

INSERT INTO `prstshp_zone` VALUES (1,'Zone 1 (EU)',1),(9,'Deutschland',1),(10,'Zone 2 ',1),(11,'Zone 3 (EU)',1),(12,'Zone 4',1),(13,'Zone 5',1),(14,'Zone 6',1),(15,'Zone 3 (NON-EU)',1),(17,'Zone 1 (NON-EU)',1),(18,'Sonstige',1),(23,'Frankreich',1),(24,'Dänemark',1),(25,'Niederlande',1),(26,'Belgien',1),(27,'Schweden',1),(28,'Finnland',1),(29,'Australien',1);

--
-- Table structure for table `prstshp_zone_shop`
--

CREATE TABLE `prstshp_zone_shop` (
  `id_zone` int(11) unsigned NOT NULL,
  `id_shop` int(11) unsigned NOT NULL,
  PRIMARY KEY (`id_zone`,`id_shop`),
  KEY `id_shop` (`id_shop`)
) ENGINE=InnoDB DEFAULT CHARSET=utf8mb4 ROW_FORMAT=DYNAMIC;

--
-- Dumping data for table `prstshp_zone_shop`
--

INSERT INTO `prstshp_zone_shop` VALUES (1,1),(9,1),(10,1),(11,1),(12,1),(13,1),(14,1),(15,1),(17,1),(18,1),(23,1),(24,1),(25,1),(26,1),(27,1),(28,1),(29,1);


