-- Table structure for table `prstshp_attribute_group`
--

CREATE TABLE `prstshp_attribute_group` (
  `id_attribute_group` int(11) NOT NULL AUTO_INCREMENT,
  `is_color_group` tinyint(1) NOT NULL,
  `position` int(11) NOT NULL DEFAULT '0',
  `group_type` varchar(255) NOT NULL,
  PRIMARY KEY (`id_attribute_group`)
) ENGINE=InnoDB AUTO_INCREMENT=32 DEFAULT CHARSET=utf8mb4 ROW_FORMAT=DYNAMIC;

--
-- Dumping data for table `prstshp_attribute_group`
--

INSERT INTO `prstshp_attribute_group` VALUES (1,0,1,'radio'),(2,0,0,'select'),(3,0,2,'radio'),(4,0,3,'select'),(5,0,4,'radio'),(7,0,5,'select'),(8,0,6,'radio'),(12,0,7,'select'),(13,0,8,'select'),(14,0,9,'select'),(15,0,10,'select'),(19,0,11,'select'),(20,0,12,'select'),(21,0,13,'select'),(22,0,14,'select'),(23,0,15,'radio'),(25,0,16,'select'),(29,0,17,'select'),(31,0,18,'select');

--
-- Table structure for table `prstshp_attribute_group_lang`
--

CREATE TABLE `prstshp_attribute_group_lang` (
  `id_attribute_group` int(11) NOT NULL,
  `id_lang` int(11) NOT NULL,
  `name` varchar(128) NOT NULL,
  `public_name` varchar(64) NOT NULL,
  PRIMARY KEY (`id_attribute_group`,`id_lang`),
  KEY `IDX_155517CB67A664FB` (`id_attribute_group`),
  KEY `IDX_155517CBBA299860` (`id_lang`)
) ENGINE=InnoDB DEFAULT CHARSET=utf8mb4 ROW_FORMAT=DYNAMIC;

--
-- Dumping data for table `prstshp_attribute_group_lang`
--

INSERT INTO `prstshp_attribute_group_lang` VALUES (1,1,'colour','colour'),(1,2,'colour','colour'),(1,4,'Farbe','Farbe'),(1,7,'Colore','Colore'),(2,1,'type','Typ'),(2,2,'type','type'),(2,4,'Typ','Typ'),(2,7,'Typ','Typ'),(3,1,'Size','Size'),(3,2,'Taille','Taille'),(3,4,'Größe','Größe'),(3,7,'Dimensione','Dimensione'),(4,1,'Länge','Länge'),(4,2,'length','length'),(4,4,'Länge','Länge'),(4,7,'Länge','Länge'),(5,1,'Width','Width'),(5,2,'Largeur','Largeur'),(5,4,'Breite','Breite'),(5,7,'Larghezza','Larghezza'),(7,1,'Size','Size'),(7,2,'Taille','Taille'),(7,4,'Maß','Maß'),(7,7,'Maß','Maß'),(8,1,'Strength','Strength'),(8,2,'Épaisseur','Épaisseur'),(8,4,'Stärke','Stärke'),(8,7,'Spessore','Spessore'),(12,1,'Weite','Weite'),(12,2,'Weite','Weite'),(12,4,'Weite','Weite'),(12,7,'Weite','Weite'),(13,1,'Anzahl','Anzahl'),(13,2,'Anzahl','Anzahl'),(13,4,'Menge','Menge'),(13,7,'Menge','Menge'),(14,1,'Print','Print Solution'),(14,2,'Druck','druck'),(14,4,'Druck','Druckoption'),(14,7,'Druck','Druckoption'),(15,1,'Druck-Datei','druck-datei'),(15,2,'Druck-Datei','druck-datei'),(15,4,'Druck-Datei','Druck-Datei'),(15,7,'Druck-Datei','Druck-Datei'),(19,1,'Farbe Cap','Farbe Cap'),(19,2,'Farbe Cap','Farbe Cap'),(19,4,'Farbe Cap','Farbe Cap'),(19,7,'Farbe Cap','Farbe Cap'),(20,1,'Surfski Construction','Surfski Construction'),(20,2,'Surfski Construction','Surfski Construction'),(20,4,'Surfski Construction','Surfski Construction'),(20,7,'Surfski Construction','Surfski Construction'),(21,1,'Thickness','Thickness'),(21,2,'Éaisseur','Épaisseur'),(21,4,'Dicke','Dicke'),(21,7,'Dicke','Dicke'),(22,1,'Safety Flags','Safety Flags'),(22,2,'Safety Flags','Safety Flags'),(22,4,'Safety Flags','Safety Flags'),(22,7,'Safety Flags','Safety Flags'),(23,1,'Spark S','Spark S'),(23,2,'Spark S','Spark S'),(23,4,'Spark S','Spark S'),(23,7,'Spark S','Spark S'),(25,1,'Hybrid Vacuum','Hybrid'),(25,2,'Hybrid Vacuum','Hybrid'),(25,4,'Hybrid Vacuum','Hybrid'),(25,7,'Hybrid Vacuum','Hybrid'),(29,1,'Schraubenset','Schraubenset'),(29,2,'Schraubenset','Schraubenset'),(29,4,'Schraubenset','Schraubenset'),(29,7,'Schraubenset','Schraubenset'),(31,1,'Design','Design'),(31,2,'Design','Design'),(31,4,'Design','Design'),(31,7,'Design','Design');

--
-- Table structure for table `prstshp_attribute_group_shop`
--

CREATE TABLE `prstshp_attribute_group_shop` (
  `id_attribute_group` int(11) NOT NULL,
  `id_shop` int(11) NOT NULL,
  PRIMARY KEY (`id_attribute_group`,`id_shop`),
  KEY `IDX_8836DF0B274A50A0` (`id_shop`),
  KEY `IDX_8836DF0B67A664FB` (`id_attribute_group`)
) ENGINE=InnoDB DEFAULT CHARSET=utf8mb4 ROW_FORMAT=DYNAMIC;

--
-- Dumping data for table `prstshp_attribute_group_shop`
--

INSERT INTO `prstshp_attribute_group_shop` VALUES (1,1),(2,1),(3,1),(4,1),(5,1),(7,1),(8,1),(12,1),(13,1),(14,1),(15,1),(19,1),(20,1),(21,1),(22,1),(23,1),(25,1),(29,1),(31,1);

--
-- Table structure for table `prstshp_attribute_impact`
--

CREATE TABLE `prstshp_attribute_impact` (
  `id_attribute_impact` int(10) unsigned NOT NULL AUTO_INCREMENT,
  `id_product` int(11) unsigned NOT NULL,
  `id_attribute` int(11) unsigned NOT NULL,
  `weight` decimal(20,6) NOT NULL DEFAULT '0.000000',
  `net` decimal(20,3) NOT NULL DEFAULT '0.000',
  `price` decimal(20,6) NOT NULL DEFAULT '0.000000',
  PRIMARY KEY (`id_attribute_impact`),
  UNIQUE KEY `id_product` (`id_product`,`id_attribute`)
) ENGINE=InnoDB AUTO_INCREMENT=1632 DEFAULT CHARSET=utf8mb4 ROW_FORMAT=DYNAMIC;

--
-- Dumping data for table `prstshp_attribute_impact`
--

INSERT INTO `prstshp_attribute_impact` VALUES (1,844,50,0.000000,0.000,0.000000),(2,844,52,0.000000,0.000,0.000000),(3,844,53,0.000000,0.000,0.000000),(4,844,10,0.000000,0.000,0.000000),(5,844,9,0.000000,0.000,0.000000),(6,844,8,0.000000,0.000,0.000000),(7,844,11,0.000000,0.000,0.000000),(8,844,12,0.000000,0.000,0.000000),(9,844,110,0.000000,0.000,0.000000),(10,844,109,0.000000,0.000,0.000000),(11,844,108,0.000000,0.000,0.000000),(12,583,49,0.000000,0.000,0.000000),(13,583,50,0.000000,0.000,0.000000),(14,583,51,0.000000,0.000,0.000000),(15,583,52,0.000000,0.000,0.000000),(16,583,53,0.000000,0.000,0.000000),(17,583,54,0.000000,0.000,0.000000),(18,583,55,0.000000,0.000,0.000000),(19,583,56,0.000000,0.000,0.000000),(20,583,57,0.000000,0.000,0.000000),(21,583,10,0.000000,0.000,0.000000),(22,583,9,0.000000,0.000,0.000000),(23,583,8,0.000000,0.000,0.000000),(24,583,11,0.000000,0.000,0.000000),(25,583,12,0.000000,0.000,0.000000),(26,583,110,0.000000,0.000,0.000000),(27,583,109,0.000000,0.000,0.000000),(28,583,108,0.000000,0.000,0.000000),(29,76,49,0.000000,0.000,0.000000),(30,76,50,0.000000,0.000,0.000000),(31,76,51,0.000000,0.000,0.000000),(32,76,52,0.000000,0.000,0.000000),(33,76,53,0.000000,0.000,0.000000),(34,76,54,0.000000,0.000,0.000000),(35,76,55,0.000000,0.000,0.000000),(36,76,56,0.000000,0.000,0.000000),(37,76,57,0.000000,0.000,0.000000),(38,76,10,0.000000,0.000,0.000000),(39,76,9,0.000000,0.000,0.000000),(40,76,8,0.000000,0.000,0.000000),(41,76,11,0.000000,0.000,0.000000),(42,76,12,0.000000,0.000,0.000000),(43,76,110,0.000000,0.000,0.000000),(44,76,109,0.000000,0.000,0.000000),(45,76,108,0.000000,0.000,0.000000),(46,78,49,0.000000,0.000,0.000000),(47,78,50,0.000000,0.000,0.000000),(48,78,51,0.000000,0.000,0.000000),(49,78,52,0.000000,0.000,0.000000),(50,78,53,0.000000,0.000,0.000000),(51,78,54,0.000000,0.000,0.000000),(52,78,55,0.000000,0.000,0.000000),(53,78,56,0.000000,0.000,0.000000),(54,78,57,0.000000,0.000,0.000000),(55,78,10,0.000000,0.000,0.000000),(56,78,9,0.000000,0.000,0.000000),(57,78,8,0.000000,0.000,0.000000),(58,78,11,0.000000,0.000,0.000000),(59,78,12,0.000000,0.000,0.000000),(60,78,110,0.000000,0.000,0.000000),(61,78,109,0.000000,0.000,0.000000),(62,78,108,0.000000,0.000,0.000000),(63,79,49,0.000000,0.000,0.000000),(64,79,50,0.000000,0.000,0.000000),(65,79,51,0.000000,0.000,0.000000),(66,79,52,0.000000,0.000,0.000000),(67,79,53,0.000000,0.000,0.000000),(68,79,54,0.000000,0.000,0.000000),(69,79,55,0.000000,0.000,0.000000),(70,79,56,0.000000,0.000,0.000000),(71,79,57,0.000000,0.000,0.000000),(72,79,10,0.000000,0.000,0.000000),(73,79,9,0.000000,0.000,0.000000),(74,79,8,0.000000,0.000,0.000000),(75,79,11,0.000000,0.000,0.000000),(76,79,12,0.000000,0.000,0.000000),(77,79,110,0.000000,0.000,0.000000),(78,79,109,0.000000,0.000,0.000000),(79,79,108,0.000000,0.000,0.000000),(135,868,117,0.000000,0.000,0.000000),(136,868,118,0.000000,0.000,0.000000),(137,868,119,0.000000,0.000,0.000000),(138,868,120,0.000000,0.000,0.000000),(139,868,121,0.000000,0.000,0.000000),(140,868,122,0.000000,0.000,0.000000),(141,868,123,0.000000,0.000,0.000000),(142,868,124,0.000000,0.000,0.000000),(143,868,125,0.000000,0.000,0.000000),(144,868,126,0.000000,0.000,0.000000),(145,868,139,0.000000,0.000,12.610000),(146,869,112,0.000000,0.000,0.000000),(147,869,113,0.000000,0.000,0.000000),(148,869,114,0.000000,0.000,0.000000),(149,869,115,0.000000,0.000,0.000000),(150,869,116,0.000000,0.000,0.000000),(151,869,117,0.000000,0.000,0.000000),(152,869,118,0.000000,0.000,0.000000),(153,869,119,0.000000,0.000,0.000000),(154,869,120,0.000000,0.000,0.000000),(155,869,139,0.000000,0.000,12.610000),(156,951,50,0.000000,0.000,0.000000),(157,951,52,0.000000,0.000,0.000000),(158,951,53,0.000000,0.000,0.000000),(159,951,10,0.000000,0.000,0.000000),(160,951,9,0.000000,0.000,0.000000),(161,951,8,0.000000,0.000,0.000000),(162,951,11,0.000000,0.000,0.000000),(163,951,12,0.000000,0.000,0.000000),(164,951,110,0.000000,0.000,0.000000),(165,951,109,0.000000,0.000,0.000000),(166,951,108,0.000000,0.000,0.000000),(167,951,14,0.000000,0.000,0.000000),(168,951,2,0.000000,0.000,0.000000),(189,829,8,0.000000,0.000,0.000000),(190,829,11,0.000000,0.000,0.000000),(191,829,12,0.000000,0.000,0.000000),(192,829,10,0.000000,0.000,0.000000),(193,829,9,0.000000,0.000,0.000000),(194,830,8,0.000000,0.000,0.000000),(195,830,9,0.000000,0.000,0.000000),(196,830,10,0.000000,0.000,0.000000),(197,830,11,0.000000,0.000,0.000000),(198,87,8,0.000000,0.000,0.000000),(199,87,9,0.000000,0.000,0.000000),(200,87,10,0.000000,0.000,0.000000),(201,87,11,0.000000,0.000,0.000000),(207,804,47,2.000000,0.000,0.000000),(208,804,67,0.100000,0.000,0.000000),(209,105,15,0.000000,0.000,0.000000),(210,105,3,0.000000,0.000,0.000000),(211,105,1,0.000000,0.000,0.000000),(212,105,14,0.800000,0.000,0.000000),(213,105,30,0.000000,0.000,0.000000),(214,108,14,0.000000,0.000,0.000000),(215,108,22,0.200000,0.000,0.000000),(216,108,76,0.000000,0.000,0.000000),(217,108,103,0.000000,0.000,0.000000),(218,108,104,0.100000,0.000,0.000000),(219,108,105,0.000000,0.000,0.000000),(220,840,3,0.200000,0.000,0.000000),(221,840,29,0.200000,0.000,0.000000),(222,840,16,0.000000,0.000,0.000000),(223,840,48,0.000000,0.000,0.000000),(224,20,153,0.000000,0.000,0.000000),(225,20,58,0.000000,0.000,1.260000),(226,20,59,0.000000,0.000,5.880000),(227,20,3,0.000000,0.000,0.000000),(228,20,151,0.000000,0.000,1.260000),(231,1039,8,0.000000,0.000,0.000000),(232,1039,9,0.000000,0.000,0.000000),(233,1039,10,0.000000,0.000,0.000000),(234,1040,8,0.000000,0.000,10.920000),(235,1040,9,0.000000,0.000,12.610000),(236,1040,10,0.000000,0.000,16.810000),(237,1041,8,0.000000,0.000,10.920000),(238,1041,9,0.000000,0.000,12.610000),(239,1041,10,0.000000,0.000,16.810000),(240,105,48,0.000000,0.000,0.000000),(241,88,165,0.000000,0.000,0.000000),(242,88,166,0.000000,0.000,0.000000),(243,88,167,0.000000,0.000,0.000000),(244,88,168,0.000000,0.000,0.000000),(245,88,169,0.000000,0.000,0.000000),(246,88,170,0.000000,0.000,0.000000),(247,88,171,0.000000,0.000,0.000000),(248,88,172,0.000000,0.000,0.000000),(249,88,173,0.000000,0.000,0.000000),(250,88,174,0.000000,0.000,0.000000),(263,1044,52,0.000000,0.000,0.000000),(264,1044,2,0.000000,0.000,0.000000),(265,1044,10,0.000000,0.000,0.000000),(266,1044,108,0.000000,0.000,0.000000),(270,981,10,0.000000,0.000,0.000000),(271,981,11,0.000000,0.000,0.000000),(272,981,9,0.000000,0.000,0.000000),(273,982,9,0.000000,0.000,0.000000),(274,982,10,0.000000,0.000,0.000000),(275,986,11,0.000000,0.000,0.000000),(276,986,10,0.000000,0.000,0.000000),(277,986,9,0.000000,0.000,0.000000),(278,986,8,0.000000,0.000,0.000000),(281,65,175,0.000000,0.000,0.000000),(282,65,36,7.000000,0.000,0.000000),(283,65,87,0.000000,0.000,0.000000),(284,860,175,0.000000,0.000,0.000000),(285,897,175,0.000000,0.000,0.000000),(286,940,1,0.000000,0.000,0.000000),(287,940,175,0.000000,0.000,0.000000),(290,992,3,0.000000,0.000,0.000000),(291,992,175,0.000000,0.000,0.000000),(298,985,10,0.000000,0.000,0.000000),(301,1036,10,0.000000,0.000,0.000000),(302,1036,11,0.000000,0.000,0.000000),(308,76,2,0.000000,0.000,0.000000),(309,76,14,0.000000,0.000,0.000000),(310,583,2,0.000000,0.000,0.000000),(311,583,14,0.000000,0.000,0.000000),(312,1049,8,0.000000,0.000,0.000000),(313,1049,9,0.000000,0.000,0.000000),(314,1049,10,0.000000,0.000,0.000000),(315,1049,11,0.000000,0.000,0.000000),(316,1023,176,0.000000,0.000,0.000000),(317,1023,8,0.000000,0.000,0.000000),(318,1023,9,0.000000,0.000,0.000000),(319,1023,11,0.000000,0.000,0.000000),(320,1023,12,0.000000,0.000,0.000000),(321,105,16,0.000000,0.000,0.000000),(322,105,178,0.000000,0.000,0.000000),(323,105,185,0.000000,0.000,0.000000),(324,105,182,0.000000,0.000,0.000000),(325,105,181,0.000000,0.000,0.000000),(326,105,187,0.000000,0.000,0.000000),(327,1052,188,0.000000,0.000,0.000000),(328,1052,10,0.000000,0.000,0.000000),(329,1052,108,0.000000,0.000,0.000000),(330,1053,1,0.000000,0.000,0.000000),(331,1053,3,0.000000,0.000,0.000000),(332,1053,29,0.000000,0.000,0.000000),(333,105,191,0.000000,0.000,0.000000),(334,105,192,0.000000,0.000,0.000000),(335,105,193,0.000000,0.000,0.000000),(336,105,194,0.000000,0.000,0.000000),(337,1022,8,0.000000,0.000,0.000000),(338,1022,9,0.000000,0.000,0.000000),(339,1022,10,0.000000,0.000,0.000000),(340,1022,11,0.000000,0.000,0.000000),(341,1022,177,0.000000,0.000,0.000000),(342,1056,30,0.000000,0.000,0.000000),(343,1057,30,0.000000,0.000,0.000000),(344,1048,16,0.000000,0.000,0.000000),(345,1048,15,0.000000,0.000,0.000000),(346,951,176,0.000000,0.000,0.000000),(347,1059,14,0.000000,0.000,0.000000),(348,1059,16,0.000000,0.000,0.000000),(349,1059,48,0.000000,0.000,0.000000),(350,947,14,0.000000,0.000,0.000000),(351,947,15,0.000000,0.000,0.000000),(352,947,16,0.000000,0.000,0.000000),(353,862,61,0.000000,0.000,0.000000),(354,862,62,10.000000,0.000,756.300000),(355,862,60,0.000000,0.000,0.000000),(356,951,177,0.000000,0.000,0.000000),(357,1067,9,0.000000,0.000,0.000000),(358,1067,10,0.000000,0.000,0.000000),(359,1067,11,0.000000,0.000,0.000000),(363,1059,3,0.000000,0.000,0.000000),(364,1059,15,0.000000,0.000,0.000000),(365,1059,29,0.000000,0.000,0.000000),(366,1059,30,0.000000,0.000,0.000000),(367,1059,185,0.000000,0.000,0.000000),(368,1070,60,0.000000,0.000,0.000000),(369,1070,61,0.000000,0.000,436.970000),(370,1070,62,0.000000,0.000,857.140000),(371,35,195,0.000000,0.000,0.000000),(372,35,196,0.000000,0.000,0.000000),(373,35,68,0.150000,0.000,21.010000),(374,35,70,0.150000,0.000,0.000000),(375,960,60,0.000000,0.000,0.000000),(376,960,62,0.000000,0.000,857.140000),(377,960,61,0.000000,0.000,436.970000),(378,1072,61,0.000000,0.000,0.000000),(379,1072,62,0.000000,0.000,0.000000),(380,945,67,0.000000,0.000,0.000000),(381,954,67,0.000000,0.000,0.000000),(382,1053,67,0.000000,0.000,0.000000),(383,1074,14,0.000000,0.000,0.000000),(384,1075,30,0.000000,0.000,0.000000),(385,1076,30,0.000000,0.000,0.000000),(386,1077,85,0.000000,0.000,0.000000),(392,985,11,0.000000,0.000,0.000000),(403,1084,8,0.000000,0.000,0.000000),(404,1084,9,0.000000,0.000,0.000000),(405,1084,10,0.000000,0.000,0.000000),(406,1085,8,0.000000,0.000,0.000000),(407,1085,9,0.000000,0.000,0.000000),(408,1085,10,0.000000,0.000,0.000000),(438,947,184,0.000000,0.000,0.000000),(439,947,30,0.000000,0.000,0.000000),(440,947,214,0.000000,0.000,0.000000),(441,947,213,0.000000,0.000,0.000000),(442,947,1,0.000000,0.000,0.000000),(443,96,1,0.150000,0.000,0.000000),(444,96,2,0.150000,0.000,0.000000),(445,96,28,0.000000,0.000,0.000000),(446,1102,227,0.000000,0.000,0.000000),(447,1102,228,0.000000,0.000,0.000000),(448,1102,229,0.000000,0.000,0.000000),(449,1102,230,0.000000,0.000,0.000000),(450,1102,231,0.000000,0.000,0.000000),(451,1102,232,0.000000,0.000,0.000000),(452,1103,16,0.000000,0.000,0.000000),(453,982,11,0.000000,0.000,0.000000),(455,1111,9,0.000000,0.000,0.000000),(456,1111,10,0.000000,0.000,0.000000),(457,1112,196,0.000000,0.000,0.000000),(458,1114,61,0.000000,0.000,0.000000),(459,1114,62,0.000000,0.000,0.000000),(460,1125,1,0.000000,0.000,0.000000),(461,1125,8,0.000000,0.000,0.000000),(462,1125,9,0.000000,0.000,0.000000),(463,1125,10,0.000000,0.000,0.000000),(464,1125,11,0.000000,0.000,0.000000),(465,1127,1,0.000000,0.000,0.000000),(466,1127,3,0.000000,0.000,0.000000),(467,1127,28,0.000000,0.000,0.000000),(468,1127,39,0.000000,0.000,0.000000),(469,1127,48,0.000000,0.000,0.000000),(476,1133,9,0.000000,0.000,0.000000),(477,1133,10,0.000000,0.000,0.000000),(478,1133,11,0.000000,0.000,0.000000),(482,1135,9,0.000000,0.000,0.000000),(483,1135,10,0.000000,0.000,0.000000),(484,1135,11,0.000000,0.000,0.000000),(507,1140,9,0.000000,0.000,0.000000),(508,1140,10,0.000000,0.000,0.000000),(509,1140,11,0.000000,0.000,0.000000),(510,1141,9,0.000000,0.000,0.000000),(511,1141,10,0.000000,0.000,0.000000),(512,1141,11,0.000000,0.000,0.000000),(526,1144,71,0.000000,0.000,12.610000),(527,1144,72,0.000000,0.000,0.000000),(528,1144,117,0.000000,0.000,0.000000),(529,1144,118,0.000000,0.000,0.000000),(530,1144,119,0.000000,0.000,0.000000),(531,1144,120,0.000000,0.000,0.000000),(532,1144,121,0.000000,0.000,0.000000),(533,1144,122,0.000000,0.000,0.000000),(534,1144,123,0.000000,0.000,0.000000),(535,1144,124,0.000000,0.000,0.000000),(536,1144,125,0.000000,0.000,0.000000),(537,1144,126,0.000000,0.000,0.000000),(538,1144,139,0.000000,0.000,12.610000),(539,1145,115,0.000000,0.000,0.000000),(540,1145,116,0.000000,0.000,0.000000),(541,1145,117,0.000000,0.000,0.000000),(542,1145,118,0.000000,0.000,0.000000),(543,1145,119,0.000000,0.000,0.000000),(544,1145,120,0.000000,0.000,0.000000),(545,1145,121,0.000000,0.000,0.000000),(546,1145,139,0.000000,0.000,12.610000),(621,1150,49,0.000000,0.000,0.000000),(622,1150,50,0.000000,0.000,0.000000),(623,1150,51,0.000000,0.000,0.000000),(624,1150,52,0.000000,0.000,0.000000),(625,1150,53,0.000000,0.000,0.000000),(626,1150,2,0.000000,0.000,0.000000),(627,1150,14,0.000000,0.000,0.000000),(628,1150,140,0.000000,0.000,0.000000),(629,1150,141,0.000000,0.000,0.000000),(630,1150,142,0.000000,0.000,0.000000),(631,1150,143,0.000000,0.000,0.000000),(632,1150,144,0.000000,0.000,0.000000),(633,1150,145,0.000000,0.000,0.000000),(634,1150,146,0.000000,0.000,0.000000),(635,1150,148,0.000000,0.000,0.000000),(636,1150,149,0.000000,0.000,0.000000),(637,1150,150,0.000000,0.000,0.000000),(638,1150,108,0.000000,0.000,0.000000),(639,1150,109,0.000000,0.000,0.000000),(640,1150,110,0.000000,0.000,0.000000),(641,1150,197,0.000000,0.000,0.000000),(642,1150,198,0.000000,0.000,0.000000),(643,1150,199,0.000000,0.000,0.000000),(644,1150,200,0.000000,0.000,0.000000),(645,1150,201,0.000000,0.000,0.000000),(646,1150,202,0.000000,0.000,0.000000),(647,1150,203,0.000000,0.000,0.000000),(648,1150,204,0.000000,0.000,0.000000),(649,1150,205,0.000000,0.000,0.000000),(650,1150,206,0.000000,0.000,0.000000),(651,1150,207,0.000000,0.000,0.000000),(652,1053,30,0.000000,0.000,0.000000),(653,1053,14,0.000000,0.000,0.000000),(654,1034,11,0.000000,0.000,0.000000),(655,1034,12,0.000000,0.000,0.000000),(656,1034,1,0.000000,0.000,0.000000),(657,1034,2,0.000000,0.000,0.000000),(658,951,248,0.000000,0.000,0.000000),(659,951,249,0.000000,0.000,0.000000),(660,951,250,0.000000,0.000,0.000000),(661,951,251,0.000000,0.000,0.000000),(662,951,252,0.000000,0.000,0.000000),(663,951,253,0.000000,0.000,0.000000),(664,583,248,0.000000,0.000,0.000000),(665,583,249,0.000000,0.000,0.000000),(666,583,250,0.000000,0.000,0.000000),(667,583,251,0.000000,0.000,0.000000),(668,583,252,0.000000,0.000,0.000000),(669,583,253,0.000000,0.000,0.000000),(670,76,248,0.000000,0.000,0.000000),(671,76,249,0.000000,0.000,0.000000),(672,76,250,0.000000,0.000,0.000000),(673,76,251,0.000000,0.000,0.000000),(674,76,252,0.000000,0.000,0.000000),(675,76,253,0.000000,0.000,0.000000),(676,78,248,0.000000,0.000,0.000000),(677,78,249,0.000000,0.000,0.000000),(678,78,250,0.000000,0.000,0.000000),(679,78,251,0.000000,0.000,0.000000),(680,78,252,0.000000,0.000,0.000000),(681,78,253,0.000000,0.000,0.000000),(682,79,248,0.000000,0.000,0.000000),(683,79,249,0.000000,0.000,0.000000),(684,79,250,0.000000,0.000,0.000000),(685,79,251,0.000000,0.000,0.000000),(686,79,252,0.000000,0.000,0.000000),(687,79,253,0.000000,0.000,0.000000),(704,1156,67,0.000000,0.000,0.000000),(705,1157,1,0.000000,0.000,0.000000),(706,1157,3,0.000000,0.000,0.000000),(707,1157,28,0.000000,0.000,0.000000),(708,1157,39,0.000000,0.000,0.000000),(709,1157,48,0.000000,0.000,0.000000),(710,1059,102,0.000000,0.000,0.000000),(711,1059,257,0.000000,0.000,0.000000),(712,1059,258,0.000000,0.000,0.000000),(713,1059,212,0.000000,0.000,0.000000),(714,1059,256,0.000000,0.000,0.000000),(715,1059,1,0.000000,0.000,0.000000),(716,1150,261,0.000000,0.000,0.000000),(717,1150,259,0.000000,0.000,0.000000),(718,1150,260,0.000000,0.000,0.000000),(722,1165,1,0.000000,0.000,0.000000),(723,1165,3,0.000000,0.000,0.000000),(724,1165,14,0.800000,0.000,0.000000),(725,1165,15,0.000000,0.000,0.000000),(726,1165,16,0.000000,0.000,0.000000),(727,1165,30,0.000000,0.000,0.000000),(728,1165,48,0.000000,0.000,0.000000),(729,1165,178,0.000000,0.000,0.000000),(730,1165,181,0.000000,0.000,0.000000),(731,1165,182,0.000000,0.000,0.000000),(732,1165,185,0.000000,0.000,0.000000),(733,1165,187,0.000000,0.000,0.000000),(734,1165,191,0.000000,0.000,0.000000),(735,1165,192,0.000000,0.000,0.000000),(736,1165,193,0.000000,0.000,0.000000),(737,1165,194,0.000000,0.000,0.000000),(738,1165,257,0.000000,0.000,0.000000),(739,1165,17,0.000000,0.000,0.000000),(740,1165,38,0.000000,0.000,0.000000),(741,1166,1,0.000000,0.000,0.000000),(742,1166,3,0.000000,0.000,0.000000),(743,1166,14,0.800000,0.000,0.000000),(744,1166,15,0.000000,0.000,0.000000),(745,1166,16,0.000000,0.000,0.000000),(746,1166,17,0.000000,0.000,0.000000),(747,1166,30,0.000000,0.000,0.000000),(748,1166,38,0.000000,0.000,0.000000),(749,1166,48,0.000000,0.000,0.000000),(750,1166,178,0.000000,0.000,0.000000),(751,1166,181,0.000000,0.000,0.000000),(752,1166,182,0.000000,0.000,0.000000),(753,1166,185,0.000000,0.000,0.000000),(754,1166,187,0.000000,0.000,0.000000),(755,1166,191,0.000000,0.000,0.000000),(756,1166,192,0.000000,0.000,0.000000),(757,1166,193,0.000000,0.000,0.000000),(758,1166,194,0.000000,0.000,0.000000),(759,1166,257,0.000000,0.000,0.000000),(760,1167,1,0.000000,0.000,0.000000),(761,1167,3,0.000000,0.000,0.000000),(762,1167,14,0.800000,0.000,0.000000),(763,1167,15,0.000000,0.000,0.000000),(764,1167,16,0.000000,0.000,0.000000),(765,1167,17,0.000000,0.000,0.000000),(766,1167,30,0.000000,0.000,0.000000),(767,1167,38,0.000000,0.000,0.000000),(768,1167,48,0.000000,0.000,0.000000),(769,1167,178,0.000000,0.000,0.000000),(770,1167,181,0.000000,0.000,0.000000),(771,1167,182,0.000000,0.000,0.000000),(772,1167,185,0.000000,0.000,0.000000),(773,1167,187,0.000000,0.000,0.000000),(774,1167,191,0.000000,0.000,0.000000),(775,1167,192,0.000000,0.000,0.000000),(776,1167,193,0.000000,0.000,0.000000),(777,1167,194,0.000000,0.000,0.000000),(778,1167,257,0.000000,0.000,0.000000),(779,1167,28,0.000000,0.000,0.000000),(780,1167,29,0.000000,0.000,0.000000),(781,1168,1,0.000000,0.000,0.000000),(782,1168,3,0.000000,0.000,0.000000),(783,1168,14,0.800000,0.000,0.000000),(784,1168,15,0.000000,0.000,0.000000),(785,1168,16,0.000000,0.000,0.000000),(786,1168,17,0.000000,0.000,0.000000),(787,1168,28,0.000000,0.000,0.000000),(788,1168,29,0.000000,0.000,0.000000),(789,1168,30,0.000000,0.000,0.000000),(790,1168,38,0.000000,0.000,0.000000),(791,1168,48,0.000000,0.000,0.000000),(792,1168,178,0.000000,0.000,0.000000),(793,1168,181,0.000000,0.000,0.000000),(794,1168,182,0.000000,0.000,0.000000),(795,1168,185,0.000000,0.000,0.000000),(796,1168,187,0.000000,0.000,0.000000),(797,1168,191,0.000000,0.000,0.000000),(798,1168,192,0.000000,0.000,0.000000),(799,1168,193,0.000000,0.000,0.000000),(800,1168,194,0.000000,0.000,0.000000),(801,1168,257,0.000000,0.000,0.000000),(802,1169,1,0.000000,0.000,0.000000),(803,1169,3,0.000000,0.000,0.000000),(804,1169,14,0.800000,0.000,0.000000),(805,1169,15,0.000000,0.000,0.000000),(806,1169,16,0.000000,0.000,0.000000),(807,1169,17,0.000000,0.000,0.000000),(808,1169,28,0.000000,0.000,0.000000),(809,1169,29,0.000000,0.000,0.000000),(810,1169,30,0.000000,0.000,0.000000),(811,1169,38,0.000000,0.000,0.000000),(812,1169,48,0.000000,0.000,0.000000),(813,1169,178,0.000000,0.000,0.000000),(814,1169,181,0.000000,0.000,0.000000),(815,1169,182,0.000000,0.000,0.000000),(816,1169,185,0.000000,0.000,0.000000),(817,1169,187,0.000000,0.000,0.000000),(818,1169,191,0.000000,0.000,0.000000),(819,1169,192,0.000000,0.000,0.000000),(820,1169,193,0.000000,0.000,0.000000),(821,1169,194,0.000000,0.000,0.000000),(822,1169,257,0.000000,0.000,0.000000),(823,1171,267,0.000000,0.000,0.000000),(824,1171,268,0.000000,0.000,0.000000),(825,1171,269,0.000000,0.000,0.000000),(826,1171,270,0.000000,0.000,0.000000),(827,1171,271,0.000000,0.000,0.000000),(828,1171,272,0.000000,0.000,0.000000),(829,1171,273,0.000000,0.000,0.000000),(830,1171,274,0.000000,0.000,0.000000),(831,1171,275,0.000000,0.000,0.000000),(832,1171,276,0.000000,0.000,0.000000),(833,1171,278,0.000000,0.000,0.000000),(834,1171,279,0.000000,0.000,0.000000),(835,1171,280,0.000000,0.000,0.000000),(836,1171,50,0.000000,0.000,0.000000),(837,1171,52,0.000000,0.000,0.000000),(838,1171,53,0.000000,0.000,0.000000),(839,1171,108,0.000000,0.000,0.000000),(840,1171,109,0.000000,0.000,0.000000),(841,1171,110,0.000000,0.000,0.000000),(842,1172,14,0.000000,0.000,0.000000),(843,1178,8,0.000000,0.000,0.000000),(844,1178,9,0.000000,0.000,0.000000),(845,1178,10,0.000000,0.000,0.000000),(846,1178,11,0.000000,0.000,0.000000),(847,1178,12,0.000000,0.000,0.000000),(848,1150,282,0.000000,0.000,0.000000),(849,1125,85,0.000000,0.000,0.000000),(850,1125,243,0.000000,0.000,0.000000),(851,1125,12,0.000000,0.000,0.000000),(852,105,38,0.000000,0.000,0.000000),(853,1180,177,0.000000,0.000,0.000000),(854,1180,8,0.000000,0.000,0.000000),(855,1180,9,0.000000,0.000,0.000000),(856,1180,10,0.000000,0.000,0.000000),(857,1180,11,0.000000,0.000,0.000000),(858,1180,12,0.000000,0.000,0.000000),(859,1181,177,0.000000,0.000,0.000000),(860,1181,8,0.000000,0.000,0.000000),(861,1181,9,0.000000,0.000,0.000000),(862,1181,10,0.000000,0.000,0.000000),(863,1183,1,0.000000,0.000,0.000000),(864,1183,3,0.000000,0.000,0.000000),(865,1183,14,0.800000,0.000,0.000000),(866,1183,15,0.000000,0.000,0.000000),(867,1183,16,0.000000,0.000,0.000000),(868,1183,30,0.000000,0.000,0.000000),(869,1183,38,0.000000,0.000,0.000000),(870,1183,48,0.000000,0.000,0.000000),(871,1183,178,0.000000,0.000,0.000000),(872,1183,181,0.000000,0.000,0.000000),(873,1183,182,0.000000,0.000,0.000000),(874,1183,185,0.000000,0.000,0.000000),(875,1183,187,0.000000,0.000,0.000000),(876,1183,191,0.000000,0.000,0.000000),(877,1183,192,0.000000,0.000,0.000000),(878,1183,193,0.000000,0.000,0.000000),(879,1183,194,0.000000,0.000,0.000000),(880,1053,258,0.000000,0.000,0.000000),(881,1189,2,0.000000,0.000,0.000000),(882,1189,8,0.000000,0.000,0.000000),(883,1189,9,0.000000,0.000,0.000000),(884,1189,10,0.000000,0.000,0.000000),(885,1189,11,0.000000,0.000,0.000000),(886,1189,12,0.000000,0.000,0.000000),(887,1189,14,0.000000,0.000,0.000000),(888,1189,49,0.000000,0.000,0.000000),(889,1189,50,0.000000,0.000,0.000000),(890,1189,51,0.000000,0.000,0.000000),(891,1189,52,0.000000,0.000,0.000000),(892,1189,53,0.000000,0.000,0.000000),(893,1189,54,0.000000,0.000,0.000000),(894,1189,55,0.000000,0.000,0.000000),(895,1189,56,0.000000,0.000,0.000000),(896,1189,57,0.000000,0.000,0.000000),(897,1189,108,0.000000,0.000,0.000000),(898,1189,109,0.000000,0.000,0.000000),(899,1189,110,0.000000,0.000,0.000000),(900,1189,248,0.000000,0.000,0.000000),(901,1189,249,0.000000,0.000,0.000000),(902,1189,250,0.000000,0.000,0.000000),(903,1189,251,0.000000,0.000,0.000000),(904,1189,252,0.000000,0.000,0.000000),(905,1189,253,0.000000,0.000,0.000000),(906,1122,283,0.000000,0.000,0.000000),(907,108,193,0.000000,0.000,0.000000),(908,108,257,0.000000,0.000,0.000000),(909,108,284,0.000000,0.000,0.000000),(910,1190,14,0.000000,0.000,0.000000),(911,1190,22,0.200000,0.000,0.000000),(912,1190,76,0.000000,0.000,0.000000),(913,1190,103,0.000000,0.000,0.000000),(914,1190,104,0.100000,0.000,0.000000),(915,1190,105,0.000000,0.000,0.000000),(916,1190,193,0.000000,0.000,0.000000),(917,1190,257,0.000000,0.000,0.000000),(918,1190,284,0.000000,0.000,0.000000),(919,1190,285,0.000000,0.000,0.000000),(920,1190,286,0.000000,0.000,0.000000),(921,1190,258,0.000000,0.000,0.000000),(922,1190,256,0.000000,0.000,0.000000),(923,21,288,0.000000,0.000,0.000000),(924,21,287,0.000000,0.000,0.000000),(925,18,288,0.000000,0.000,0.000000),(926,18,287,0.000000,0.000,0.000000),(927,1103,289,0.000000,0.000,0.000000),(928,1103,290,0.000000,0.000,0.000000),(929,1220,1,0.000000,0.000,0.000000),(930,1220,3,0.000000,0.000,0.000000),(931,1220,28,0.000000,0.000,0.000000),(932,1220,39,0.000000,0.000,0.000000),(933,1220,48,0.000000,0.000,0.000000),(934,1221,1,0.000000,0.000,0.000000),(935,1221,3,0.000000,0.000,0.000000),(936,1221,28,0.000000,0.000,0.000000),(937,1221,39,0.000000,0.000,0.000000),(938,1221,48,0.000000,0.000,0.000000),(939,948,28,0.000000,0.000,0.000000),(940,948,84,0.000000,0.000,0.000000),(941,1227,8,0.000000,0.000,0.000000),(942,1227,9,0.000000,0.000,0.000000),(943,1227,10,0.000000,0.000,0.000000),(944,1227,11,0.000000,0.000,0.000000),(945,1227,12,0.000000,0.000,0.000000),(946,1226,8,0.000000,0.000,0.000000),(947,1226,9,0.000000,0.000,0.000000),(948,1226,10,0.000000,0.000,0.000000),(949,1226,11,0.000000,0.000,0.000000),(950,1226,12,0.000000,0.000,0.000000),(951,1225,8,0.000000,0.000,0.000000),(952,1225,9,0.000000,0.000,0.000000),(953,1225,10,0.000000,0.000,0.000000),(954,1225,11,0.000000,0.000,0.000000),(955,1225,12,0.000000,0.000,0.000000),(956,1228,8,0.000000,0.000,0.000000),(957,1228,9,0.000000,0.000,0.000000),(958,1228,10,0.000000,0.000,0.000000),(959,1228,11,0.000000,0.000,0.000000),(960,1228,12,0.000000,0.000,0.000000),(991,102,296,0.000000,0.000,0.000000),(992,102,297,0.000000,0.000,21.010000),(993,102,298,0.000000,0.000,63.030000),(994,102,299,0.000000,0.000,0.000000),(995,102,300,0.000000,0.000,0.000000),(996,102,301,0.000000,0.000,21.010000),(997,102,292,0.000000,0.000,218.490000),(998,102,293,0.000000,0.000,369.750000),(999,102,294,0.000000,0.000,542.020000),(1000,102,295,0.000000,0.000,705.880000),(1001,102,302,0.000000,0.000,25.210000),(1002,102,303,0.000000,0.000,63.030000),(1003,102,304,0.000000,0.000,0.000000),(1004,102,305,0.000000,0.000,33.610000),(1005,102,306,0.000000,0.000,46.220000),(1006,102,307,0.000000,0.000,58.820000),(1007,102,308,0.000000,0.000,0.000000),(1008,102,309,0.000000,0.000,0.000000),(1009,102,310,0.000000,0.000,0.000000),(1010,102,311,0.000000,0.000,0.000000),(1011,102,312,0.000000,0.000,0.000000),(1012,102,313,0.000000,0.000,0.000000),(1013,102,314,0.000000,0.000,0.000000),(1014,102,315,0.000000,0.000,0.000000),(1015,102,316,0.000000,0.000,0.000000),(1016,102,317,0.000000,0.000,0.000000),(1017,102,318,0.000000,0.000,0.000000),(1018,102,319,0.000000,0.000,0.000000),(1019,102,320,0.000000,0.000,0.000000),(1020,102,321,0.000000,0.000,0.000000),(1021,102,322,0.000000,0.000,0.000000),(1022,102,323,0.000000,0.000,0.000000),(1023,102,324,0.000000,0.000,0.000000),(1024,102,328,0.000000,0.000,0.000000),(1025,102,329,0.000000,0.000,0.000000),(1026,102,330,0.000000,0.000,0.000000),(1027,102,331,0.000000,0.000,0.000000),(1028,102,332,0.000000,0.000,0.000000),(1029,102,333,0.000000,0.000,0.000000),(1030,102,334,0.000000,0.000,0.000000),(1031,102,335,0.000000,0.000,0.000000),(1032,102,336,0.000000,0.000,0.000000),(1033,102,337,0.000000,0.000,0.000000),(1034,102,338,0.000000,0.000,0.000000),(1035,102,339,0.000000,0.000,0.000000),(1036,102,340,0.000000,0.000,0.000000),(1037,102,341,0.000000,0.000,0.000000),(1038,102,342,0.000000,0.000,0.000000),(1039,102,343,0.000000,0.000,0.000000),(1040,102,344,0.000000,0.000,0.000000),(1041,102,345,0.000000,0.000,0.000000),(1042,1244,292,0.000000,0.000,218.490000),(1043,1244,293,0.000000,0.000,369.750000),(1044,1244,294,0.000000,0.000,542.020000),(1045,1244,295,0.000000,0.000,705.880000),(1046,1244,296,0.000000,0.000,0.000000),(1047,1244,297,0.000000,0.000,21.010000),(1048,1244,298,0.000000,0.000,63.030000),(1049,1244,299,0.000000,0.000,0.000000),(1050,1244,300,0.000000,0.000,0.000000),(1051,1244,301,0.000000,0.000,21.010000),(1052,1244,302,0.000000,0.000,25.210000),(1053,1244,303,0.000000,0.000,63.030000),(1054,1244,304,0.000000,0.000,0.000000),(1055,1244,305,0.000000,0.000,33.610000),(1056,1244,306,0.000000,0.000,46.220000),(1057,1244,307,0.000000,0.000,58.820000),(1058,1244,308,0.000000,0.000,0.000000),(1059,1244,309,0.000000,0.000,0.000000),(1060,1244,310,0.000000,0.000,0.000000),(1061,1244,311,0.000000,0.000,0.000000),(1062,1244,312,0.000000,0.000,0.000000),(1063,1244,313,0.000000,0.000,0.000000),(1064,1244,314,0.000000,0.000,0.000000),(1065,1244,315,0.000000,0.000,0.000000),(1066,1244,316,0.000000,0.000,0.000000),(1067,1244,317,0.000000,0.000,0.000000),(1068,1244,318,0.000000,0.000,0.000000),(1069,1244,319,0.000000,0.000,0.000000),(1070,1244,320,0.000000,0.000,0.000000),(1071,1244,321,0.000000,0.000,0.000000),(1072,1244,322,0.000000,0.000,0.000000),(1073,1244,323,0.000000,0.000,0.000000),(1074,1244,324,0.000000,0.000,0.000000),(1075,1244,328,0.000000,0.000,0.000000),(1076,1244,329,0.000000,0.000,0.000000),(1077,1244,330,0.000000,0.000,0.000000),(1078,1244,331,0.000000,0.000,0.000000),(1079,1244,332,0.000000,0.000,0.000000),(1080,1244,333,0.000000,0.000,0.000000),(1081,1244,334,0.000000,0.000,0.000000),(1082,1244,335,0.000000,0.000,0.000000),(1083,1244,336,0.000000,0.000,0.000000),(1084,1244,337,0.000000,0.000,0.000000),(1085,1244,338,0.000000,0.000,0.000000),(1086,1244,339,0.000000,0.000,0.000000),(1087,1244,340,0.000000,0.000,0.000000),(1088,1244,341,0.000000,0.000,0.000000),(1089,1244,342,0.000000,0.000,0.000000),(1090,1244,343,0.000000,0.000,0.000000),(1091,1244,344,0.000000,0.000,0.000000),(1092,1244,345,0.000000,0.000,0.000000),(1093,1245,292,0.000000,0.000,218.490000),(1094,1245,293,0.000000,0.000,369.750000),(1095,1245,294,0.000000,0.000,542.020000),(1096,1245,295,0.000000,0.000,705.880000),(1097,1245,296,0.000000,0.000,0.000000),(1098,1245,297,0.000000,0.000,21.010000),(1099,1245,298,0.000000,0.000,63.030000),(1100,1245,299,0.000000,0.000,0.000000),(1101,1245,300,0.000000,0.000,0.000000),(1102,1245,301,0.000000,0.000,21.010000),(1103,1245,302,0.000000,0.000,25.210000),(1104,1245,303,0.000000,0.000,63.030000),(1105,1245,304,0.000000,0.000,0.000000),(1106,1245,305,0.000000,0.000,33.610000),(1107,1245,306,0.000000,0.000,46.220000),(1108,1245,307,0.000000,0.000,58.820000),(1109,1245,308,0.000000,0.000,0.000000),(1110,1245,309,0.000000,0.000,0.000000),(1111,1245,310,0.000000,0.000,0.000000),(1112,1245,311,0.000000,0.000,0.000000),(1113,1245,312,0.000000,0.000,0.000000),(1114,1245,313,0.000000,0.000,0.000000),(1115,1245,314,0.000000,0.000,0.000000),(1116,1245,315,0.000000,0.000,0.000000),(1117,1245,316,0.000000,0.000,0.000000),(1118,1245,317,0.000000,0.000,0.000000),(1119,1245,318,0.000000,0.000,0.000000),(1120,1245,319,0.000000,0.000,0.000000),(1121,1245,320,0.000000,0.000,0.000000),(1122,1245,321,0.000000,0.000,0.000000),(1123,1245,322,0.000000,0.000,0.000000),(1124,1245,323,0.000000,0.000,0.000000),(1125,1245,324,0.000000,0.000,0.000000),(1126,1245,328,0.000000,0.000,0.000000),(1127,1245,329,0.000000,0.000,0.000000),(1128,1245,330,0.000000,0.000,0.000000),(1129,1245,331,0.000000,0.000,0.000000),(1130,1245,332,0.000000,0.000,0.000000),(1131,1245,333,0.000000,0.000,0.000000),(1132,1245,334,0.000000,0.000,0.000000),(1133,1245,335,0.000000,0.000,0.000000),(1134,1245,336,0.000000,0.000,0.000000),(1135,1245,337,0.000000,0.000,0.000000),(1136,1245,338,0.000000,0.000,0.000000),(1137,1245,339,0.000000,0.000,0.000000),(1138,1245,340,0.000000,0.000,0.000000),(1139,1245,341,0.000000,0.000,0.000000),(1140,1245,342,0.000000,0.000,0.000000),(1141,1245,343,0.000000,0.000,0.000000),(1142,1245,344,0.000000,0.000,0.000000),(1143,1245,345,0.000000,0.000,0.000000),(1191,1247,296,0.000000,0.000,0.000000),(1192,1247,297,0.000000,0.000,105.040000),(1193,1247,298,0.000000,0.000,79.830000),(1194,1247,299,0.000000,0.000,138.660000),(1195,1247,300,0.000000,0.000,0.000000),(1196,1247,301,0.000000,0.000,16.810000),(1197,1247,292,0.000000,0.000,260.500000),(1198,1247,293,0.000000,0.000,453.780000),(1199,1247,294,0.000000,0.000,638.660000),(1200,1247,295,0.000000,0.000,936.970000),(1201,1248,292,0.000000,0.000,218.490000),(1202,1248,293,0.000000,0.000,369.750000),(1203,1248,294,0.000000,0.000,542.020000),(1204,1248,295,0.000000,0.000,705.880000),(1205,1248,296,0.000000,0.000,0.000000),(1206,1248,297,0.000000,0.000,50.420000),(1207,1248,298,0.000000,0.000,50.420000),(1208,1248,299,0.000000,0.000,100.840000),(1209,1248,300,0.000000,0.000,0.000000),(1210,1248,301,0.000000,0.000,16.810000),(1211,1247,346,0.000000,0.000,0.000000),(1212,1247,347,0.000000,0.000,0.000000),(1213,1247,348,0.000000,0.000,0.000000),(1214,1247,349,0.000000,0.000,0.000000),(1215,1247,350,0.000000,0.000,0.000000),(1216,1247,351,0.000000,0.000,0.000000),(1217,1247,352,0.000000,0.000,0.000000),(1218,1247,353,0.000000,0.000,0.000000),(1219,1247,354,0.000000,0.000,0.000000),(1220,1247,355,0.000000,0.000,0.000000),(1221,1247,356,0.000000,0.000,0.000000),(1222,1247,357,0.000000,0.000,0.000000),(1223,1247,358,0.000000,0.000,0.000000),(1224,1247,359,0.000000,0.000,0.000000),(1225,1247,360,0.000000,0.000,0.000000),(1226,1247,361,0.000000,0.000,0.000000),(1227,1247,362,0.000000,0.000,0.000000),(1228,1247,363,0.000000,0.000,0.000000),(1229,1247,364,0.000000,0.000,0.000000),(1235,1251,1,0.000000,0.000,0.000000),(1236,1251,3,0.000000,0.000,0.000000),(1237,1251,14,0.800000,0.000,0.000000),(1238,1251,15,0.000000,0.000,0.000000),(1239,1251,16,0.000000,0.000,0.000000),(1240,1251,17,0.000000,0.000,0.000000),(1241,1251,28,0.000000,0.000,0.000000),(1242,1251,29,0.000000,0.000,0.000000),(1243,1251,30,0.000000,0.000,0.000000),(1244,1251,38,0.000000,0.000,0.000000),(1245,1251,48,0.000000,0.000,0.000000),(1246,1251,178,0.000000,0.000,0.000000),(1247,1251,181,0.000000,0.000,0.000000),(1248,1251,182,0.000000,0.000,0.000000),(1249,1251,185,0.000000,0.000,0.000000),(1250,1251,187,0.000000,0.000,0.000000),(1251,1251,191,0.000000,0.000,0.000000),(1252,1251,192,0.000000,0.000,0.000000),(1253,1251,193,0.000000,0.000,0.000000),(1254,1251,194,0.000000,0.000,0.000000),(1255,1251,257,0.000000,0.000,0.000000),(1256,1253,8,0.000000,0.000,0.000000),(1257,1253,9,0.000000,0.000,0.000000),(1258,1253,10,0.000000,0.000,0.000000),(1259,1253,11,0.000000,0.000,0.000000),(1260,1253,12,0.000000,0.000,0.000000),(1261,1254,8,0.000000,0.000,0.000000),(1262,1254,9,0.000000,0.000,0.000000),(1263,1254,10,0.000000,0.000,0.000000),(1264,1254,11,0.000000,0.000,0.000000),(1265,1254,12,0.000000,0.000,0.000000),(1266,1206,8,0.000000,0.000,0.000000),(1267,1206,10,0.000000,0.000,0.000000),(1268,1206,11,0.000000,0.000,0.000000),(1269,1206,12,0.000000,0.000,0.000000),(1270,1255,8,0.000000,0.000,0.000000),(1271,1255,10,0.000000,0.000,0.000000),(1272,1255,11,0.000000,0.000,0.000000),(1273,1255,12,0.000000,0.000,0.000000),(1274,1256,9,0.000000,0.000,0.000000),(1275,1256,10,0.000000,0.000,0.000000),(1276,1256,11,0.000000,0.000,0.000000),(1277,1256,12,0.000000,0.000,0.000000),(1278,1140,8,0.000000,0.000,0.000000),(1279,1141,8,0.000000,0.000,0.000000),(1280,854,4,0.000000,0.000,0.000000),(1281,854,254,0.000000,0.000,0.000000),(1282,854,255,0.000000,0.000,0.000000),(1283,854,366,0.000000,0.000,0.000000),(1284,854,367,0.000000,0.000,0.000000),(1285,1053,15,0.000000,0.000,0.000000),(1286,1053,16,0.000000,0.000,0.000000),(1287,1053,28,0.000000,0.000,0.000000),(1288,1053,257,0.000000,0.000,0.000000),(1289,1053,212,0.000000,0.000,0.000000),(1290,1127,15,0.000000,0.000,0.000000),(1291,1220,15,0.000000,0.000,0.000000),(1292,1221,15,0.000000,0.000,0.000000),(1293,1040,208,0.000000,0.000,0.000000),(1294,1040,209,0.000000,0.000,4.200000),(1295,1040,368,0.000000,0.000,0.000000),(1296,1041,208,0.000000,0.000,1.680000),(1297,1041,209,0.000000,0.000,5.880000),(1298,1041,368,0.000000,0.000,0.000000),(1304,1258,1,0.000000,0.000,0.000000),(1305,1258,3,0.000000,0.000,0.000000),(1306,1258,28,0.000000,0.000,0.000000),(1307,1258,39,0.000000,0.000,0.000000),(1308,1258,48,0.000000,0.000,0.000000),(1309,1070,369,0.000000,0.000,1605.040000),(1310,1070,370,0.000000,0.000,1966.390000),(1311,1070,371,0.000000,0.000,2193.280000),(1312,1070,372,0.000000,0.000,2504.200000),(1313,858,369,0.000000,0.000,0.000000),(1314,858,370,0.000000,0.000,0.000000),(1315,858,371,0.000000,0.000,0.000000),(1316,858,372,0.000000,0.000,0.000000),(1317,960,369,0.000000,0.000,0.000000),(1318,960,370,0.000000,0.000,0.000000),(1319,960,371,0.000000,0.000,0.000000),(1320,960,372,0.000000,0.000,0.000000),(1331,1260,373,0.000000,0.000,0.000000),(1332,1260,374,0.000000,0.000,0.000000),(1333,1114,373,0.000000,0.000,0.000000),(1334,1114,374,0.000000,0.000,0.000000),(1335,836,369,0.000000,0.000,0.000000),(1336,836,372,0.000000,0.000,0.000000),(1337,834,369,0.000000,0.000,0.000000),(1338,834,370,0.000000,0.000,0.000000),(1339,834,371,0.000000,0.000,0.000000),(1340,834,372,0.000000,0.000,0.000000),(1341,816,375,0.000000,0.000,3294.120000),(1342,816,376,0.000000,0.000,3714.290000),(1343,816,377,0.000000,0.000,4197.480000),(1344,1265,8,0.000000,0.000,0.000000),(1345,1265,9,0.000000,0.000,0.000000),(1346,1265,10,0.000000,0.000,0.000000),(1347,1265,11,0.000000,0.000,0.000000),(1348,1265,12,0.000000,0.000,0.000000),(1349,16,378,0.000000,0.000,0.000000),(1350,16,379,0.000000,0.000,0.000000),(1351,860,378,0.000000,0.000,0.000000),(1352,860,379,0.000000,0.000,0.000000),(1353,1266,1,0.000000,0.000,0.000000),(1354,1266,3,0.000000,0.000,0.000000),(1355,1266,15,0.000000,0.000,0.000000),(1356,1266,28,0.000000,0.000,0.000000),(1357,1266,39,0.000000,0.000,0.000000),(1358,1266,48,0.000000,0.000,0.000000),(1359,1267,1,0.000000,0.000,0.000000),(1360,1267,3,0.000000,0.000,0.000000),(1361,1267,15,0.000000,0.000,0.000000),(1362,1267,28,0.000000,0.000,0.000000),(1363,1267,39,0.000000,0.000,0.000000),(1364,1267,48,0.000000,0.000,0.000000),(1365,1268,380,0.000000,0.000,0.000000),(1366,1268,381,0.000000,0.000,0.000000),(1367,1270,1,0.000000,0.000,0.000000),(1368,1270,3,0.000000,0.000,0.000000),(1369,1270,15,0.000000,0.000,0.000000),(1370,1270,28,0.000000,0.000,0.000000),(1371,1270,39,0.000000,0.000,0.000000),(1372,1270,48,0.000000,0.000,0.000000),(1388,20,244,0.000000,0.000,4.620000),(1389,20,245,0.000000,0.000,3.780000),(1390,1302,9,0.000000,0.000,0.000000),(1391,1302,10,0.000000,0.000,0.000000),(1392,1302,11,0.000000,0.000,0.000000),(1393,1312,8,0.000000,0.000,0.000000),(1394,1312,9,0.000000,0.000,0.000000),(1395,1312,10,0.000000,0.000,0.000000),(1396,1312,11,0.000000,0.000,0.000000),(1397,1313,8,0.000000,0.000,0.000000),(1398,1313,9,0.000000,0.000,0.000000),(1399,1313,10,0.000000,0.000,0.000000),(1400,1313,11,0.000000,0.000,0.000000),(1401,1314,8,0.000000,0.000,0.000000),(1402,1314,9,0.000000,0.000,0.000000),(1403,1314,10,0.000000,0.000,0.000000),(1404,1314,11,0.000000,0.000,0.000000),(1405,1316,9,0.000000,0.000,0.000000),(1406,1316,10,0.000000,0.000,0.000000),(1407,1316,11,0.000000,0.000,0.000000),(1408,1317,8,0.000000,0.000,0.000000),(1409,1317,9,0.000000,0.000,0.000000),(1410,1317,10,0.000000,0.000,0.000000),(1411,1317,11,0.000000,0.000,0.000000),(1412,1318,8,0.000000,0.000,0.000000),(1413,1318,9,0.000000,0.000,0.000000),(1414,1318,10,0.000000,0.000,0.000000),(1415,1318,11,0.000000,0.000,0.000000),(1416,1320,8,0.000000,0.000,0.000000),(1417,1320,9,0.000000,0.000,0.000000),(1418,1320,10,0.000000,0.000,0.000000),(1419,1320,11,0.000000,0.000,0.000000),(1420,1320,12,0.000000,0.000,0.000000),(1421,1321,8,0.000000,0.000,0.000000),(1422,1321,9,0.000000,0.000,0.000000),(1423,1321,10,0.000000,0.000,0.000000),(1424,1321,11,0.000000,0.000,0.000000),(1425,1321,12,0.000000,0.000,0.000000),(1426,1322,8,0.000000,0.000,0.000000),(1427,1322,9,0.000000,0.000,0.000000),(1428,1322,10,0.000000,0.000,0.000000),(1429,1322,11,0.000000,0.000,0.000000),(1430,1322,12,0.000000,0.000,0.000000),(1434,1358,3,0.000000,0.000,0.000000),(1435,1358,58,0.000000,0.000,1.260000),(1436,1358,59,0.000000,0.000,5.880000),(1437,1358,151,0.000000,0.000,1.260000),(1438,1358,153,0.000000,0.000,0.000000),(1439,1358,244,0.000000,0.000,4.620000),(1440,1358,245,0.000000,0.000,3.780000),(1441,1391,292,0.000000,0.000,260.500000),(1442,1391,293,0.000000,0.000,453.780000),(1443,1391,294,0.000000,0.000,621.850000),(1444,1391,295,0.000000,0.000,1075.630000),(1445,1391,296,0.000000,0.000,0.000000),(1446,1391,297,0.000000,0.000,50.420000),(1447,1391,298,0.000000,0.000,50.420000),(1448,1391,299,0.000000,0.000,100.840000),(1449,1391,300,0.000000,0.000,0.000000),(1450,1391,301,0.000000,0.000,16.810000),(1451,1391,346,0.000000,0.000,0.000000),(1452,1391,347,0.000000,0.000,0.000000),(1453,1391,348,0.000000,0.000,0.000000),(1454,1391,349,0.000000,0.000,0.000000),(1455,1391,350,0.000000,0.000,0.000000),(1456,1391,351,0.000000,0.000,0.000000),(1457,1391,352,0.000000,0.000,0.000000),(1458,1391,353,0.000000,0.000,0.000000),(1459,1391,354,0.000000,0.000,0.000000),(1460,1391,355,0.000000,0.000,0.000000),(1461,1391,356,0.000000,0.000,0.000000),(1462,1391,357,0.000000,0.000,0.000000),(1463,1391,358,0.000000,0.000,0.000000),(1464,1391,359,0.000000,0.000,0.000000),(1465,1391,360,0.000000,0.000,0.000000),(1466,1391,361,0.000000,0.000,0.000000),(1467,1391,362,0.000000,0.000,0.000000),(1468,1391,363,0.000000,0.000,0.000000),(1469,1391,364,0.000000,0.000,0.000000),(1498,1394,373,0.000000,0.000,0.000000),(1499,1394,374,0.000000,0.000,0.000000),(1500,1396,8,0.000000,0.000,0.000000),(1501,1396,9,0.000000,0.000,0.000000),(1502,1396,10,0.000000,0.000,0.000000),(1503,1396,11,0.000000,0.000,0.000000),(1504,1396,12,0.000000,0.000,0.000000),(1505,1397,8,0.000000,0.000,0.000000),(1506,1397,10,0.000000,0.000,0.000000),(1507,1397,11,0.000000,0.000,0.000000),(1508,1397,12,0.000000,0.000,0.000000),(1509,1401,378,0.000000,0.000,0.000000),(1510,1401,379,0.000000,0.000,0.000000),(1511,1417,3,0.000000,0.000,0.000000),(1512,1417,58,0.000000,0.000,1.260000),(1513,1417,59,0.000000,0.000,5.880000),(1514,1417,151,0.000000,0.000,1.260000),(1515,1417,153,0.000000,0.000,0.000000),(1516,1417,244,0.000000,0.000,4.620000),(1517,1417,245,0.000000,0.000,3.780000),(1518,1418,8,0.000000,0.000,0.000000),(1519,1418,9,0.000000,0.000,0.000000),(1520,1418,10,0.000000,0.000,0.000000),(1521,1418,11,0.000000,0.000,0.000000),(1522,1418,12,0.000000,0.000,0.000000),(1523,1433,9,0.000000,0.000,0.000000),(1524,1433,10,0.000000,0.000,0.000000),(1525,1433,11,0.000000,0.000,0.000000),(1526,1433,12,0.000000,0.000,0.000000),(1527,1434,9,0.000000,0.000,0.000000),(1528,1434,10,0.000000,0.000,0.000000),(1529,1434,11,0.000000,0.000,0.000000),(1530,1434,12,0.000000,0.000,0.000000),(1531,1435,9,0.000000,0.000,0.000000),(1532,1435,10,0.000000,0.000,0.000000),(1533,1435,11,0.000000,0.000,0.000000),(1534,1435,12,0.000000,0.000,0.000000),(1535,1436,9,0.000000,0.000,0.000000),(1536,1436,10,0.000000,0.000,0.000000),(1537,1436,11,0.000000,0.000,0.000000),(1538,1436,12,0.000000,0.000,0.000000),(1539,1441,9,0.000000,0.000,0.000000),(1540,1441,10,0.000000,0.000,0.000000),(1541,1441,11,0.000000,0.000,0.000000),(1542,1441,12,0.000000,0.000,0.000000),(1543,1442,8,0.000000,0.000,0.000000),(1544,1442,9,0.000000,0.000,0.000000),(1545,1442,10,0.000000,0.000,0.000000),(1546,1442,11,0.000000,0.000,0.000000),(1547,1442,12,0.000000,0.000,0.000000),(1548,1452,1,0.000000,0.000,0.000000),(1549,1452,3,0.000000,0.000,0.000000),(1550,1452,14,0.800000,0.000,0.000000),(1551,1452,15,0.000000,0.000,0.000000),(1552,1452,16,0.000000,0.000,0.000000),(1553,1452,17,0.000000,0.000,0.000000),(1554,1452,28,0.000000,0.000,0.000000),(1555,1452,29,0.000000,0.000,0.000000),(1556,1452,30,0.000000,0.000,0.000000),(1557,1452,38,0.000000,0.000,0.000000),(1558,1452,48,0.000000,0.000,0.000000),(1559,1452,178,0.000000,0.000,0.000000),(1560,1452,181,0.000000,0.000,0.000000),(1561,1452,182,0.000000,0.000,0.000000),(1562,1452,185,0.000000,0.000,0.000000),(1563,1452,187,0.000000,0.000,0.000000),(1564,1452,191,0.000000,0.000,0.000000),(1565,1452,192,0.000000,0.000,0.000000),(1566,1452,193,0.000000,0.000,0.000000),(1567,1452,194,0.000000,0.000,0.000000),(1568,1452,257,0.000000,0.000,0.000000),(1569,1453,1,0.000000,0.000,0.000000),(1570,1453,3,0.000000,0.000,0.000000),(1571,1453,14,0.800000,0.000,0.000000),(1572,1453,15,0.000000,0.000,0.000000),(1573,1453,16,0.000000,0.000,0.000000),(1574,1453,17,0.000000,0.000,0.000000),(1575,1453,28,0.000000,0.000,0.000000),(1576,1453,29,0.000000,0.000,0.000000),(1577,1453,30,0.000000,0.000,0.000000),(1578,1453,38,0.000000,0.000,0.000000),(1579,1453,48,0.000000,0.000,0.000000),(1580,1453,178,0.000000,0.000,0.000000),(1581,1453,181,0.000000,0.000,0.000000),(1582,1453,182,0.000000,0.000,0.000000),(1583,1453,185,0.000000,0.000,0.000000),(1584,1453,187,0.000000,0.000,0.000000),(1585,1453,191,0.000000,0.000,0.000000),(1586,1453,192,0.000000,0.000,0.000000),(1587,1453,193,0.000000,0.000,0.000000),(1588,1453,194,0.000000,0.000,0.000000),(1589,1453,257,0.000000,0.000,0.000000),(1590,1454,1,0.000000,0.000,0.000000),(1591,1454,3,0.000000,0.000,0.000000),(1592,1454,14,0.800000,0.000,0.000000),(1593,1454,15,0.000000,0.000,0.000000),(1594,1454,16,0.000000,0.000,0.000000),(1595,1454,17,0.000000,0.000,0.000000),(1596,1454,28,0.000000,0.000,0.000000),(1597,1454,29,0.000000,0.000,0.000000),(1598,1454,30,0.000000,0.000,0.000000),(1599,1454,38,0.000000,0.000,0.000000),(1600,1454,48,0.000000,0.000,0.000000),(1601,1454,178,0.000000,0.000,0.000000),(1602,1454,181,0.000000,0.000,0.000000),(1603,1454,182,0.000000,0.000,0.000000),(1604,1454,185,0.000000,0.000,0.000000),(1605,1454,187,0.000000,0.000,0.000000),(1606,1454,191,0.000000,0.000,0.000000),(1607,1454,192,0.000000,0.000,0.000000),(1608,1454,193,0.000000,0.000,0.000000),(1609,1454,194,0.000000,0.000,0.000000),(1610,1454,257,0.000000,0.000,0.000000),(1611,1455,1,0.000000,0.000,0.000000),(1612,1455,3,0.000000,0.000,0.000000),(1613,1455,14,0.800000,0.000,0.000000),(1614,1455,15,0.000000,0.000,0.000000),(1615,1455,16,0.000000,0.000,0.000000),(1616,1455,17,0.000000,0.000,0.000000),(1617,1455,28,0.000000,0.000,0.000000),(1618,1455,29,0.000000,0.000,0.000000),(1619,1455,30,0.000000,0.000,0.000000),(1620,1455,38,0.000000,0.000,0.000000),(1621,1455,48,0.000000,0.000,0.000000),(1622,1455,178,0.000000,0.000,0.000000),(1623,1455,181,0.000000,0.000,0.000000),(1624,1455,182,0.000000,0.000,0.000000),(1625,1455,185,0.000000,0.000,0.000000),(1626,1455,187,0.000000,0.000,0.000000),(1627,1455,191,0.000000,0.000,0.000000),(1628,1455,192,0.000000,0.000,0.000000),(1629,1455,193,0.000000,0.000,0.000000),(1630,1455,194,0.000000,0.000,0.000000),(1631,1455,257,0.000000,0.000,0.000000);

--
-- Table structure for table `prstshp_attribute_lang`
--

CREATE TABLE `prstshp_attribute_lang` (
  `id_attribute` int(11) NOT NULL,
  `id_lang` int(11) NOT NULL,
  `name` varchar(128) NOT NULL,
  PRIMARY KEY (`id_attribute`,`id_lang`),
  KEY `IDX_76FD171A7A4F53DC` (`id_attribute`),
  KEY `IDX_76FD171ABA299860` (`id_lang`)
) ENGINE=InnoDB DEFAULT CHARSET=utf8mb4 ROW_FORMAT=DYNAMIC;

--
-- Dumping data for table `prstshp_attribute_lang`
--

INSERT INTO `prstshp_attribute_lang` VALUES (1,1,'Blue'),(1,2,'Bleu'),(1,4,'Blau'),(1,7,'Blu'),(2,1,'Yellow'),(2,2,'Jaune'),(2,4,'Gelb'),(2,7,'Giallo'),(3,1,'Dark grey'),(3,2,'Gris foncé'),(3,4,'Dunkelgrau'),(3,7,'Grigio scuro'),(4,1,'Ice Cold 10° C'),(4,2,'Ice Cold 10° C'),(4,4,'Ice Cold 10° C'),(4,7,'Ice Cold 10° C'),(8,1,'S'),(8,2,'S'),(8,4,'S'),(8,7,'S'),(9,1,'M'),(9,2,'M'),(9,4,'M'),(9,7,'M'),(10,1,'L'),(10,2,'L'),(10,4,'L'),(10,7,'L'),(11,1,'XL'),(11,2,'XL'),(11,4,'XL'),(11,7,'XL'),(12,1,'XXL'),(12,2,'XXL'),(12,4,'XXL'),(12,7,'XXL'),(14,1,'Black'),(14,2,'Noir'),(14,4,'Schwarz'),(14,7,'Nero'),(15,1,'Red'),(15,2,'Rouge'),(15,4,'Rot'),(15,7,'Rosso'),(16,1,'Blue'),(16,2,'Bleu'),(16,4,'Blau'),(16,7,'Blu'),(17,1,'Flower'),(17,2,'Floral'),(17,4,'Flower'),(17,7,'Flower'),(20,1,'2.5m'),(20,2,'2.5m'),(20,4,'2.5m'),(20,7,'2.5m'),(21,1,'4m'),(21,2,'4m'),(21,4,'4m'),(21,7,'4m'),(22,1,'grey-short'),(22,2,'grey-short'),(22,4,'grey-short'),(22,7,'grey-short'),(24,1,'metallic-silver'),(24,2,'metallic-silver'),(24,4,'metallic-silver'),(24,7,'metallic-silver'),(25,1,'metallic-gold'),(25,2,'metallic-gold'),(25,4,'metallic-gold'),(25,7,'metallic-gold'),(26,1,'smoke'),(26,2,'smoke'),(26,4,'smoke'),(26,7,'smoke'),(27,1,'clear'),(27,2,'clear'),(27,4,'clear'),(27,7,'clear'),(28,1,'Green'),(28,2,'Vert'),(28,4,'Grün'),(28,7,'Verde'),(29,1,'Red'),(29,2,'Rouge'),(29,4,'Rot'),(29,7,'Rosso'),(30,1,'Orange'),(30,2,'Orange'),(30,4,'Orange'),(30,7,'Arancione'),(31,1,'3 yrs.'),(31,2,'3 yrs.'),(31,4,'3 yrs.'),(31,7,'3 yrs.'),(32,1,'24 month'),(32,2,'24 month'),(32,4,'24 month'),(32,7,'24 month'),(33,1,'18 month'),(33,2,'18 month'),(33,4,'18 month'),(33,7,'18 month'),(34,1,'12 month'),(34,2,'12 month'),(34,4,'12 month'),(34,7,'12 month'),(35,1,'6 month'),(35,2,'6 month'),(35,4,'6 month'),(35,7,'6 month'),(36,1,'Standard'),(36,2,'Standard'),(36,4,'Standard'),(36,7,'Standard'),(37,1,'mit Nackenschutz'),(37,2,'mit Nackenschutz'),(37,4,'mit Nackenschutz'),(37,7,'mit Nackenschutz'),(38,1,'flowers'),(38,2,'flowers'),(38,4,'flowers'),(38,7,'flowers'),(39,1,'Camouflage'),(39,2,'Camouflage'),(39,4,'Camouflage'),(39,7,'Camouflage'),(40,1,'5 yrs.'),(40,2,'5 yrs.'),(40,4,'5 yrs.'),(40,7,'5 yrs.'),(41,1,'hibiscus'),(41,2,'hibiscus'),(41,4,'hibiscus'),(41,7,'hibiscus'),(42,1,'Caro-violett'),(42,2,'Caro-violett'),(42,4,'Caro-violett'),(42,7,'Caro-violett'),(43,1,'Blixom-blau'),(43,2,'Blixom-blau'),(43,4,'Blixom-blau'),(43,7,'Blixom-blau'),(44,1,'Caro-grau'),(44,2,'Caro-grau'),(44,4,'Caro-grau'),(44,7,'Caro-grau'),(45,1,'violett'),(45,2,'violett'),(45,4,'violett'),(45,7,'violett'),(46,1,'Caro-blau'),(46,2,'Caro-blau'),(46,4,'Caro-blau'),(46,7,'Caro-blau'),(47,1,'red deluxe'),(47,2,'red deluxe'),(47,4,'red deluxe'),(47,7,'red deluxe'),(48,1,'Pink'),(48,2,'Rose vif'),(48,4,'Pink'),(48,7,'Rosa fucsia'),(49,1,'22 cm'),(49,2,'22 cm'),(49,4,'22 cm'),(49,7,'22 cm'),(50,1,'23 cm'),(50,2,'23 cm'),(50,4,'23 cm'),(50,7,'23 cm'),(51,1,'24 cm'),(51,2,'24 cm'),(51,4,'24 cm'),(51,7,'24 cm'),(52,1,'25 cm'),(52,2,'25 cm'),(52,4,'25 cm'),(52,7,'25 cm'),(53,1,'26 cm'),(53,2,'26 cm'),(53,4,'26 cm'),(53,7,'26 cm'),(54,1,'27 cm'),(54,2,'27 cm'),(54,4,'27 cm'),(54,7,'27 cm'),(55,1,'28 cm'),(55,2,'28 cm'),(55,4,'28 cm'),(55,7,'28 cm'),(56,1,'29 cm'),(56,2,'29 cm'),(56,4,'29 cm'),(56,7,'29 cm'),(57,1,'30 cm'),(57,2,'30 cm'),(57,4,'30 cm'),(57,7,'30 cm'),(58,1,'Bung (without tubing inside)'),(58,2,'Bouchon (sans un canalicule) '),(58,4,'Korken (ohne Röhrchen)'),(58,7,'Korken (ohne Röhrchen)'),(59,1,'Bung with 2mm tubing inside'),(59,2,'Bouchon avec un chalumeau'),(59,4,'Korken mit 2mm Röhrchen'),(59,7,'Korken mit 2mm Röhrchen'),(60,1,'Fiberglass'),(60,2,'Fiberglass'),(60,4,'Fiberglass'),(60,7,'Fiberglass'),(61,1,'Vacuum-Fiberglass (GFK)'),(61,2,'Vacuum-Fiberglass (GFK)'),(61,4,'Vacuum-Fiberglass (GFK)'),(61,7,'Vacuum-Fiberglass (GFK)'),(62,1,'Carbon/Vacuum'),(62,2,'Carbon/Vacuum'),(62,4,'Carbon/Vacuum'),(62,7,'Carbon/Vacuum'),(63,1,'12\'0 - 17 1/2\" - 31 2/7\" - 22 4/9\" - 5 5/7\".'),(63,2,'12\'0 - 17 1/2\" - 31 2/7\" - 22 4/9\" - 5 5/7\".'),(63,4,'12\'0 - 17 1/2\" - 31 2/7\" - 22 4/9\" - 5 5/7\".'),(63,7,'12\'0 - 17 1/2\" - 31 2/7\" - 22 4/9\" - 5 5/7\".'),(64,1,'pink-grey'),(64,2,'pink-grey'),(64,4,'pink-grey'),(64,7,'pink-grey'),(65,1,'9\'2'),(65,2,'9\'2'),(65,4,'9\'2'),(65,7,'9\'2'),(66,1,'10,8'),(66,2,'10,8'),(66,4,'10,8'),(66,7,'10,8'),(67,1,'other'),(67,2,'other'),(67,4,'other'),(67,7,'other'),(68,1,'for rescue boards'),(68,2,'for rescue boards'),(68,4,'for rescue boards'),(68,7,'for rescue boards'),(69,1,'for paddleboards'),(69,2,'for paddleboards'),(69,4,'for paddleboards'),(69,7,'for paddleboards'),(70,1,'for raceboards'),(70,2,'for raceboards'),(70,4,'for raceboards'),(70,7,'for raceboards'),(71,1,'adjustable'),(71,2,'adjustable'),(71,4,'adjustable'),(71,7,'adjustable'),(72,1,'non-adjastable'),(72,2,'non-adjastable'),(72,4,'non-adjastable'),(72,7,'non-adjastable'),(73,1,'Dark blue with white line'),(73,2,'Dark blue with white line'),(73,4,'Dark blue with white line'),(73,7,'Dark blue with white line'),(74,1,'Red with white line'),(74,2,'Red with white line'),(74,4,'Red with white line'),(74,7,'Red with white line'),(75,1,'dark blue with white line, black side'),(75,2,'dark blue with white line, black side'),(75,4,'dark blue with white line, black side'),(75,7,'dark blue with white line, black side'),(76,1,'pink with flower'),(76,2,'pink with flower'),(76,4,'pink with flower'),(76,7,'pink with flower'),(77,1,'light blue with white line, black side'),(77,2,'light blue with white line, black side'),(77,4,'light blue with white line, black side'),(77,7,'light blue with white line, black side'),(78,1,'Sand 2 colors \"potpourri\"'),(78,2,'Sand 2 colors \"potpourri\"'),(78,4,'Sand 2 colors \"potpourri\"'),(78,7,'Sand 2 colors \"potpourri\"'),(79,1,'Blue 2 colors \"corral\"'),(79,2,'Blue 2 colors \"corral\"'),(79,4,'Blue 2 colors \"corral\"'),(79,7,'Blue 2 colors \"corral\"'),(80,1,'Red with black line'),(80,2,'Red with black line'),(80,4,'Red with black line'),(80,7,'Red with black line'),(81,1,'yellow with fish graphic'),(81,2,'yellow with fish graphic'),(81,4,'yellow with fish graphic'),(81,7,'yellow with fish graphic'),(82,1,'red-brown with fish graphic'),(82,2,'red-brown with fish graphic'),(82,4,'red-brown with fish graphic'),(82,7,'red-brown with fish graphic'),(83,1,'Red with black line'),(83,2,'Red with black line'),(83,4,'Red with black line'),(83,7,'Red with black line'),(84,1,'Dark Blue'),(84,2,'Bleu Foncé'),(84,4,'Dunkelblau'),(84,7,'Blu scuro'),(85,1,'White'),(85,2,'Blanc'),(85,4,'Weiß'),(85,7,'Bianco'),(86,1,'Blue 2 colors'),(86,2,'Blue 2 colors'),(86,4,'Blue 2 colors'),(86,7,'Blue 2 colors'),(87,1,'mit Nackenschutz'),(87,2,'mit Nackenschutz'),(87,4,'mit Nackenschutz'),(87,7,'mit Nackenschutz'),(88,1,'Kayak Ergometer Basic'),(88,2,'Kayak Ergometer Basic'),(88,4,'Kayak Ergometer Basic'),(88,7,'Kayak Ergometer Basic'),(89,1,'Kayak Ergometer Standard'),(89,2,'Kayak Ergometer Standard'),(89,4,'Kayak Ergometer Standard'),(89,7,'Kayak Ergometer Standard'),(90,1,'Kayak Ergometer Science'),(90,2,'Kayak Ergometer Science'),(90,4,'Kayak Ergometer Science'),(90,7,'Kayak Ergometer Science'),(91,1,'SLIDER'),(91,2,'SLIDER'),(91,4,'SLIDER'),(91,7,'SLIDER'),(92,1,'Kavak Seat Standard'),(92,2,'Kavak Seat Standard'),(92,4,'Kavak Seat Standard'),(92,7,'Kavak Seat Standard'),(93,1,'Kayak Seat Rotating'),(93,2,'Kayak Seat Rotating'),(93,4,'Kayak Seat Rotating'),(93,7,'Kayak Seat Rotating'),(94,1,'CANOE BENCH'),(94,2,'CANOE BENCH'),(94,4,'CANOE BENCH'),(94,7,'CANOE BENCH'),(95,1,'400 ml'),(95,2,'400 ml'),(95,4,'400 ml'),(95,7,'400 ml'),(96,1,'600 ml'),(96,2,'600 ml'),(96,4,'600 ml'),(96,7,'600 ml'),(97,1,'750 ml'),(97,2,'750 ml'),(97,4,'750 ml'),(97,7,'750 ml'),(98,1,'470 ml'),(98,2,'470 ml'),(98,4,'470 ml'),(98,7,'470 ml'),(99,1,'1h hot, 2h cold'),(99,2,'1h hot, 2h cold'),(99,4,'1h hot, 2h cold'),(99,7,'1h hot, 2h cold'),(100,1,'4h hot, 12h cold'),(100,2,'4h hot, 12h cold'),(100,4,'4h hot, 12h cold'),(100,7,'4h hot, 12h cold'),(101,1,'7h hot, 20h cold'),(101,2,'7h hot, 20h cold'),(101,4,'7h hot, 20h cold'),(101,7,'7h hot, 20h cold'),(102,1,'purple'),(102,2,'purple'),(102,4,'purple'),(102,7,'purple'),(103,1,'pink with bubbles'),(103,2,'pink with bubbles'),(103,4,'pink with bubbles'),(103,7,'pink with bubbles'),(104,1,'black-white checked'),(104,2,'black-white checked'),(104,4,'black-white checked'),(104,7,'black-white checked'),(105,1,'blue-green batik'),(105,2,'blue-green batik'),(105,4,'blue-green batik'),(105,7,'blue-green batik'),(106,1,'Pink flowers'),(106,2,'Pink flowers'),(106,4,'Pink flowers'),(106,7,'Pink flowers'),(107,1,'green flowers'),(107,2,'green flowers'),(107,4,'green flowers'),(107,7,'green flowers'),(108,1,'soft'),(108,2,'soft'),(108,4,'soft'),(108,7,'soft'),(109,1,'medium'),(109,2,'medium'),(109,4,'medium'),(109,7,'medium'),(110,1,'hard'),(110,2,'hard'),(110,4,'hard'),(110,7,'hard'),(111,1,'188 cm'),(111,2,'188 cm'),(111,4,'188 cm'),(111,7,'188 cm'),(112,1,'190 cm'),(112,2,'190 cm'),(112,4,'190 cm'),(112,7,'190 cm'),(113,1,'192 cm'),(113,2,'192 cm'),(113,4,'192 cm'),(113,7,'192 cm'),(114,1,'194 cm'),(114,2,'194 cm'),(114,4,'194 cm'),(114,7,'194 cm'),(115,1,'196 cm'),(115,2,'196 cm'),(115,4,'196 cm'),(115,7,'196 cm'),(116,1,'198 cm'),(116,2,'198 cm'),(116,4,'198 cm'),(116,7,'198 cm'),(117,1,'200 cm'),(117,2,'200 cm'),(117,4,'200 cm'),(117,7,'200 cm'),(118,1,'202 cm'),(118,2,'202 cm'),(118,4,'202 cm'),(118,7,'202 cm'),(119,1,'204 cm'),(119,2,'204 cm'),(119,4,'204 cm'),(119,7,'204 cm'),(120,1,'206 cm'),(120,2,'206 cm'),(120,4,'206 cm'),(120,7,'206 cm'),(121,1,'208 cm'),(121,2,'208 cm'),(121,4,'208 cm'),(121,7,'208 cm'),(122,1,'210 cm'),(122,2,'210 cm'),(122,4,'210 cm'),(122,7,'210 cm'),(123,1,'212 cm'),(123,2,'212 cm'),(123,4,'212 cm'),(123,7,'212 cm'),(124,1,'214 cm'),(124,2,'214 cm'),(124,4,'214 cm'),(124,7,'214 cm'),(125,1,'216 cm'),(125,2,'216 cm'),(125,4,'216 cm'),(125,7,'216 cm'),(126,1,'218 cm'),(126,2,'218 cm'),(126,4,'218 cm'),(126,7,'218 cm'),(127,1,'220 cm'),(127,2,'220 cm'),(127,4,'220 cm'),(127,7,'220 cm'),(128,1,'222 cm'),(128,2,'222 cm'),(128,4,'222 cm'),(128,7,'222 cm'),(129,1,'224  cm'),(129,2,'224  cm'),(129,4,'224  cm'),(129,7,'224  cm'),(130,1,'226 cm'),(130,2,'226 cm'),(130,4,'226 cm'),(130,7,'226 cm'),(131,1,'228 cm'),(131,2,'228 cm'),(131,4,'228 cm'),(131,7,'228 cm'),(132,1,'230 cm'),(132,2,'230 cm'),(132,4,'230 cm'),(132,7,'230 cm'),(133,1,'232 cm'),(133,2,'232 cm'),(133,4,'232 cm'),(133,7,'232 cm'),(134,1,'234 cm'),(134,2,'234 cm'),(134,4,'234 cm'),(134,7,'234 cm'),(135,1,'236 cm'),(135,2,'236 cm'),(135,4,'236 cm'),(135,7,'236 cm'),(136,1,'236 cm'),(136,2,'236 cm'),(136,4,'236 cm'),(136,7,'236 cm'),(137,1,'238 cm'),(137,2,'238 cm'),(137,4,'238 cm'),(137,7,'238 cm'),(138,1,'240 cm'),(138,2,'240 cm'),(138,4,'240 cm'),(138,7,'240 cm'),(139,1,'adjustable'),(139,2,'adjustable'),(139,4,'verstellbar'),(139,7,'verstellbar'),(140,1,'EU 37 (200)'),(140,2,'EU 37 (200)'),(140,4,'EU 37 (200)'),(140,7,'EU 37 (200)'),(141,1,'EU 38 (210)'),(141,2,'EU 38 (210)'),(141,4,'EU 38 (210)'),(141,7,'EU 38 (210)'),(143,1,'EU 41 (230)'),(143,2,'EU 41 (230)'),(143,4,'EU 41 (230)'),(143,7,'EU 41 (230)'),(144,1,'EU 42 (235)'),(144,2,'EU 42 (235)'),(144,4,'EU 42 (235)'),(144,7,'EU 42 (235)'),(145,1,'EU 43 (240)'),(145,2,'EU 43 (240)'),(145,4,'EU 43 (240)'),(145,7,'EU 43 (240)'),(146,1,'EU 44 (245) '),(146,2,'EU 44 (245) '),(146,4,'EU 44 (245) '),(146,7,'EU 44 (245) '),(148,1,'EU 45 (255)'),(148,2,'EU 45 (255)'),(148,4,'EU 45 (255)'),(148,7,'EU 45 (255)'),(149,1,'EU 46 (260)'),(149,2,'EU 46 (260)'),(149,4,'EU 46 (260)'),(149,7,'EU 46 (260)'),(150,1,'EU 47 (270)'),(150,2,'EU 47 (270)'),(150,4,'EU 47 (270)'),(150,7,'EU 47 (270)'),(151,1,'normal/standard'),(151,2,'normal/standard'),(151,4,'normal/standard'),(151,7,'normal/standard'),(152,1,'big'),(152,2,'big'),(152,4,'groß'),(152,7,'groß'),(153,1,'small'),(153,2,'small'),(153,4,'klein'),(153,7,'klein'),(154,1,'Gold-Blau'),(154,2,'Gold-Blau'),(154,4,'gold-blue'),(154,7,'gold-blue'),(155,1,'hellblau-weiß'),(155,2,'hellblau-weiß'),(155,4,'hellblau-weiß'),(155,7,'hellblau-weiß'),(156,1,'hellblau-grau'),(156,2,'hellblau-grau'),(156,4,'hellblau-grau'),(156,7,'hellblau-grau'),(157,1,'weinrot-hellblau'),(157,2,'weinrot-hellblau'),(157,4,'weinrot-hellblau'),(157,7,'weinrot-hellblau'),(158,1,'weinrot-weiß'),(158,2,'weinrot-weiß'),(158,4,'weinrot-weiß'),(158,7,'weinrot-weiß'),(159,1,'red-white'),(159,2,'red-white'),(159,4,'red-white'),(159,7,'red-white'),(160,1,'green-red'),(160,2,'green-red'),(160,4,'green-red'),(160,7,'green-red'),(161,1,'red with white stripes'),(161,2,'red with white stripes'),(161,4,'red with white stripes'),(161,7,'red with white stripes'),(162,1,'red-white with blue stripe'),(162,2,'red-white with blue stripe'),(162,4,'red-white with blue stripe'),(162,7,'red-white with blue stripe'),(163,1,'Weinrot-Weiß'),(163,2,'Weinrot-Weiß'),(163,4,'Weinrot-Weiß'),(163,7,'Weinrot-Weiß'),(164,1,'white-dark-red karo'),(164,2,'white-dark-red karo'),(164,4,'white-dark-red karo'),(164,7,'white-dark-red karo'),(165,1,'red-white karo'),(165,2,'red-white karo'),(165,4,'red-white karo'),(165,7,'red-white karo'),(166,1,'blue-gold'),(166,2,'blue-gold'),(166,4,'blue-gold'),(166,7,'blue-gold'),(167,1,'green-red '),(167,2,'green-red '),(167,4,'green-red '),(167,7,'green-red '),(168,1,'green-white'),(168,2,'green-white'),(168,4,'green-white'),(168,7,'green-white'),(169,1,'grey-lightblue'),(169,2,'grey-lightblue'),(169,4,'grey-lightblue'),(169,7,'grey-lightblue'),(170,1,'grey-stripe lightblue'),(170,2,'grey-stripe lightblue'),(170,4,'grey-stripe lightblue'),(170,7,'grey-stripe lightblue'),(171,1,'grey-stripes-lightblue and red'),(171,2,'grey-stripes-lightblue and red'),(171,4,'grey-stripes-lightblue and red'),(171,7,'grey-stripes-lightblue and red'),(172,1,'red -white stripe'),(172,2,'red -white stripe'),(172,4,'red -white stripe'),(172,7,'red -white stripe'),(173,1,'white-red karo-with blue stripe'),(173,2,'white-red karo-with blue stripe'),(173,4,'white-red karo-with blue stripe'),(173,7,'white-red karo-with blue stripe'),(174,1,'dark-red-white karo'),(174,2,'dark-red-white karo'),(174,4,'dark-red-white karo'),(174,7,'dark-red-white karo'),(177,1,'XS'),(177,2,'XS'),(177,4,'XS'),(177,7,'XS'),(178,1,'Türkis'),(178,2,'Türkis'),(178,4,'ocean-türkis'),(178,7,'ocean-türkis'),(179,1,'one Size'),(179,2,'one Size'),(179,4,'one Size'),(179,7,'one Size'),(181,1,'kornblau'),(181,2,'kornblau'),(181,4,'kornblau'),(181,7,'kornblau'),(182,1,'lightgrey'),(182,2,'lightgrey'),(182,4,'lightgrey'),(182,7,'lightgrey'),(187,1,'dark-blue'),(187,2,'dark-blue'),(187,4,'dark-blue'),(187,7,'dark-blue'),(188,1,'grün-gelb'),(188,2,'grün-gelb'),(188,4,'grün-gelb'),(188,7,'grün-gelb'),(189,1,'leuchtend Türkis'),(189,2,'leuchtend Türkis'),(189,4,'shinning  türkis'),(189,7,'shinning  türkis'),(190,1,'XXXL'),(190,2,'XXXL'),(190,4,'XXXL'),(190,7,'XXXL'),(191,1,'Gold-mit Blüten'),(191,2,'Gold-mit Blüten'),(191,4,'gold with flower'),(191,7,'gold with flower'),(192,1,'Black-white Ornament'),(192,2,'Black-white Ornament'),(192,4,'black-white ornament'),(192,7,'black-white ornament'),(193,1,'Royal'),(193,2,'Royal'),(193,4,'royal-blue'),(193,7,'royal-blue'),(194,1,'Magenta'),(194,2,'Magenta'),(194,4,'magenta'),(194,7,'magenta'),(195,1,'Black with logo'),(195,2,'Noir avec logo'),(195,4,'Schwarz mit Logo'),(195,7,'Nera con logo'),(196,1,'black without logo'),(196,2,'black without logo'),(196,4,'black without logo'),(196,7,'black without logo'),(197,1,'70 mm'),(197,2,'70 mm'),(197,4,'70 mm'),(197,7,'70 mm'),(198,1,'75 mm'),(198,2,'75 mm'),(198,4,'75 mm'),(198,7,'75 mm'),(199,1,'80 mm'),(199,2,'80 mm'),(199,4,'80 mm'),(199,7,'80 mm'),(200,1,'80 mm'),(200,2,'80 mm'),(200,4,'80 mm'),(200,7,'80 mm'),(201,1,'85 mm'),(201,2,'85 mm'),(201,4,'85 mm'),(201,7,'85 mm'),(202,1,'90 mm'),(202,2,'90 mm'),(202,4,'90 mm'),(202,7,'90 mm'),(203,1,'95 mm'),(203,2,'95 mm'),(203,4,'95 mm'),(203,7,'95 mm'),(204,1,'100 mm'),(204,2,'100 mm'),(204,4,'100 mm'),(204,7,'100 mm'),(205,1,'105 mm'),(205,2,'105 mm'),(205,4,'105 mm'),(205,7,'105 mm'),(206,1,'110'),(206,2,'110'),(206,4,'110 mm'),(206,7,'110 mm'),(207,1,'115 mm'),(207,2,'115 mm'),(207,4,'115 mm'),(207,7,'115 mm'),(208,1,'16 GB'),(208,2,'16 GB'),(208,4,'16 GB'),(208,7,'16 GB'),(209,1,'32 GB'),(209,2,'32 GB'),(209,4,'32 GB'),(209,7,'32 GB'),(210,1,'Deep Seat'),(210,2,'Deep Seat'),(210,4,'Deep Seat'),(210,7,'Deep Seat'),(211,1,'Shallow Seat'),(211,2,'Shallow Seat'),(211,4,'Shallow Seat'),(211,7,'Shallow Seat'),(212,1,'Turquoise'),(212,2,'Turquoise'),(212,4,'Türkis'),(212,7,'Turchese'),(213,1,'Wetiz'),(213,2,'Wetiz'),(213,4,'Wetiz'),(213,7,'Wetiz'),(214,1,'Fenn'),(214,2,'Fenn'),(214,4,'Fenn'),(214,7,'Fenn'),(215,1,'D-luxe'),(215,2,'D-luxe'),(215,4,'D-luxe'),(215,7,'D-luxe'),(216,1,'standard'),(216,2,'standard'),(216,4,'standard'),(216,7,'standard'),(217,1,'15,5 cm'),(217,2,'15,5 cm'),(217,4,'15,5 cm'),(217,7,'15,5 cm'),(218,1,'14,5 cm'),(218,2,'14,5 cm'),(218,4,'14,5 cm'),(218,7,'14,5 cm'),(219,1,'17,2 cm'),(219,2,'17,2 cm'),(219,4,'17,2 cm'),(219,7,'17,2 cm'),(220,1,'14,8 cm'),(220,2,'14,8 cm'),(220,4,'14,8 cm'),(220,7,'14,8 cm'),(221,1,'14,7 cm'),(221,2,'14,7 cm'),(221,4,'14,7 cm'),(221,7,'14,7 cm'),(222,1,'14,00'),(222,2,'14,00'),(222,4,'14,00'),(222,7,'14,00'),(223,1,'17,00'),(223,2,'17,00'),(223,4,'17,00'),(223,7,'17,00'),(224,1,'15,00'),(224,2,'15,00'),(224,4,'15,00'),(224,7,'15,00'),(225,1,'22,00'),(225,2,'22,00'),(225,4,'22,00'),(225,7,'22,00'),(226,1,'17,8'),(226,2,'17,8'),(226,4,'17,8'),(226,7,'17,8'),(227,1,'Julz'),(227,2,'Julz'),(227,4,'Julz'),(227,7,'Julz'),(228,1,'Tarps'),(228,2,'Tarps'),(228,4,'Tarps'),(228,7,'Tarps'),(229,1,'Elite S'),(229,2,'Elite S'),(229,4,'Elite S'),(229,7,'Elite S'),(230,1,'Elite SL'),(230,2,'Elite SL'),(230,4,'Elite SL'),(230,7,'Elite SL'),(231,1,'Blue fin S'),(231,2,'Blue fin S'),(231,4,'Blue fin S'),(231,7,'Blue fin S'),(232,1,'Guppy'),(232,2,'Guppy'),(232,4,'Guppy'),(232,7,'Guppy'),(233,1,'Pink Wave'),(233,2,'Pink Wave'),(233,4,'Pink Wave'),(233,7,'Pink Wave'),(234,1,'Green Wave'),(234,2,'Green Wave'),(234,4,'Green Wave'),(234,7,'Green Wave'),(235,1,'Dark-green'),(235,2,'Vert foncé'),(235,4,'Dunkelgrün'),(235,7,'Verde scuro'),(236,1,'Fenn Swordfish S'),(236,2,'Fenn Swordfish S'),(236,4,'Fenn Swordfish S'),(236,7,'Fenn Swordfish S'),(237,1,'Fenn Blue-Fin S'),(237,2,'Fenn Blue-Fin S'),(237,4,'Fenn Blue-Fin S'),(237,7,'Fenn Blue-Fin S'),(238,1,'FENN Spark'),(238,2,'FENN Spark'),(238,4,'FENN Spark'),(238,7,'FENN Spark'),(239,1,'Fenn Elite S Double'),(239,2,'Fenn Elite S Double'),(239,4,'Fenn Elite S Double'),(239,7,'Fenn Elite S Double'),(240,1,'Fenn Elite S'),(240,2,'Fenn Elite S'),(240,4,'Fenn Elite S'),(240,7,'Fenn Elite S'),(241,1,'FENN Mako XT'),(241,2,'FENN Mako XT'),(241,4,'FENN Mako XT'),(241,7,'FENN Mako XT'),(242,1,'Fenn XTS Double'),(242,2,'Fenn XTS Double'),(242,4,'Fenn XTS Double'),(242,7,'Fenn XTS Double'),(243,1,'blue-flower'),(243,2,'blue-flower'),(243,4,'blue-flower'),(243,7,'blue-flower'),(244,1,'small'),(244,2,'small'),(244,4,'small'),(244,7,'small'),(245,1,'big'),(245,2,'big'),(245,4,'big'),(245,7,'big'),(246,1,'braked'),(246,2,'braked'),(246,4,'gebremst'),(246,7,'gebremst'),(247,1,'unbraked'),(247,2,'unbraked'),(247,4,'ungebremst'),(247,7,'ungebremst'),(248,1,'EU 36-37 (S)'),(248,2,'EU 36-37 (S)'),(248,4,'EU 36-37 (S)'),(248,7,'EU 36-37 (S)'),(249,1,'EU 38-39 (M)'),(249,2,'EU 38-39 (M)'),(249,4,'EU 38-39 (M)'),(249,7,'EU 38-39 (M)'),(250,1,'EU 40-42 (L)'),(250,2,'EU 40-42 (L)'),(250,4,'EU 40-42 (L)'),(250,7,'EU 40-42 (L)'),(251,1,'EU 43-45 (XL)'),(251,2,'EU 43-45 (XL)'),(251,4,'EU 43-45 (XL)'),(251,7,'EU 43-45 (XL)'),(252,1,'EU 46-47 (XXL)'),(252,2,'EU 46-47 (XXL)'),(252,4,'EU 46-47 (XXL)'),(252,7,'EU 46-47 (XXL)'),(253,1,'EU 48 (3XL)'),(253,2,'EU 48 (3XL)'),(253,4,'EU 48 (3XL)'),(253,7,'EU 48 (3XL)'),(254,1,'Cold 10-14°C'),(254,2,'Cold 10-14°C'),(254,4,'Cold 10-14°C'),(254,7,'Cold 10-14°C'),(255,1,'Cool 14-18°C'),(255,2,'Cool 14-18°C'),(255,4,'Cool 14-18°C'),(255,7,'Cool 14-18°C'),(256,1,'fresh green'),(256,2,'fresh green'),(256,4,'fresh green'),(256,7,'fresh green'),(257,1,'Camouflage'),(257,2,'Camouflage'),(257,4,'Camouflage'),(257,7,'Camouflage'),(258,1,'Grey'),(258,2,'Gris'),(258,4,'Grau'),(258,7,'Grigio'),(259,1,'EU 40 (220)'),(259,2,'EU 40 (220)'),(259,4,'EU 40 (220)'),(259,7,'EU 40 (220)'),(262,1,'multicolor'),(262,2,'multicolor'),(262,4,'multicolor'),(262,7,'multicolor'),(267,1,'EU 36 (230)'),(267,2,'EU 36 (230)'),(267,4,'EU 36 (230) Torpedo'),(267,7,'EU 36 (230) Torpedo'),(268,1,'EU 37 ( 240 )'),(268,2,'EU 37 ( 240 )'),(268,4,'EU 37 ( 240 ) Torpedo'),(268,7,'EU 37 ( 240 ) Torpedo'),(269,1,'EU 38 (250 )'),(269,2,'EU 38 (250 )'),(269,4,'EU 38 (250 ) Torpedo'),(269,7,'EU 38 (250 ) Torpedo'),(270,1,'EU 39 (260 )'),(270,2,'EU 39 (260 )'),(270,4,'EU 39 (260 ) Torpedo'),(270,7,'EU 39 (260 ) Torpedo'),(271,1,'EU 40 (265 )'),(271,2,'EU 40 (265 )'),(271,4,'EU 40 (265 ) Torpedo'),(271,7,'EU 40 (265 ) Torpedo'),(272,1,'EU 41 ( 270 )'),(272,2,'EU 41 ( 270 )'),(272,4,'EU 41 ( 270 ) Torpedo'),(272,7,'EU 41 ( 270 ) Torpedo'),(273,1,'EU 42 (280 )'),(273,2,'EU 42 (280 )'),(273,4,'EU 42 (280 ) Torpedo'),(273,7,'EU 42 (280 ) Torpedo'),(274,1,'EU 43 ( 290 )'),(274,2,'EU 43 ( 290 )'),(274,4,'EU 43 ( 290 ) Torpedo'),(274,7,'EU 43 ( 290 ) Torpedo'),(275,1,'EU 44 (300 )'),(275,2,'EU 44 (300 )'),(275,4,'EU 44 (300 ) Torpedo'),(275,7,'EU 44 (300 ) Torpedo'),(276,1,'EU 45 ( 310 ) '),(276,2,'EU 45 ( 310 ) '),(276,4,'EU 45 ( 310 )  Torpedo'),(276,7,'EU 45 ( 310 )  Torpedo'),(278,1,'EU 46 ( 315 )'),(278,2,'EU 46 ( 315 )'),(278,4,'EU 46 ( 315 ) Torpedo'),(278,7,'EU 46 ( 315 ) Torpedo'),(279,1,'EU 47 ( 320 )'),(279,2,'EU 47 ( 320 )'),(279,4,'EU 47 ( 320 ) Torpedo'),(279,7,'EU 47 ( 320 ) Torpedo'),(280,1,'EU 48 ( 330 )'),(280,2,'EU 48 ( 330 )'),(280,4,'EU 48 ( 330 ) Torpedo'),(280,7,'EU 48 ( 330 ) Torpedo'),(281,1,'paisley'),(281,2,'paisley'),(281,4,'paisley'),(281,7,'paisley'),(282,1,'EU 39 (210) '),(282,2,'EU 39 (210) '),(282,4,'EU 39 (210) '),(282,7,'EU 39 (210) '),(283,1,'Retro'),(283,2,'Retro'),(283,4,'Retro'),(283,7,'Retro'),(284,1,'pink white fish'),(284,2,'pink white fish'),(284,4,'pink white fish'),(284,7,'pink white fish'),(285,1,'turquoise white striped'),(285,2,'turquoise white striped'),(285,4,'turquoise white striped'),(285,7,'turquoise white striped'),(286,1,'turquoise white bubbles'),(286,2,'turquoise white bubbles'),(286,4,'turquoise white bubbles'),(286,7,'turquoise white bubbles'),(287,1,'Force Field Skis'),(287,2,'Force Field Skis'),(287,4,'Force Field Skis'),(287,7,'Force Field Skis'),(288,1,'Fenn Skis'),(288,2,'Fenn Skis'),(288,4,'Fenn Skis'),(288,7,'Fenn Skis'),(289,1,'For Nipper Soft '),(289,2,'Nipper Soft '),(289,4,'Für Nipper Soft '),(289,7,'Für Nipper Soft '),(290,1,'For Nipper Slick'),(290,2,'Nipper Slick'),(290,4,'Für Nipper Slick'),(290,7,'Für Nipper Slick'),(291,1,'rainbow'),(291,2,'rainbow'),(291,4,'rainbow'),(291,7,'rainbow'),(292,1,'50'),(292,2,'50'),(292,4,'50'),(292,7,'50'),(293,1,'100'),(293,2,'100'),(293,4,'100'),(293,7,'100'),(294,1,'150'),(294,2,'150'),(294,4,'150'),(294,7,'150'),(295,1,'200'),(295,2,'200'),(295,4,'200'),(295,7,'200'),(296,1,'1-farbiger Druck, beide Seiten identisch'),(296,2,'1-farbiger Druck, beide Seiten identisch'),(296,4,'1-farbiger Druck, beide Seiten identisch'),(296,7,'1-farbiger Druck, beide Seiten identisch'),(297,1,'1-farbiger Druck, beide Seiten verschieden'),(297,2,'1-farbiger Druck, beide Seiten verschieden'),(297,4,'1-farbiger Druck, beide Seiten verschieden'),(297,7,'1-farbiger Druck, beide Seiten verschieden'),(298,1,'2-farbiger Druck, beide Seiten identisch'),(298,2,'2-farbiger Druck, beide Seiten identisch'),(298,4,'2-farbiger Druck, beide Seiten identisch'),(298,7,'2-farbiger Druck, beide Seiten identisch'),(299,1,'2-farbiger Druck, beide Seiten verschieden'),(299,2,'2-farbiger Druck, beide Seiten verschieden'),(299,4,'2-farbiger Druck, beide Seiten verschieden'),(299,7,'2-farbiger Druck, beide Seiten verschieden'),(300,1,'Vektor-Datei vorhanden (EPS, AI)'),(300,2,'Vektor-Datei vorhanden (EPS, AI)'),(300,4,'Vektor-Datei vorhanden (EPS, AI) + 0,00 €'),(300,7,'Vektor-Datei vorhanden (EPS, AI) + 0,00 €'),(301,1,'Keine Vektor Datei vorhanden + 20,00 € für Grafikservice'),(301,2,'Keine Vektor Datei vorhanden + 20,00 € für Grafikservice'),(301,4,'Keine Vektor Datei vorhanden + 20,00 € für Grafikservice'),(301,7,'Keine Vektor Datei vorhanden + 20,00 € für Grafikservice'),(346,1,'White'),(346,2,'Blanc'),(346,4,'Weiß'),(346,7,'Bianco'),(347,1,'Neon Yellow'),(347,2,'Neon Yellow'),(347,4,'Neon Yellow'),(347,7,'Neon Yellow'),(348,1,'Yellow'),(348,2,'Jaune'),(348,4,'Gelb'),(348,7,'Giallo'),(349,1,'Orange'),(349,2,'Orange'),(349,4,'Orange'),(349,7,'Arancione'),(350,1,'Coral'),(350,2,'Coral'),(350,4,'Coral'),(350,7,'Coral'),(351,1,'Red'),(351,2,'Rouge'),(351,4,'Rot'),(351,7,'Rosso'),(352,1,'Bordeaux'),(352,2,'Bordeaux'),(352,4,'Bordeaux'),(352,7,'Bordeaux'),(353,1,'Pink'),(353,2,'Rose'),(353,4,'Pink'),(353,7,'Rosa'),(354,1,'Neon Green'),(354,2,'Neon Green'),(354,4,'Neon Green'),(354,7,'Neon Green'),(355,1,'Med. Green'),(355,2,'Med. Green'),(355,4,'Med. Green'),(355,7,'Med. Green'),(356,1,'Sky Blue'),(356,2,'Sky Blue'),(356,4,'Sky Blue'),(356,7,'Sky Blue'),(357,1,'Royal Blue'),(357,2,'Royal Blue'),(357,4,'Royal Blue'),(357,7,'Royal Blue'),(358,1,'Navy Blue'),(358,2,'Navy Blue'),(358,4,'Navy Blue'),(358,7,'Navy Blue'),(359,1,'Metal Blue'),(359,2,'Metal Blue'),(359,4,'Metal Blue'),(359,7,'Metal Blue'),(360,1,'Violet'),(360,2,'Violet'),(360,4,'Violet'),(360,7,'Violet'),(361,1,'Silver'),(361,2,'Silver'),(361,4,'Silver'),(361,7,'Silver'),(362,1,'Gold'),(362,2,'Gold'),(362,4,'Gold'),(362,7,'Gold'),(363,1,'Dark Grey'),(363,2,'Dark Grey'),(363,4,'Dark Grey'),(363,7,'Dark Grey'),(364,1,'Black'),(364,2,'Noir'),(364,4,'Schwarz'),(364,7,'Nero'),(365,1,'Silver'),(365,2,'Argent'),(365,4,'Silber'),(365,7,'Argento'),(366,1,'Tropical 24 ° C'),(366,2,'Tropical 24 ° C'),(366,4,'Tropical 24 ° C'),(366,7,'Tropical 24 ° C'),(367,1,'Warm 18-22°C'),(367,2,'Warm 18-22°C'),(367,4,'Warm 18-22°C'),(367,7,'Warm 18-22°C'),(368,1,'8 GB'),(368,2,'8 GB'),(368,4,'8 GB'),(368,7,'8 GB'),(369,1,'Poly Vac'),(369,2,'Poly Vac'),(369,4,'Poly Vac'),(369,7,'Poly Vac'),(370,1,'Glass Vac'),(370,2,'Glass Vac'),(370,4,'Glass Vac'),(370,7,'Glass Vac'),(371,1,'Hybrid'),(371,2,'Hybrid'),(371,4,'Hybrid'),(371,7,'Hybrid'),(372,1,'Carbon'),(372,2,'Carbon'),(372,4,'Carbon'),(372,7,'Carbon'),(373,1,'Poly Vac Double'),(373,2,'Poly Vac Double'),(373,4,'Poly Vac Double'),(373,7,'Poly Vac Double'),(374,1,'Carbon Double'),(374,2,'Carbon Double'),(374,4,'Carbon Double'),(374,7,'Carbon Double'),(375,1,'750kg non braked'),(375,2,'750kg remorque non freinée'),(375,4,'750kg ungebremst'),(375,7,'750kg ungebremst'),(376,1,'750kg braked'),(376,2,'750kg remorque freinée'),(376,4,'750kg gebremst'),(376,7,'750kg gebremst'),(377,1,'1000kg braked'),(377,2,'1000kg remorque freinée'),(377,4,'1000kg gebremst'),(377,7,'1000kg gebremst'),(378,1,'8 mm'),(378,2,'8 mm'),(378,4,'8 mm'),(378,7,'8 mm'),(379,1,'16 mm'),(379,2,'16 mm'),(379,4,'16 mm'),(379,7,'16 mm'),(380,1,'Lifeguard on Duty'),(380,2,'Lifeguard on Duty'),(380,4,'Lifeguard on Duty'),(380,7,'Lifeguard on Duty'),(381,1,'Surfing Area'),(381,2,'Surfing Area'),(381,4,'Surfing Area'),(381,7,'Surfing Area'),(382,1,'Honeycomb'),(382,2,'Honeycomb'),(382,4,'Honeycomb'),(382,7,'Honeycomb'),(383,1,'Hybrid/Vacuum'),(383,2,'Hybrid/Vacuum'),(383,4,'Hybrid/Vacuum'),(383,7,'Hybrid/Vacuum'),(384,1,'Red with logo'),(384,2,'Rouge avec logo'),(384,4,'Rot mit Logo'),(384,7,'Rosso con logo'),(385,1,'S/M'),(385,2,'S/M'),(385,4,'S/M'),(385,7,'S/M'),(386,1,'M/L'),(386,2,'M/L'),(386,4,'M/L'),(386,7,'M/L'),(387,1,'22 mm'),(387,2,'22 mm'),(387,4,'22 mm'),(387,7,'22 mm'),(388,1,'Pastel \"Potpourri\"'),(388,2,'Pastel \"Potpourri\"'),(388,4,'Pastel \"Potpourri\"'),(388,7,'Pastel \"Potpourri\"'),(389,1,'Pixel'),(389,2,'Pixel'),(389,4,'Pixel'),(389,7,'Pixel'),(390,1,'blue red'),(390,2,'blue red'),(390,4,'blue red'),(390,7,'blue red'),(391,1,'Yellow'),(391,2,'Jaune'),(391,4,'Gelb'),(391,7,'Giallo'),(392,1,'Silver with white stripe'),(392,2,'Silver with white stripe'),(392,4,'Silver with white stripe'),(392,7,'Silver with white stripe'),(393,1,'White with two black lines'),(393,2,'White with two black lines'),(393,4,'White with two black lines'),(393,7,'White with two black lines'),(394,1,'Orange White'),(394,2,'Orange White'),(394,4,'Orange White'),(394,7,'Orange White'),(395,1,'Green White'),(395,2,'Green White'),(395,4,'Green White'),(395,7,'Green White'),(396,1,'Blue with white line'),(396,2,'Blue with white line'),(396,4,'Blue with white line'),(396,7,'Blue with white line'),(397,1,'Pink with white line'),(397,2,'Pink with white line'),(397,4,'Pink with white line'),(397,7,'Pink with white line'),(398,1,'Turquoise with white line'),(398,2,'Turquoise with white line'),(398,4,'Turquoise with white line'),(398,7,'Turquoise with white line'),(399,1,'Dark blue'),(399,2,'Bleu foncé'),(399,4,'Dunkelblau'),(399,7,'Blu scuro'),(400,1,'turquoise grey'),(400,2,'turquoise grey'),(400,4,'turquoise grey'),(400,7,'turquoise grey'),(401,1,'blue green grey'),(401,2,'blue green grey'),(401,4,'blue green grey'),(401,7,'blue green grey'),(402,1,'blue green grey white'),(402,2,'blue green grey white'),(402,4,'blue green grey white'),(402,7,'blue green grey white'),(403,1,'dark and light blue & green'),(403,2,'dark and light blue & green'),(403,4,'dark and light blue & green'),(403,7,'dark and light blue & green'),(404,1,'blue'),(404,2,'blue'),(404,4,'blue'),(404,7,'blue'),(405,1,'red with white stripe'),(405,2,'red with white stripe'),(405,4,'red with white stripe'),(405,7,'red with white stripe'),(406,1,'bordeaux'),(406,2,'bordeaux'),(406,4,'bordeaux'),(406,7,'bordeaux'),(407,1,'various'),(407,2,'various'),(407,4,'various'),(407,7,'various'),(408,1,'red orange yellow'),(408,2,'red orange yellow'),(408,4,'red orange yellow'),(408,7,'red orange yellow'),(409,1,'Fire'),(409,2,'Fire'),(409,4,'Fire'),(409,7,'Fire'),(410,1,'Amber'),(410,2,'Amber'),(410,4,'Amber'),(410,7,'Amber'),(411,1,'XXS'),(411,2,'XXS'),(411,4,'XXS'),(411,7,'XXS'),(412,1,'Tanktop'),(412,2,'Tanktop'),(412,4,'Tanktop'),(412,7,'Tanktop'),(413,1,'Long Sleeve'),(413,2,'Manche Longue'),(413,4,'Langarm'),(413,7,'Langarm'),(414,1,'Long Sleeve'),(414,2,'Long Sleeve'),(414,4,'Long Sleeve'),(414,7,'Long Sleeve'),(415,1,'T-Shirt'),(415,2,'T-Shirt'),(415,4,'T-Shirt'),(415,7,'T-Shirt'),(416,1,'black without logo'),(416,2,'black without logo'),(416,4,'schwarz ohne Logo'),(416,7,'black without logo'),(417,1,'grey'),(417,2,'grey'),(417,4,'grey'),(417,7,'grey'),(418,1,'Petrol Blue'),(418,2,'Petrol Blue'),(418,4,'Petrol Blue'),(418,7,'Petrol Blue'),(419,1,'MENS'),(419,2,'MENS'),(419,4,'MENS'),(419,7,'MENS'),(420,1,'LADIES'),(420,2,'LADIES'),(420,4,'LADIES'),(420,7,'LADIES'),(421,1,'XS - 28'),(421,2,'XS - 28'),(421,4,'XS - 28'),(421,7,'XS - 28'),(422,1,'S- 30'),(422,2,'S- 30'),(422,4,'S- 30'),(422,7,'S- 30'),(423,1,'S - 30'),(423,2,'S - 30'),(423,4,'S - 30'),(423,7,'S - 30'),(424,1,'M - 32'),(424,2,'M - 32'),(424,4,'M - 32'),(424,7,'M - 32'),(425,1,'L - 34'),(425,2,'L - 34'),(425,4,'L - 34'),(425,7,'L - 34'),(426,1,'XL - 36'),(426,2,'XL - 36'),(426,4,'XL - 36'),(426,7,'XL - 36'),(427,1,'XS - 30'),(427,2,'XS - 30'),(427,4,'XS - 30'),(427,7,'XS - 30'),(428,1,'S - 32'),(428,2,'S - 32'),(428,4,'S - 32'),(428,7,'S - 32'),(429,1,'M -34'),(429,2,'M -34'),(429,4,'M -34'),(429,7,'M -34'),(430,1,'M - 34'),(430,2,'M - 34'),(430,4,'M - 34'),(430,7,'M - 34'),(431,1,'red without logo'),(431,2,'red without logo'),(431,4,'red without logo'),(431,7,'red without logo'),(432,1,'Carbon/Vacuum'),(432,2,'Carbon/Vacuum'),(432,4,'Carbon/Vacuum'),(432,7,'Carbon/Vacuum'),(433,1,'XS/S'),(433,2,'XS/S'),(433,4,'XS/S'),(433,7,'XS/S'),(434,1,'XL/XXL'),(434,2,'XL/XXL'),(434,4,'XL/XXL'),(434,7,'XL/XXL'),(435,1,'S 49 x 16,5cm'),(435,2,'S 49 x 16,5cm'),(435,4,'S 49 x 16,5cm'),(435,7,'S 49 x 16,5cm'),(436,1,'M 49,5 x 16cm'),(436,2,'M 49,5 x 16cm'),(436,4,'M 49,5 x 16cm'),(436,7,'M 49,5 x 16cm'),(437,1,'L 50 x 16,5cm'),(437,2,'L 50 x 16,5cm'),(437,4,'L 50 x 16,5cm'),(437,7,'L 50 x 16,5cm'),(438,1,'S 50 x 16cm'),(438,2,'S 50 x 16cm'),(438,4,'S 50 x 16cm'),(438,7,'S 50 x 16cm'),(439,1,'M 50 x 16,5cm'),(439,2,'M 50 x 16,5cm'),(439,4,'M 50 x 16,5cm'),(439,7,'M 50 x 16,5cm'),(440,1,'L 50 x 17cm'),(440,2,'L 50 x 17cm'),(440,4,'L 50 x 17cm'),(440,7,'L 50 x 17cm'),(441,1,'Carbon Split Shaft 203 - 213cm'),(441,2,'Carbon Split Shaft 203 - 213cm'),(441,4,'Carbon Split Schaft 203 - 213cm'),(441,7,'Carbon Split Shaft 203 - 213cm'),(442,1,'Carbon Split Shaft 206 - 216cm'),(442,2,'Carbon Split Shaft 206 - 216cm'),(442,4,'Carbon Split Schaft 206 - 216cm'),(442,7,'Carbon Split Shaft 206 - 216cm'),(443,1,'47 x 15cm'),(443,2,'47 x 15cm'),(443,4,'47 x 15cm'),(443,7,'47 x 15cm'),(444,1,'50 x 16cm'),(444,2,'50 x 16cm'),(444,4,'50 x 16cm'),(444,7,'50 x 16cm'),(446,1,'22,5cm (XS)'),(446,2,'22,5cm (XS)'),(446,4,'22,5cm (XS)'),(446,7,'22,5cm (XS)'),(447,1,'24cm (S)'),(447,2,'24cm (S)'),(447,4,'24cm (S)'),(447,7,'24cm (S)'),(448,1,'25cm (M)'),(448,2,'25cm (M)'),(448,4,'25cm (M)'),(448,7,'25cm (M)'),(449,1,'26cm (L)'),(449,2,'26cm (L)'),(449,4,'26cm (L)'),(449,7,'26cm (L)'),(450,1,'27cm (XL)'),(450,2,'27cm (XL)'),(450,4,'27cm (XL)'),(450,7,'27cm (XL)'),(451,1,'28cm (2XL)'),(451,2,'28cm (2XL)'),(451,4,'28cm (2XL)'),(451,7,'28cm (2XL)'),(452,1,'Cyan'),(452,2,'Cyan'),(452,4,'Cyan'),(452,7,'Cyan'),(453,1,'High-Vis Yellow'),(453,2,'High-Vis Jaune'),(453,4,'High-Vis Gelb'),(453,7,'High-Vis Giallo'),(454,1,'S - adjustable 203 - 213 cm'),(454,2,'S - ajustable 203 - 213 cm'),(454,4,'S - verstellbar 203 - 213 cm'),(454,7,'S - regolabile 203 - 213 cm'),(455,1,'M - adjustable 208 - 218 cm'),(455,2,'M - ajustable 208 - 218 cm'),(455,4,'M - verstellbar 208 - 218 cm'),(455,7,'M - regolabile 208 - 218 cm'),(456,1,'Adjustable 200 - 210 cm'),(456,2,'Ajustable 200 - 210 cm'),(456,4,'Verstellbar 200 - 210 cm'),(456,7,'Regolabile 200 - 210 cm'),(457,1,'Adjustable 207 - 217 cm'),(457,2,'Ajustable 207 - 217 cm'),(457,4,'Verstellbar 207 - 217 cm'),(457,7,'Regolabile 207 - 217 cm'),(458,1,'Bordeaux with grey line'),(458,2,'Bordeaux with grey line'),(458,4,'Bordeaux with grey line'),(458,7,'Bordeaux with grey line'),(459,1,'Grey with logo'),(459,2,'Gris avec logo'),(459,4,'Grau mit Logo'),(459,7,'Grigio con logo'),(460,1,'1 piece'),(460,2,'1 pièce'),(460,4,'1 Stück'),(460,7,'1 pezzo'),(461,1,'10 pieces'),(461,2,'10 pièces'),(461,4,'10 Stück'),(461,7,'10 pezzi'),(462,1,'16 pieces'),(462,2,'16 pièces'),(462,4,'16 Stück'),(462,7,'16 pezzi'),(463,1,'L/XL'),(463,2,'L/XL'),(463,4,'L/XL'),(463,7,'L/XL'),(464,1,'39/40'),(464,2,'39/40'),(464,4,'39/40'),(464,7,'39/40'),(465,1,'41/42'),(465,2,'41/42'),(465,4,'41/42'),(465,7,'41/42'),(466,1,'43/44'),(466,2,'43/44'),(466,4,'43/44'),(466,7,'43/44'),(467,1,'45/46'),(467,2,'45/46'),(467,4,'45/46'),(467,7,'45/46'),(468,1,'33/34'),(468,2,'33/34'),(468,4,'33/34'),(468,7,'33/34'),(469,1,'35/36'),(469,2,'35/36'),(469,4,'35/36'),(469,7,'35/36'),(471,1,'37/38'),(471,2,'37/38'),(471,4,'37/38'),(471,7,'37/38'),(472,1,'47/48'),(472,2,'47/48'),(472,4,'47/48'),(472,7,'47/48'),(473,1,'31/32'),(473,2,'31/32'),(473,4,'31/32'),(473,7,'31/32'),(475,1,'3 (40-42)'),(475,2,'3 (40-42)'),(475,4,'3 (40-42)'),(475,7,'3 (40-42)'),(476,1,'4 (43-45)'),(476,2,'4 (43-45)'),(476,4,'4 (43-45)'),(476,7,'4 (43-45)'),(477,1,'M - 28'),(477,2,'M - 28'),(477,4,'M - 28'),(477,7,'M - 28'),(478,1,'M - 26'),(478,2,'M - 26'),(478,4,'M - 26'),(478,7,'M - 26'),(479,1,'2 XL'),(479,2,'2 XL'),(479,4,'2 XL'),(479,7,'2 XL'),(480,1,'Spark S'),(480,2,'Spark S'),(480,4,'Spark S'),(480,7,'Spark S'),(481,1,'Wahoo'),(481,2,'Wahoo'),(481,4,'Wahoo'),(481,7,'Wahoo'),(482,1,'Swordfish S'),(482,2,'Swordfish S'),(482,4,'Swordfish S'),(482,7,'Swordfish S'),(483,1,'Elite S / Wahoo'),(483,2,'Elite S / Wahoo'),(483,4,'Elite S / Wahoo'),(483,7,'Elite S / Wahoo'),(484,1,'2XL - 38'),(484,2,'2XL - 38'),(484,4,'2XL - 38'),(484,7,'2XL - 38'),(485,1,'L - 36'),(485,2,'L - 36'),(485,4,'L - 36'),(485,7,'L - 36'),(486,1,'LADIES - HIGH WAIST'),(486,2,'LADIES - HIGH WAIST'),(486,4,'LADIES - HIGH WAIST'),(486,7,'LADIES - HIGH WAIST'),(487,1,'XL - 38'),(487,2,'XL - 38'),(487,4,'XL - 38'),(487,7,'XL - 38'),(494,1,'Schraubenset ab 2025'),(494,2,'Schraubenset ab 2025'),(494,4,'Schraubenset DLRG Puppe ab 2025'),(494,7,'Schraubenset ab 2025'),(495,1,'Schraubenset bis 2024'),(495,2,'Schraubenset bis 2024'),(495,4,'Schraubenset DLRG Puppe bis 2024'),(495,7,'Schraubenset bis 2024'),(496,1,'Schraubenset WETIZ Puppe'),(496,2,'Schraubenset WETIZ Puppe'),(496,4,'Schraubenset WETIZ Puppe'),(496,7,'Schraubenset WETIZ Puppe'),(503,1,'CoralGroove'),(503,2,'CoralGroove'),(503,4,'CoralGroove'),(503,7,'CoralGroove'),(504,1,'BigBlue'),(504,2,'BigBlue'),(504,4,'BigBlue'),(504,7,'BigBlue'),(505,1,'SwordLord'),(505,2,'SwordLord'),(505,4,'SwordLord'),(505,7,'SwordLord'),(506,1,'CoralCode'),(506,2,'CoralCode'),(506,4,'CoralCode'),(506,7,'CoralCode'),(507,1,'Jawsome'),(507,2,'Jawsome'),(507,4,'Jawsome'),(507,7,'Jawsome'),(508,1,'SunsetStripes'),(508,2,'SunsetStripes'),(508,4,'SunsetStripes'),(508,7,'SunsetStripes'),(509,1,'Ocean Blue '),(509,2,'Ocean Blue '),(509,4,'Ocean Blue '),(509,7,'Ocean Blue '),(510,1,'Ocean Blue'),(510,2,'Ocean Blue'),(510,4,'Ocean Blue'),(510,7,'Ocean Blue'),(511,1,'11 (27,3 - 28,3cm)'),(511,2,'11 (27,3 - 28,3cm)'),(511,4,'11 (27,3 - 28,3cm)'),(511,7,'11 (27,3 - 28,3cm)'),(512,1,'12 (28,3 - 29,2cm)'),(512,2,'12 (28,3 - 29,2cm)'),(512,4,'12 (28,3 - 29,2cm)'),(512,7,'12 (28,3 - 29,2cm)'),(513,1,'13 (29,2 - 30,2cm)'),(513,2,'13 (29,2 - 30,2cm)'),(513,4,'13 (29,2 - 30,2cm)'),(513,7,'13 (29,2 - 30,2cm)');

--
-- Table structure for table `prstshp_attribute_shop`
--

CREATE TABLE `prstshp_attribute_shop` (
  `id_attribute` int(11) NOT NULL,
  `id_shop` int(11) NOT NULL,
  PRIMARY KEY (`id_attribute`,`id_shop`),
  KEY `IDX_EB9EDFDA274A50A0` (`id_shop`),
  KEY `IDX_EB9EDFDA7A4F53DC` (`id_attribute`)
) ENGINE=InnoDB DEFAULT CHARSET=utf8mb4 ROW_FORMAT=DYNAMIC;

--
-- Dumping data for table `prstshp_attribute_shop`
--

INSERT INTO `prstshp_attribute_shop` VALUES (1,1),(2,1),(3,1),(4,1),(8,1),(9,1),(10,1),(11,1),(12,1),(14,1),(15,1),(16,1),(17,1),(20,1),(21,1),(22,1),(24,1),(25,1),(26,1),(27,1),(28,1),(29,1),(30,1),(31,1),(32,1),(33,1),(34,1),(35,1),(36,1),(37,1),(38,1),(39,1),(40,1),(41,1),(42,1),(43,1),(44,1),(45,1),(46,1),(47,1),(48,1),(49,1),(50,1),(51,1),(52,1),(53,1),(54,1),(55,1),(56,1),(57,1),(58,1),(59,1),(60,1),(61,1),(62,1),(63,1),(64,1),(65,1),(66,1),(67,1),(68,1),(69,1),(70,1),(71,1),(72,1),(73,1),(74,1),(75,1),(76,1),(77,1),(78,1),(79,1),(80,1),(81,1),(82,1),(83,1),(84,1),(85,1),(86,1),(87,1),(88,1),(89,1),(90,1),(91,1),(92,1),(93,1),(94,1),(95,1),(96,1),(97,1),(98,1),(99,1),(100,1),(101,1),(102,1),(103,1),(104,1),(105,1),(106,1),(107,1),(108,1),(109,1),(110,1),(111,1),(112,1),(113,1),(114,1),(115,1),(116,1),(117,1),(118,1),(119,1),(120,1),(121,1),(122,1),(123,1),(124,1),(125,1),(126,1),(127,1),(128,1),(129,1),(130,1),(131,1),(132,1),(133,1),(134,1),(135,1),(136,1),(137,1),(138,1),(139,1),(140,1),(141,1),(143,1),(144,1),(145,1),(146,1),(148,1),(149,1),(150,1),(151,1),(152,1),(153,1),(154,1),(155,1),(156,1),(157,1),(158,1),(159,1),(160,1),(161,1),(162,1),(163,1),(164,1),(165,1),(166,1),(167,1),(168,1),(169,1),(170,1),(171,1),(172,1),(173,1),(174,1),(177,1),(178,1),(179,1),(181,1),(182,1),(187,1),(188,1),(189,1),(190,1),(191,1),(192,1),(193,1),(194,1),(195,1),(196,1),(197,1),(198,1),(199,1),(200,1),(201,1),(202,1),(203,1),(204,1),(205,1),(206,1),(207,1),(208,1),(209,1),(210,1),(211,1),(212,1),(213,1),(214,1),(215,1),(216,1),(217,1),(218,1),(219,1),(220,1),(221,1),(222,1),(223,1),(224,1),(225,1),(226,1),(227,1),(228,1),(229,1),(230,1),(231,1),(232,1),(233,1),(234,1),(235,1),(236,1),(237,1),(238,1),(239,1),(240,1),(241,1),(242,1),(243,1),(244,1),(245,1),(246,1),(247,1),(248,1),(249,1),(250,1),(251,1),(252,1),(253,1),(254,1),(255,1),(256,1),(257,1),(258,1),(259,1),(262,1),(267,1),(268,1),(269,1),(270,1),(271,1),(272,1),(273,1),(274,1),(275,1),(276,1),(278,1),(279,1),(280,1),(281,1),(282,1),(283,1),(284,1),(285,1),(286,1),(287,1),(288,1),(289,1),(290,1),(291,1),(292,1),(293,1),(294,1),(295,1),(296,1),(297,1),(298,1),(299,1),(300,1),(301,1),(346,1),(347,1),(348,1),(349,1),(350,1),(351,1),(352,1),(353,1),(354,1),(355,1),(356,1),(357,1),(358,1),(359,1),(360,1),(361,1),(362,1),(363,1),(364,1),(365,1),(366,1),(367,1),(368,1),(369,1),(370,1),(371,1),(372,1),(373,1),(374,1),(375,1),(376,1),(377,1),(378,1),(379,1),(380,1),(381,1),(382,1),(383,1),(384,1),(385,1),(386,1),(387,1),(388,1),(389,1),(390,1),(391,1),(392,1),(393,1),(394,1),(395,1),(396,1),(397,1),(398,1),(399,1),(400,1),(401,1),(402,1),(403,1),(404,1),(405,1),(406,1),(407,1),(408,1),(409,1),(410,1),(411,1),(412,1),(413,1),(414,1),(415,1),(416,1),(417,1),(418,1),(419,1),(420,1),(421,1),(422,1),(423,1),(424,1),(425,1),(426,1),(427,1),(428,1),(429,1),(430,1),(431,1),(432,1),(433,1),(434,1),(435,1),(436,1),(437,1),(438,1),(439,1),(440,1),(441,1),(442,1),(443,1),(444,1),(446,1),(447,1),(448,1),(449,1),(450,1),(451,1),(452,1),(453,1),(454,1),(455,1),(456,1),(457,1),(458,1),(459,1),(460,1),(461,1),(462,1),(463,1),(464,1),(465,1),(466,1),(467,1),(468,1),(469,1),(471,1),(472,1),(473,1),(475,1),(476,1),(477,1),(478,1),(479,1),(480,1),(481,1),(482,1),(483,1),(484,1),(485,1),(486,1),(487,1),(494,1),(495,1),(496,1),(503,1),(504,1),(505,1),(506,1),(507,1),(508,1),(509,1),(510,1),(511,1),(512,1),(513,1);

--
-- Table structure for table `prstshp_authorization_role`
--

CREATE TABLE `prstshp_authorization_role` (
  `id_authorization_role` int(10) unsigned NOT NULL AUTO_INCREMENT,
  `slug` varchar(191) NOT NULL,
  PRIMARY KEY (`id_authorization_role`),
  UNIQUE KEY `slug` (`slug`)
) ENGINE=InnoDB AUTO_INCREMENT=1549 DEFAULT CHARSET=utf8mb4;

--
-- Dumping data for table `prstshp_authorization_role`
--

INSERT INTO `prstshp_authorization_role` VALUES (513,'ROLE_MOD_MODULE_ADVANCEDEUCOMPLIANCE_CREATE'),(894,'ROLE_MOD_MODULE_ADVANCEDEUCOMPLIANCE_DELETE'),(640,'ROLE_MOD_MODULE_ADVANCEDEUCOMPLIANCE_READ'),(767,'ROLE_MOD_MODULE_ADVANCEDEUCOMPLIANCE_UPDATE'),(1441,'ROLE_MOD_MODULE_AUTOUPGRADE_CREATE'),(1444,'ROLE_MOD_MODULE_AUTOUPGRADE_DELETE'),(1442,'ROLE_MOD_MODULE_AUTOUPGRADE_READ'),(1443,'ROLE_MOD_MODULE_AUTOUPGRADE_UPDATE'),(514,'ROLE_MOD_MODULE_BANKWIRE_CREATE'),(895,'ROLE_MOD_MODULE_BANKWIRE_DELETE'),(641,'ROLE_MOD_MODULE_BANKWIRE_READ'),(768,'ROLE_MOD_MODULE_BANKWIRE_UPDATE'),(516,'ROLE_MOD_MODULE_BLOCKBESTSELLERS_CREATE'),(897,'ROLE_MOD_MODULE_BLOCKBESTSELLERS_DELETE'),(643,'ROLE_MOD_MODULE_BLOCKBESTSELLERS_READ'),(770,'ROLE_MOD_MODULE_BLOCKBESTSELLERS_UPDATE'),(522,'ROLE_MOD_MODULE_BLOCKCONTACTINFOS_CREATE'),(903,'ROLE_MOD_MODULE_BLOCKCONTACTINFOS_DELETE'),(649,'ROLE_MOD_MODULE_BLOCKCONTACTINFOS_READ'),(776,'ROLE_MOD_MODULE_BLOCKCONTACTINFOS_UPDATE'),(521,'ROLE_MOD_MODULE_BLOCKCONTACT_CREATE'),(902,'ROLE_MOD_MODULE_BLOCKCONTACT_DELETE'),(648,'ROLE_MOD_MODULE_BLOCKCONTACT_READ'),(775,'ROLE_MOD_MODULE_BLOCKCONTACT_UPDATE'),(523,'ROLE_MOD_MODULE_BLOCKCURRENCIES_CREATE'),(904,'ROLE_MOD_MODULE_BLOCKCURRENCIES_DELETE'),(650,'ROLE_MOD_MODULE_BLOCKCURRENCIES_READ'),(777,'ROLE_MOD_MODULE_BLOCKCURRENCIES_UPDATE'),(524,'ROLE_MOD_MODULE_BLOCKFACEBOOK_CREATE'),(905,'ROLE_MOD_MODULE_BLOCKFACEBOOK_DELETE'),(651,'ROLE_MOD_MODULE_BLOCKFACEBOOK_READ'),(778,'ROLE_MOD_MODULE_BLOCKFACEBOOK_UPDATE'),(527,'ROLE_MOD_MODULE_BLOCKMANUFACTURER_CREATE'),(908,'ROLE_MOD_MODULE_BLOCKMANUFACTURER_DELETE'),(654,'ROLE_MOD_MODULE_BLOCKMANUFACTURER_READ'),(781,'ROLE_MOD_MODULE_BLOCKMANUFACTURER_UPDATE'),(529,'ROLE_MOD_MODULE_BLOCKMYACCOUNTFOOTER_CREATE'),(910,'ROLE_MOD_MODULE_BLOCKMYACCOUNTFOOTER_DELETE'),(656,'ROLE_MOD_MODULE_BLOCKMYACCOUNTFOOTER_READ'),(783,'ROLE_MOD_MODULE_BLOCKMYACCOUNTFOOTER_UPDATE'),(528,'ROLE_MOD_MODULE_BLOCKMYACCOUNT_CREATE'),(909,'ROLE_MOD_MODULE_BLOCKMYACCOUNT_DELETE'),(655,'ROLE_MOD_MODULE_BLOCKMYACCOUNT_READ'),(782,'ROLE_MOD_MODULE_BLOCKMYACCOUNT_UPDATE'),(530,'ROLE_MOD_MODULE_BLOCKNEWPRODUCTS_CREATE'),(911,'ROLE_MOD_MODULE_BLOCKNEWPRODUCTS_DELETE'),(657,'ROLE_MOD_MODULE_BLOCKNEWPRODUCTS_READ'),(784,'ROLE_MOD_MODULE_BLOCKNEWPRODUCTS_UPDATE'),(532,'ROLE_MOD_MODULE_BLOCKPAYMENTLOGO_CREATE'),(913,'ROLE_MOD_MODULE_BLOCKPAYMENTLOGO_DELETE'),(659,'ROLE_MOD_MODULE_BLOCKPAYMENTLOGO_READ'),(786,'ROLE_MOD_MODULE_BLOCKPAYMENTLOGO_UPDATE'),(1109,'ROLE_MOD_MODULE_BLOCKREASSURANCE_CREATE'),(1112,'ROLE_MOD_MODULE_BLOCKREASSURANCE_DELETE'),(1110,'ROLE_MOD_MODULE_BLOCKREASSURANCE_READ'),(1111,'ROLE_MOD_MODULE_BLOCKREASSURANCE_UPDATE'),(534,'ROLE_MOD_MODULE_BLOCKSOCIAL_CREATE'),(915,'ROLE_MOD_MODULE_BLOCKSOCIAL_DELETE'),(661,'ROLE_MOD_MODULE_BLOCKSOCIAL_READ'),(788,'ROLE_MOD_MODULE_BLOCKSOCIAL_UPDATE'),(535,'ROLE_MOD_MODULE_BLOCKSPECIALS_CREATE'),(916,'ROLE_MOD_MODULE_BLOCKSPECIALS_DELETE'),(662,'ROLE_MOD_MODULE_BLOCKSPECIALS_READ'),(789,'ROLE_MOD_MODULE_BLOCKSPECIALS_UPDATE'),(536,'ROLE_MOD_MODULE_BLOCKSTORE_CREATE'),(917,'ROLE_MOD_MODULE_BLOCKSTORE_DELETE'),(663,'ROLE_MOD_MODULE_BLOCKSTORE_READ'),(790,'ROLE_MOD_MODULE_BLOCKSTORE_UPDATE'),(537,'ROLE_MOD_MODULE_BLOCKSUPPLIER_CREATE'),(918,'ROLE_MOD_MODULE_BLOCKSUPPLIER_DELETE'),(664,'ROLE_MOD_MODULE_BLOCKSUPPLIER_READ'),(791,'ROLE_MOD_MODULE_BLOCKSUPPLIER_UPDATE'),(538,'ROLE_MOD_MODULE_BLOCKTAGS_CREATE'),(919,'ROLE_MOD_MODULE_BLOCKTAGS_DELETE'),(665,'ROLE_MOD_MODULE_BLOCKTAGS_READ'),(792,'ROLE_MOD_MODULE_BLOCKTAGS_UPDATE'),(539,'ROLE_MOD_MODULE_BLOCKTOPMENU_CREATE'),(920,'ROLE_MOD_MODULE_BLOCKTOPMENU_DELETE'),(666,'ROLE_MOD_MODULE_BLOCKTOPMENU_READ'),(793,'ROLE_MOD_MODULE_BLOCKTOPMENU_UPDATE'),(541,'ROLE_MOD_MODULE_BLOCKVIEWED_CREATE'),(922,'ROLE_MOD_MODULE_BLOCKVIEWED_DELETE'),(668,'ROLE_MOD_MODULE_BLOCKVIEWED_READ'),(795,'ROLE_MOD_MODULE_BLOCKVIEWED_UPDATE'),(1229,'ROLE_MOD_MODULE_BLOCKWISHLIST_CREATE'),(1232,'ROLE_MOD_MODULE_BLOCKWISHLIST_DELETE'),(1230,'ROLE_MOD_MODULE_BLOCKWISHLIST_READ'),(1231,'ROLE_MOD_MODULE_BLOCKWISHLIST_UPDATE'),(543,'ROLE_MOD_MODULE_CAPTCHADD_CREATE'),(924,'ROLE_MOD_MODULE_CAPTCHADD_DELETE'),(670,'ROLE_MOD_MODULE_CAPTCHADD_READ'),(797,'ROLE_MOD_MODULE_CAPTCHADD_UPDATE'),(1193,'ROLE_MOD_MODULE_CONTACTFORM_CREATE'),(1196,'ROLE_MOD_MODULE_CONTACTFORM_DELETE'),(1194,'ROLE_MOD_MODULE_CONTACTFORM_READ'),(1195,'ROLE_MOD_MODULE_CONTACTFORM_UPDATE'),(544,'ROLE_MOD_MODULE_CRONJOBS_CREATE'),(925,'ROLE_MOD_MODULE_CRONJOBS_DELETE'),(671,'ROLE_MOD_MODULE_CRONJOBS_READ'),(798,'ROLE_MOD_MODULE_CRONJOBS_UPDATE'),(545,'ROLE_MOD_MODULE_DASHACTIVITY_CREATE'),(926,'ROLE_MOD_MODULE_DASHACTIVITY_DELETE'),(672,'ROLE_MOD_MODULE_DASHACTIVITY_READ'),(799,'ROLE_MOD_MODULE_DASHACTIVITY_UPDATE'),(546,'ROLE_MOD_MODULE_DASHGOALS_CREATE'),(927,'ROLE_MOD_MODULE_DASHGOALS_DELETE'),(673,'ROLE_MOD_MODULE_DASHGOALS_READ'),(800,'ROLE_MOD_MODULE_DASHGOALS_UPDATE'),(547,'ROLE_MOD_MODULE_DASHPRODUCTS_CREATE'),(928,'ROLE_MOD_MODULE_DASHPRODUCTS_DELETE'),(674,'ROLE_MOD_MODULE_DASHPRODUCTS_READ'),(801,'ROLE_MOD_MODULE_DASHPRODUCTS_UPDATE'),(548,'ROLE_MOD_MODULE_DASHTRENDS_CREATE'),(929,'ROLE_MOD_MODULE_DASHTRENDS_DELETE'),(675,'ROLE_MOD_MODULE_DASHTRENDS_READ'),(802,'ROLE_MOD_MODULE_DASHTRENDS_UPDATE'),(1257,'ROLE_MOD_MODULE_DHLDP_CREATE'),(1260,'ROLE_MOD_MODULE_DHLDP_DELETE'),(1258,'ROLE_MOD_MODULE_DHLDP_READ'),(1259,'ROLE_MOD_MODULE_DHLDP_UPDATE'),(549,'ROLE_MOD_MODULE_DHLINTRASHIP_CREATE'),(930,'ROLE_MOD_MODULE_DHLINTRASHIP_DELETE'),(676,'ROLE_MOD_MODULE_DHLINTRASHIP_READ'),(803,'ROLE_MOD_MODULE_DHLINTRASHIP_UPDATE'),(550,'ROLE_MOD_MODULE_EDITORIAL_CREATE'),(931,'ROLE_MOD_MODULE_EDITORIAL_DELETE'),(677,'ROLE_MOD_MODULE_EDITORIAL_READ'),(804,'ROLE_MOD_MODULE_EDITORIAL_UPDATE'),(551,'ROLE_MOD_MODULE_ETS_UPGRADE_CREATE'),(932,'ROLE_MOD_MODULE_ETS_UPGRADE_DELETE'),(678,'ROLE_MOD_MODULE_ETS_UPGRADE_READ'),(805,'ROLE_MOD_MODULE_ETS_UPGRADE_UPDATE'),(552,'ROLE_MOD_MODULE_GAMIFICATION_CREATE'),(933,'ROLE_MOD_MODULE_GAMIFICATION_DELETE'),(679,'ROLE_MOD_MODULE_GAMIFICATION_READ'),(806,'ROLE_MOD_MODULE_GAMIFICATION_UPDATE'),(553,'ROLE_MOD_MODULE_GANALYTICS_CREATE'),(934,'ROLE_MOD_MODULE_GANALYTICS_DELETE'),(680,'ROLE_MOD_MODULE_GANALYTICS_READ'),(807,'ROLE_MOD_MODULE_GANALYTICS_UPDATE'),(554,'ROLE_MOD_MODULE_GAPI_CREATE'),(935,'ROLE_MOD_MODULE_GAPI_DELETE'),(681,'ROLE_MOD_MODULE_GAPI_READ'),(808,'ROLE_MOD_MODULE_GAPI_UPDATE'),(1545,'ROLE_MOD_MODULE_GMTIDY_CREATE'),(1548,'ROLE_MOD_MODULE_GMTIDY_DELETE'),(1546,'ROLE_MOD_MODULE_GMTIDY_READ'),(1547,'ROLE_MOD_MODULE_GMTIDY_UPDATE'),(555,'ROLE_MOD_MODULE_GRAPHNVD3_CREATE'),(936,'ROLE_MOD_MODULE_GRAPHNVD3_DELETE'),(682,'ROLE_MOD_MODULE_GRAPHNVD3_READ'),(809,'ROLE_MOD_MODULE_GRAPHNVD3_UPDATE'),(556,'ROLE_MOD_MODULE_GRIDHTML_CREATE'),(937,'ROLE_MOD_MODULE_GRIDHTML_DELETE'),(683,'ROLE_MOD_MODULE_GRIDHTML_READ'),(810,'ROLE_MOD_MODULE_GRIDHTML_UPDATE'),(557,'ROLE_MOD_MODULE_GSITEMAP_CREATE'),(938,'ROLE_MOD_MODULE_GSITEMAP_DELETE'),(684,'ROLE_MOD_MODULE_GSITEMAP_READ'),(811,'ROLE_MOD_MODULE_GSITEMAP_UPDATE'),(558,'ROLE_MOD_MODULE_HOMEFEATURED_CREATE'),(939,'ROLE_MOD_MODULE_HOMEFEATURED_DELETE'),(685,'ROLE_MOD_MODULE_HOMEFEATURED_READ'),(812,'ROLE_MOD_MODULE_HOMEFEATURED_UPDATE'),(559,'ROLE_MOD_MODULE_HOMESLIDER_CREATE'),(940,'ROLE_MOD_MODULE_HOMESLIDER_DELETE'),(686,'ROLE_MOD_MODULE_HOMESLIDER_READ'),(813,'ROLE_MOD_MODULE_HOMESLIDER_UPDATE'),(560,'ROLE_MOD_MODULE_HTMLBOX_CREATE'),(941,'ROLE_MOD_MODULE_HTMLBOX_DELETE'),(687,'ROLE_MOD_MODULE_HTMLBOX_READ'),(814,'ROLE_MOD_MODULE_HTMLBOX_UPDATE'),(561,'ROLE_MOD_MODULE_LGCOOKIESLAW_CREATE'),(942,'ROLE_MOD_MODULE_LGCOOKIESLAW_DELETE'),(688,'ROLE_MOD_MODULE_LGCOOKIESLAW_READ'),(815,'ROLE_MOD_MODULE_LGCOOKIESLAW_UPDATE'),(562,'ROLE_MOD_MODULE_LIVEPERSON_CREATE'),(943,'ROLE_MOD_MODULE_LIVEPERSON_DELETE'),(689,'ROLE_MOD_MODULE_LIVEPERSON_READ'),(816,'ROLE_MOD_MODULE_LIVEPERSON_UPDATE'),(563,'ROLE_MOD_MODULE_MAILALERTS_CREATE'),(944,'ROLE_MOD_MODULE_MAILALERTS_DELETE'),(690,'ROLE_MOD_MODULE_MAILALERTS_READ'),(817,'ROLE_MOD_MODULE_MAILALERTS_UPDATE'),(564,'ROLE_MOD_MODULE_ONBOARDING_CREATE'),(945,'ROLE_MOD_MODULE_ONBOARDING_DELETE'),(691,'ROLE_MOD_MODULE_ONBOARDING_READ'),(818,'ROLE_MOD_MODULE_ONBOARDING_UPDATE'),(565,'ROLE_MOD_MODULE_PAGESNOTFOUND_CREATE'),(946,'ROLE_MOD_MODULE_PAGESNOTFOUND_DELETE'),(692,'ROLE_MOD_MODULE_PAGESNOTFOUND_READ'),(819,'ROLE_MOD_MODULE_PAGESNOTFOUND_UPDATE'),(566,'ROLE_MOD_MODULE_PAYMENTDISCOUNTSSURCHARGES_CREATE'),(947,'ROLE_MOD_MODULE_PAYMENTDISCOUNTSSURCHARGES_DELETE'),(693,'ROLE_MOD_MODULE_PAYMENTDISCOUNTSSURCHARGES_READ'),(820,'ROLE_MOD_MODULE_PAYMENTDISCOUNTSSURCHARGES_UPDATE'),(567,'ROLE_MOD_MODULE_PAYMENTFEE_CREATE'),(948,'ROLE_MOD_MODULE_PAYMENTFEE_DELETE'),(694,'ROLE_MOD_MODULE_PAYMENTFEE_READ'),(821,'ROLE_MOD_MODULE_PAYMENTFEE_UPDATE'),(1493,'ROLE_MOD_MODULE_PAYPAL_CREATE'),(1496,'ROLE_MOD_MODULE_PAYPAL_DELETE'),(1494,'ROLE_MOD_MODULE_PAYPAL_READ'),(1495,'ROLE_MOD_MODULE_PAYPAL_UPDATE'),(569,'ROLE_MOD_MODULE_PRODUCTCOMMENTS_CREATE'),(950,'ROLE_MOD_MODULE_PRODUCTCOMMENTS_DELETE'),(696,'ROLE_MOD_MODULE_PRODUCTCOMMENTS_READ'),(823,'ROLE_MOD_MODULE_PRODUCTCOMMENTS_UPDATE'),(570,'ROLE_MOD_MODULE_PRODUCTPAYMENTLOGOS_CREATE'),(951,'ROLE_MOD_MODULE_PRODUCTPAYMENTLOGOS_DELETE'),(697,'ROLE_MOD_MODULE_PRODUCTPAYMENTLOGOS_READ'),(824,'ROLE_MOD_MODULE_PRODUCTPAYMENTLOGOS_UPDATE'),(1461,'ROLE_MOD_MODULE_PSCLEANER_CREATE'),(1464,'ROLE_MOD_MODULE_PSCLEANER_DELETE'),(1462,'ROLE_MOD_MODULE_PSCLEANER_READ'),(1463,'ROLE_MOD_MODULE_PSCLEANER_UPDATE'),(571,'ROLE_MOD_MODULE_PSGDPR_CREATE'),(952,'ROLE_MOD_MODULE_PSGDPR_DELETE'),(698,'ROLE_MOD_MODULE_PSGDPR_READ'),(825,'ROLE_MOD_MODULE_PSGDPR_UPDATE'),(1465,'ROLE_MOD_MODULE_PS_BANNER_CREATE'),(1468,'ROLE_MOD_MODULE_PS_BANNER_DELETE'),(1466,'ROLE_MOD_MODULE_PS_BANNER_READ'),(1467,'ROLE_MOD_MODULE_PS_BANNER_UPDATE'),(1169,'ROLE_MOD_MODULE_PS_BESTSELLERS_CREATE'),(1172,'ROLE_MOD_MODULE_PS_BESTSELLERS_DELETE'),(1170,'ROLE_MOD_MODULE_PS_BESTSELLERS_READ'),(1171,'ROLE_MOD_MODULE_PS_BESTSELLERS_UPDATE'),(1469,'ROLE_MOD_MODULE_PS_CATEGORYTREE_CREATE'),(1472,'ROLE_MOD_MODULE_PS_CATEGORYTREE_DELETE'),(1470,'ROLE_MOD_MODULE_PS_CATEGORYTREE_READ'),(1471,'ROLE_MOD_MODULE_PS_CATEGORYTREE_UPDATE'),(1117,'ROLE_MOD_MODULE_PS_CONTACTINFO_CREATE'),(1120,'ROLE_MOD_MODULE_PS_CONTACTINFO_DELETE'),(1118,'ROLE_MOD_MODULE_PS_CONTACTINFO_READ'),(1119,'ROLE_MOD_MODULE_PS_CONTACTINFO_UPDATE'),(1249,'ROLE_MOD_MODULE_PS_CROSSSELLING_CREATE'),(1252,'ROLE_MOD_MODULE_PS_CROSSSELLING_DELETE'),(1250,'ROLE_MOD_MODULE_PS_CROSSSELLING_READ'),(1251,'ROLE_MOD_MODULE_PS_CROSSSELLING_UPDATE'),(1125,'ROLE_MOD_MODULE_PS_CURRENCYSELECTOR_CREATE'),(1128,'ROLE_MOD_MODULE_PS_CURRENCYSELECTOR_DELETE'),(1126,'ROLE_MOD_MODULE_PS_CURRENCYSELECTOR_READ'),(1127,'ROLE_MOD_MODULE_PS_CURRENCYSELECTOR_UPDATE'),(1181,'ROLE_MOD_MODULE_PS_CUSTOMERACCOUNTLINKS_CREATE'),(1184,'ROLE_MOD_MODULE_PS_CUSTOMERACCOUNTLINKS_DELETE'),(1182,'ROLE_MOD_MODULE_PS_CUSTOMERACCOUNTLINKS_READ'),(1183,'ROLE_MOD_MODULE_PS_CUSTOMERACCOUNTLINKS_UPDATE'),(1129,'ROLE_MOD_MODULE_PS_CUSTOMERSIGNIN_CREATE'),(1132,'ROLE_MOD_MODULE_PS_CUSTOMERSIGNIN_DELETE'),(1130,'ROLE_MOD_MODULE_PS_CUSTOMERSIGNIN_READ'),(1131,'ROLE_MOD_MODULE_PS_CUSTOMERSIGNIN_UPDATE'),(1157,'ROLE_MOD_MODULE_PS_CUSTOMTEXT_CREATE'),(1160,'ROLE_MOD_MODULE_PS_CUSTOMTEXT_DELETE'),(1158,'ROLE_MOD_MODULE_PS_CUSTOMTEXT_READ'),(1159,'ROLE_MOD_MODULE_PS_CUSTOMTEXT_UPDATE'),(1445,'ROLE_MOD_MODULE_PS_DATAPRIVACY_CREATE'),(1448,'ROLE_MOD_MODULE_PS_DATAPRIVACY_DELETE'),(1446,'ROLE_MOD_MODULE_PS_DATAPRIVACY_READ'),(1447,'ROLE_MOD_MODULE_PS_DATAPRIVACY_UPDATE'),(1429,'ROLE_MOD_MODULE_PS_DISTRIBUTIONAPICLIENT_CREATE'),(1432,'ROLE_MOD_MODULE_PS_DISTRIBUTIONAPICLIENT_DELETE'),(1430,'ROLE_MOD_MODULE_PS_DISTRIBUTIONAPICLIENT_READ'),(1431,'ROLE_MOD_MODULE_PS_DISTRIBUTIONAPICLIENT_UPDATE'),(1433,'ROLE_MOD_MODULE_PS_EMAILALERTS_CREATE'),(1436,'ROLE_MOD_MODULE_PS_EMAILALERTS_DELETE'),(1434,'ROLE_MOD_MODULE_PS_EMAILALERTS_READ'),(1435,'ROLE_MOD_MODULE_PS_EMAILALERTS_UPDATE'),(1173,'ROLE_MOD_MODULE_PS_EMAILSUBSCRIPTION_CREATE'),(1176,'ROLE_MOD_MODULE_PS_EMAILSUBSCRIPTION_DELETE'),(1174,'ROLE_MOD_MODULE_PS_EMAILSUBSCRIPTION_READ'),(1175,'ROLE_MOD_MODULE_PS_EMAILSUBSCRIPTION_UPDATE'),(1189,'ROLE_MOD_MODULE_PS_FACETEDSEARCH_CREATE'),(1192,'ROLE_MOD_MODULE_PS_FACETEDSEARCH_DELETE'),(1190,'ROLE_MOD_MODULE_PS_FACETEDSEARCH_READ'),(1191,'ROLE_MOD_MODULE_PS_FACETEDSEARCH_UPDATE'),(1453,'ROLE_MOD_MODULE_PS_FAVICONNOTIFICATIONBO_CREATE'),(1456,'ROLE_MOD_MODULE_PS_FAVICONNOTIFICATIONBO_DELETE'),(1454,'ROLE_MOD_MODULE_PS_FAVICONNOTIFICATIONBO_READ'),(1455,'ROLE_MOD_MODULE_PS_FAVICONNOTIFICATIONBO_UPDATE'),(1149,'ROLE_MOD_MODULE_PS_FEATUREDPRODUCTS_CREATE'),(1152,'ROLE_MOD_MODULE_PS_FEATUREDPRODUCTS_DELETE'),(1150,'ROLE_MOD_MODULE_PS_FEATUREDPRODUCTS_READ'),(1151,'ROLE_MOD_MODULE_PS_FEATUREDPRODUCTS_UPDATE'),(1449,'ROLE_MOD_MODULE_PS_GOOGLEANALYTICS_CREATE'),(1452,'ROLE_MOD_MODULE_PS_GOOGLEANALYTICS_DELETE'),(1450,'ROLE_MOD_MODULE_PS_GOOGLEANALYTICS_READ'),(1451,'ROLE_MOD_MODULE_PS_GOOGLEANALYTICS_UPDATE'),(1145,'ROLE_MOD_MODULE_PS_IMAGESLIDER_CREATE'),(1148,'ROLE_MOD_MODULE_PS_IMAGESLIDER_DELETE'),(1146,'ROLE_MOD_MODULE_PS_IMAGESLIDER_READ'),(1147,'ROLE_MOD_MODULE_PS_IMAGESLIDER_UPDATE'),(1121,'ROLE_MOD_MODULE_PS_LANGUAGESELECTOR_CREATE'),(1124,'ROLE_MOD_MODULE_PS_LANGUAGESELECTOR_DELETE'),(1122,'ROLE_MOD_MODULE_PS_LANGUAGESELECTOR_READ'),(1123,'ROLE_MOD_MODULE_PS_LANGUAGESELECTOR_UPDATE'),(1101,'ROLE_MOD_MODULE_PS_LINKLIST_CREATE'),(1104,'ROLE_MOD_MODULE_PS_LINKLIST_DELETE'),(1102,'ROLE_MOD_MODULE_PS_LINKLIST_READ'),(1103,'ROLE_MOD_MODULE_PS_LINKLIST_UPDATE'),(1137,'ROLE_MOD_MODULE_PS_MAINMENU_CREATE'),(1140,'ROLE_MOD_MODULE_PS_MAINMENU_DELETE'),(1138,'ROLE_MOD_MODULE_PS_MAINMENU_READ'),(1139,'ROLE_MOD_MODULE_PS_MAINMENU_UPDATE'),(1165,'ROLE_MOD_MODULE_PS_NEWPRODUCTS_CREATE'),(1168,'ROLE_MOD_MODULE_PS_NEWPRODUCTS_DELETE'),(1166,'ROLE_MOD_MODULE_PS_NEWPRODUCTS_READ'),(1167,'ROLE_MOD_MODULE_PS_NEWPRODUCTS_UPDATE'),(1141,'ROLE_MOD_MODULE_PS_SEARCHBAR_CREATE'),(1144,'ROLE_MOD_MODULE_PS_SEARCHBAR_DELETE'),(1142,'ROLE_MOD_MODULE_PS_SEARCHBAR_READ'),(1143,'ROLE_MOD_MODULE_PS_SEARCHBAR_UPDATE'),(1197,'ROLE_MOD_MODULE_PS_SHAREBUTTONS_CREATE'),(1200,'ROLE_MOD_MODULE_PS_SHAREBUTTONS_DELETE'),(1198,'ROLE_MOD_MODULE_PS_SHAREBUTTONS_READ'),(1199,'ROLE_MOD_MODULE_PS_SHAREBUTTONS_UPDATE'),(1133,'ROLE_MOD_MODULE_PS_SHOPPINGCART_CREATE'),(1136,'ROLE_MOD_MODULE_PS_SHOPPINGCART_DELETE'),(1134,'ROLE_MOD_MODULE_PS_SHOPPINGCART_READ'),(1135,'ROLE_MOD_MODULE_PS_SHOPPINGCART_UPDATE'),(1177,'ROLE_MOD_MODULE_PS_SOCIALFOLLOW_CREATE'),(1180,'ROLE_MOD_MODULE_PS_SOCIALFOLLOW_DELETE'),(1178,'ROLE_MOD_MODULE_PS_SOCIALFOLLOW_READ'),(1179,'ROLE_MOD_MODULE_PS_SOCIALFOLLOW_UPDATE'),(1161,'ROLE_MOD_MODULE_PS_SPECIALS_CREATE'),(1164,'ROLE_MOD_MODULE_PS_SPECIALS_DELETE'),(1162,'ROLE_MOD_MODULE_PS_SPECIALS_READ'),(1163,'ROLE_MOD_MODULE_PS_SPECIALS_UPDATE'),(1233,'ROLE_MOD_MODULE_PS_THEMECUSTO_CREATE'),(1236,'ROLE_MOD_MODULE_PS_THEMECUSTO_DELETE'),(1234,'ROLE_MOD_MODULE_PS_THEMECUSTO_READ'),(1235,'ROLE_MOD_MODULE_PS_THEMECUSTO_UPDATE'),(1213,'ROLE_MOD_MODULE_PS_WIREPAYMENT_CREATE'),(1216,'ROLE_MOD_MODULE_PS_WIREPAYMENT_DELETE'),(1214,'ROLE_MOD_MODULE_PS_WIREPAYMENT_READ'),(1215,'ROLE_MOD_MODULE_PS_WIREPAYMENT_UPDATE'),(572,'ROLE_MOD_MODULE_SEKEYWORDS_CREATE'),(953,'ROLE_MOD_MODULE_SEKEYWORDS_DELETE'),(699,'ROLE_MOD_MODULE_SEKEYWORDS_READ'),(826,'ROLE_MOD_MODULE_SEKEYWORDS_UPDATE'),(574,'ROLE_MOD_MODULE_SMARTBLOGADDTHISBUTTON_CREATE'),(955,'ROLE_MOD_MODULE_SMARTBLOGADDTHISBUTTON_DELETE'),(701,'ROLE_MOD_MODULE_SMARTBLOGADDTHISBUTTON_READ'),(828,'ROLE_MOD_MODULE_SMARTBLOGADDTHISBUTTON_UPDATE'),(575,'ROLE_MOD_MODULE_SMARTBLOGARCHIVE_CREATE'),(956,'ROLE_MOD_MODULE_SMARTBLOGARCHIVE_DELETE'),(702,'ROLE_MOD_MODULE_SMARTBLOGARCHIVE_READ'),(829,'ROLE_MOD_MODULE_SMARTBLOGARCHIVE_UPDATE'),(576,'ROLE_MOD_MODULE_SMARTBLOGCATEGORIES_CREATE'),(957,'ROLE_MOD_MODULE_SMARTBLOGCATEGORIES_DELETE'),(703,'ROLE_MOD_MODULE_SMARTBLOGCATEGORIES_READ'),(830,'ROLE_MOD_MODULE_SMARTBLOGCATEGORIES_UPDATE'),(577,'ROLE_MOD_MODULE_SMARTBLOGFEED_CREATE'),(958,'ROLE_MOD_MODULE_SMARTBLOGFEED_DELETE'),(704,'ROLE_MOD_MODULE_SMARTBLOGFEED_READ'),(831,'ROLE_MOD_MODULE_SMARTBLOGFEED_UPDATE'),(578,'ROLE_MOD_MODULE_SMARTBLOGHOMELATESTNEWS_CREATE'),(959,'ROLE_MOD_MODULE_SMARTBLOGHOMELATESTNEWS_DELETE'),(705,'ROLE_MOD_MODULE_SMARTBLOGHOMELATESTNEWS_READ'),(832,'ROLE_MOD_MODULE_SMARTBLOGHOMELATESTNEWS_UPDATE'),(579,'ROLE_MOD_MODULE_SMARTBLOGLATESTCOMMENTS_CREATE'),(960,'ROLE_MOD_MODULE_SMARTBLOGLATESTCOMMENTS_DELETE'),(706,'ROLE_MOD_MODULE_SMARTBLOGLATESTCOMMENTS_READ'),(833,'ROLE_MOD_MODULE_SMARTBLOGLATESTCOMMENTS_UPDATE'),(580,'ROLE_MOD_MODULE_SMARTBLOGPOPULARPOSTS_CREATE'),(961,'ROLE_MOD_MODULE_SMARTBLOGPOPULARPOSTS_DELETE'),(707,'ROLE_MOD_MODULE_SMARTBLOGPOPULARPOSTS_READ'),(834,'ROLE_MOD_MODULE_SMARTBLOGPOPULARPOSTS_UPDATE'),(581,'ROLE_MOD_MODULE_SMARTBLOGRECENTPOSTS_CREATE'),(962,'ROLE_MOD_MODULE_SMARTBLOGRECENTPOSTS_DELETE'),(708,'ROLE_MOD_MODULE_SMARTBLOGRECENTPOSTS_READ'),(835,'ROLE_MOD_MODULE_SMARTBLOGRECENTPOSTS_UPDATE'),(582,'ROLE_MOD_MODULE_SMARTBLOGRELATEDPOSTS_CREATE'),(963,'ROLE_MOD_MODULE_SMARTBLOGRELATEDPOSTS_DELETE'),(709,'ROLE_MOD_MODULE_SMARTBLOGRELATEDPOSTS_READ'),(836,'ROLE_MOD_MODULE_SMARTBLOGRELATEDPOSTS_UPDATE'),(583,'ROLE_MOD_MODULE_SMARTBLOGSEARCH_CREATE'),(964,'ROLE_MOD_MODULE_SMARTBLOGSEARCH_DELETE'),(710,'ROLE_MOD_MODULE_SMARTBLOGSEARCH_READ'),(837,'ROLE_MOD_MODULE_SMARTBLOGSEARCH_UPDATE'),(573,'ROLE_MOD_MODULE_SMARTBLOG_CREATE'),(954,'ROLE_MOD_MODULE_SMARTBLOG_DELETE'),(700,'ROLE_MOD_MODULE_SMARTBLOG_READ'),(827,'ROLE_MOD_MODULE_SMARTBLOG_UPDATE'),(585,'ROLE_MOD_MODULE_STATSBESTCATEGORIES_CREATE'),(966,'ROLE_MOD_MODULE_STATSBESTCATEGORIES_DELETE'),(712,'ROLE_MOD_MODULE_STATSBESTCATEGORIES_READ'),(839,'ROLE_MOD_MODULE_STATSBESTCATEGORIES_UPDATE'),(586,'ROLE_MOD_MODULE_STATSBESTCUSTOMERS_CREATE'),(967,'ROLE_MOD_MODULE_STATSBESTCUSTOMERS_DELETE'),(713,'ROLE_MOD_MODULE_STATSBESTCUSTOMERS_READ'),(840,'ROLE_MOD_MODULE_STATSBESTCUSTOMERS_UPDATE'),(587,'ROLE_MOD_MODULE_STATSBESTPRODUCTS_CREATE'),(968,'ROLE_MOD_MODULE_STATSBESTPRODUCTS_DELETE'),(714,'ROLE_MOD_MODULE_STATSBESTPRODUCTS_READ'),(841,'ROLE_MOD_MODULE_STATSBESTPRODUCTS_UPDATE'),(588,'ROLE_MOD_MODULE_STATSBESTSUPPLIERS_CREATE'),(969,'ROLE_MOD_MODULE_STATSBESTSUPPLIERS_DELETE'),(715,'ROLE_MOD_MODULE_STATSBESTSUPPLIERS_READ'),(842,'ROLE_MOD_MODULE_STATSBESTSUPPLIERS_UPDATE'),(589,'ROLE_MOD_MODULE_STATSBESTVOUCHERS_CREATE'),(970,'ROLE_MOD_MODULE_STATSBESTVOUCHERS_DELETE'),(716,'ROLE_MOD_MODULE_STATSBESTVOUCHERS_READ'),(843,'ROLE_MOD_MODULE_STATSBESTVOUCHERS_UPDATE'),(590,'ROLE_MOD_MODULE_STATSCARRIER_CREATE'),(971,'ROLE_MOD_MODULE_STATSCARRIER_DELETE'),(717,'ROLE_MOD_MODULE_STATSCARRIER_READ'),(844,'ROLE_MOD_MODULE_STATSCARRIER_UPDATE'),(591,'ROLE_MOD_MODULE_STATSCATALOG_CREATE'),(972,'ROLE_MOD_MODULE_STATSCATALOG_DELETE'),(718,'ROLE_MOD_MODULE_STATSCATALOG_READ'),(845,'ROLE_MOD_MODULE_STATSCATALOG_UPDATE'),(592,'ROLE_MOD_MODULE_STATSCHECKUP_CREATE'),(973,'ROLE_MOD_MODULE_STATSCHECKUP_DELETE'),(719,'ROLE_MOD_MODULE_STATSCHECKUP_READ'),(846,'ROLE_MOD_MODULE_STATSCHECKUP_UPDATE'),(593,'ROLE_MOD_MODULE_STATSDATA_CREATE'),(974,'ROLE_MOD_MODULE_STATSDATA_DELETE'),(720,'ROLE_MOD_MODULE_STATSDATA_READ'),(847,'ROLE_MOD_MODULE_STATSDATA_UPDATE'),(594,'ROLE_MOD_MODULE_STATSEQUIPMENT_CREATE'),(975,'ROLE_MOD_MODULE_STATSEQUIPMENT_DELETE'),(721,'ROLE_MOD_MODULE_STATSEQUIPMENT_READ'),(848,'ROLE_MOD_MODULE_STATSEQUIPMENT_UPDATE'),(595,'ROLE_MOD_MODULE_STATSFORECAST_CREATE'),(976,'ROLE_MOD_MODULE_STATSFORECAST_DELETE'),(722,'ROLE_MOD_MODULE_STATSFORECAST_READ'),(849,'ROLE_MOD_MODULE_STATSFORECAST_UPDATE'),(596,'ROLE_MOD_MODULE_STATSLIVE_CREATE'),(977,'ROLE_MOD_MODULE_STATSLIVE_DELETE'),(723,'ROLE_MOD_MODULE_STATSLIVE_READ'),(850,'ROLE_MOD_MODULE_STATSLIVE_UPDATE'),(597,'ROLE_MOD_MODULE_STATSNEWSLETTER_CREATE'),(978,'ROLE_MOD_MODULE_STATSNEWSLETTER_DELETE'),(724,'ROLE_MOD_MODULE_STATSNEWSLETTER_READ'),(851,'ROLE_MOD_MODULE_STATSNEWSLETTER_UPDATE'),(598,'ROLE_MOD_MODULE_STATSORIGIN_CREATE'),(979,'ROLE_MOD_MODULE_STATSORIGIN_DELETE'),(725,'ROLE_MOD_MODULE_STATSORIGIN_READ'),(852,'ROLE_MOD_MODULE_STATSORIGIN_UPDATE'),(599,'ROLE_MOD_MODULE_STATSPERSONALINFOS_CREATE'),(980,'ROLE_MOD_MODULE_STATSPERSONALINFOS_DELETE'),(726,'ROLE_MOD_MODULE_STATSPERSONALINFOS_READ'),(853,'ROLE_MOD_MODULE_STATSPERSONALINFOS_UPDATE'),(600,'ROLE_MOD_MODULE_STATSPRODUCT_CREATE'),(981,'ROLE_MOD_MODULE_STATSPRODUCT_DELETE'),(727,'ROLE_MOD_MODULE_STATSPRODUCT_READ'),(854,'ROLE_MOD_MODULE_STATSPRODUCT_UPDATE'),(601,'ROLE_MOD_MODULE_STATSREGISTRATIONS_CREATE'),(982,'ROLE_MOD_MODULE_STATSREGISTRATIONS_DELETE'),(728,'ROLE_MOD_MODULE_STATSREGISTRATIONS_READ'),(855,'ROLE_MOD_MODULE_STATSREGISTRATIONS_UPDATE'),(602,'ROLE_MOD_MODULE_STATSSALES_CREATE'),(983,'ROLE_MOD_MODULE_STATSSALES_DELETE'),(729,'ROLE_MOD_MODULE_STATSSALES_READ'),(856,'ROLE_MOD_MODULE_STATSSALES_UPDATE'),(603,'ROLE_MOD_MODULE_STATSSEARCH_CREATE'),(984,'ROLE_MOD_MODULE_STATSSEARCH_DELETE'),(730,'ROLE_MOD_MODULE_STATSSEARCH_READ'),(857,'ROLE_MOD_MODULE_STATSSEARCH_UPDATE'),(604,'ROLE_MOD_MODULE_STATSSTOCK_CREATE'),(985,'ROLE_MOD_MODULE_STATSSTOCK_DELETE'),(731,'ROLE_MOD_MODULE_STATSSTOCK_READ'),(858,'ROLE_MOD_MODULE_STATSSTOCK_UPDATE'),(605,'ROLE_MOD_MODULE_STATSVISITS_CREATE'),(986,'ROLE_MOD_MODULE_STATSVISITS_DELETE'),(732,'ROLE_MOD_MODULE_STATSVISITS_READ'),(859,'ROLE_MOD_MODULE_STATSVISITS_UPDATE'),(606,'ROLE_MOD_MODULE_THEMECONFIGURATOR_CREATE'),(987,'ROLE_MOD_MODULE_THEMECONFIGURATOR_DELETE'),(733,'ROLE_MOD_MODULE_THEMECONFIGURATOR_READ'),(860,'ROLE_MOD_MODULE_THEMECONFIGURATOR_UPDATE'),(607,'ROLE_MOD_MODULE_TMBACKGROUNDVIDEO_CREATE'),(988,'ROLE_MOD_MODULE_TMBACKGROUNDVIDEO_DELETE'),(734,'ROLE_MOD_MODULE_TMBACKGROUNDVIDEO_READ'),(861,'ROLE_MOD_MODULE_TMBACKGROUNDVIDEO_UPDATE'),(608,'ROLE_MOD_MODULE_TMGOOGLEMAP_CREATE'),(989,'ROLE_MOD_MODULE_TMGOOGLEMAP_DELETE'),(735,'ROLE_MOD_MODULE_TMGOOGLEMAP_READ'),(862,'ROLE_MOD_MODULE_TMGOOGLEMAP_UPDATE'),(609,'ROLE_MOD_MODULE_TMHEADERACCOUNT_CREATE'),(990,'ROLE_MOD_MODULE_TMHEADERACCOUNT_DELETE'),(736,'ROLE_MOD_MODULE_TMHEADERACCOUNT_READ'),(863,'ROLE_MOD_MODULE_TMHEADERACCOUNT_UPDATE'),(610,'ROLE_MOD_MODULE_TMHOMECAROUSEL_CREATE'),(991,'ROLE_MOD_MODULE_TMHOMECAROUSEL_DELETE'),(737,'ROLE_MOD_MODULE_TMHOMECAROUSEL_READ'),(864,'ROLE_MOD_MODULE_TMHOMECAROUSEL_UPDATE'),(611,'ROLE_MOD_MODULE_TMHTMLCONTENT_CREATE'),(992,'ROLE_MOD_MODULE_TMHTMLCONTENT_DELETE'),(738,'ROLE_MOD_MODULE_TMHTMLCONTENT_READ'),(865,'ROLE_MOD_MODULE_TMHTMLCONTENT_UPDATE'),(612,'ROLE_MOD_MODULE_TMLISTINGIMAGES_CREATE'),(993,'ROLE_MOD_MODULE_TMLISTINGIMAGES_DELETE'),(739,'ROLE_MOD_MODULE_TMLISTINGIMAGES_READ'),(866,'ROLE_MOD_MODULE_TMLISTINGIMAGES_UPDATE'),(613,'ROLE_MOD_MODULE_TMMEDIAPARALLAX_CREATE'),(994,'ROLE_MOD_MODULE_TMMEDIAPARALLAX_DELETE'),(740,'ROLE_MOD_MODULE_TMMEDIAPARALLAX_READ'),(867,'ROLE_MOD_MODULE_TMMEDIAPARALLAX_UPDATE'),(614,'ROLE_MOD_MODULE_TMMEGAMENU_CREATE'),(995,'ROLE_MOD_MODULE_TMMEGAMENU_DELETE'),(741,'ROLE_MOD_MODULE_TMMEGAMENU_READ'),(868,'ROLE_MOD_MODULE_TMMEGAMENU_UPDATE'),(615,'ROLE_MOD_MODULE_TMNEWSLETTER_CREATE'),(996,'ROLE_MOD_MODULE_TMNEWSLETTER_DELETE'),(742,'ROLE_MOD_MODULE_TMNEWSLETTER_READ'),(869,'ROLE_MOD_MODULE_TMNEWSLETTER_UPDATE'),(616,'ROLE_MOD_MODULE_TMOLARKCHAT_CREATE'),(997,'ROLE_MOD_MODULE_TMOLARKCHAT_DELETE'),(743,'ROLE_MOD_MODULE_TMOLARKCHAT_READ'),(870,'ROLE_MOD_MODULE_TMOLARKCHAT_UPDATE'),(617,'ROLE_MOD_MODULE_TMPRODUCTVIDEOS_CREATE'),(998,'ROLE_MOD_MODULE_TMPRODUCTVIDEOS_DELETE'),(744,'ROLE_MOD_MODULE_TMPRODUCTVIDEOS_READ'),(871,'ROLE_MOD_MODULE_TMPRODUCTVIDEOS_UPDATE'),(618,'ROLE_MOD_MODULE_TMRELATEDPRODUCTS_CREATE'),(999,'ROLE_MOD_MODULE_TMRELATEDPRODUCTS_DELETE'),(745,'ROLE_MOD_MODULE_TMRELATEDPRODUCTS_READ'),(872,'ROLE_MOD_MODULE_TMRELATEDPRODUCTS_UPDATE'),(619,'ROLE_MOD_MODULE_TMSEARCH_CREATE'),(1000,'ROLE_MOD_MODULE_TMSEARCH_DELETE'),(746,'ROLE_MOD_MODULE_TMSEARCH_READ'),(873,'ROLE_MOD_MODULE_TMSEARCH_UPDATE'),(620,'ROLE_MOD_MODULE_TMSOCIALFEEDS_CREATE'),(1001,'ROLE_MOD_MODULE_TMSOCIALFEEDS_DELETE'),(747,'ROLE_MOD_MODULE_TMSOCIALFEEDS_READ'),(874,'ROLE_MOD_MODULE_TMSOCIALFEEDS_UPDATE'),(621,'ROLE_MOD_MODULE_TMSOCIALLOGIN_CREATE'),(1002,'ROLE_MOD_MODULE_TMSOCIALLOGIN_DELETE'),(748,'ROLE_MOD_MODULE_TMSOCIALLOGIN_READ'),(875,'ROLE_MOD_MODULE_TMSOCIALLOGIN_UPDATE'),(622,'ROLE_MOD_MODULE_UECOOKIE_CREATE'),(1003,'ROLE_MOD_MODULE_UECOOKIE_DELETE'),(749,'ROLE_MOD_MODULE_UECOOKIE_READ'),(876,'ROLE_MOD_MODULE_UECOOKIE_UPDATE'),(623,'ROLE_MOD_MODULE_VATNUMBERCLEANER_CREATE'),(1004,'ROLE_MOD_MODULE_VATNUMBERCLEANER_DELETE'),(750,'ROLE_MOD_MODULE_VATNUMBERCLEANER_READ'),(877,'ROLE_MOD_MODULE_VATNUMBERCLEANER_UPDATE'),(624,'ROLE_MOD_MODULE_ZOPIMFREE_CREATE'),(1005,'ROLE_MOD_MODULE_ZOPIMFREE_DELETE'),(751,'ROLE_MOD_MODULE_ZOPIMFREE_READ'),(878,'ROLE_MOD_MODULE_ZOPIMFREE_UPDATE'),(116,'ROLE_MOD_TAB_ADMINACCESS_CREATE'),(497,'ROLE_MOD_TAB_ADMINACCESS_DELETE'),(243,'ROLE_MOD_TAB_ADMINACCESS_READ'),(370,'ROLE_MOD_TAB_ADMINACCESS_UPDATE'),(42,'ROLE_MOD_TAB_ADMINADDRESSES_CREATE'),(423,'ROLE_MOD_TAB_ADMINADDRESSES_DELETE'),(169,'ROLE_MOD_TAB_ADMINADDRESSES_READ'),(296,'ROLE_MOD_TAB_ADMINADDRESSES_UPDATE'),(110,'ROLE_MOD_TAB_ADMINADMINPREFERENCES_CREATE'),(491,'ROLE_MOD_TAB_ADMINADMINPREFERENCES_DELETE'),(237,'ROLE_MOD_TAB_ADMINADMINPREFERENCES_READ'),(364,'ROLE_MOD_TAB_ADMINADMINPREFERENCES_UPDATE'),(107,'ROLE_MOD_TAB_ADMINADVANCEDPARAMETERS_CREATE'),(488,'ROLE_MOD_TAB_ADMINADVANCEDPARAMETERS_DELETE'),(234,'ROLE_MOD_TAB_ADMINADVANCEDPARAMETERS_READ'),(361,'ROLE_MOD_TAB_ADMINADVANCEDPARAMETERS_UPDATE'),(12,'ROLE_MOD_TAB_ADMINAJAXPSGDPR_CREATE'),(393,'ROLE_MOD_TAB_ADMINAJAXPSGDPR_DELETE'),(139,'ROLE_MOD_TAB_ADMINAJAXPSGDPR_READ'),(266,'ROLE_MOD_TAB_ADMINAJAXPSGDPR_UPDATE'),(35,'ROLE_MOD_TAB_ADMINATTACHMENTS_CREATE'),(416,'ROLE_MOD_TAB_ADMINATTACHMENTS_DELETE'),(162,'ROLE_MOD_TAB_ADMINATTACHMENTS_READ'),(289,'ROLE_MOD_TAB_ADMINATTACHMENTS_UPDATE'),(30,'ROLE_MOD_TAB_ADMINATTRIBUTESGROUPS_CREATE'),(411,'ROLE_MOD_TAB_ADMINATTRIBUTESGROUPS_DELETE'),(157,'ROLE_MOD_TAB_ADMINATTRIBUTESGROUPS_READ'),(284,'ROLE_MOD_TAB_ADMINATTRIBUTESGROUPS_UPDATE'),(119,'ROLE_MOD_TAB_ADMINBACKUP_CREATE'),(500,'ROLE_MOD_TAB_ADMINBACKUP_DELETE'),(246,'ROLE_MOD_TAB_ADMINBACKUP_READ'),(373,'ROLE_MOD_TAB_ADMINBACKUP_UPDATE'),(1113,'ROLE_MOD_TAB_ADMINBLOCKLISTING_CREATE'),(1116,'ROLE_MOD_TAB_ADMINBLOCKLISTING_DELETE'),(1114,'ROLE_MOD_TAB_ADMINBLOCKLISTING_READ'),(1115,'ROLE_MOD_TAB_ADMINBLOCKLISTING_UPDATE'),(6,'ROLE_MOD_TAB_ADMINBLOGCATEGORY_CREATE'),(387,'ROLE_MOD_TAB_ADMINBLOGCATEGORY_DELETE'),(133,'ROLE_MOD_TAB_ADMINBLOGCATEGORY_READ'),(260,'ROLE_MOD_TAB_ADMINBLOGCATEGORY_UPDATE'),(7,'ROLE_MOD_TAB_ADMINBLOGCOMMENT_CREATE'),(388,'ROLE_MOD_TAB_ADMINBLOGCOMMENT_DELETE'),(134,'ROLE_MOD_TAB_ADMINBLOGCOMMENT_READ'),(261,'ROLE_MOD_TAB_ADMINBLOGCOMMENT_UPDATE'),(8,'ROLE_MOD_TAB_ADMINBLOGPOST_CREATE'),(389,'ROLE_MOD_TAB_ADMINBLOGPOST_DELETE'),(135,'ROLE_MOD_TAB_ADMINBLOGPOST_READ'),(262,'ROLE_MOD_TAB_ADMINBLOGPOST_UPDATE'),(66,'ROLE_MOD_TAB_ADMINCARRIERS_CREATE'),(447,'ROLE_MOD_TAB_ADMINCARRIERS_DELETE'),(193,'ROLE_MOD_TAB_ADMINCARRIERS_READ'),(320,'ROLE_MOD_TAB_ADMINCARRIERS_UPDATE'),(37,'ROLE_MOD_TAB_ADMINCARTRULES_CREATE'),(418,'ROLE_MOD_TAB_ADMINCARTRULES_DELETE'),(164,'ROLE_MOD_TAB_ADMINCARTRULES_READ'),(291,'ROLE_MOD_TAB_ADMINCARTRULES_UPDATE'),(24,'ROLE_MOD_TAB_ADMINCARTS_CREATE'),(405,'ROLE_MOD_TAB_ADMINCARTS_DELETE'),(151,'ROLE_MOD_TAB_ADMINCARTS_READ'),(278,'ROLE_MOD_TAB_ADMINCARTS_UPDATE'),(25,'ROLE_MOD_TAB_ADMINCATALOG_CREATE'),(406,'ROLE_MOD_TAB_ADMINCATALOG_DELETE'),(152,'ROLE_MOD_TAB_ADMINCATALOG_READ'),(279,'ROLE_MOD_TAB_ADMINCATALOG_UPDATE'),(27,'ROLE_MOD_TAB_ADMINCATEGORIES_CREATE'),(408,'ROLE_MOD_TAB_ADMINCATEGORIES_DELETE'),(154,'ROLE_MOD_TAB_ADMINCATEGORIES_READ'),(281,'ROLE_MOD_TAB_ADMINCATEGORIES_UPDATE'),(62,'ROLE_MOD_TAB_ADMINCMSCONTENT_CREATE'),(443,'ROLE_MOD_TAB_ADMINCMSCONTENT_DELETE'),(189,'ROLE_MOD_TAB_ADMINCMSCONTENT_READ'),(316,'ROLE_MOD_TAB_ADMINCMSCONTENT_UPDATE'),(1457,'ROLE_MOD_TAB_ADMINCONFIGUREFAVICONBO_CREATE'),(1460,'ROLE_MOD_TAB_ADMINCONFIGUREFAVICONBO_DELETE'),(1458,'ROLE_MOD_TAB_ADMINCONFIGUREFAVICONBO_READ'),(1459,'ROLE_MOD_TAB_ADMINCONFIGUREFAVICONBO_UPDATE'),(99,'ROLE_MOD_TAB_ADMINCONTACTS_CREATE'),(480,'ROLE_MOD_TAB_ADMINCONTACTS_DELETE'),(226,'ROLE_MOD_TAB_ADMINCONTACTS_READ'),(353,'ROLE_MOD_TAB_ADMINCONTACTS_UPDATE'),(79,'ROLE_MOD_TAB_ADMINCOUNTRIES_CREATE'),(460,'ROLE_MOD_TAB_ADMINCOUNTRIES_DELETE'),(206,'ROLE_MOD_TAB_ADMINCOUNTRIES_READ'),(333,'ROLE_MOD_TAB_ADMINCOUNTRIES_UPDATE'),(75,'ROLE_MOD_TAB_ADMINCURRENCIES_CREATE'),(456,'ROLE_MOD_TAB_ADMINCURRENCIES_DELETE'),(202,'ROLE_MOD_TAB_ADMINCURRENCIES_READ'),(329,'ROLE_MOD_TAB_ADMINCURRENCIES_UPDATE'),(95,'ROLE_MOD_TAB_ADMINCUSTOMERPREFERENCES_CREATE'),(476,'ROLE_MOD_TAB_ADMINCUSTOMERPREFERENCES_DELETE'),(222,'ROLE_MOD_TAB_ADMINCUSTOMERPREFERENCES_READ'),(349,'ROLE_MOD_TAB_ADMINCUSTOMERPREFERENCES_UPDATE'),(41,'ROLE_MOD_TAB_ADMINCUSTOMERS_CREATE'),(422,'ROLE_MOD_TAB_ADMINCUSTOMERS_DELETE'),(168,'ROLE_MOD_TAB_ADMINCUSTOMERS_READ'),(295,'ROLE_MOD_TAB_ADMINCUSTOMERS_UPDATE'),(45,'ROLE_MOD_TAB_ADMINCUSTOMERTHREADS_CREATE'),(426,'ROLE_MOD_TAB_ADMINCUSTOMERTHREADS_DELETE'),(172,'ROLE_MOD_TAB_ADMINCUSTOMERTHREADS_READ'),(299,'ROLE_MOD_TAB_ADMINCUSTOMERTHREADS_UPDATE'),(17,'ROLE_MOD_TAB_ADMINDASHBOARD_CREATE'),(398,'ROLE_MOD_TAB_ADMINDASHBOARD_DELETE'),(144,'ROLE_MOD_TAB_ADMINDASHBOARD_READ'),(271,'ROLE_MOD_TAB_ADMINDASHBOARD_UPDATE'),(5,'ROLE_MOD_TAB_ADMINDASHGOALS_CREATE'),(386,'ROLE_MOD_TAB_ADMINDASHGOALS_DELETE'),(132,'ROLE_MOD_TAB_ADMINDASHGOALS_READ'),(259,'ROLE_MOD_TAB_ADMINDASHGOALS_UPDATE'),(23,'ROLE_MOD_TAB_ADMINDELIVERYSLIP_CREATE'),(404,'ROLE_MOD_TAB_ADMINDELIVERYSLIP_DELETE'),(150,'ROLE_MOD_TAB_ADMINDELIVERYSLIP_READ'),(277,'ROLE_MOD_TAB_ADMINDELIVERYSLIP_UPDATE'),(1265,'ROLE_MOD_TAB_ADMINDHLDPAJAX_CREATE'),(1268,'ROLE_MOD_TAB_ADMINDHLDPAJAX_DELETE'),(1266,'ROLE_MOD_TAB_ADMINDHLDPAJAX_READ'),(1267,'ROLE_MOD_TAB_ADMINDHLDPAJAX_UPDATE'),(1261,'ROLE_MOD_TAB_ADMINDHLDPMANIFEST_CREATE'),(1264,'ROLE_MOD_TAB_ADMINDHLDPMANIFEST_DELETE'),(1262,'ROLE_MOD_TAB_ADMINDHLDPMANIFEST_READ'),(1263,'ROLE_MOD_TAB_ADMINDHLDPMANIFEST_UPDATE'),(14,'ROLE_MOD_TAB_ADMINDHLINTRASHIPMANIFEST_CREATE'),(395,'ROLE_MOD_TAB_ADMINDHLINTRASHIPMANIFEST_DELETE'),(141,'ROLE_MOD_TAB_ADMINDHLINTRASHIPMANIFEST_READ'),(268,'ROLE_MOD_TAB_ADMINDHLINTRASHIPMANIFEST_UPDATE'),(13,'ROLE_MOD_TAB_ADMINDOWNLOADINVOICESPSGDPR_CREATE'),(394,'ROLE_MOD_TAB_ADMINDOWNLOADINVOICESPSGDPR_DELETE'),(140,'ROLE_MOD_TAB_ADMINDOWNLOADINVOICESPSGDPR_READ'),(267,'ROLE_MOD_TAB_ADMINDOWNLOADINVOICESPSGDPR_UPDATE'),(111,'ROLE_MOD_TAB_ADMINEMAILS_CREATE'),(492,'ROLE_MOD_TAB_ADMINEMAILS_DELETE'),(238,'ROLE_MOD_TAB_ADMINEMAILS_READ'),(365,'ROLE_MOD_TAB_ADMINEMAILS_UPDATE'),(114,'ROLE_MOD_TAB_ADMINEMPLOYEES_CREATE'),(495,'ROLE_MOD_TAB_ADMINEMPLOYEES_DELETE'),(241,'ROLE_MOD_TAB_ADMINEMPLOYEES_READ'),(368,'ROLE_MOD_TAB_ADMINEMPLOYEES_UPDATE'),(124,'ROLE_MOD_TAB_ADMINFEATUREFLAG_CREATE'),(505,'ROLE_MOD_TAB_ADMINFEATUREFLAG_DELETE'),(251,'ROLE_MOD_TAB_ADMINFEATUREFLAG_READ'),(378,'ROLE_MOD_TAB_ADMINFEATUREFLAG_UPDATE'),(31,'ROLE_MOD_TAB_ADMINFEATURES_CREATE'),(412,'ROLE_MOD_TAB_ADMINFEATURES_DELETE'),(158,'ROLE_MOD_TAB_ADMINFEATURES_READ'),(285,'ROLE_MOD_TAB_ADMINFEATURES_UPDATE'),(11,'ROLE_MOD_TAB_ADMINGANALYTICSAJAX_CREATE'),(392,'ROLE_MOD_TAB_ADMINGANALYTICSAJAX_DELETE'),(138,'ROLE_MOD_TAB_ADMINGANALYTICSAJAX_READ'),(265,'ROLE_MOD_TAB_ADMINGANALYTICSAJAX_UPDATE'),(97,'ROLE_MOD_TAB_ADMINGENDERS_CREATE'),(478,'ROLE_MOD_TAB_ADMINGENDERS_DELETE'),(224,'ROLE_MOD_TAB_ADMINGENDERS_READ'),(351,'ROLE_MOD_TAB_ADMINGENDERS_UPDATE'),(76,'ROLE_MOD_TAB_ADMINGEOLOCATION_CREATE'),(457,'ROLE_MOD_TAB_ADMINGEOLOCATION_DELETE'),(203,'ROLE_MOD_TAB_ADMINGEOLOCATION_READ'),(330,'ROLE_MOD_TAB_ADMINGEOLOCATION_UPDATE'),(96,'ROLE_MOD_TAB_ADMINGROUPS_CREATE'),(477,'ROLE_MOD_TAB_ADMINGROUPS_DELETE'),(223,'ROLE_MOD_TAB_ADMINGROUPS_READ'),(350,'ROLE_MOD_TAB_ADMINGROUPS_UPDATE'),(64,'ROLE_MOD_TAB_ADMINIMAGES_CREATE'),(445,'ROLE_MOD_TAB_ADMINIMAGES_DELETE'),(191,'ROLE_MOD_TAB_ADMINIMAGES_READ'),(318,'ROLE_MOD_TAB_ADMINIMAGES_UPDATE'),(9,'ROLE_MOD_TAB_ADMINIMAGETYPE_CREATE'),(390,'ROLE_MOD_TAB_ADMINIMAGETYPE_DELETE'),(136,'ROLE_MOD_TAB_ADMINIMAGETYPE_READ'),(263,'ROLE_MOD_TAB_ADMINIMAGETYPE_UPDATE'),(112,'ROLE_MOD_TAB_ADMINIMPORT_CREATE'),(493,'ROLE_MOD_TAB_ADMINIMPORT_DELETE'),(239,'ROLE_MOD_TAB_ADMINIMPORT_READ'),(366,'ROLE_MOD_TAB_ADMINIMPORT_UPDATE'),(108,'ROLE_MOD_TAB_ADMININFORMATION_CREATE'),(489,'ROLE_MOD_TAB_ADMININFORMATION_DELETE'),(235,'ROLE_MOD_TAB_ADMININFORMATION_READ'),(362,'ROLE_MOD_TAB_ADMININFORMATION_UPDATE'),(71,'ROLE_MOD_TAB_ADMININTERNATIONAL_CREATE'),(452,'ROLE_MOD_TAB_ADMININTERNATIONAL_DELETE'),(198,'ROLE_MOD_TAB_ADMININTERNATIONAL_READ'),(325,'ROLE_MOD_TAB_ADMININTERNATIONAL_UPDATE'),(21,'ROLE_MOD_TAB_ADMININVOICES_CREATE'),(402,'ROLE_MOD_TAB_ADMININVOICES_DELETE'),(148,'ROLE_MOD_TAB_ADMININVOICES_READ'),(275,'ROLE_MOD_TAB_ADMININVOICES_UPDATE'),(74,'ROLE_MOD_TAB_ADMINLANGUAGES_CREATE'),(455,'ROLE_MOD_TAB_ADMINLANGUAGES_DELETE'),(201,'ROLE_MOD_TAB_ADMINLANGUAGES_READ'),(328,'ROLE_MOD_TAB_ADMINLANGUAGES_UPDATE'),(1105,'ROLE_MOD_TAB_ADMINLINKWIDGET_CREATE'),(1108,'ROLE_MOD_TAB_ADMINLINKWIDGET_DELETE'),(1106,'ROLE_MOD_TAB_ADMINLINKWIDGET_READ'),(1107,'ROLE_MOD_TAB_ADMINLINKWIDGET_UPDATE'),(73,'ROLE_MOD_TAB_ADMINLOCALIZATION_CREATE'),(454,'ROLE_MOD_TAB_ADMINLOCALIZATION_DELETE'),(200,'ROLE_MOD_TAB_ADMINLOCALIZATION_READ'),(327,'ROLE_MOD_TAB_ADMINLOCALIZATION_UPDATE'),(120,'ROLE_MOD_TAB_ADMINLOGS_CREATE'),(501,'ROLE_MOD_TAB_ADMINLOGS_DELETE'),(247,'ROLE_MOD_TAB_ADMINLOGS_READ'),(374,'ROLE_MOD_TAB_ADMINLOGS_UPDATE'),(1045,'ROLE_MOD_TAB_ADMINMAILTHEMEPARENT_CREATE'),(1048,'ROLE_MOD_TAB_ADMINMAILTHEMEPARENT_DELETE'),(1046,'ROLE_MOD_TAB_ADMINMAILTHEMEPARENT_READ'),(1047,'ROLE_MOD_TAB_ADMINMAILTHEMEPARENT_UPDATE'),(61,'ROLE_MOD_TAB_ADMINMAILTHEME_CREATE'),(442,'ROLE_MOD_TAB_ADMINMAILTHEME_DELETE'),(188,'ROLE_MOD_TAB_ADMINMAILTHEME_READ'),(315,'ROLE_MOD_TAB_ADMINMAILTHEME_UPDATE'),(89,'ROLE_MOD_TAB_ADMINMAINTENANCE_CREATE'),(470,'ROLE_MOD_TAB_ADMINMAINTENANCE_DELETE'),(216,'ROLE_MOD_TAB_ADMINMAINTENANCE_READ'),(343,'ROLE_MOD_TAB_ADMINMAINTENANCE_UPDATE'),(33,'ROLE_MOD_TAB_ADMINMANUFACTURERS_CREATE'),(414,'ROLE_MOD_TAB_ADMINMANUFACTURERS_DELETE'),(160,'ROLE_MOD_TAB_ADMINMANUFACTURERS_READ'),(287,'ROLE_MOD_TAB_ADMINMANUFACTURERS_UPDATE'),(102,'ROLE_MOD_TAB_ADMINMETA_CREATE'),(483,'ROLE_MOD_TAB_ADMINMETA_DELETE'),(229,'ROLE_MOD_TAB_ADMINMETA_READ'),(356,'ROLE_MOD_TAB_ADMINMETA_UPDATE'),(55,'ROLE_MOD_TAB_ADMINMODULESMANAGE_CREATE'),(436,'ROLE_MOD_TAB_ADMINMODULESMANAGE_DELETE'),(182,'ROLE_MOD_TAB_ADMINMODULESMANAGE_READ'),(309,'ROLE_MOD_TAB_ADMINMODULESMANAGE_UPDATE'),(56,'ROLE_MOD_TAB_ADMINMODULESNOTIFICATIONS_CREATE'),(437,'ROLE_MOD_TAB_ADMINMODULESNOTIFICATIONS_DELETE'),(183,'ROLE_MOD_TAB_ADMINMODULESNOTIFICATIONS_READ'),(310,'ROLE_MOD_TAB_ADMINMODULESNOTIFICATIONS_UPDATE'),(63,'ROLE_MOD_TAB_ADMINMODULESPOSITIONS_CREATE'),(444,'ROLE_MOD_TAB_ADMINMODULESPOSITIONS_DELETE'),(190,'ROLE_MOD_TAB_ADMINMODULESPOSITIONS_READ'),(317,'ROLE_MOD_TAB_ADMINMODULESPOSITIONS_UPDATE'),(54,'ROLE_MOD_TAB_ADMINMODULESSF_CREATE'),(435,'ROLE_MOD_TAB_ADMINMODULESSF_DELETE'),(181,'ROLE_MOD_TAB_ADMINMODULESSF_READ'),(308,'ROLE_MOD_TAB_ADMINMODULESSF_UPDATE'),(57,'ROLE_MOD_TAB_ADMINMODULESUPDATES_CREATE'),(438,'ROLE_MOD_TAB_ADMINMODULESUPDATES_DELETE'),(184,'ROLE_MOD_TAB_ADMINMODULESUPDATES_READ'),(311,'ROLE_MOD_TAB_ADMINMODULESUPDATES_UPDATE'),(46,'ROLE_MOD_TAB_ADMINORDERMESSAGE_CREATE'),(427,'ROLE_MOD_TAB_ADMINORDERMESSAGE_DELETE'),(173,'ROLE_MOD_TAB_ADMINORDERMESSAGE_READ'),(300,'ROLE_MOD_TAB_ADMINORDERMESSAGE_UPDATE'),(91,'ROLE_MOD_TAB_ADMINORDERPREFERENCES_CREATE'),(472,'ROLE_MOD_TAB_ADMINORDERPREFERENCES_DELETE'),(218,'ROLE_MOD_TAB_ADMINORDERPREFERENCES_READ'),(345,'ROLE_MOD_TAB_ADMINORDERPREFERENCES_UPDATE'),(20,'ROLE_MOD_TAB_ADMINORDERS_CREATE'),(401,'ROLE_MOD_TAB_ADMINORDERS_DELETE'),(147,'ROLE_MOD_TAB_ADMINORDERS_READ'),(274,'ROLE_MOD_TAB_ADMINORDERS_UPDATE'),(43,'ROLE_MOD_TAB_ADMINOUTSTANDING_CREATE'),(424,'ROLE_MOD_TAB_ADMINOUTSTANDING_DELETE'),(170,'ROLE_MOD_TAB_ADMINOUTSTANDING_READ'),(297,'ROLE_MOD_TAB_ADMINOUTSTANDING_UPDATE'),(29,'ROLE_MOD_TAB_ADMINPARENTATTRIBUTESGROUPS_CREATE'),(410,'ROLE_MOD_TAB_ADMINPARENTATTRIBUTESGROUPS_DELETE'),(156,'ROLE_MOD_TAB_ADMINPARENTATTRIBUTESGROUPS_READ'),(283,'ROLE_MOD_TAB_ADMINPARENTATTRIBUTESGROUPS_UPDATE'),(36,'ROLE_MOD_TAB_ADMINPARENTCARTRULES_CREATE'),(417,'ROLE_MOD_TAB_ADMINPARENTCARTRULES_DELETE'),(163,'ROLE_MOD_TAB_ADMINPARENTCARTRULES_READ'),(290,'ROLE_MOD_TAB_ADMINPARENTCARTRULES_UPDATE'),(77,'ROLE_MOD_TAB_ADMINPARENTCOUNTRIES_CREATE'),(458,'ROLE_MOD_TAB_ADMINPARENTCOUNTRIES_DELETE'),(204,'ROLE_MOD_TAB_ADMINPARENTCOUNTRIES_READ'),(331,'ROLE_MOD_TAB_ADMINPARENTCOUNTRIES_UPDATE'),(94,'ROLE_MOD_TAB_ADMINPARENTCUSTOMERPREFERENCES_CREATE'),(475,'ROLE_MOD_TAB_ADMINPARENTCUSTOMERPREFERENCES_DELETE'),(221,'ROLE_MOD_TAB_ADMINPARENTCUSTOMERPREFERENCES_READ'),(348,'ROLE_MOD_TAB_ADMINPARENTCUSTOMERPREFERENCES_UPDATE'),(44,'ROLE_MOD_TAB_ADMINPARENTCUSTOMERTHREADS_CREATE'),(425,'ROLE_MOD_TAB_ADMINPARENTCUSTOMERTHREADS_DELETE'),(171,'ROLE_MOD_TAB_ADMINPARENTCUSTOMERTHREADS_READ'),(298,'ROLE_MOD_TAB_ADMINPARENTCUSTOMERTHREADS_UPDATE'),(40,'ROLE_MOD_TAB_ADMINPARENTCUSTOMER_CREATE'),(421,'ROLE_MOD_TAB_ADMINPARENTCUSTOMER_DELETE'),(167,'ROLE_MOD_TAB_ADMINPARENTCUSTOMER_READ'),(294,'ROLE_MOD_TAB_ADMINPARENTCUSTOMER_UPDATE'),(113,'ROLE_MOD_TAB_ADMINPARENTEMPLOYEES_CREATE'),(494,'ROLE_MOD_TAB_ADMINPARENTEMPLOYEES_DELETE'),(240,'ROLE_MOD_TAB_ADMINPARENTEMPLOYEES_READ'),(367,'ROLE_MOD_TAB_ADMINPARENTEMPLOYEES_UPDATE'),(72,'ROLE_MOD_TAB_ADMINPARENTLOCALIZATION_CREATE'),(453,'ROLE_MOD_TAB_ADMINPARENTLOCALIZATION_DELETE'),(199,'ROLE_MOD_TAB_ADMINPARENTLOCALIZATION_READ'),(326,'ROLE_MOD_TAB_ADMINPARENTLOCALIZATION_UPDATE'),(60,'ROLE_MOD_TAB_ADMINPARENTMAILTHEME_CREATE'),(441,'ROLE_MOD_TAB_ADMINPARENTMAILTHEME_DELETE'),(187,'ROLE_MOD_TAB_ADMINPARENTMAILTHEME_READ'),(314,'ROLE_MOD_TAB_ADMINPARENTMAILTHEME_UPDATE'),(32,'ROLE_MOD_TAB_ADMINPARENTMANUFACTURERS_CREATE'),(413,'ROLE_MOD_TAB_ADMINPARENTMANUFACTURERS_DELETE'),(159,'ROLE_MOD_TAB_ADMINPARENTMANUFACTURERS_READ'),(286,'ROLE_MOD_TAB_ADMINPARENTMANUFACTURERS_UPDATE'),(101,'ROLE_MOD_TAB_ADMINPARENTMETA_CREATE'),(482,'ROLE_MOD_TAB_ADMINPARENTMETA_DELETE'),(228,'ROLE_MOD_TAB_ADMINPARENTMETA_READ'),(355,'ROLE_MOD_TAB_ADMINPARENTMETA_UPDATE'),(53,'ROLE_MOD_TAB_ADMINPARENTMODULESSF_CREATE'),(434,'ROLE_MOD_TAB_ADMINPARENTMODULESSF_DELETE'),(180,'ROLE_MOD_TAB_ADMINPARENTMODULESSF_READ'),(307,'ROLE_MOD_TAB_ADMINPARENTMODULESSF_UPDATE'),(90,'ROLE_MOD_TAB_ADMINPARENTORDERPREFERENCES_CREATE'),(471,'ROLE_MOD_TAB_ADMINPARENTORDERPREFERENCES_DELETE'),(217,'ROLE_MOD_TAB_ADMINPARENTORDERPREFERENCES_READ'),(344,'ROLE_MOD_TAB_ADMINPARENTORDERPREFERENCES_UPDATE'),(19,'ROLE_MOD_TAB_ADMINPARENTORDERS_CREATE'),(400,'ROLE_MOD_TAB_ADMINPARENTORDERS_DELETE'),(146,'ROLE_MOD_TAB_ADMINPARENTORDERS_READ'),(273,'ROLE_MOD_TAB_ADMINPARENTORDERS_UPDATE'),(68,'ROLE_MOD_TAB_ADMINPARENTPAYMENT_CREATE'),(449,'ROLE_MOD_TAB_ADMINPARENTPAYMENT_DELETE'),(195,'ROLE_MOD_TAB_ADMINPARENTPAYMENT_READ'),(322,'ROLE_MOD_TAB_ADMINPARENTPAYMENT_UPDATE'),(87,'ROLE_MOD_TAB_ADMINPARENTPREFERENCES_CREATE'),(468,'ROLE_MOD_TAB_ADMINPARENTPREFERENCES_DELETE'),(214,'ROLE_MOD_TAB_ADMINPARENTPREFERENCES_READ'),(341,'ROLE_MOD_TAB_ADMINPARENTPREFERENCES_UPDATE'),(117,'ROLE_MOD_TAB_ADMINPARENTREQUESTSQL_CREATE'),(498,'ROLE_MOD_TAB_ADMINPARENTREQUESTSQL_DELETE'),(244,'ROLE_MOD_TAB_ADMINPARENTREQUESTSQL_READ'),(371,'ROLE_MOD_TAB_ADMINPARENTREQUESTSQL_UPDATE'),(104,'ROLE_MOD_TAB_ADMINPARENTSEARCHCONF_CREATE'),(485,'ROLE_MOD_TAB_ADMINPARENTSEARCHCONF_DELETE'),(231,'ROLE_MOD_TAB_ADMINPARENTSEARCHCONF_READ'),(358,'ROLE_MOD_TAB_ADMINPARENTSEARCHCONF_UPDATE'),(125,'ROLE_MOD_TAB_ADMINPARENTSECURITY_CREATE'),(506,'ROLE_MOD_TAB_ADMINPARENTSECURITY_DELETE'),(252,'ROLE_MOD_TAB_ADMINPARENTSECURITY_READ'),(379,'ROLE_MOD_TAB_ADMINPARENTSECURITY_UPDATE'),(65,'ROLE_MOD_TAB_ADMINPARENTSHIPPING_CREATE'),(446,'ROLE_MOD_TAB_ADMINPARENTSHIPPING_DELETE'),(192,'ROLE_MOD_TAB_ADMINPARENTSHIPPING_READ'),(319,'ROLE_MOD_TAB_ADMINPARENTSHIPPING_UPDATE'),(51,'ROLE_MOD_TAB_ADMINPARENTSTOCKMANAGEMENT_CREATE'),(432,'ROLE_MOD_TAB_ADMINPARENTSTOCKMANAGEMENT_DELETE'),(178,'ROLE_MOD_TAB_ADMINPARENTSTOCKMANAGEMENT_READ'),(305,'ROLE_MOD_TAB_ADMINPARENTSTOCKMANAGEMENT_UPDATE'),(98,'ROLE_MOD_TAB_ADMINPARENTSTORES_CREATE'),(479,'ROLE_MOD_TAB_ADMINPARENTSTORES_DELETE'),(225,'ROLE_MOD_TAB_ADMINPARENTSTORES_READ'),(352,'ROLE_MOD_TAB_ADMINPARENTSTORES_UPDATE'),(81,'ROLE_MOD_TAB_ADMINPARENTTAXES_CREATE'),(462,'ROLE_MOD_TAB_ADMINPARENTTAXES_DELETE'),(208,'ROLE_MOD_TAB_ADMINPARENTTAXES_READ'),(335,'ROLE_MOD_TAB_ADMINPARENTTAXES_UPDATE'),(58,'ROLE_MOD_TAB_ADMINPARENTTHEMES_CREATE'),(439,'ROLE_MOD_TAB_ADMINPARENTTHEMES_DELETE'),(185,'ROLE_MOD_TAB_ADMINPARENTTHEMES_READ'),(312,'ROLE_MOD_TAB_ADMINPARENTTHEMES_UPDATE'),(130,'ROLE_MOD_TAB_ADMINPATTERNS_CREATE'),(511,'ROLE_MOD_TAB_ADMINPATTERNS_DELETE'),(257,'ROLE_MOD_TAB_ADMINPATTERNS_READ'),(384,'ROLE_MOD_TAB_ADMINPATTERNS_UPDATE'),(70,'ROLE_MOD_TAB_ADMINPAYMENTPREFERENCES_CREATE'),(451,'ROLE_MOD_TAB_ADMINPAYMENTPREFERENCES_DELETE'),(197,'ROLE_MOD_TAB_ADMINPAYMENTPREFERENCES_READ'),(324,'ROLE_MOD_TAB_ADMINPAYMENTPREFERENCES_UPDATE'),(69,'ROLE_MOD_TAB_ADMINPAYMENT_CREATE'),(450,'ROLE_MOD_TAB_ADMINPAYMENT_DELETE'),(196,'ROLE_MOD_TAB_ADMINPAYMENT_READ'),(323,'ROLE_MOD_TAB_ADMINPAYMENT_UPDATE'),(1537,'ROLE_MOD_TAB_ADMINPAYPALAJAXHANDLER_CREATE'),(1540,'ROLE_MOD_TAB_ADMINPAYPALAJAXHANDLER_DELETE'),(1538,'ROLE_MOD_TAB_ADMINPAYPALAJAXHANDLER_READ'),(1539,'ROLE_MOD_TAB_ADMINPAYPALAJAXHANDLER_UPDATE'),(1501,'ROLE_MOD_TAB_ADMINPAYPALCONFIGURATION_CREATE'),(1504,'ROLE_MOD_TAB_ADMINPAYPALCONFIGURATION_DELETE'),(1502,'ROLE_MOD_TAB_ADMINPAYPALCONFIGURATION_READ'),(1503,'ROLE_MOD_TAB_ADMINPAYPALCONFIGURATION_UPDATE'),(1513,'ROLE_MOD_TAB_ADMINPAYPALCUSTOMIZECHECKOUT_CREATE'),(1516,'ROLE_MOD_TAB_ADMINPAYPALCUSTOMIZECHECKOUT_DELETE'),(1514,'ROLE_MOD_TAB_ADMINPAYPALCUSTOMIZECHECKOUT_READ'),(1515,'ROLE_MOD_TAB_ADMINPAYPALCUSTOMIZECHECKOUT_UPDATE'),(1509,'ROLE_MOD_TAB_ADMINPAYPALDIAGNOSTIC_CREATE'),(1512,'ROLE_MOD_TAB_ADMINPAYPALDIAGNOSTIC_DELETE'),(1510,'ROLE_MOD_TAB_ADMINPAYPALDIAGNOSTIC_READ'),(1511,'ROLE_MOD_TAB_ADMINPAYPALDIAGNOSTIC_UPDATE'),(1541,'ROLE_MOD_TAB_ADMINPAYPALGETCREDENTIALS_CREATE'),(1544,'ROLE_MOD_TAB_ADMINPAYPALGETCREDENTIALS_DELETE'),(1542,'ROLE_MOD_TAB_ADMINPAYPALGETCREDENTIALS_READ'),(1543,'ROLE_MOD_TAB_ADMINPAYPALGETCREDENTIALS_UPDATE'),(1517,'ROLE_MOD_TAB_ADMINPAYPALHELP_CREATE'),(1520,'ROLE_MOD_TAB_ADMINPAYPALHELP_DELETE'),(1518,'ROLE_MOD_TAB_ADMINPAYPALHELP_READ'),(1519,'ROLE_MOD_TAB_ADMINPAYPALHELP_UPDATE'),(1521,'ROLE_MOD_TAB_ADMINPAYPALINSTALLMENT_CREATE'),(1524,'ROLE_MOD_TAB_ADMINPAYPALINSTALLMENT_DELETE'),(1522,'ROLE_MOD_TAB_ADMINPAYPALINSTALLMENT_READ'),(1523,'ROLE_MOD_TAB_ADMINPAYPALINSTALLMENT_UPDATE'),(1525,'ROLE_MOD_TAB_ADMINPAYPALLOGS_CREATE'),(1528,'ROLE_MOD_TAB_ADMINPAYPALLOGS_DELETE'),(1526,'ROLE_MOD_TAB_ADMINPAYPALLOGS_READ'),(1527,'ROLE_MOD_TAB_ADMINPAYPALLOGS_UPDATE'),(1505,'ROLE_MOD_TAB_ADMINPAYPALPROCESSLOGGER_CREATE'),(1508,'ROLE_MOD_TAB_ADMINPAYPALPROCESSLOGGER_DELETE'),(1506,'ROLE_MOD_TAB_ADMINPAYPALPROCESSLOGGER_READ'),(1507,'ROLE_MOD_TAB_ADMINPAYPALPROCESSLOGGER_UPDATE'),(1529,'ROLE_MOD_TAB_ADMINPAYPALPUILISTENER_CREATE'),(1532,'ROLE_MOD_TAB_ADMINPAYPALPUILISTENER_DELETE'),(1530,'ROLE_MOD_TAB_ADMINPAYPALPUILISTENER_READ'),(1531,'ROLE_MOD_TAB_ADMINPAYPALPUILISTENER_UPDATE'),(1533,'ROLE_MOD_TAB_ADMINPAYPALSETUP_CREATE'),(1536,'ROLE_MOD_TAB_ADMINPAYPALSETUP_DELETE'),(1534,'ROLE_MOD_TAB_ADMINPAYPALSETUP_READ'),(1535,'ROLE_MOD_TAB_ADMINPAYPALSETUP_UPDATE'),(109,'ROLE_MOD_TAB_ADMINPERFORMANCE_CREATE'),(490,'ROLE_MOD_TAB_ADMINPERFORMANCE_DELETE'),(236,'ROLE_MOD_TAB_ADMINPERFORMANCE_READ'),(363,'ROLE_MOD_TAB_ADMINPERFORMANCE_UPDATE'),(93,'ROLE_MOD_TAB_ADMINPPREFERENCES_CREATE'),(474,'ROLE_MOD_TAB_ADMINPPREFERENCES_DELETE'),(220,'ROLE_MOD_TAB_ADMINPPREFERENCES_READ'),(347,'ROLE_MOD_TAB_ADMINPPREFERENCES_UPDATE'),(88,'ROLE_MOD_TAB_ADMINPREFERENCES_CREATE'),(469,'ROLE_MOD_TAB_ADMINPREFERENCES_DELETE'),(215,'ROLE_MOD_TAB_ADMINPREFERENCES_READ'),(342,'ROLE_MOD_TAB_ADMINPREFERENCES_UPDATE'),(26,'ROLE_MOD_TAB_ADMINPRODUCTS_CREATE'),(407,'ROLE_MOD_TAB_ADMINPRODUCTS_DELETE'),(153,'ROLE_MOD_TAB_ADMINPRODUCTS_READ'),(280,'ROLE_MOD_TAB_ADMINPRODUCTS_UPDATE'),(115,'ROLE_MOD_TAB_ADMINPROFILES_CREATE'),(496,'ROLE_MOD_TAB_ADMINPROFILES_DELETE'),(242,'ROLE_MOD_TAB_ADMINPROFILES_READ'),(369,'ROLE_MOD_TAB_ADMINPROFILES_UPDATE'),(1245,'ROLE_MOD_TAB_ADMINPSTHEMECUSTOADVANCED_CREATE'),(1248,'ROLE_MOD_TAB_ADMINPSTHEMECUSTOADVANCED_DELETE'),(1246,'ROLE_MOD_TAB_ADMINPSTHEMECUSTOADVANCED_READ'),(1247,'ROLE_MOD_TAB_ADMINPSTHEMECUSTOADVANCED_UPDATE'),(1241,'ROLE_MOD_TAB_ADMINPSTHEMECUSTOCONFIGURATION_CREATE'),(1244,'ROLE_MOD_TAB_ADMINPSTHEMECUSTOCONFIGURATION_DELETE'),(1242,'ROLE_MOD_TAB_ADMINPSTHEMECUSTOCONFIGURATION_READ'),(1243,'ROLE_MOD_TAB_ADMINPSTHEMECUSTOCONFIGURATION_UPDATE'),(1,'ROLE_MOD_TAB_ADMINQUICKACCESSES_CREATE'),(4,'ROLE_MOD_TAB_ADMINQUICKACCESSES_DELETE'),(2,'ROLE_MOD_TAB_ADMINQUICKACCESSES_READ'),(3,'ROLE_MOD_TAB_ADMINQUICKACCESSES_UPDATE'),(118,'ROLE_MOD_TAB_ADMINREQUESTSQL_CREATE'),(499,'ROLE_MOD_TAB_ADMINREQUESTSQL_DELETE'),(245,'ROLE_MOD_TAB_ADMINREQUESTSQL_READ'),(372,'ROLE_MOD_TAB_ADMINREQUESTSQL_UPDATE'),(47,'ROLE_MOD_TAB_ADMINRETURN_CREATE'),(428,'ROLE_MOD_TAB_ADMINRETURN_DELETE'),(174,'ROLE_MOD_TAB_ADMINRETURN_READ'),(301,'ROLE_MOD_TAB_ADMINRETURN_UPDATE'),(105,'ROLE_MOD_TAB_ADMINSEARCHCONF_CREATE'),(486,'ROLE_MOD_TAB_ADMINSEARCHCONF_DELETE'),(232,'ROLE_MOD_TAB_ADMINSEARCHCONF_READ'),(359,'ROLE_MOD_TAB_ADMINSEARCHCONF_UPDATE'),(103,'ROLE_MOD_TAB_ADMINSEARCHENGINES_CREATE'),(484,'ROLE_MOD_TAB_ADMINSEARCHENGINES_DELETE'),(230,'ROLE_MOD_TAB_ADMINSEARCHENGINES_READ'),(357,'ROLE_MOD_TAB_ADMINSEARCHENGINES_UPDATE'),(128,'ROLE_MOD_TAB_ADMINSECURITYSESSIONCUSTOMER_CREATE'),(509,'ROLE_MOD_TAB_ADMINSECURITYSESSIONCUSTOMER_DELETE'),(255,'ROLE_MOD_TAB_ADMINSECURITYSESSIONCUSTOMER_READ'),(382,'ROLE_MOD_TAB_ADMINSECURITYSESSIONCUSTOMER_UPDATE'),(127,'ROLE_MOD_TAB_ADMINSECURITYSESSIONEMPLOYEE_CREATE'),(508,'ROLE_MOD_TAB_ADMINSECURITYSESSIONEMPLOYEE_DELETE'),(254,'ROLE_MOD_TAB_ADMINSECURITYSESSIONEMPLOYEE_READ'),(381,'ROLE_MOD_TAB_ADMINSECURITYSESSIONEMPLOYEE_UPDATE'),(126,'ROLE_MOD_TAB_ADMINSECURITY_CREATE'),(507,'ROLE_MOD_TAB_ADMINSECURITY_DELETE'),(253,'ROLE_MOD_TAB_ADMINSECURITY_READ'),(380,'ROLE_MOD_TAB_ADMINSECURITY_UPDATE'),(1437,'ROLE_MOD_TAB_ADMINSELFUPGRADE_CREATE'),(1440,'ROLE_MOD_TAB_ADMINSELFUPGRADE_DELETE'),(1438,'ROLE_MOD_TAB_ADMINSELFUPGRADE_READ'),(1439,'ROLE_MOD_TAB_ADMINSELFUPGRADE_UPDATE'),(67,'ROLE_MOD_TAB_ADMINSHIPPING_CREATE'),(448,'ROLE_MOD_TAB_ADMINSHIPPING_DELETE'),(194,'ROLE_MOD_TAB_ADMINSHIPPING_READ'),(321,'ROLE_MOD_TAB_ADMINSHIPPING_UPDATE'),(122,'ROLE_MOD_TAB_ADMINSHOPGROUP_CREATE'),(503,'ROLE_MOD_TAB_ADMINSHOPGROUP_DELETE'),(249,'ROLE_MOD_TAB_ADMINSHOPGROUP_READ'),(376,'ROLE_MOD_TAB_ADMINSHOPGROUP_UPDATE'),(123,'ROLE_MOD_TAB_ADMINSHOPURL_CREATE'),(504,'ROLE_MOD_TAB_ADMINSHOPURL_DELETE'),(250,'ROLE_MOD_TAB_ADMINSHOPURL_READ'),(377,'ROLE_MOD_TAB_ADMINSHOPURL_UPDATE'),(22,'ROLE_MOD_TAB_ADMINSLIP_CREATE'),(403,'ROLE_MOD_TAB_ADMINSLIP_DELETE'),(149,'ROLE_MOD_TAB_ADMINSLIP_READ'),(276,'ROLE_MOD_TAB_ADMINSLIP_UPDATE'),(38,'ROLE_MOD_TAB_ADMINSPECIFICPRICERULE_CREATE'),(419,'ROLE_MOD_TAB_ADMINSPECIFICPRICERULE_DELETE'),(165,'ROLE_MOD_TAB_ADMINSPECIFICPRICERULE_READ'),(292,'ROLE_MOD_TAB_ADMINSPECIFICPRICERULE_UPDATE'),(80,'ROLE_MOD_TAB_ADMINSTATES_CREATE'),(461,'ROLE_MOD_TAB_ADMINSTATES_DELETE'),(207,'ROLE_MOD_TAB_ADMINSTATES_READ'),(334,'ROLE_MOD_TAB_ADMINSTATES_UPDATE'),(48,'ROLE_MOD_TAB_ADMINSTATS_CREATE'),(429,'ROLE_MOD_TAB_ADMINSTATS_DELETE'),(175,'ROLE_MOD_TAB_ADMINSTATS_READ'),(302,'ROLE_MOD_TAB_ADMINSTATS_UPDATE'),(92,'ROLE_MOD_TAB_ADMINSTATUSES_CREATE'),(473,'ROLE_MOD_TAB_ADMINSTATUSES_DELETE'),(219,'ROLE_MOD_TAB_ADMINSTATUSES_READ'),(346,'ROLE_MOD_TAB_ADMINSTATUSES_UPDATE'),(39,'ROLE_MOD_TAB_ADMINSTOCKMANAGEMENT_CREATE'),(420,'ROLE_MOD_TAB_ADMINSTOCKMANAGEMENT_DELETE'),(166,'ROLE_MOD_TAB_ADMINSTOCKMANAGEMENT_READ'),(293,'ROLE_MOD_TAB_ADMINSTOCKMANAGEMENT_UPDATE'),(49,'ROLE_MOD_TAB_ADMINSTOCK_CREATE'),(430,'ROLE_MOD_TAB_ADMINSTOCK_DELETE'),(176,'ROLE_MOD_TAB_ADMINSTOCK_READ'),(303,'ROLE_MOD_TAB_ADMINSTOCK_UPDATE'),(100,'ROLE_MOD_TAB_ADMINSTORES_CREATE'),(481,'ROLE_MOD_TAB_ADMINSTORES_DELETE'),(227,'ROLE_MOD_TAB_ADMINSTORES_READ'),(354,'ROLE_MOD_TAB_ADMINSTORES_UPDATE'),(34,'ROLE_MOD_TAB_ADMINSUPPLIERS_CREATE'),(415,'ROLE_MOD_TAB_ADMINSUPPLIERS_DELETE'),(161,'ROLE_MOD_TAB_ADMINSUPPLIERS_READ'),(288,'ROLE_MOD_TAB_ADMINSUPPLIERS_UPDATE'),(106,'ROLE_MOD_TAB_ADMINTAGS_CREATE'),(487,'ROLE_MOD_TAB_ADMINTAGS_DELETE'),(233,'ROLE_MOD_TAB_ADMINTAGS_READ'),(360,'ROLE_MOD_TAB_ADMINTAGS_UPDATE'),(82,'ROLE_MOD_TAB_ADMINTAXES_CREATE'),(463,'ROLE_MOD_TAB_ADMINTAXES_DELETE'),(209,'ROLE_MOD_TAB_ADMINTAXES_READ'),(336,'ROLE_MOD_TAB_ADMINTAXES_UPDATE'),(83,'ROLE_MOD_TAB_ADMINTAXRULESGROUP_CREATE'),(464,'ROLE_MOD_TAB_ADMINTAXRULESGROUP_DELETE'),(210,'ROLE_MOD_TAB_ADMINTAXRULESGROUP_READ'),(337,'ROLE_MOD_TAB_ADMINTAXRULESGROUP_UPDATE'),(1237,'ROLE_MOD_TAB_ADMINTHEMESPARENT_CREATE'),(1240,'ROLE_MOD_TAB_ADMINTHEMESPARENT_DELETE'),(1238,'ROLE_MOD_TAB_ADMINTHEMESPARENT_READ'),(1239,'ROLE_MOD_TAB_ADMINTHEMESPARENT_UPDATE'),(59,'ROLE_MOD_TAB_ADMINTHEMES_CREATE'),(440,'ROLE_MOD_TAB_ADMINTHEMES_DELETE'),(186,'ROLE_MOD_TAB_ADMINTHEMES_READ'),(313,'ROLE_MOD_TAB_ADMINTHEMES_UPDATE'),(10,'ROLE_MOD_TAB_ADMINTMMEGAMENU_CREATE'),(391,'ROLE_MOD_TAB_ADMINTMMEGAMENU_DELETE'),(137,'ROLE_MOD_TAB_ADMINTMMEGAMENU_READ'),(264,'ROLE_MOD_TAB_ADMINTMMEGAMENU_UPDATE'),(28,'ROLE_MOD_TAB_ADMINTRACKING_CREATE'),(409,'ROLE_MOD_TAB_ADMINTRACKING_DELETE'),(155,'ROLE_MOD_TAB_ADMINTRACKING_READ'),(282,'ROLE_MOD_TAB_ADMINTRACKING_UPDATE'),(84,'ROLE_MOD_TAB_ADMINTRANSLATIONS_CREATE'),(465,'ROLE_MOD_TAB_ADMINTRANSLATIONS_DELETE'),(211,'ROLE_MOD_TAB_ADMINTRANSLATIONS_READ'),(338,'ROLE_MOD_TAB_ADMINTRANSLATIONS_UPDATE'),(50,'ROLE_MOD_TAB_ADMINWAREHOUSES_CREATE'),(431,'ROLE_MOD_TAB_ADMINWAREHOUSES_DELETE'),(177,'ROLE_MOD_TAB_ADMINWAREHOUSES_READ'),(304,'ROLE_MOD_TAB_ADMINWAREHOUSES_UPDATE'),(121,'ROLE_MOD_TAB_ADMINWEBSERVICE_CREATE'),(502,'ROLE_MOD_TAB_ADMINWEBSERVICE_DELETE'),(248,'ROLE_MOD_TAB_ADMINWEBSERVICE_READ'),(375,'ROLE_MOD_TAB_ADMINWEBSERVICE_UPDATE'),(78,'ROLE_MOD_TAB_ADMINZONES_CREATE'),(459,'ROLE_MOD_TAB_ADMINZONES_DELETE'),(205,'ROLE_MOD_TAB_ADMINZONES_READ'),(332,'ROLE_MOD_TAB_ADMINZONES_UPDATE'),(85,'ROLE_MOD_TAB_CONFIGURE_CREATE'),(466,'ROLE_MOD_TAB_CONFIGURE_DELETE'),(212,'ROLE_MOD_TAB_CONFIGURE_READ'),(339,'ROLE_MOD_TAB_CONFIGURE_UPDATE'),(129,'ROLE_MOD_TAB_DEFAULT_CREATE'),(510,'ROLE_MOD_TAB_DEFAULT_DELETE'),(256,'ROLE_MOD_TAB_DEFAULT_READ'),(383,'ROLE_MOD_TAB_DEFAULT_UPDATE'),(16,'ROLE_MOD_TAB_ETSADMINSELFUPGRADE_CREATE'),(397,'ROLE_MOD_TAB_ETSADMINSELFUPGRADE_DELETE'),(143,'ROLE_MOD_TAB_ETSADMINSELFUPGRADE_READ'),(270,'ROLE_MOD_TAB_ETSADMINSELFUPGRADE_UPDATE'),(52,'ROLE_MOD_TAB_IMPROVE_CREATE'),(433,'ROLE_MOD_TAB_IMPROVE_DELETE'),(179,'ROLE_MOD_TAB_IMPROVE_READ'),(306,'ROLE_MOD_TAB_IMPROVE_UPDATE'),(1497,'ROLE_MOD_TAB_PAYPAL_CREATE'),(1500,'ROLE_MOD_TAB_PAYPAL_DELETE'),(1498,'ROLE_MOD_TAB_PAYPAL_READ'),(1499,'ROLE_MOD_TAB_PAYPAL_UPDATE'),(18,'ROLE_MOD_TAB_SELL_CREATE'),(399,'ROLE_MOD_TAB_SELL_DELETE'),(145,'ROLE_MOD_TAB_SELL_READ'),(272,'ROLE_MOD_TAB_SELL_UPDATE'),(86,'ROLE_MOD_TAB_SHOPPARAMETERS_CREATE'),(467,'ROLE_MOD_TAB_SHOPPARAMETERS_DELETE'),(213,'ROLE_MOD_TAB_SHOPPARAMETERS_READ'),(340,'ROLE_MOD_TAB_SHOPPARAMETERS_UPDATE'),(1221,'ROLE_MOD_TAB_WISHLISTCONFIGURATIONADMINCONTROLLER_CREATE'),(1224,'ROLE_MOD_TAB_WISHLISTCONFIGURATIONADMINCONTROLLER_DELETE'),(1222,'ROLE_MOD_TAB_WISHLISTCONFIGURATIONADMINCONTROLLER_READ'),(1223,'ROLE_MOD_TAB_WISHLISTCONFIGURATIONADMINCONTROLLER_UPDATE'),(1217,'ROLE_MOD_TAB_WISHLISTCONFIGURATIONADMINPARENTCONTROLLER_CREATE'),(1220,'ROLE_MOD_TAB_WISHLISTCONFIGURATIONADMINPARENTCONTROLLER_DELETE'),(1218,'ROLE_MOD_TAB_WISHLISTCONFIGURATIONADMINPARENTCONTROLLER_READ'),(1219,'ROLE_MOD_TAB_WISHLISTCONFIGURATIONADMINPARENTCONTROLLER_UPDATE'),(1225,'ROLE_MOD_TAB_WISHLISTSTATISTICSADMINCONTROLLER_CREATE'),(1228,'ROLE_MOD_TAB_WISHLISTSTATISTICSADMINCONTROLLER_DELETE'),(1226,'ROLE_MOD_TAB_WISHLISTSTATISTICSADMINCONTROLLER_READ'),(1227,'ROLE_MOD_TAB_WISHLISTSTATISTICSADMINCONTROLLER_UPDATE');

--
-- Table structure for table `prstshp_badge`
--

CREATE TABLE `prstshp_badge` (
  `id_badge` int(11) NOT NULL AUTO_INCREMENT,
  `id_ps_badge` int(11) NOT NULL,
  `type` varchar(32) NOT NULL,
  `id_group` int(11) NOT NULL,
  `group_position` int(11) NOT NULL,
  `scoring` int(11) NOT NULL,
  `awb` int(11) DEFAULT '0',
  `validated` tinyint(1) unsigned NOT NULL DEFAULT '0',
  PRIMARY KEY (`id_badge`)
) ENGINE=InnoDB DEFAULT CHARSET=utf8;

--
-- Dumping data for table `prstshp_badge`
--


--
-- Table structure for table `prstshp_badge_lang`
--

CREATE TABLE `prstshp_badge_lang` (
  `id_badge` int(11) NOT NULL,
  `id_lang` int(11) NOT NULL,
  `name` varchar(64) DEFAULT NULL,
  `description` varchar(255) DEFAULT NULL,
  `group_name` varchar(255) DEFAULT NULL,
  PRIMARY KEY (`id_badge`,`id_lang`)
) ENGINE=InnoDB DEFAULT CHARSET=utf8;

--
-- Dumping data for table `prstshp_badge_lang`
--


--
-- Table structure for table `prstshp_blockwishlist_statistics`
--

CREATE TABLE `prstshp_blockwishlist_statistics` (
  `id_statistics` int(10) unsigned NOT NULL AUTO_INCREMENT,
  `id_cart` int(10) unsigned DEFAULT NULL,
  `id_product` int(10) unsigned NOT NULL,
  `id_product_attribute` int(10) unsigned NOT NULL,
  `date_add` datetime NOT NULL,
  `id_shop` int(10) unsigned DEFAULT '1',
  PRIMARY KEY (`id_statistics`)
) ENGINE=InnoDB AUTO_INCREMENT=340 DEFAULT CHARSET=utf8;

--
-- Dumping data for table `prstshp_blockwishlist_statistics`
--

INSERT INTO `prstshp_blockwishlist_statistics` VALUES (1,0,1270,131668,'2023-05-01 12:47:19',1),(2,0,28,37678,'2023-05-01 12:48:30',1),(3,0,27,481,'2023-05-01 12:48:47',1),(4,0,1123,8074,'2023-05-01 12:49:27',1),(5,0,1154,0,'2023-05-02 15:11:52',1),(6,62870,1119,131644,'2023-05-08 17:35:45',1),(7,62870,1160,0,'2023-05-08 17:36:31',1),(8,62870,1174,0,'2023-05-08 17:41:59',1),(9,0,789,0,'2023-05-13 19:47:47',1),(10,0,104,131678,'2023-05-13 20:03:45',1),(11,0,84,0,'2023-05-13 20:16:45',1),(12,0,86,0,'2023-05-13 20:17:06',1),(13,0,86,0,'2023-05-13 20:17:20',1),(14,0,1243,0,'2023-05-13 20:19:01',1),(15,0,795,0,'2023-05-13 20:19:36',1),(16,0,896,0,'2023-05-25 21:32:39',1),(17,0,1298,131619,'2023-05-30 12:26:18',1),(18,0,1009,134416,'2023-05-30 12:26:31',1),(19,0,1156,0,'2023-05-30 12:26:34',1),(20,0,27,481,'2023-05-30 12:27:24',1),(21,0,1162,0,'2023-05-30 12:27:47',1),(22,0,1163,0,'2023-05-30 12:28:48',1),(23,0,854,131511,'2023-05-30 12:29:38',1),(24,0,809,0,'2023-06-10 11:57:26',1),(25,0,1319,131742,'2023-06-10 11:57:43',1),(26,0,1296,0,'2023-06-22 18:42:35',1),(27,0,861,0,'2023-06-22 18:44:13',1),(30,0,1097,0,'2023-07-03 17:57:39',1),(31,0,36,0,'2023-07-03 18:00:11',1),(32,0,663,23,'2023-07-03 18:01:17',1),(33,0,33,0,'2023-07-10 15:03:03',1),(34,0,883,0,'2023-07-10 15:03:37',1),(35,0,1096,0,'2023-07-10 15:03:45',1),(36,0,944,0,'2023-07-10 15:03:52',1),(37,0,30,0,'2023-07-10 15:03:58',1),(38,0,800,131679,'2023-07-10 15:04:04',1),(39,0,1122,37501,'2023-07-30 13:53:53',1),(40,0,1196,131662,'2023-07-30 13:54:46',1),(41,0,1160,0,'2023-07-30 13:55:52',1),(42,63992,1109,0,'2023-08-21 16:25:31',1),(43,63992,1108,0,'2023-08-21 16:27:23',1),(44,63992,1273,0,'2023-08-21 16:28:08',1),(45,0,1190,37596,'2023-08-21 22:45:14',1),(46,0,1053,131522,'2023-08-21 22:46:26',1),(47,0,1053,131515,'2023-08-21 22:46:31',1),(48,0,1109,0,'2023-08-27 16:31:09',1),(49,0,1445,134394,'2023-08-27 16:32:20',1),(50,0,1235,0,'2023-09-07 10:46:41',1),(51,0,1108,0,'2023-09-19 14:53:44',1),(52,0,789,0,'2023-09-19 14:54:37',1),(53,0,806,0,'2023-09-21 10:05:29',1),(54,0,1059,37977,'2023-09-23 13:21:32',1),(55,0,1053,131521,'2023-09-23 13:21:34',1),(56,0,896,0,'2023-10-15 12:51:14',1),(57,0,76,15027,'2023-10-26 12:04:22',1),(58,0,1059,131429,'2023-10-26 12:05:56',1),(59,0,1165,0,'2023-10-26 12:07:27',1),(60,0,108,37986,'2023-10-26 12:08:41',1),(61,0,76,14948,'2023-10-27 17:49:03',1),(62,0,108,37581,'2023-10-29 15:21:27',1),(63,0,76,14948,'2023-11-12 13:03:33',1),(64,64775,108,37582,'2023-11-12 13:03:48',1),(65,64775,1167,23909,'2023-11-12 13:04:20',1),(66,0,793,0,'2023-11-12 14:17:30',1),(67,0,854,131511,'2023-11-12 14:17:33',1),(68,0,1108,0,'2023-11-12 14:17:50',1),(69,0,1109,0,'2023-11-12 14:17:51',1),(70,0,947,7386,'2023-11-12 14:18:00',1),(71,64770,1273,0,'2023-11-12 14:18:10',1),(72,0,1229,0,'2023-11-12 14:19:24',1),(73,0,1237,0,'2023-11-12 14:19:37',1),(74,0,1171,24038,'2023-11-12 14:21:23',1),(75,0,1252,0,'2023-11-12 14:22:14',1),(76,0,861,0,'2023-11-12 14:23:00',1),(77,0,38,0,'2023-11-12 14:23:03',1),(78,0,1013,0,'2023-11-12 14:23:25',1),(79,0,1160,0,'2023-11-12 14:23:54',1),(80,0,89,0,'2023-11-12 14:24:33',1),(81,0,663,23,'2023-11-12 14:25:51',1),(82,0,1053,131521,'2023-11-27 19:34:15',1),(83,0,1053,131521,'2023-11-27 19:36:24',1),(84,0,1108,0,'2023-12-06 11:18:10',1),(85,0,1109,0,'2023-12-06 11:18:12',1),(86,0,1215,0,'2023-12-06 11:21:23',1),(87,0,1457,0,'2024-02-07 14:33:58',1),(88,0,1457,0,'2024-02-07 14:33:59',1),(89,64770,1273,0,'2024-02-12 21:40:53',1),(90,0,1095,0,'2024-02-12 21:42:22',1),(91,0,108,37582,'2024-02-12 21:52:15',1),(92,0,1053,134223,'2024-02-26 17:55:28',1),(93,0,883,0,'2024-02-27 22:13:45',1),(94,66367,76,15013,'2024-03-10 22:26:02',1),(95,0,1453,0,'2024-03-17 11:41:12',1),(96,64770,1053,131516,'2024-03-21 17:40:42',1),(97,0,1053,134223,'2024-03-21 17:40:47',1),(98,0,1237,0,'2024-03-26 13:11:55',1),(99,0,1174,0,'2024-03-26 13:12:30',1),(100,0,1059,131429,'2024-04-03 00:44:41',1),(101,0,108,37581,'2024-04-03 00:47:17',1),(102,0,1184,0,'2024-04-12 12:41:07',1),(103,0,1182,0,'2024-04-12 12:41:24',1),(104,0,789,0,'2024-04-26 14:45:54',1),(105,0,108,37584,'2024-05-02 22:22:41',1),(106,0,1059,37974,'2024-05-02 22:24:58',1),(107,0,1059,131429,'2024-05-02 22:25:10',1),(108,0,1184,0,'2024-05-20 23:11:04',1),(109,0,1182,0,'2024-05-20 23:11:24',1),(110,0,1484,134497,'2024-06-01 08:41:03',1),(111,0,1301,131635,'2024-06-09 11:58:35',1),(112,0,38,0,'2024-06-29 18:39:35',1),(113,0,1358,0,'2024-06-29 18:43:06',1),(114,0,16,131599,'2024-06-29 18:43:17',1),(115,0,78,14588,'2024-06-30 14:13:29',1),(116,0,78,14580,'2024-06-30 14:14:02',1),(117,0,79,14660,'2024-06-30 14:17:51',1),(118,0,789,0,'2024-07-02 08:30:28',1),(119,0,789,0,'2024-07-05 06:44:27',1),(120,0,79,14628,'2024-07-08 11:42:01',1),(121,0,896,0,'2024-07-09 14:54:39',1),(122,0,896,0,'2024-07-09 15:30:07',1),(123,0,1059,37977,'2024-07-16 19:57:47',1),(124,0,1445,134394,'2024-08-08 11:41:23',1),(125,0,38,0,'2024-08-08 12:14:02',1),(126,0,1399,0,'2024-08-08 12:20:38',1),(127,0,1427,0,'2024-08-08 12:23:17',1),(128,0,1400,0,'2024-08-08 12:23:34',1),(129,0,1402,0,'2024-08-16 18:30:32',1),(130,0,22,0,'2024-08-16 18:30:40',1),(131,0,1298,131619,'2024-09-21 21:48:10',1),(132,0,583,37825,'2024-10-30 14:28:16',1),(133,0,663,23,'2024-11-06 21:13:16',1),(134,0,1053,131522,'2024-11-16 14:56:53',1),(135,0,1053,134223,'2024-11-16 14:56:59',1),(136,0,1053,131521,'2024-11-16 14:57:10',1),(137,0,1459,0,'2024-11-18 15:21:13',1),(138,0,1460,0,'2024-11-18 15:21:37',1),(139,0,1461,0,'2024-11-18 15:21:38',1),(140,0,948,37649,'2024-11-18 15:21:48',1),(141,0,1122,37501,'2024-11-18 15:22:18',1),(142,0,1119,131644,'2024-11-18 15:22:59',1),(143,0,100,0,'2024-11-18 19:22:32',1),(144,0,100,0,'2024-11-18 19:22:52',1),(145,0,1189,37547,'2024-11-21 17:36:53',1),(146,0,79,14653,'2024-11-21 17:37:17',1),(147,0,79,14673,'2024-11-21 17:37:57',1),(148,0,79,14673,'2024-11-21 17:38:43',1),(149,0,100,0,'2024-11-26 22:28:22',1),(150,0,78,14556,'2024-12-06 20:14:42',1),(151,0,78,14593,'2024-12-06 20:16:48',1),(152,0,78,14592,'2024-12-06 20:17:01',1),(153,0,1478,134480,'2024-12-14 22:25:45',1),(154,0,1108,0,'2024-12-16 19:11:28',1),(155,0,1109,0,'2024-12-16 19:11:32',1),(156,0,1059,131429,'2024-12-16 19:14:23',1),(157,0,1009,134416,'2024-12-19 15:45:52',1),(158,0,108,37581,'2025-01-06 10:35:00',1),(159,0,1053,131598,'2025-01-26 21:01:49',1),(160,0,1053,131598,'2025-01-26 21:02:21',1),(161,0,1053,134312,'2025-01-26 21:03:01',1),(162,0,1053,131516,'2025-01-26 21:04:48',1),(163,0,1059,37975,'2025-02-18 19:33:51',1),(164,0,1059,134744,'2025-02-18 20:17:13',1),(165,0,1059,37975,'2025-02-18 20:17:21',1),(166,0,1059,131587,'2025-02-20 22:39:39',1),(167,0,1109,0,'2025-02-20 23:52:04',1),(168,0,1108,0,'2025-02-20 23:52:10',1),(169,0,1059,37977,'2025-02-20 23:55:00',1),(170,0,1353,0,'2025-03-01 13:09:47',1),(171,0,1403,0,'2025-03-01 13:10:08',1),(172,0,1424,0,'2025-03-01 13:10:23',1),(173,0,1439,0,'2025-03-01 13:10:35',1),(174,0,1445,134394,'2025-03-01 13:10:43',1),(175,0,1476,0,'2025-03-01 13:10:57',1),(176,0,1190,37596,'2025-03-03 11:42:43',1),(177,0,1109,0,'2025-03-03 11:59:17',1),(178,0,1109,0,'2025-03-04 12:22:44',1),(179,0,1551,0,'2025-03-23 10:09:34',1),(180,0,1273,0,'2025-03-31 10:24:29',1),(181,0,1108,0,'2025-03-31 10:24:31',1),(182,0,1109,0,'2025-03-31 10:24:33',1),(183,0,854,131511,'2025-03-31 10:32:34',1),(184,0,1175,0,'2025-03-31 10:45:01',1),(185,0,1049,134461,'2025-03-31 16:43:55',1),(186,0,1049,134465,'2025-03-31 16:45:09',1),(187,0,1059,37977,'2025-04-04 22:12:20',1),(188,0,1059,131587,'2025-04-04 22:13:16',1),(189,0,837,131640,'2025-04-15 18:36:52',1),(190,0,1109,0,'2025-05-01 09:51:09',1),(191,0,1108,0,'2025-05-01 09:51:14',1),(192,0,1162,0,'2025-05-07 10:27:56',1),(193,0,1100,0,'2025-05-07 10:29:31',1),(194,0,31,0,'2025-05-07 10:31:50',1),(195,0,1306,0,'2025-05-07 10:32:51',1),(196,0,1173,0,'2025-05-07 10:43:27',1),(197,0,789,0,'2025-05-07 10:52:53',1),(198,0,1298,131619,'2025-05-07 10:53:59',1),(199,0,1053,131516,'2025-05-26 13:59:24',1),(200,0,76,15001,'2025-05-26 14:00:39',1),(201,0,583,37825,'2025-05-26 20:25:22',1),(202,0,65,2096,'2025-06-03 09:19:14',1),(203,0,1304,0,'2025-06-03 09:19:42',1),(204,0,1017,0,'2025-06-03 09:19:55',1),(205,0,38,0,'2025-06-03 09:20:00',1),(206,0,1532,0,'2025-06-03 09:20:50',1),(207,0,1112,134751,'2025-06-03 18:30:32',1),(208,0,943,131645,'2025-06-07 11:19:32',1),(209,0,1167,23909,'2025-06-09 16:38:47',1),(210,0,1189,37561,'2025-06-09 16:40:54',1),(211,0,1189,37537,'2025-06-09 16:42:49',1),(212,0,1095,0,'2025-06-09 16:43:06',1),(213,0,108,37985,'2025-06-09 16:44:06',1),(214,0,1190,37596,'2025-06-09 16:44:44',1),(215,0,793,0,'2025-06-09 16:45:13',1),(216,0,1555,134950,'2025-06-16 00:00:11',1),(217,0,1555,134950,'2025-06-16 00:00:11',1),(218,0,1555,134950,'2025-06-16 00:00:11',1),(219,0,1555,134950,'2025-06-16 00:00:12',1),(220,0,1070,131554,'2025-06-16 00:00:24',1),(221,0,1409,134285,'2025-06-16 00:00:54',1),(222,0,1301,131635,'2025-06-25 16:04:08',1),(223,0,837,131640,'2025-06-25 16:14:20',1),(224,0,1107,7926,'2025-06-25 16:15:17',1),(225,0,1177,0,'2025-06-25 16:17:24',1),(226,0,1162,0,'2025-06-25 16:18:54',1),(227,0,1314,131715,'2025-07-06 23:40:14',1),(228,0,1438,134375,'2025-07-06 23:40:28',1),(229,0,1445,134395,'2025-07-06 23:40:59',1),(230,0,1399,0,'2025-07-07 00:07:41',1),(231,0,19,134518,'2025-07-17 10:10:22',1),(232,0,1404,134270,'2025-07-23 16:18:49',1),(233,0,1053,131518,'2025-07-30 06:11:47',1),(234,0,1053,134223,'2025-07-30 06:11:52',1),(235,0,1059,134244,'2025-07-30 06:12:27',1),(236,0,1301,131635,'2025-08-03 22:47:40',1),(237,0,1107,7926,'2025-08-03 22:47:43',1),(238,0,1151,14138,'2025-08-03 22:47:46',1),(239,0,1099,0,'2025-08-03 22:48:33',1),(240,0,1207,131458,'2025-08-05 22:13:04',1),(241,0,1205,37623,'2025-08-05 22:13:12',1),(242,0,1320,131746,'2025-08-05 22:17:38',1),(243,0,1228,37675,'2025-08-05 22:19:47',1),(244,0,1125,131692,'2025-08-05 22:21:30',1),(245,0,1306,0,'2025-08-13 23:23:01',1),(246,0,1160,0,'2025-08-13 23:23:48',1),(247,0,1174,0,'2025-08-13 23:24:00',1),(248,0,789,0,'2025-08-13 23:31:32',1),(249,0,1117,131647,'2025-08-13 23:38:48',1),(250,0,1107,7926,'2025-08-13 23:41:13',1),(251,0,1122,37501,'2025-08-13 23:42:15',1),(252,0,1602,0,'2025-08-13 23:46:41',1),(253,0,1116,131646,'2025-08-25 18:03:56',1),(254,0,1305,131670,'2025-08-25 18:04:01',1),(255,0,1605,135007,'2025-08-28 16:49:17',1),(256,0,953,0,'2025-08-28 16:50:18',1),(257,0,1400,0,'2025-08-28 16:51:53',1),(258,0,21,37599,'2025-08-28 18:37:39',1),(259,0,1590,0,'2025-08-28 18:44:17',1),(260,0,1486,134502,'2025-09-02 12:34:21',1),(261,0,1160,0,'2025-09-02 12:34:53',1),(262,0,1191,37598,'2025-09-02 12:35:06',1),(263,0,108,37581,'2025-09-02 12:38:05',1),(264,0,663,23,'2025-09-02 22:50:27',1),(265,0,1273,0,'2025-09-02 22:53:13',1),(266,0,1108,0,'2025-09-02 22:53:19',1),(267,0,1109,0,'2025-09-02 22:53:24',1),(268,0,1182,0,'2025-09-02 22:54:43',1),(269,0,1182,0,'2025-09-02 22:54:48',1),(270,0,1551,0,'2025-09-02 22:58:24',1),(271,0,1215,0,'2025-09-03 23:24:39',1),(272,0,1072,131625,'2025-09-03 23:26:20',1),(273,0,1451,0,'2025-09-03 23:28:30',1),(274,0,789,0,'2025-09-03 23:28:57',1),(275,0,894,0,'2025-09-03 23:29:39',1),(276,0,84,0,'2025-09-03 23:29:40',1),(277,0,1108,0,'2025-09-03 23:30:30',1),(278,0,1109,0,'2025-09-03 23:30:32',1),(279,0,1273,0,'2025-09-03 23:30:37',1),(280,0,1511,134555,'2025-09-03 23:31:04',1),(281,0,803,0,'2025-09-03 23:32:28',1),(282,0,820,0,'2025-09-03 23:32:34',1),(283,0,79,14628,'2025-09-03 23:33:22',1),(284,0,108,37985,'2025-09-03 23:33:59',1),(285,0,1059,37977,'2025-09-03 23:34:29',1),(286,0,793,0,'2025-09-03 23:34:41',1),(287,0,1189,37529,'2025-09-09 11:36:22',1),(288,0,76,15001,'2025-09-09 11:37:59',1),(289,0,1059,131587,'2025-09-09 11:38:35',1),(290,0,1453,0,'2025-09-09 11:41:16',1),(291,0,87,134308,'2025-09-14 10:37:27',1),(292,0,108,37582,'2025-09-14 10:38:42',1),(293,0,1205,37623,'2025-09-15 14:44:14',1),(294,0,1206,131480,'2025-09-15 14:44:28',1),(295,0,1429,134699,'2025-09-15 14:45:26',1),(296,0,1428,134332,'2025-09-15 14:47:40',1),(297,0,1316,131733,'2025-09-15 14:49:12',1),(298,0,1429,134699,'2025-09-15 14:52:09',1),(299,0,1203,37614,'2025-09-15 14:58:21',1),(300,0,1398,134266,'2025-09-15 14:59:01',1),(301,0,1430,134692,'2025-09-15 15:00:38',1),(302,0,1298,131618,'2025-09-16 03:59:25',1),(303,0,1451,0,'2025-09-16 04:00:37',1),(304,0,1109,0,'2025-09-23 21:14:01',1),(305,0,1108,0,'2025-09-23 21:14:20',1),(306,0,1059,131429,'2025-09-23 21:14:51',1),(307,0,108,37986,'2025-09-23 21:15:22',1),(308,0,583,37893,'2025-09-23 21:15:56',1),(309,0,1013,0,'2025-10-02 00:14:31',1),(310,0,35,134470,'2025-10-02 00:14:37',1),(311,0,84,0,'2025-10-02 00:15:11',1),(312,0,789,0,'2025-10-02 00:15:59',1),(313,0,1053,131519,'2025-10-02 00:16:05',1),(314,0,1189,37502,'2025-10-10 09:34:45',1),(315,0,76,14948,'2025-10-10 09:35:22',1),(316,0,76,14948,'2025-10-10 09:36:40',1),(317,0,76,14948,'2025-10-10 09:36:52',1),(318,0,79,14662,'2025-10-12 16:02:28',1),(319,0,1398,134906,'2025-10-19 14:13:44',1),(320,0,1527,134696,'2025-10-19 14:14:30',1),(321,0,1560,0,'2025-10-29 10:33:50',1),(322,0,1428,134332,'2025-11-22 08:38:45',1),(323,0,1171,24093,'2025-11-26 22:41:08',1),(324,0,28,37678,'2025-11-30 16:11:12',1),(325,0,1221,131533,'2025-11-30 16:13:39',1),(326,0,1428,134332,'2025-12-04 09:54:04',1),(327,0,1428,134332,'2025-12-04 11:32:31',1),(328,0,1059,131429,'2025-12-09 21:22:02',1),(329,0,1059,37974,'2025-12-09 21:22:09',1),(330,0,76,14994,'2025-12-12 12:57:18',1),(331,0,79,14628,'2025-12-12 12:57:26',1),(332,0,1171,24038,'2025-12-12 12:57:31',1),(333,0,1273,0,'2025-12-12 12:57:50',1),(334,0,1190,37596,'2025-12-12 12:58:10',1),(335,0,1053,131519,'2025-12-12 12:58:40',1),(336,0,84,0,'2025-12-12 13:00:07',1),(337,0,1261,134988,'2025-12-12 13:00:09',1),(338,0,1164,0,'2025-12-12 13:00:21',1),(339,0,1072,131625,'2025-12-29 21:02:46',1);

--
-- Table structure for table `prstshp_carrier`
--

CREATE TABLE `prstshp_carrier` (
  `id_carrier` int(10) unsigned NOT NULL AUTO_INCREMENT,
  `id_reference` int(10) unsigned NOT NULL,
  `name` varchar(64) NOT NULL,
  `url` varchar(255) DEFAULT NULL,
  `active` tinyint(1) unsigned NOT NULL DEFAULT '0',
  `deleted` tinyint(1) unsigned NOT NULL DEFAULT '0',
  `shipping_handling` tinyint(1) unsigned NOT NULL DEFAULT '1',
  `range_behavior` tinyint(1) unsigned NOT NULL DEFAULT '0',
  `is_module` tinyint(1) unsigned NOT NULL DEFAULT '0',
  `is_free` tinyint(1) unsigned NOT NULL DEFAULT '0',
  `shipping_external` tinyint(1) unsigned NOT NULL DEFAULT '0',
  `need_range` tinyint(1) unsigned NOT NULL DEFAULT '0',
  `external_module_name` varchar(64) DEFAULT NULL,
  `shipping_method` int(2) NOT NULL DEFAULT '0',
  `position` int(10) unsigned NOT NULL DEFAULT '0',
  `max_width` int(10) DEFAULT '0',
  `max_height` int(10) DEFAULT '0',
  `max_depth` int(10) DEFAULT '0',
  `max_weight` decimal(20,6) DEFAULT '0.000000',
  `grade` int(10) DEFAULT '0',
  PRIMARY KEY (`id_carrier`),
  KEY `deleted` (`deleted`,`active`),
  KEY `reference` (`id_reference`,`deleted`,`active`)
) ENGINE=InnoDB AUTO_INCREMENT=142 DEFAULT CHARSET=utf8mb4 ROW_FORMAT=DYNAMIC;

--
-- Dumping data for table `prstshp_carrier`
--

INSERT INTO `prstshp_carrier` VALUES (1,1,'wetiz - Lifesaving Equipment',NULL,1,1,0,0,0,0,0,0,NULL,0,0,0,0,0,0.000000,0),(2,2,'My carrier',NULL,1,1,1,0,0,0,0,0,NULL,0,0,0,0,0,0.000000,0),(3,3,'My carrier',NULL,1,1,1,0,0,0,0,0,NULL,1,0,0,0,0,0.000000,0),(4,4,'DHL',NULL,1,1,1,0,0,0,0,0,NULL,1,0,0,0,0,0.000000,0),(5,5,'DHL',NULL,1,1,1,0,0,0,0,0,NULL,1,0,0,0,0,0.000000,0),(6,6,'GLS',NULL,1,1,1,0,0,0,0,0,NULL,1,0,0,0,0,0.000000,0),(7,7,'Spedition',NULL,1,1,1,0,0,0,0,0,NULL,1,0,0,0,0,0.000000,0),(8,8,'wetiz - Lifesaving Equipment','',1,1,0,0,0,0,0,0,'',1,1,0,0,0,0.000000,0),(9,9,'GLS',NULL,1,1,1,0,0,0,0,0,NULL,1,0,0,0,0,0.000000,0),(10,10,'GLS',NULL,1,1,1,0,0,0,0,0,NULL,1,0,0,0,0,0.000000,0),(11,11,'GLS',NULL,1,1,1,0,0,0,0,0,NULL,1,0,0,0,0,0.000000,0),(12,12,'GLS',NULL,1,1,1,0,0,0,0,0,NULL,1,0,0,0,0,0.000000,0),(13,13,'GLS',NULL,1,1,1,1,0,0,0,0,NULL,1,0,0,0,0,0.000000,0),(14,14,'Spedition',NULL,1,1,1,0,0,0,0,0,NULL,1,0,0,0,0,0.000000,0),(15,15,'GLS',NULL,1,1,1,1,0,0,0,0,NULL,2,0,0,0,0,0.000000,0),(16,16,'GLS',NULL,1,1,1,1,0,0,0,0,NULL,2,0,0,0,0,0.000000,0),(17,17,'Spedition',NULL,1,1,1,0,0,0,0,0,NULL,2,0,0,0,0,0.000000,0),(18,18,'Spedition',NULL,1,1,1,0,0,0,0,0,NULL,2,0,0,0,0,0.000000,0),(19,19,'GLS',NULL,1,1,1,1,0,0,0,0,NULL,1,0,0,0,0,0.000000,0),(20,20,'GLS',NULL,1,1,1,1,0,0,0,0,NULL,1,0,0,0,0,0.000000,0),(21,21,'Spedition',NULL,1,1,1,0,0,0,0,0,NULL,1,0,0,0,0,0.000000,0),(22,22,'Spedition',NULL,1,1,1,0,0,0,0,0,NULL,1,0,0,0,0,0.000000,0),(23,23,'Spedition',NULL,1,1,1,0,0,0,0,0,NULL,1,0,0,0,0,0.000000,0),(24,24,'Spedition',NULL,1,1,1,1,0,0,0,0,NULL,1,0,0,0,0,0.000000,0),(25,25,'GLS',NULL,1,1,1,1,0,0,0,0,NULL,1,0,0,0,0,0.000000,0),(26,26,'GLS',NULL,1,1,1,1,0,0,0,0,NULL,1,0,0,0,0,0.000000,0),(27,27,'GLS',NULL,1,1,1,1,0,0,0,0,NULL,1,0,0,0,0,0.000000,0),(28,28,'Spedition',NULL,1,1,1,1,0,0,0,0,NULL,1,0,0,0,0,0.000000,0),(29,29,'Spedition',NULL,1,1,1,1,0,0,0,0,NULL,1,0,0,0,0,0.000000,0),(30,30,'Spedition','',1,1,1,1,0,0,0,0,'',1,0,0,0,0,0.000000,0),(31,31,'GLS',NULL,1,1,1,1,0,0,0,0,NULL,1,0,0,0,0,0.000000,0),(32,32,'GLS',NULL,1,1,1,1,0,0,0,0,NULL,1,1,0,0,0,0.000000,0),(33,32,'GLS',NULL,1,1,1,1,0,0,0,0,NULL,1,1,40,100,60,40.000000,0),(34,32,'GLS',NULL,1,1,1,1,0,0,0,0,NULL,1,1,40,100,60,40.000000,0),(35,32,'GLS','',1,1,1,1,0,0,0,0,'',1,2,40,100,60,40.000000,0),(36,36,'DHL',NULL,1,1,0,1,0,0,0,0,NULL,1,3,60,120,60,5.000000,0),(37,36,'DHL','',0,1,0,1,0,0,0,0,'',1,3,60,120,60,5.000000,0),(38,32,'GLS','',1,1,1,1,0,0,0,0,'',1,2,40,100,60,40.000000,0),(39,30,'Spedition','',1,1,1,1,0,0,0,0,'',1,0,0,0,0,0.000000,0),(40,32,'GLS','',1,1,1,1,0,0,0,0,'',1,2,40,100,60,40.000000,0),(41,8,'wetiz - Lifesaving Equipment','',1,1,0,0,0,1,0,0,'',2,1,0,0,0,0.000000,0),(42,8,'Retrait au magasin','',1,1,0,0,0,1,0,0,'',2,1,0,0,0,0.000000,0),(43,8,'Retrait au magasin','',1,1,0,0,0,1,0,0,'',2,1,0,0,0,0.000000,0),(44,8,'Selbstabholung - Self pick up - Retrait au magasin','',1,1,0,0,0,0,0,0,'',2,2,0,0,0,0.000000,0),(45,32,'GLS','',1,1,1,1,0,0,0,0,'',1,1,40,100,60,40.000000,0),(46,32,'GLS','',1,1,1,1,0,0,0,0,'',1,1,40,100,60,40.000000,0),(47,32,'GLS','',1,1,1,1,0,0,0,0,'',1,1,40,100,60,40.000000,0),(48,30,'Spedition - Forwarder - entreprise de transport','',1,1,1,1,0,0,0,0,'',1,0,0,0,0,0.000000,0),(49,32,'DHL','',1,1,1,1,0,0,0,0,'',1,1,40,100,60,40.000000,0),(50,32,'DHL','',1,1,1,1,0,0,0,0,'',1,1,40,100,60,40.000000,0),(51,32,'DHL','',1,1,1,1,0,0,0,0,'',1,1,40,100,60,40.000000,0),(52,30,'Spedition - Forwarder - entreprise de transport','',1,1,1,1,0,0,0,0,'',1,0,0,0,0,0.000000,0),(53,30,'Spedition - Forwarder - entreprise de transport','',1,1,1,1,0,0,0,0,'',1,0,0,0,0,0.000000,0),(54,32,'DHL','',1,1,1,1,0,0,0,0,'',1,1,40,100,60,40.000000,0),(55,32,'DHL','',1,1,1,1,0,0,0,0,'',1,1,40,100,60,40.000000,0),(56,32,'DHL','',1,1,1,1,0,0,0,0,'',1,1,40,100,60,40.000000,0),(57,32,'DHL','',1,1,1,1,0,0,0,0,'',1,1,40,100,60,40.000000,0),(58,32,'DHL','',1,1,1,1,0,0,0,0,'',1,1,40,100,60,40.000000,0),(59,32,'DHL','',1,1,1,1,0,0,0,0,'',1,1,40,100,60,40.000000,0),(60,32,'DHL','',1,1,1,1,0,0,0,0,'',1,1,40,100,60,40.000000,0),(61,32,'DHL','',1,1,1,1,0,0,0,0,'',1,1,40,100,60,40.000000,0),(62,8,'Selbstabholung - Self pick up - Retrait au magasin','',0,1,0,0,0,0,0,0,'',2,2,0,0,0,0.000000,0),(63,32,'DHL','',1,1,1,1,0,0,0,0,'',1,1,40,100,60,40.000000,0),(64,32,'DHL','',1,1,1,1,0,0,0,0,'',1,1,40,100,60,40.000000,0),(65,32,'DHL','',1,1,1,1,0,0,0,0,'',1,1,40,100,60,40.000000,0),(66,32,'DHL','',1,1,1,1,0,0,0,0,'',1,1,40,100,60,40.000000,0),(67,32,'DHL','',1,1,1,1,0,0,0,0,'',1,1,40,100,60,40.000000,0),(68,32,'DHL','',1,1,1,1,0,0,0,0,'',1,1,40,100,60,40.000000,0),(69,32,'DHL','',1,1,1,1,0,0,0,0,'',1,1,40,100,60,40.000000,0),(70,32,'DHL','',1,1,1,1,0,0,0,0,'',1,1,40,100,60,40.000000,0),(71,32,'DHL','',1,1,1,1,0,0,0,0,'',1,1,40,100,60,40.000000,0),(72,32,'DHL','',1,1,1,1,0,0,0,0,'',1,1,40,100,60,40.000000,0),(73,32,'DHL','',1,1,1,1,0,0,0,0,'',1,1,40,100,60,40.000000,0),(74,32,'DHL','',1,1,1,1,0,0,0,0,'',1,1,40,100,60,40.000000,0),(75,32,'DHL','',1,1,1,1,0,0,0,0,'',1,1,40,100,60,40.000000,0),(76,32,'DHL','',1,1,1,1,0,0,0,0,'',1,1,40,100,60,40.000000,0),(77,32,'DHL','',1,1,1,1,0,0,0,0,'',1,1,40,100,60,40.000000,0),(78,32,'DHL','',1,1,1,1,0,0,0,0,'',1,1,40,100,60,40.000000,0),(79,32,'DHL','',1,1,1,1,0,0,0,0,'',1,1,40,100,60,40.000000,0),(80,32,'DHL','',1,1,1,1,0,0,0,0,'',1,1,40,100,60,40.000000,0),(81,32,'DHL','',1,1,1,1,0,0,0,0,'',1,1,40,100,60,40.000000,0),(82,32,'DHL','',1,1,1,0,0,0,0,0,'',1,1,40,100,60,40.000000,0),(83,32,'DHL','',1,1,1,1,0,0,0,0,'',1,1,40,100,60,40.000000,0),(84,32,'DHL','',1,1,1,1,0,0,0,0,'',1,1,40,100,60,40.000000,0),(85,32,'DHL','',1,1,1,1,0,0,0,0,'',1,1,40,100,60,40.000000,0),(86,32,'DHL','',1,1,1,1,0,0,0,0,'',1,1,40,100,60,40.000000,0),(87,32,'DHL','',1,1,1,1,0,0,0,0,'',1,1,40,100,60,40.000000,0),(88,32,'DHL','',1,1,1,1,0,0,0,0,'',1,1,40,100,60,40.000000,0),(89,32,'DHL','http://nolp.dhl.de/nextt-online-public/track.do?idc=@&lang=de',1,1,1,1,0,0,0,0,'',1,1,40,100,60,40.000000,0),(90,32,'DHL','http://nolp.dhl.de/nextt-online-public/track.do?idc=@&lang=de',1,1,1,1,0,0,0,0,'',1,1,40,100,60,40.000000,0),(91,32,'DHL','http://nolp.dhl.de/nextt-online-public/track.do?idc=@&lang=de',1,1,1,1,0,0,0,0,'',1,1,40,100,60,40.000000,0),(92,32,'DHL','http://nolp.dhl.de/nextt-online-public/track.do?idc=@&lang=de',1,1,1,1,0,0,0,0,'',1,1,40,100,60,40.000000,0),(93,32,'DHL','http://nolp.dhl.de/nextt-online-public/track.do?idc=@&lang=de',1,1,1,1,0,0,0,0,'',1,1,40,100,60,40.000000,0),(94,32,'DHL','http://nolp.dhl.de/nextt-online-public/track.do?idc=@&lang=de',1,1,1,1,0,0,0,0,'',1,1,40,100,60,40.000000,0),(95,32,'DHL','http://nolp.dhl.de/nextt-online-public/track.do?idc=@&lang=de',1,1,1,1,0,0,0,0,'',1,1,40,100,60,40.000000,0),(96,32,'DHL','http://nolp.dhl.de/nextt-online-public/track.do?idc=@&lang=de',1,1,1,1,0,0,0,0,'',1,1,40,100,60,40.000000,0),(97,32,'DHL','http://nolp.dhl.de/nextt-online-public/track.do?idc=@&lang=de',1,1,1,1,0,0,0,0,'',1,1,40,100,60,40.000000,0),(98,32,'DHL','http://nolp.dhl.de/nextt-online-public/track.do?idc=@&lang=de',1,1,1,1,0,0,0,0,'',1,1,40,100,60,40.000000,0),(99,32,'DHL','http://nolp.dhl.de/nextt-online-public/track.do?idc=@&lang=de',1,1,1,1,0,0,0,0,'',1,1,40,100,60,40.000000,0),(100,32,'DHL','http://nolp.dhl.de/nextt-online-public/track.do?idc=@&lang=de',1,1,1,1,0,0,0,0,'',1,1,40,100,60,40.000000,0),(101,32,'DHL','http://nolp.dhl.de/nextt-online-public/track.do?idc=@&lang=de',1,1,1,1,0,0,0,0,'',1,1,40,100,60,40.000000,0),(102,30,'Spedition - Forwarder - entreprise de transport','',1,1,1,1,0,0,0,0,'',1,0,0,0,0,0.000000,0),(103,30,'Spedition - Forwarder - entreprise de transport','',1,1,1,1,0,0,0,0,'',1,0,0,0,0,0.000000,0),(104,30,'Spedition - Forwarder - entreprise de transport','',1,1,1,1,0,0,0,0,'',1,0,0,0,0,0.000000,0),(105,30,'Spedition - Forwarder - entreprise de transport','',1,1,1,1,0,0,0,0,'',1,0,0,0,0,0.000000,0),(106,30,'Spedition - Forwarder - entreprise de transport','',1,1,1,1,0,0,0,0,'',1,0,0,0,0,0.000000,0),(107,30,'Spedition - Forwarder - entreprise de transport','',1,1,1,1,0,0,0,0,'',1,0,0,0,0,0.000000,0),(108,30,'Spedition - Forwarder - entreprise de transport','',1,1,1,1,0,0,0,0,'',1,0,0,0,0,0.000000,0),(109,30,'Spedition - Forwarder - entreprise de transport','',1,1,1,1,0,0,0,0,'',1,0,0,0,0,0.000000,0),(110,30,'Spedition - Forwarder - entreprise de transport','',1,1,1,1,0,0,0,0,'',1,0,0,0,0,0.000000,0),(111,32,'DHL','http://nolp.dhl.de/nextt-online-public/track.do?idc=@&lang=de',1,1,1,1,0,0,0,0,'',1,1,40,100,60,40.000000,0),(112,32,'DHL','http://nolp.dhl.de/nextt-online-public/track.do?idc=@&lang=de',1,1,1,1,0,0,0,0,'',1,1,40,100,60,40.000000,0),(113,30,'Spedition - Forwarder - entreprise de transport','',1,1,1,1,0,0,0,0,'',1,0,0,0,0,0.000000,0),(114,30,'Spedition - Forwarder - entreprise de transport','',1,1,1,1,0,0,0,0,'',1,0,0,0,0,0.000000,0),(115,30,'Spedition - Forwarder - entreprise de transport','',1,1,1,1,0,0,0,0,'',1,0,0,0,0,0.000000,0),(116,30,'Spedition - Forwarder - entreprise de transport','',1,1,1,1,0,0,0,0,'',1,0,0,0,0,0.000000,0),(117,30,'Spedition - Forwarder - entreprise de transport','',1,1,1,1,0,0,0,0,'',1,0,0,0,0,0.000000,0),(118,30,'Spedition - Forwarder - entreprise de transport','',1,1,1,1,0,0,0,0,'',1,0,0,0,0,0.000000,0),(119,30,'Spedition - Forwarder - entreprise de transport','',1,1,1,1,0,0,0,0,'',1,0,0,0,0,0.000000,0),(120,30,'Spedition - Forwarder - entreprise de transport','',1,1,1,1,0,0,0,0,'',1,0,0,0,0,0.000000,0),(121,30,'Spedition - Forwarder - entreprise de transport','',1,1,1,1,0,0,0,0,'',1,0,0,0,0,0.000000,0),(122,32,'DHL','http://nolp.dhl.de/nextt-online-public/track.do?idc=@&lang=de',1,1,1,1,0,0,0,0,'',1,1,40,100,60,40.000000,0),(123,8,'Selbstabholung - Self pick up - Retrait au magasin','',1,0,0,0,0,1,0,0,'',2,2,0,0,0,0.000000,0),(124,32,'DHL','http://nolp.dhl.de/nextt-online-public/track.do?idc=@&lang=de',1,1,1,1,0,0,0,0,'',1,1,40,100,60,40.000000,0),(125,32,'DHL','http://nolp.dhl.de/nextt-online-public/track.do?idc=@&lang=de',1,1,1,1,0,0,0,0,'',1,1,40,100,60,40.000000,0),(126,32,'DHL','http://nolp.dhl.de/nextt-online-public/track.do?idc=@&lang=de',1,1,1,1,0,0,0,0,'',1,1,40,100,60,40.000000,0),(127,30,'Spedition - Forwarder - entreprise de transport','',1,1,1,1,0,0,0,0,'',1,0,0,0,0,0.000000,0),(128,30,'Spedition - Forwarder - entreprise de transport','',1,1,1,1,0,0,0,0,'',1,0,0,0,0,0.000000,0),(129,32,'DHL','http://nolp.dhl.de/nextt-online-public/track.do?idc=@&lang=de',1,1,1,1,0,0,0,0,'',1,1,40,100,60,40.000000,0),(130,30,'Spedition - Forwarder - entreprise de transport','',1,1,1,1,0,0,0,0,'',1,0,0,0,0,0.000000,0),(131,32,'DHL','http://nolp.dhl.de/nextt-online-public/track.do?idc=@&lang=de',1,1,1,1,0,0,0,0,'',1,1,40,100,60,40.000000,0),(132,30,'Spedition - Forwarder - entreprise de transport','',1,1,1,1,0,0,0,0,'',1,0,0,0,0,0.000000,0),(133,30,'Spedition - Forwarder - entreprise de transport','',1,1,1,1,0,0,0,0,'',1,0,0,0,0,0.000000,0),(134,32,'DHL','http://nolp.dhl.de/nextt-online-public/track.do?idc=@&lang=de',1,1,1,1,0,0,0,0,'',1,1,40,100,60,40.000000,0),(135,32,'DHL','http://nolp.dhl.de/nextt-online-public/track.do?idc=@&lang=de',1,1,1,1,0,0,0,0,'',1,1,40,100,60,40.000000,0),(136,136,'DHL AUS','',1,0,0,1,0,0,0,0,'',1,3,0,0,0,5.000000,0),(137,30,'Spedition - Forwarder - entreprise de transport','',1,1,1,1,0,0,0,0,'',1,0,0,0,0,0.000000,0),(138,32,'DHL','http://nolp.dhl.de/nextt-online-public/track.do?idc=@&lang=de',1,1,1,1,0,0,0,0,'',1,1,40,100,60,40.000000,0),(139,32,'DHL','http://nolp.dhl.de/nextt-online-public/track.do?idc=@&lang=de',1,0,1,1,0,0,0,0,'',1,1,40,100,60,40.000000,0),(140,30,'Spedition - Forwarder - entreprise de transport','',1,1,1,1,0,0,0,0,'',1,0,0,0,0,0.000000,0),(141,30,'Spedition - Forwarder - entreprise de transport','',1,0,1,1,0,0,0,0,'',1,0,0,0,0,0.000000,0);

--
-- Table structure for table `prstshp_carrier_group`
--

CREATE TABLE `prstshp_carrier_group` (
  `id_carrier` int(10) unsigned NOT NULL,
  `id_group` int(10) unsigned NOT NULL,
  PRIMARY KEY (`id_carrier`,`id_group`)
) ENGINE=InnoDB DEFAULT CHARSET=utf8mb4 ROW_FORMAT=DYNAMIC;

--
-- Dumping data for table `prstshp_carrier_group`
--

INSERT INTO `prstshp_carrier_group` VALUES (3,1),(5,1),(5,2),(8,1),(8,2),(30,1),(30,2),(32,1),(32,2),(33,1),(34,1),(35,1),(36,1),(36,3),(36,4),(37,1),(37,3),(37,4),(38,1),(39,1),(39,2),(39,3),(39,4),(40,1),(40,2),(40,3),(40,4),(41,1),(41,2),(41,3),(41,4),(42,1),(42,2),(42,3),(42,4),(43,1),(43,2),(43,3),(43,4),(44,1),(44,2),(44,3),(44,4),(45,1),(45,2),(45,3),(45,4),(46,1),(46,2),(46,3),(46,4),(47,1),(47,2),(47,3),(47,4),(48,1),(48,2),(48,3),(48,4),(49,1),(49,2),(49,3),(49,4),(50,1),(50,2),(50,3),(50,4),(51,1),(51,2),(51,3),(51,4),(52,1),(52,2),(52,3),(52,4),(53,1),(53,2),(53,3),(53,4),(54,1),(54,2),(54,3),(54,4),(55,1),(55,2),(55,3),(55,4),(56,1),(56,2),(56,3),(56,4),(57,1),(57,2),(57,3),(57,4),(58,1),(58,2),(58,3),(58,4),(59,1),(59,2),(59,3),(59,4),(60,1),(60,2),(60,3),(60,4),(61,1),(61,2),(61,3),(61,4),(62,1),(62,2),(62,3),(62,4),(63,1),(63,2),(63,3),(63,4),(64,1),(64,2),(64,3),(64,4),(65,1),(65,2),(65,3),(65,4),(66,1),(66,2),(66,3),(66,4),(67,1),(67,2),(67,3),(67,4),(68,1),(68,2),(68,3),(68,4),(69,1),(69,2),(69,3),(69,4),(70,1),(70,2),(70,3),(70,4),(71,1),(71,2),(71,3),(71,4),(72,1),(72,2),(72,3),(72,4),(73,1),(73,2),(73,3),(73,4),(74,1),(74,2),(74,3),(74,4),(75,1),(75,2),(75,3),(75,4),(76,1),(76,2),(76,3),(76,4),(77,1),(77,2),(77,3),(77,4),(78,1),(78,2),(78,3),(78,4),(79,1),(79,2),(79,3),(79,4),(80,1),(80,2),(80,3),(80,4),(81,1),(81,2),(81,3),(81,4),(82,1),(82,2),(82,3),(82,4),(83,1),(83,2),(83,3),(83,4),(84,1),(84,2),(84,3),(84,4),(85,1),(85,2),(85,3),(85,4),(86,1),(86,2),(86,3),(86,4),(87,1),(87,2),(87,3),(87,4),(88,1),(88,2),(88,3),(88,4),(89,1),(89,2),(89,3),(89,4),(90,1),(90,2),(90,3),(90,4),(91,1),(91,2),(91,3),(91,4),(92,1),(92,2),(92,3),(92,4),(93,1),(93,2),(93,3),(93,4),(94,1),(94,2),(94,3),(94,4),(95,1),(95,2),(95,3),(95,4),(96,1),(96,2),(96,3),(96,4),(97,1),(97,2),(97,3),(97,4),(98,1),(98,2),(98,3),(98,4),(99,1),(99,2),(99,3),(99,4),(100,1),(100,2),(100,3),(100,4),(101,1),(101,2),(101,3),(101,4),(102,1),(102,2),(102,3),(102,4),(103,1),(103,2),(103,3),(103,4),(104,1),(104,2),(104,3),(104,4),(105,1),(105,2),(105,3),(105,4),(106,1),(106,2),(106,3),(106,4),(107,1),(107,2),(107,3),(107,4),(108,1),(108,2),(108,3),(108,4),(109,1),(109,2),(109,3),(109,4),(110,1),(110,2),(110,3),(110,4),(111,1),(111,2),(111,3),(111,4),(112,1),(112,2),(112,3),(112,4),(113,1),(113,2),(113,3),(113,4),(114,1),(114,2),(114,3),(114,4),(115,1),(115,2),(115,3),(115,4),(116,1),(116,2),(116,3),(116,4),(117,1),(117,2),(117,3),(117,4),(118,1),(118,2),(118,3),(118,4),(119,1),(119,2),(119,3),(119,4),(120,1),(120,2),(120,3),(120,4),(121,1),(121,2),(121,3),(121,4),(122,1),(122,2),(122,3),(122,4),(123,1),(123,2),(123,3),(123,4),(124,1),(124,2),(124,3),(124,4),(125,1),(125,2),(125,3),(125,4),(126,1),(126,2),(126,3),(126,4),(127,1),(127,2),(127,3),(127,4),(128,1),(128,2),(128,3),(128,4),(129,1),(129,2),(129,3),(129,4),(130,1),(130,2),(130,3),(130,4),(131,1),(131,2),(131,3),(131,4),(132,1),(132,2),(132,3),(132,4),(133,1),(133,2),(133,3),(133,4),(134,1),(134,2),(134,3),(134,4),(135,1),(135,2),(135,3),(135,4),(136,1),(136,2),(136,3),(136,4),(137,1),(137,2),(137,3),(137,4),(138,1),(138,2),(138,3),(138,4),(139,1),(139,2),(139,3),(139,4),(140,1),(140,2),(140,3),(140,4),(141,1),(141,2),(141,3),(141,4);

--
-- Table structure for table `prstshp_carrier_lang`
--

CREATE TABLE `prstshp_carrier_lang` (
  `id_carrier` int(10) unsigned NOT NULL,
  `id_shop` int(11) unsigned NOT NULL DEFAULT '1',
  `id_lang` int(10) unsigned NOT NULL,
  `delay` varchar(512) DEFAULT NULL,
  PRIMARY KEY (`id_carrier`,`id_shop`,`id_lang`)
) ENGINE=InnoDB DEFAULT CHARSET=utf8mb4 ROW_FORMAT=DYNAMIC;

--
-- Dumping data for table `prstshp_carrier_lang`
--

INSERT INTO `prstshp_carrier_lang` VALUES (1,1,1,'Pick up in-store'),(1,1,2,'Retrait au magasin'),(1,1,4,'Abholung im Geschäft'),(1,1,7,'Ritiro in negozio'),(2,1,1,'Delivery next day!'),(2,1,2,'Livraison le lendemain !'),(2,1,4,'Zustellung am nächsten Tag!'),(2,1,7,'Zustellung am nächsten Tag!'),(3,1,1,'Delivery next day!'),(3,1,2,'Livraison le lendemain !'),(3,1,4,'Auf Anfrage/Absprache'),(3,1,7,'Auf Anfrage/Absprache'),(4,1,1,'1-3 Werktage'),(4,1,2,'1-3 Werktage'),(4,1,4,'1-3 Werktage'),(4,1,7,'1-3 Werktage'),(5,1,1,'1-3 Werktage'),(5,1,2,'1-3 Werktage'),(5,1,4,'1-3 Werktage'),(5,1,7,'1-3 Werktage'),(6,1,1,'Deutschland'),(6,1,2,'Deutschland'),(6,1,4,'Deutschland'),(6,1,7,'Deutschland'),(7,1,1,'Auf Anfrage'),(7,1,2,'Auf Anfrage'),(7,1,4,'Auf Anfrage'),(7,1,7,'Auf Anfrage'),(8,1,1,'Pick up in-store'),(8,1,2,'Retrait au magasin'),(8,1,4,'Abholung im Geschäft'),(8,1,7,'Ritiro in negozio'),(9,1,1,'Deutschland'),(9,1,2,'Deutschland'),(9,1,4,'Deutschland'),(9,1,7,'Deutschland'),(10,1,1,'Deutschland'),(10,1,2,'Deutschland'),(10,1,4,'Deutschland'),(10,1,7,'Deutschland'),(11,1,1,'Deutschland'),(11,1,2,'Deutschland'),(11,1,4,'Deutschland: 1-3 Werktage, Europa: 3-7 Werktage'),(11,1,7,'Deutschland: 1-3 Werktage, Europa: 3-7 Werktage'),(12,1,1,'Deutschland'),(12,1,2,'Deutschland'),(12,1,4,'Deutschland: 1-3 Werktage, Europa: 3-7 Werktage'),(12,1,7,'Deutschland: 1-3 Werktage, Europa: 3-7 Werktage'),(13,1,1,'Deutschland'),(13,1,2,'Deutschland'),(13,1,4,'Deutschland: 1-3 Werktage, Europa: 3-7 Werktage'),(13,1,7,'Deutschland: 1-3 Werktage, Europa: 3-7 Werktage'),(14,1,1,'Auf Anfrage'),(14,1,2,'Auf Anfrage'),(14,1,4,'Auf Anfrage'),(14,1,7,'Auf Anfrage'),(15,1,1,'Deutschland'),(15,1,2,'Deutschland'),(15,1,4,'Deutschland: 1-3 Werktage, Europa: 3-7 Werktage'),(15,1,7,'Deutschland: 1-3 Werktage, Europa: 3-7 Werktage'),(16,1,1,'Deutschland'),(16,1,2,'Deutschland'),(16,1,4,'Deutschland: 1-3 Werktage, Europa: 3-7 Werktage'),(16,1,7,'Deutschland: 1-3 Werktage, Europa: 3-7 Werktage'),(17,1,1,'Auf Anfrage'),(17,1,2,'Auf Anfrage'),(17,1,4,'Auf Anfrage'),(17,1,7,'Auf Anfrage'),(18,1,1,'Auf Anfrage'),(18,1,2,'Auf Anfrage'),(18,1,4,'Auf Anfrage'),(18,1,7,'Auf Anfrage'),(19,1,1,'Deutschland'),(19,1,2,'Deutschland'),(19,1,4,'Deutschland: 1-3 Werktage, Europa: 3-7 Werktage'),(19,1,7,'Deutschland: 1-3 Werktage, Europa: 3-7 Werktage'),(20,1,1,'Deutschland'),(20,1,2,'Deutschland'),(20,1,4,'Deutschland: 1-3 Werktage, Europa: 3-7 Werktage'),(20,1,7,'Deutschland: 1-3 Werktage, Europa: 3-7 Werktage'),(21,1,1,'Auf Anfrage'),(21,1,2,'Auf Anfrage'),(21,1,4,'Auf Anfrage'),(21,1,7,'Auf Anfrage'),(22,1,1,'Auf Anfrage'),(22,1,2,'Auf Anfrage'),(22,1,4,'Auf Anfrage'),(22,1,7,'Auf Anfrage'),(23,1,1,'Auf Anfrage'),(23,1,2,'Auf Anfrage'),(23,1,4,'Auf Anfrage'),(23,1,7,'Auf Anfrage'),(24,1,1,'Auf Anfrage'),(24,1,2,'Auf Anfrage'),(24,1,4,'Auf Anfrage'),(24,1,7,'Auf Anfrage'),(25,1,1,'Deutschland'),(25,1,2,'Deutschland'),(25,1,4,'Europa: ca. 5 Wochen'),(25,1,7,'Europa: ca. 5 Wochen'),(26,1,1,'Wenn Ware vorrätig is 3-7 Tage Lieferzeit in Europa .'),(26,1,2,'Wenn Ware vorrätig is 3-7 Tage Lieferzeit in Europa .'),(26,1,4,'Wenn Ware vorrätig is 3-7 Tage Lieferzeit in Europa .'),(26,1,7,'Wenn Ware vorrätig is 3-7 Tage Lieferzeit in Europa .'),(27,1,1,'Lieferzeiten bei vorrätiger Ware: Deutschland: 1-3 Werktage, Europa: 3-7 Werktage'),(27,1,2,'Lieferzeiten bei vorrätiger Ware: Deutschland: 1-3 Werktage, Europa: 3-7 Werktage'),(27,1,4,'Lieferzeiten bei vorrätiger Ware: Deutschland: 1-3 Werktage, Europa: 3-7 Werktage'),(27,1,7,'Lieferzeiten bei vorrätiger Ware: Deutschland: 1-3 Werktage, Europa: 3-7 Werktage'),(28,1,1,'Auf Anfrage'),(28,1,2,'Auf Anfrage'),(28,1,4,'Auf Anfrage'),(28,1,7,'Auf Anfrage'),(29,1,1,'Auf Anfrage'),(29,1,2,'Auf Anfrage'),(29,1,4,'Auf Anfrage'),(29,1,7,'Auf Anfrage'),(30,1,1,'Auf Anfrage'),(30,1,2,'Auf Anfrage'),(30,1,4,'Auf Anfrage'),(30,1,7,'Auf Anfrage'),(31,1,1,'Lieferzeiten bei vorrätiger Ware: Deutschland: 1-3 Werktage, Europa: 3-7 Werktage'),(31,1,2,'Lieferzeiten bei vorrätiger Ware: Deutschland: 1-3 Werktage, Europa: 3-7 Werktage'),(31,1,4,'Bei vorrätiger Ware: Dtl: 1-3 Werktage, Europa: 3-7 Werktage. Bitte beachten Sie die Produktionszeiten der jeweiligen Produkte!'),(31,1,7,'Bei vorrätiger Ware: Dtl: 1-3 Werktage, Europa: 3-7 Werktage. Bitte beachten Sie die Produktionszeiten der jeweiligen Produkte!'),(32,1,1,'If ware is on stock: Germany: 1-3 weekdays, Europe: 3-7 weekdays. Please note the production time of the different products!'),(32,1,2,'If ware is on stock: Germany: 1-3 weekdays, Europe: 3-7 weekdays. Please note the production time of the different products!'),(32,1,4,'Bei vorrätiger Ware: Dtl: 1-3 Werktage, Europa: 3-7 Werktage. Bitte beachten Sie aber auch die Produktionszeiten der Produkte!'),(32,1,7,'Bei vorrätiger Ware: Dtl: 1-3 Werktage, Europa: 3-7 Werktage. Bitte beachten Sie aber auch die Produktionszeiten der Produkte!'),(33,1,1,'If ware is on stock: Germany: 1-3 weekdays, Europe: 3-7 weekdays. Please note the production time of the different products!'),(33,1,2,'If ware is on stock: Germany: 1-3 weekdays, Europe: 3-7 weekdays. Please note the production time of the different products!'),(33,1,4,'Bei vorrätiger Ware: Dtl: 1-3 Werktage, Europa: 3-7 Werktage. Bitte beachten Sie aber auch die Produktionszeiten der Produkte!'),(33,1,7,'Bei vorrätiger Ware: Dtl: 1-3 Werktage, Europa: 3-7 Werktage. Bitte beachten Sie aber auch die Produktionszeiten der Produkte!'),(34,1,1,'If ware is on stock: Germany: 1-3 weekdays, Europe: 3-7 weekdays. Please note the production time of the different products!'),(34,1,2,'If ware is on stock: Germany: 1-3 weekdays, Europe: 3-7 weekdays. Please note the production time of the different products!'),(34,1,4,'Bei vorrätiger Ware: Dtl: 1-3 Werktage, Europa: 3-7 Werktage. Bitte beachten Sie aber auch die Produktionszeiten der Produkte!'),(34,1,7,'Bei vorrätiger Ware: Dtl: 1-3 Werktage, Europa: 3-7 Werktage. Bitte beachten Sie aber auch die Produktionszeiten der Produkte!'),(35,1,1,'If ware is on stock: Germany: 1-3 weekdays, Europe: 3-7 weekdays. Please note the production time of the different products!'),(35,1,2,'If ware is on stock: Germany: 1-3 weekdays, Europe: 3-7 weekdays. Please note the production time of the different products!'),(35,1,4,'Bei vorrätiger Ware: Dtl: 1-3 Werktage, Europa: 3-7 Werktage. Bitte beachten Sie aber auch die Produktionszeiten der Produkte!'),(35,1,7,'Bei vorrätiger Ware: Dtl: 1-3 Werktage, Europa: 3-7 Werktage. Bitte beachten Sie aber auch die Produktionszeiten der Produkte!'),(36,1,1,' 2-6 Werktage, bei  Lagerbestand des Artikels'),(36,1,2,' 2-6 Werktage, bei  Lagerbestand des Artikels'),(36,1,4,' 2-6 Werktage, bei  Lagerbestand des Artikels'),(36,1,7,' 2-6 Werktage, bei  Lagerbestand des Artikels'),(37,1,1,' 2-6 Werktage, bei  Lagerbestand des Artikels'),(37,1,2,' 2-6 Werktage, bei  Lagerbestand des Artikels'),(37,1,4,'bei vorrätiger Ware 2-6 Tage in Europa'),(37,1,7,'bei vorrätiger Ware 2-6 Tage in Europa'),(38,1,1,'If ware is on stock: Germany: 1-3 weekdays, Europe: 3-7 weekdays. Please note the production time of the different products!'),(38,1,2,'If ware is on stock: Germany: 1-3 weekdays, Europe: 3-7 weekdays. Please note the production time of the different products!'),(38,1,4,'Bei vorrätiger Ware: Dtl: 1-3 Werktage, Europa: 3-7 Werktage. Bitte beachten Sie aber auch die Produktionszeiten der Produkte!'),(38,1,7,'Bei vorrätiger Ware: Dtl: 1-3 Werktage, Europa: 3-7 Werktage. Bitte beachten Sie aber auch die Produktionszeiten der Produkte!'),(39,1,1,'Auf Anfrage'),(39,1,2,'Auf Anfrage'),(39,1,4,'Auf Anfrage'),(39,1,7,'Auf Anfrage'),(40,1,1,'If ware is on stock: Germany: 1-3 weekdays, Europe: 3-7 weekdays. Please note the production time of the different products!'),(40,1,2,'If ware is on stock: Germany: 1-3 weekdays, Europe: 3-7 weekdays. Please note the production time of the different products!'),(40,1,4,'Bei vorrätiger Ware: Dtl: 1-3 Werktage, Europa: 3-7 Werktage. Bitte beachten Sie aber auch die Produktionszeiten der Produkte!'),(40,1,7,'Bei vorrätiger Ware: Dtl: 1-3 Werktage, Europa: 3-7 Werktage. Bitte beachten Sie aber auch die Produktionszeiten der Produkte!'),(41,1,1,'Pick up in-store'),(41,1,2,'Retrait au magasin'),(41,1,4,'Abholung im Geschäft'),(41,1,7,'Ritiro in negozio'),(42,1,1,'Self pick up in-store'),(42,1,2,'Retrait au magasin'),(42,1,4,'Selbstabholung im Geschäft'),(42,1,7,'Selbstabholung im Geschäft'),(43,1,1,'Self pick up in-store'),(43,1,2,'Retrait au magasin'),(43,1,4,'Selbstabholung im Geschäft'),(43,1,7,'Selbstabholung im Geschäft'),(44,1,1,'Self pick up in-store'),(44,1,2,'Retrait au magasin'),(44,1,4,'Selbstabholung im Geschäft'),(44,1,7,'Selbstabholung im Geschäft'),(45,1,1,'Germany: 5-7 weekdays, Europe: 5-10 weekdays. Please note the production time of the different products!'),(45,1,2,'Germany: 5-7 weekdays, Europe: 5-10 weekdays. Please note the production time of the different products!'),(45,1,4,'Deutschland: ca. 5 Werktage, Europa: ca. 5-10 Werktage. Bitte beachten Sie auch die Produktionszeiten der Produkte!'),(45,1,7,'Deutschland: ca. 5 Werktage, Europa: ca. 5-10 Werktage. Bitte beachten Sie auch die Produktionszeiten der Produkte!'),(46,1,1,'Germany: 5-7 weekdays, Europe: 5-10 weekdays. Please note the production time of the different products!'),(46,1,2,'Germany: 5-7 weekdays, Europe: 5-10 weekdays. Please note the production time of the different products!'),(46,1,4,'Deutschland: ca. 5 Werktage, Europa: ca. 5-10 Werktage. Bitte beachten Sie auch die Produktionszeiten der Produkte!'),(46,1,7,'Deutschland: ca. 5 Werktage, Europa: ca. 5-10 Werktage. Bitte beachten Sie auch die Produktionszeiten der Produkte!'),(47,1,1,'Germany: 5-7 weekdays, Europe: 5-10 weekdays. Please note the production time of the different products!'),(47,1,2,'Germany: 5-7 weekdays, Europe: 5-10 weekdays. Please note the production time of the different products!'),(47,1,4,'Deutschland: ca. 5 Werktage, Europa: ca. 5-10 Werktage. Bitte beachten Sie auch die Produktionszeiten der Produkte!'),(47,1,7,'Deutschland: ca. 5 Werktage, Europa: ca. 5-10 Werktage. Bitte beachten Sie auch die Produktionszeiten der Produkte!'),(48,1,1,'on request'),(48,1,2,'sur demande'),(48,1,4,'Auf Anfrage'),(48,1,7,'Auf Anfrage'),(49,1,1,'Germany: 5-7 weekdays, Europe: 5-10 weekdays. Please note the production time of the different products!'),(49,1,2,'Germany: 5-7 weekdays, Europe: 5-10 weekdays. Please note the production time of the different products!'),(49,1,4,'Deutschland: ca. 5 Werktage, Europa: ca. 5-10 Werktage. Bitte beachten Sie auch die Produktionszeiten der Produkte!'),(49,1,7,'Deutschland: ca. 5 Werktage, Europa: ca. 5-10 Werktage. Bitte beachten Sie auch die Produktionszeiten der Produkte!'),(50,1,1,'Germany: 5-7 weekdays, Europe: 5-10 weekdays. Please note the production time of the different products!'),(50,1,2,'Germany: 5-7 weekdays, Europe: 5-10 weekdays. Please note the production time of the different products!'),(50,1,4,'Deutschland: ca. 5 Werktage, Europa: ca. 5-10 Werktage. Bitte beachten Sie auch die Produktionszeiten der Produkte!'),(50,1,7,'Deutschland: ca. 5 Werktage, Europa: ca. 5-10 Werktage. Bitte beachten Sie auch die Produktionszeiten der Produkte!'),(51,1,1,'Germany: 5-7 weekdays, Europe: 5-10 weekdays. Please note the production time of the different products!'),(51,1,2,'Germany: 5-7 weekdays, Europe: 5-10 weekdays. Please note the production time of the different products!'),(51,1,4,'Deutschland: ca. 5 Werktage, Europa: ca. 5-10 Werktage. Bitte beachten Sie auch die Produktionszeiten der Produkte!'),(51,1,7,'Deutschland: ca. 5 Werktage, Europa: ca. 5-10 Werktage. Bitte beachten Sie auch die Produktionszeiten der Produkte!'),(52,1,1,'on request'),(52,1,2,'sur demande'),(52,1,4,'Auf Anfrage'),(52,1,7,'Auf Anfrage'),(53,1,1,'on request'),(53,1,2,'sur demande'),(53,1,4,'Auf Anfrage'),(53,1,7,'Auf Anfrage'),(54,1,1,'Germany: 5-7 weekdays, Europe: 5-10 weekdays. Please note the production time of the different products!'),(54,1,2,'Germany: 5-7 weekdays, Europe: 5-10 weekdays. Please note the production time of the different products!'),(54,1,4,'Deutschland: ca. 5 Werktage, Europa: ca. 5-10 Werktage. Bitte beachten Sie auch die Produktionszeiten der Produkte!'),(54,1,7,'Deutschland: ca. 5 Werktage, Europa: ca. 5-10 Werktage. Bitte beachten Sie auch die Produktionszeiten der Produkte!'),(55,1,1,'Germany: 5-7 weekdays, Europe: 5-10 weekdays. Please note the production time of the different products!'),(55,1,2,'Germany: 5-7 weekdays, Europe: 5-10 weekdays. Please note the production time of the different products!'),(55,1,4,'Deutschland: ca. 5 Werktage, Europa: ca. 5-10 Werktage. Bitte beachten Sie auch die Produktionszeiten der Produkte!'),(55,1,7,'Deutschland: ca. 5 Werktage, Europa: ca. 5-10 Werktage. Bitte beachten Sie auch die Produktionszeiten der Produkte!'),(56,1,1,'Germany: 5-7 weekdays, Europe: 5-10 weekdays. Please note the production time of the different products!'),(56,1,2,'Germany: 5-7 weekdays, Europe: 5-10 weekdays. Please note the production time of the different products!'),(56,1,4,'Deutschland: ca. 5 Werktage, Europa: ca. 5-10 Werktage. Bitte beachten Sie auch die Produktionszeiten der Produkte!'),(56,1,7,'Deutschland: ca. 5 Werktage, Europa: ca. 5-10 Werktage. Bitte beachten Sie auch die Produktionszeiten der Produkte!'),(57,1,1,'Germany: 5-7 weekdays, Europe: 5-10 weekdays. Please note the production time of the different products!'),(57,1,2,'Germany: 5-7 weekdays, Europe: 5-10 weekdays. Please note the production time of the different products!'),(57,1,4,'Deutschland: ca. 5 Werktage, Europa: ca. 5-10 Werktage. Bitte beachten Sie auch die Produktionszeiten der Produkte!'),(57,1,7,'Deutschland: ca. 5 Werktage, Europa: ca. 5-10 Werktage. Bitte beachten Sie auch die Produktionszeiten der Produkte!'),(58,1,1,'Germany: 5-7 weekdays, Europe: 5-10 weekdays. Please note the production time of the different products!'),(58,1,2,'Germany: 5-7 weekdays, Europe: 5-10 weekdays. Please note the production time of the different products!'),(58,1,4,'Deutschland: ca. 5 Werktage, Europa: ca. 5-10 Werktage. Bitte beachten Sie auch die Produktionszeiten der Produkte!'),(58,1,7,'Deutschland: ca. 5 Werktage, Europa: ca. 5-10 Werktage. Bitte beachten Sie auch die Produktionszeiten der Produkte!'),(59,1,1,'Germany: 5-7 weekdays, Europe: 5-10 weekdays. Please note the production time of the different products!'),(59,1,2,'Germany: 5-7 weekdays, Europe: 5-10 weekdays. Please note the production time of the different products!'),(59,1,4,'Deutschland: ca. 5 Werktage, Europa: ca. 5-10 Werktage. Bitte beachten Sie auch die Produktionszeiten der Produkte!'),(59,1,7,'Deutschland: ca. 5 Werktage, Europa: ca. 5-10 Werktage. Bitte beachten Sie auch die Produktionszeiten der Produkte!'),(60,1,1,'Germany: 5 weekdays, Europe: 5-10 weekdays. Please note the production time of the different products!'),(60,1,2,'Germany: 5-7 weekdays, Europe: 5-10 weekdays. Please note the production time of the different products!'),(60,1,4,'Deutschland: ca. 5 Werktage, Europa: ca. 5-10 Werktage. Bitte beachten Sie auch die Produktionszeiten der Produkte!'),(60,1,7,'Deutschland: ca. 5 Werktage, Europa: ca. 5-10 Werktage. Bitte beachten Sie auch die Produktionszeiten der Produkte!'),(61,1,1,'Germany: 5 weekdays, Europe: 5-10 weekdays. Please note the production time of the different products!'),(61,1,2,'Germany: 5-7 weekdays, Europe: 5-10 weekdays. Please note the production time of the different products!'),(61,1,4,'Deutschland: ca. 5 Werktage, Europa: ca. 5-10 Werktage. Bitte beachten Sie auch die Produktionszeiten der Produkte!'),(61,1,7,'Deutschland: ca. 5 Werktage, Europa: ca. 5-10 Werktage. Bitte beachten Sie auch die Produktionszeiten der Produkte!'),(62,1,1,'Self pick up in-store'),(62,1,2,'Retrait au magasin'),(62,1,4,'Selbstabholung im Geschäft'),(62,1,7,'Selbstabholung im Geschäft'),(63,1,1,'Germany: 5 weekdays, Europe: 5-10 weekdays. Please note the production time of the different products!'),(63,1,2,'Germany: 5-7 weekdays, Europe: 5-10 weekdays. Please note the production time of the different products!'),(63,1,4,'Deutschland: ca. 5 Werktage, Europa: ca. 5-10 Werktage. Bitte beachten Sie auch die Produktionszeiten der Produkte!'),(63,1,7,'Deutschland: ca. 5 Werktage, Europa: ca. 5-10 Werktage. Bitte beachten Sie auch die Produktionszeiten der Produkte!'),(64,1,1,'Germany: 5 weekdays, Europe: 5-10 weekdays. Please note the production time of the different products!'),(64,1,2,'Germany: 5-7 weekdays, Europe: 5-10 weekdays. Please note the production time of the different products!'),(64,1,4,'Deutschland: ca. 5 Werktage, Europa: ca. 5-10 Werktage. Bitte beachten Sie auch die Produktionszeiten der Produkte!'),(64,1,7,'Deutschland: ca. 5 Werktage, Europa: ca. 5-10 Werktage. Bitte beachten Sie auch die Produktionszeiten der Produkte!'),(65,1,1,'Germany: 5 weekdays, Europe: 5-10 weekdays. Please note the production time of the different products!'),(65,1,2,'Germany: 5-7 weekdays, Europe: 5-10 weekdays. Please note the production time of the different products!'),(65,1,4,'Deutschland: ca. 5 Werktage, Europa: ca. 5-10 Werktage. Bitte beachten Sie auch die Produktionszeiten der Produkte!'),(65,1,7,'Deutschland: ca. 5 Werktage, Europa: ca. 5-10 Werktage. Bitte beachten Sie auch die Produktionszeiten der Produkte!'),(66,1,1,'Germany: 5 weekdays, Europe: 5-10 weekdays. Please note the production time of the different products!'),(66,1,2,'Germany: 5-7 weekdays, Europe: 5-10 weekdays. Please note the production time of the different products!'),(66,1,4,'Deutschland: ca. 5 Werktage, Europa: ca. 5-10 Werktage. Bitte beachten Sie auch die Produktionszeiten der Produkte!'),(66,1,7,'Deutschland: ca. 5 Werktage, Europa: ca. 5-10 Werktage. Bitte beachten Sie auch die Produktionszeiten der Produkte!'),(67,1,1,'Germany: 5 weekdays, Europe: 5-10 weekdays. Please note the production time of the different products!'),(67,1,2,'Germany: 5-7 weekdays, Europe: 5-10 weekdays. Please note the production time of the different products!'),(67,1,4,'Deutschland: ca. 5 Werktage, Europa: ca. 5-10 Werktage. Bitte beachten Sie auch die Produktionszeiten der Produkte!'),(67,1,7,'Deutschland: ca. 5 Werktage, Europa: ca. 5-10 Werktage. Bitte beachten Sie auch die Produktionszeiten der Produkte!'),(68,1,1,'Germany: 5 weekdays, Europe: 5-10 weekdays. Please note the production time of the different products!'),(68,1,2,'Germany: 5-7 weekdays, Europe: 5-10 weekdays. Please note the production time of the different products!'),(68,1,4,'Deutschland: ca. 5 Werktage, Europa: ca. 5-10 Werktage. Bitte beachten Sie auch die Produktionszeiten der Produkte!'),(68,1,7,'Deutschland: ca. 5 Werktage, Europa: ca. 5-10 Werktage. Bitte beachten Sie auch die Produktionszeiten der Produkte!'),(69,1,1,'Germany: 5 weekdays, Europe: 5-10 weekdays. Please note the production time of the different products!'),(69,1,2,'Germany: 5-7 weekdays, Europe: 5-10 weekdays. Please note the production time of the different products!'),(69,1,4,'Deutschland: ca. 5 Werktage, Europa: ca. 5-10 Werktage. Bitte beachten Sie auch die Produktionszeiten der Produkte!'),(69,1,7,'Deutschland: ca. 5 Werktage, Europa: ca. 5-10 Werktage. Bitte beachten Sie auch die Produktionszeiten der Produkte!'),(70,1,1,'Germany: 5 weekdays, Europe: 5-10 weekdays. Please note the production time of the different products!'),(70,1,2,'Germany: 5-7 weekdays, Europe: 5-10 weekdays. Please note the production time of the different products!'),(70,1,4,'Deutschland: ca. 5 Werktage, Europa: ca. 5-10 Werktage. Bitte beachten Sie auch die Produktionszeiten der Produkte!'),(70,1,7,'Deutschland: ca. 5 Werktage, Europa: ca. 5-10 Werktage. Bitte beachten Sie auch die Produktionszeiten der Produkte!'),(71,1,1,'Germany: 5 weekdays, Europe: 5-10 weekdays. Please note the production time of the different products!'),(71,1,2,'Germany: 5-7 weekdays, Europe: 5-10 weekdays. Please note the production time of the different products!'),(71,1,4,'Deutschland: ca. 5 Werktage, Europa: ca. 5-10 Werktage. Bitte beachten Sie auch die Produktionszeiten der Produkte!'),(71,1,7,'Deutschland: ca. 5 Werktage, Europa: ca. 5-10 Werktage. Bitte beachten Sie auch die Produktionszeiten der Produkte!'),(72,1,1,'Germany: 5 weekdays, Europe: 5-10 weekdays. Please note the production time of the different products!'),(72,1,2,'Germany: 5-7 weekdays, Europe: 5-10 weekdays. Please note the production time of the different products!'),(72,1,4,'Deutschland: ca. 5 Werktage, Europa: ca. 5-10 Werktage. Bitte beachten Sie auch die Produktionszeiten der Produkte!'),(72,1,7,'Deutschland: ca. 5 Werktage, Europa: ca. 5-10 Werktage. Bitte beachten Sie auch die Produktionszeiten der Produkte!'),(73,1,1,'Germany: 5 weekdays, Europe: 5-10 weekdays. Please note the production time of the different products!'),(73,1,2,'Germany: 5-7 weekdays, Europe: 5-10 weekdays. Please note the production time of the different products!'),(73,1,4,'Deutschland: ca. 5 Werktage, Europa: ca. 5-10 Werktage. Bitte beachten Sie auch die Produktionszeiten der Produkte!'),(73,1,7,'Deutschland: ca. 5 Werktage, Europa: ca. 5-10 Werktage. Bitte beachten Sie auch die Produktionszeiten der Produkte!'),(74,1,1,'Germany: 5 weekdays, Europe: 5-10 weekdays. Please note the production time of the different products!'),(74,1,2,'Germany: 5-7 weekdays, Europe: 5-10 weekdays. Please note the production time of the different products!'),(74,1,4,'Deutschland: ca. 5 Werktage, Europa: ca. 5-10 Werktage. Bitte beachten Sie auch die Produktionszeiten der Produkte!'),(74,1,7,'Deutschland: ca. 5 Werktage, Europa: ca. 5-10 Werktage. Bitte beachten Sie auch die Produktionszeiten der Produkte!'),(75,1,1,'Germany: 5 weekdays, Europe: 5-10 weekdays. Please note the production time of the different products!'),(75,1,2,'Germany: 5-7 weekdays, Europe: 5-10 weekdays. Please note the production time of the different products!'),(75,1,4,'Deutschland: ca. 5 Werktage, Europa: ca. 5-10 Werktage. Bitte beachten Sie auch die Produktionszeiten der Produkte!'),(75,1,7,'Deutschland: ca. 5 Werktage, Europa: ca. 5-10 Werktage. Bitte beachten Sie auch die Produktionszeiten der Produkte!'),(76,1,1,'Germany: 5 weekdays, Europe: 5-10 weekdays. Please note the production time of the different products!'),(76,1,2,'Germany: 5-7 weekdays, Europe: 5-10 weekdays. Please note the production time of the different products!'),(76,1,4,'Deutschland: ca. 5 Werktage, Europa: ca. 5-10 Werktage. Bitte beachten Sie auch die Produktionszeiten der Produkte!'),(76,1,7,'Deutschland: ca. 5 Werktage, Europa: ca. 5-10 Werktage. Bitte beachten Sie auch die Produktionszeiten der Produkte!'),(77,1,1,'Germany: 5 weekdays, Europe: 5-10 weekdays. Please note the production time of the different products!'),(77,1,2,'Germany: 5-7 weekdays, Europe: 5-10 weekdays. Please note the production time of the different products!'),(77,1,4,'Deutschland: ca. 5 Werktage, Europa: ca. 5-10 Werktage. Bitte beachten Sie auch die Produktionszeiten der Produkte!'),(77,1,7,'Deutschland: ca. 5 Werktage, Europa: ca. 5-10 Werktage. Bitte beachten Sie auch die Produktionszeiten der Produkte!'),(78,1,1,'Germany: 5 weekdays, Europe: 5-10 weekdays. Please note the production time of the different products!'),(78,1,2,'Germany: 5-7 weekdays, Europe: 5-10 weekdays. Please note the production time of the different products!'),(78,1,4,'Deutschland: ca. 5 Werktage, Europa: ca. 5-10 Werktage. Bitte beachten Sie auch die Produktionszeiten der Produkte!'),(78,1,7,'Deutschland: ca. 5 Werktage, Europa: ca. 5-10 Werktage. Bitte beachten Sie auch die Produktionszeiten der Produkte!'),(79,1,1,'Germany: 5 weekdays, Europe: 5-10 weekdays. Please note the production time of the different products!'),(79,1,2,'Germany: 5-7 weekdays, Europe: 5-10 weekdays. Please note the production time of the different products!'),(79,1,4,'Deutschland: ca. 5 Werktage, Europa: ca. 5-10 Werktage. Bitte beachten Sie auch die Produktionszeiten der Produkte!'),(79,1,7,'Deutschland: ca. 5 Werktage, Europa: ca. 5-10 Werktage. Bitte beachten Sie auch die Produktionszeiten der Produkte!'),(80,1,1,'Germany: 5 weekdays, Europe: 5-10 weekdays. Please note the production time of the different products!'),(80,1,2,'Germany: 5-7 weekdays, Europe: 5-10 weekdays. Please note the production time of the different products!'),(80,1,4,'Deutschland: ca. 5 Werktage, Europa: ca. 5-10 Werktage. Bitte beachten Sie auch die Produktionszeiten der Produkte!'),(80,1,7,'Deutschland: ca. 5 Werktage, Europa: ca. 5-10 Werktage. Bitte beachten Sie auch die Produktionszeiten der Produkte!'),(81,1,1,'Germany: 5 weekdays, Europe: 5-10 weekdays. Please note the production time of the different products!'),(81,1,2,'Germany: 5-7 weekdays, Europe: 5-10 weekdays. Please note the production time of the different products!'),(81,1,4,'Deutschland: ca. 5 Werktage, Europa: ca. 5-10 Werktage. Bitte beachten Sie auch die Produktionszeiten der Produkte!'),(81,1,7,'Deutschland: ca. 5 Werktage, Europa: ca. 5-10 Werktage. Bitte beachten Sie auch die Produktionszeiten der Produkte!'),(82,1,1,'Germany: 5 weekdays, Europe: 5-10 weekdays. Please note the production time of the different products!'),(82,1,2,'Germany: 5-7 weekdays, Europe: 5-10 weekdays. Please note the production time of the different products!'),(82,1,4,'Deutschland: ca. 5 Werktage, Europa: ca. 5-10 Werktage. Bitte beachten Sie auch die Produktionszeiten der Produkte!'),(82,1,7,'Deutschland: ca. 5 Werktage, Europa: ca. 5-10 Werktage. Bitte beachten Sie auch die Produktionszeiten der Produkte!'),(83,1,1,'Germany: 5 weekdays, Europe: 5-10 weekdays. Please note the production time of the different products!'),(83,1,2,'Germany: 5-7 weekdays, Europe: 5-10 weekdays. Please note the production time of the different products!'),(83,1,4,'Deutschland: ca. 5 Werktage, Europa: ca. 5-10 Werktage. Bitte beachten Sie auch die Produktionszeiten der Produkte!'),(83,1,7,'Deutschland: ca. 5 Werktage, Europa: ca. 5-10 Werktage. Bitte beachten Sie auch die Produktionszeiten der Produkte!'),(84,1,1,'Germany: 5 weekdays, Europe: 5-10 weekdays. Please note the production time of the different products!'),(84,1,2,'Germany: 5-7 weekdays, Europe: 5-10 weekdays. Please note the production time of the different products!'),(84,1,4,'Deutschland: ca. 5 Werktage, Europa: ca. 5-10 Werktage. Bitte beachten Sie auch die Produktionszeiten der Produkte!'),(84,1,7,'Deutschland: ca. 5 Werktage, Europa: ca. 5-10 Werktage. Bitte beachten Sie auch die Produktionszeiten der Produkte!'),(85,1,1,'Germany: 5 weekdays, Europe: 5-10 weekdays. Please note the production time of the different products!'),(85,1,2,'Germany: 5-7 weekdays, Europe: 5-10 weekdays. Please note the production time of the different products!'),(85,1,4,'Deutschland: ca. 5 Werktage, Europa: ca. 5-10 Werktage. Bitte beachten Sie auch die Produktionszeiten der Produkte!'),(85,1,7,'Deutschland: ca. 5 Werktage, Europa: ca. 5-10 Werktage. Bitte beachten Sie auch die Produktionszeiten der Produkte!'),(86,1,1,'Germany: 5 weekdays, Europe: 5-10 weekdays. Please note the production time of the different products!'),(86,1,2,'Germany: 5-7 weekdays, Europe: 5-10 weekdays. Please note the production time of the different products!'),(86,1,4,'Deutschland: ca. 5 Werktage, Europa: ca. 5-10 Werktage. Bitte beachten Sie auch die Produktionszeiten der Produkte!'),(86,1,7,'Deutschland: ca. 5 Werktage, Europa: ca. 5-10 Werktage. Bitte beachten Sie auch die Produktionszeiten der Produkte!'),(87,1,1,'Germany: 5 weekdays, Europe: 5-10 weekdays. Please note the production time of the different products!'),(87,1,2,'Germany: 5-7 weekdays, Europe: 5-10 weekdays. Please note the production time of the different products!'),(87,1,4,'Deutschland: ca. 5 Werktage, Europa: ca. 5-10 Werktage. Bitte beachten Sie auch die Produktionszeiten der Produkte!'),(87,1,7,'Deutschland: ca. 5 Werktage, Europa: ca. 5-10 Werktage. Bitte beachten Sie auch die Produktionszeiten der Produkte!'),(88,1,1,'Germany: 5 weekdays, Europe: 5-10 weekdays. Please note the production time of the different products!'),(88,1,2,'Germany: 5-7 weekdays, Europe: 5-10 weekdays. Please note the production time of the different products!'),(88,1,4,'Deutschland: ca. 5 Werktage, Europa: ca. 5-10 Werktage. Bitte beachten Sie auch die Produktionszeiten der Produkte!'),(88,1,7,'Deutschland: ca. 5 Werktage, Europa: ca. 5-10 Werktage. Bitte beachten Sie auch die Produktionszeiten der Produkte!'),(89,1,1,'Germany: 5 weekdays, Europe: 5-10 weekdays. Please note the production time of the different products!'),(89,1,2,'Germany: 5-7 weekdays, Europe: 5-10 weekdays. Please note the production time of the different products!'),(89,1,4,'Deutschland: ca. 5 Werktage, Europa: ca. 5-10 Werktage. Bitte beachten Sie auch die Produktionszeiten der Produkte!'),(89,1,7,'Deutschland: ca. 5 Werktage, Europa: ca. 5-10 Werktage. Bitte beachten Sie auch die Produktionszeiten der Produkte!'),(90,1,1,'Germany: 5 weekdays, Europe: 5-10 weekdays. Please note the production time of the different products!'),(90,1,2,'Germany: 5-7 weekdays, Europe: 5-10 weekdays. Please note the production time of the different products!'),(90,1,4,'Deutschland: ca. 5 Werktage, Europa: ca. 5-10 Werktage. Bitte beachten Sie auch die Produktionszeiten der Produkte!'),(90,1,7,'Deutschland: ca. 5 Werktage, Europa: ca. 5-10 Werktage. Bitte beachten Sie auch die Produktionszeiten der Produkte!'),(91,1,1,'Germany: 5 weekdays, Europe: 5-10 weekdays. Please note the production time of the different products!'),(91,1,2,'Germany: 5-7 weekdays, Europe: 5-10 weekdays. Please note the production time of the different products!'),(91,1,4,'Deutschland: ca. 5 Werktage, Europa: ca. 5-10 Werktage. Bitte beachten Sie auch die Produktionszeiten der Produkte!'),(91,1,7,'Deutschland: ca. 5 Werktage, Europa: ca. 5-10 Werktage. Bitte beachten Sie auch die Produktionszeiten der Produkte!'),(92,1,1,'Germany: 5 weekdays, Europe: 5-10 weekdays. Please note the production time of the different products!'),(92,1,2,'Germany: 5-7 weekdays, Europe: 5-10 weekdays. Please note the production time of the different products!'),(92,1,4,'Deutschland: ca. 5 Werktage, Europa: ca. 5-10 Werktage. Bitte beachten Sie auch die Produktionszeiten der Produkte!'),(92,1,7,'Deutschland: ca. 5 Werktage, Europa: ca. 5-10 Werktage. Bitte beachten Sie auch die Produktionszeiten der Produkte!'),(93,1,1,'Germany: 5 weekdays, Europe: 5-10 weekdays. Please note the production time of the different products!'),(93,1,2,'Germany: 5-7 weekdays, Europe: 5-10 weekdays. Please note the production time of the different products!'),(93,1,4,'Deutschland: ca. 5 Werktage, Europa: ca. 5-10 Werktage. Bitte beachten Sie auch die Produktionszeiten der Produkte!'),(93,1,7,'Deutschland: ca. 5 Werktage, Europa: ca. 5-10 Werktage. Bitte beachten Sie auch die Produktionszeiten der Produkte!'),(94,1,1,'Germany: 5 weekdays, Europe: 5-10 weekdays. Please note the production time of the different products!'),(94,1,2,'Germany: 5-7 weekdays, Europe: 5-10 weekdays. Please note the production time of the different products!'),(94,1,4,'Deutschland: ca. 5 Werktage, Europa: ca. 5-10 Werktage. Bitte beachten Sie auch die Produktionszeiten der Produkte!'),(94,1,7,'Deutschland: ca. 5 Werktage, Europa: ca. 5-10 Werktage. Bitte beachten Sie auch die Produktionszeiten der Produkte!'),(95,1,1,'Germany: 5 weekdays, Europe: 5-10 weekdays. Please note the production time of the different products!'),(95,1,2,'Germany: 5-7 weekdays, Europe: 5-10 weekdays. Please note the production time of the different products!'),(95,1,4,'Deutschland: ca. 5 Werktage, Europa: ca. 5-10 Werktage. Bitte beachten Sie auch die Produktionszeiten der Produkte!'),(95,1,7,'Deutschland: ca. 5 Werktage, Europa: ca. 5-10 Werktage. Bitte beachten Sie auch die Produktionszeiten der Produkte!'),(96,1,1,'Germany: 5 weekdays, Europe: 5-10 weekdays. Please note the production time of the different products!'),(96,1,2,'Germany: 5-7 weekdays, Europe: 5-10 weekdays. Please note the production time of the different products!'),(96,1,4,'Deutschland: ca. 5 Werktage, Europa: ca. 5-10 Werktage. Bitte beachten Sie auch die Produktionszeiten der Produkte!'),(96,1,7,'Deutschland: ca. 5 Werktage, Europa: ca. 5-10 Werktage. Bitte beachten Sie auch die Produktionszeiten der Produkte!'),(97,1,1,'Germany: 5 weekdays, Europe: 5-10 weekdays. Please note the production time of the different products!'),(97,1,2,'Germany: 5-7 weekdays, Europe: 5-10 weekdays. Please note the production time of the different products!'),(97,1,4,'Deutschland: ca. 5 Werktage, Europa: ca. 5-10 Werktage. Bitte beachten Sie auch die Produktionszeiten der Produkte!'),(97,1,7,'Deutschland: ca. 5 Werktage, Europa: ca. 5-10 Werktage. Bitte beachten Sie auch die Produktionszeiten der Produkte!'),(98,1,1,'Germany: 5 weekdays, Europe: 5-10 weekdays. Please note the production time of the different products!'),(98,1,2,'Germany: 5-7 weekdays, Europe: 5-10 weekdays. Please note the production time of the different products!'),(98,1,4,'Deutschland: ca. 5 Werktage, Europa: ca. 5-10 Werktage. Bitte beachten Sie auch die Produktionszeiten der Produkte!'),(98,1,7,'Deutschland: ca. 5 Werktage, Europa: ca. 5-10 Werktage. Bitte beachten Sie auch die Produktionszeiten der Produkte!'),(99,1,1,'Germany: 5 weekdays, Europe: 5-10 weekdays. Please note the production time of the different products!'),(99,1,2,'Germany: 5-7 weekdays, Europe: 5-10 weekdays. Please note the production time of the different products!'),(99,1,4,'Deutschland: ca. 5 Werktage, Europa: ca. 5-10 Werktage. Bitte beachten Sie auch die Produktionszeiten der Produkte!'),(99,1,7,'Deutschland: ca. 5 Werktage, Europa: ca. 5-10 Werktage. Bitte beachten Sie auch die Produktionszeiten der Produkte!'),(100,1,1,'Germany: 5 weekdays, Europe: 5-10 weekdays. Please note the production time of the different products!'),(100,1,2,'Germany: 5-7 weekdays, Europe: 5-10 weekdays. Please note the production time of the different products!'),(100,1,4,'Deutschland: ca. 5 Werktage, Europa: ca. 5-10 Werktage. Bitte beachten Sie auch die Produktionszeiten der Produkte!'),(100,1,7,'Deutschland: ca. 5 Werktage, Europa: ca. 5-10 Werktage. Bitte beachten Sie auch die Produktionszeiten der Produkte!'),(101,1,1,'Germany: 5 weekdays, Europe: 5-10 weekdays. Please note the production time of the different products!'),(101,1,2,'Germany: 5-7 weekdays, Europe: 5-10 weekdays. Please note the production time of the different products!'),(101,1,4,'Deutschland: ca. 5 Werktage, Europa: ca. 5-10 Werktage. Bitte beachten Sie auch die Produktionszeiten der Produkte!'),(101,1,7,'Deutschland: ca. 5 Werktage, Europa: ca. 5-10 Werktage. Bitte beachten Sie auch die Produktionszeiten der Produkte!'),(102,1,1,'on request'),(102,1,2,'sur demande'),(102,1,4,'Auf Anfrage'),(102,1,7,'Auf Anfrage'),(103,1,1,'on request'),(103,1,2,'sur demande'),(103,1,4,'Auf Anfrage'),(103,1,7,'Auf Anfrage'),(104,1,1,'on request'),(104,1,2,'sur demande'),(104,1,4,'Auf Anfrage'),(104,1,7,'Auf Anfrage'),(105,1,1,'on request'),(105,1,2,'sur demande'),(105,1,4,'Auf Anfrage'),(105,1,7,'Auf Anfrage'),(106,1,1,'on request'),(106,1,2,'sur demande'),(106,1,4,'Auf Anfrage'),(106,1,7,'Auf Anfrage'),(107,1,1,'on request'),(107,1,2,'sur demande'),(107,1,4,'Auf Anfrage'),(107,1,7,'Auf Anfrage'),(108,1,1,'on request'),(108,1,2,'sur demande'),(108,1,4,'Auf Anfrage'),(108,1,7,'Auf Anfrage'),(109,1,1,'on request'),(109,1,2,'sur demande'),(109,1,4,'Auf Anfrage'),(109,1,7,'Auf Anfrage'),(110,1,1,'on request'),(110,1,2,'sur demande'),(110,1,4,'Auf Anfrage'),(110,1,7,'Auf Anfrage'),(111,1,1,'Germany: 5 weekdays, Europe: 5-10 weekdays. Please note the production time of the different products!'),(111,1,2,'Germany: 5-7 weekdays, Europe: 5-10 weekdays. Please note the production time of the different products!'),(111,1,4,'Deutschland: ca. 5 Werktage, Europa: ca. 5-10 Werktage. Bitte beachten Sie auch die Produktionszeiten der Produkte!'),(111,1,7,'Deutschland: ca. 5 Werktage, Europa: ca. 5-10 Werktage. Bitte beachten Sie auch die Produktionszeiten der Produkte!'),(112,1,1,'Germany: 5 weekdays, Europe: 5-10 weekdays. Please note the production time of the different products!'),(112,1,2,'Germany: 5-7 weekdays, Europe: 5-10 weekdays. Please note the production time of the different products!'),(112,1,4,'Deutschland: ca. 5 Werktage, Europa: ca. 5-10 Werktage. Bitte beachten Sie auch die Produktionszeiten der Produkte!'),(112,1,7,'Deutschland: ca. 5 Werktage, Europa: ca. 5-10 Werktage. Bitte beachten Sie auch die Produktionszeiten der Produkte!'),(113,1,1,'on request'),(113,1,2,'sur demande'),(113,1,4,'Auf Anfrage'),(113,1,7,'Auf Anfrage'),(114,1,1,'on request'),(114,1,2,'sur demande'),(114,1,4,'Auf Anfrage'),(114,1,7,'Auf Anfrage'),(115,1,1,'on request'),(115,1,2,'sur demande'),(115,1,4,'Auf Anfrage'),(115,1,7,'Auf Anfrage'),(116,1,1,'on request'),(116,1,2,'sur demande'),(116,1,4,'Auf Anfrage'),(116,1,7,'Auf Anfrage'),(117,1,1,'on request'),(117,1,2,'sur demande'),(117,1,4,'Auf Anfrage'),(117,1,7,'Auf Anfrage'),(118,1,1,'on request'),(118,1,2,'sur demande'),(118,1,4,'Auf Anfrage'),(118,1,7,'Auf Anfrage'),(119,1,1,'on request'),(119,1,2,'sur demande'),(119,1,4,'Auf Anfrage'),(119,1,7,'Auf Anfrage'),(120,1,1,'on request'),(120,1,2,'sur demande'),(120,1,4,'Auf Anfrage'),(120,1,7,'Auf Anfrage'),(121,1,1,'on request'),(121,1,2,'sur demande'),(121,1,4,'Auf Anfrage'),(121,1,7,'Auf Anfrage'),(122,1,1,'Germany: 5 weekdays, Europe: 5-10 weekdays. Please note the production time of the different products!'),(122,1,2,'Germany: 5-7 weekdays, Europe: 5-10 weekdays. Please note the production time of the different products!'),(122,1,4,'Deutschland: ca. 5 Werktage, Europa: ca. 5-10 Werktage. Bitte beachten Sie auch die Produktionszeiten der Produkte!'),(122,1,7,'Deutschland: ca. 5 Werktage, Europa: ca. 5-10 Werktage. Bitte beachten Sie auch die Produktionszeiten der Produkte!'),(123,1,1,'Self pick up in-store'),(123,1,2,'Retrait au magasin'),(123,1,4,'Selbstabholung im Geschäft'),(123,1,7,'Selbstabholung im Geschäft'),(124,1,1,'Germany: 5 weekdays, Europe: 5-10 weekdays. Please note the production time of the different products!'),(124,1,2,'Germany: 5-7 weekdays, Europe: 5-10 weekdays. Please note the production time of the different products!'),(124,1,4,'Deutschland: ca. 5 Werktage, Europa: ca. 5-10 Werktage. Bitte beachten Sie auch die Produktionszeiten der Produkte!'),(124,1,7,'Deutschland: ca. 5 Werktage, Europa: ca. 5-10 Werktage. Bitte beachten Sie auch die Produktionszeiten der Produkte!'),(125,1,1,'Germany: 5 weekdays, Europe: 5-10 weekdays. Please note the production time of the different products!'),(125,1,2,'Germany: 5-7 weekdays, Europe: 5-10 weekdays. Please note the production time of the different products!'),(125,1,4,'Deutschland: ca. 5 Werktage, Europa: ca. 5-10 Werktage. Bitte beachten Sie auch die Produktionszeiten der Produkte!'),(125,1,7,'Deutschland: ca. 5 Werktage, Europa: ca. 5-10 Werktage. Bitte beachten Sie auch die Produktionszeiten der Produkte!'),(126,1,1,'Germany: 5 weekdays, Europe: 5-10 weekdays. Please note the production time of the different products!'),(126,1,2,'Germany: 5-7 weekdays, Europe: 5-10 weekdays. Please note the production time of the different products!'),(126,1,4,'Deutschland: ca. 5 Werktage, Europa: ca. 5-10 Werktage. Bitte beachten Sie auch die Produktionszeiten der Produkte!'),(126,1,7,'Deutschland: ca. 5 Werktage, Europa: ca. 5-10 Werktage. Bitte beachten Sie auch die Produktionszeiten der Produkte!'),(127,1,1,'on request'),(127,1,2,'sur demande'),(127,1,4,'Auf Anfrage'),(127,1,7,'Auf Anfrage'),(128,1,1,'on request'),(128,1,2,'sur demande'),(128,1,4,'Auf Anfrage'),(128,1,7,'Auf Anfrage'),(129,1,1,'Germany: 5 weekdays, Europe: 5-10 weekdays. Please note the production time of the different products!'),(129,1,2,'Germany: 5-7 weekdays, Europe: 5-10 weekdays. Please note the production time of the different products!'),(129,1,4,'Deutschland: ca. 5 Werktage, Europa: ca. 5-10 Werktage. Bitte beachten Sie auch die Produktionszeiten der Produkte!'),(129,1,7,'Deutschland: ca. 5 Werktage, Europa: ca. 5-10 Werktage. Bitte beachten Sie auch die Produktionszeiten der Produkte!'),(130,1,1,'on request'),(130,1,2,'sur demande'),(130,1,4,'Auf Anfrage'),(130,1,7,'Auf Anfrage'),(131,1,1,'Germany: 5 weekdays, Europe: 5-10 weekdays. Please note the production time of the different products!'),(131,1,2,'Germany: 5-7 weekdays, Europe: 5-10 weekdays. Please note the production time of the different products!'),(131,1,4,'Deutschland: ca. 5 Werktage, Europa: ca. 5-10 Werktage. Bitte beachten Sie auch die Produktionszeiten der Produkte!'),(131,1,7,'Deutschland: ca. 5 Werktage, Europa: ca. 5-10 Werktage. Bitte beachten Sie auch die Produktionszeiten der Produkte!'),(132,1,1,'on request'),(132,1,2,'sur demande'),(132,1,4,'Auf Anfrage'),(132,1,7,'Auf Anfrage'),(133,1,1,'on request'),(133,1,2,'sur demande'),(133,1,4,'Auf Anfrage'),(133,1,7,'Auf Anfrage'),(134,1,1,'Germany: 5 weekdays, Europe: 5-10 weekdays. Please note the production time of the different products!'),(134,1,2,'Germany: 5-7 weekdays, Europe: 5-10 weekdays. Please note the production time of the different products!'),(134,1,4,'Deutschland: ca. 5 Werktage, Europa: ca. 5-10 Werktage. Bitte beachten Sie auch die Produktionszeiten der Produkte!'),(134,1,7,'Deutschland: ca. 5 Werktage, Europa: ca. 5-10 Werktage. Bitte beachten Sie auch die Produktionszeiten der Produkte!'),(135,1,1,'Germany: 5 weekdays, Europe: 5-10 weekdays. Please note the production time of the different products!'),(135,1,2,'Germany: 5-7 weekdays, Europe: 5-10 weekdays. Please note the production time of the different products!'),(135,1,4,'Deutschland: ca. 5 Werktage, Europa: ca. 5-10 Werktage. Bitte beachten Sie auch die Produktionszeiten der Produkte!'),(135,1,7,'Deutschland: ca. 5 Werktage, Europa: ca. 5-10 Werktage. Bitte beachten Sie auch die Produktionszeiten der Produkte!'),(136,1,1,'4-6 Wochen'),(136,1,2,'4-6 Wochen'),(136,1,4,'4-6 Wochen'),(136,1,7,'4-6 Wochen'),(137,1,1,'on request'),(137,1,2,'sur demande'),(137,1,4,'Auf Anfrage'),(137,1,7,'Auf Anfrage'),(138,1,1,'Germany: 5 weekdays, Europe: 5-10 weekdays. Please note the production time of the different products!'),(138,1,2,'Germany: 5-7 weekdays, Europe: 5-10 weekdays. Please note the production time of the different products!'),(138,1,4,'Deutschland: ca. 5 Werktage, Europa: ca. 5-10 Werktage. Bitte beachten Sie auch die Produktionszeiten der Produkte!'),(138,1,7,'Deutschland: ca. 5 Werktage, Europa: ca. 5-10 Werktage. Bitte beachten Sie auch die Produktionszeiten der Produkte!'),(139,1,1,'Germany: 5 weekdays, Europe: 5-10 weekdays. Please note the production time of the different products!'),(139,1,2,'Germany: 5-7 weekdays, Europe: 5-10 weekdays. Please note the production time of the different products!'),(139,1,4,'Deutschland: ca. 5 Werktage, Europa: ca. 5-10 Werktage. Bitte beachten Sie auch die Produktionszeiten der Produkte!'),(139,1,7,'Deutschland: ca. 5 Werktage, Europa: ca. 5-10 Werktage. Bitte beachten Sie auch die Produktionszeiten der Produkte!'),(140,1,1,'on request'),(140,1,2,'sur demande'),(140,1,4,'Auf Anfrage'),(140,1,7,'Auf Anfrage'),(141,1,1,'on request'),(141,1,2,'sur demande'),(141,1,4,'Auf Anfrage'),(141,1,7,'Auf Anfrage');

--
-- Table structure for table `prstshp_carrier_shop`
--

CREATE TABLE `prstshp_carrier_shop` (
  `id_carrier` int(11) unsigned NOT NULL,
  `id_shop` int(11) unsigned NOT NULL,
  PRIMARY KEY (`id_carrier`,`id_shop`),
  KEY `id_shop` (`id_shop`)
) ENGINE=InnoDB DEFAULT CHARSET=utf8mb4 ROW_FORMAT=DYNAMIC;

--
-- Dumping data for table `prstshp_carrier_shop`
--

INSERT INTO `prstshp_carrier_shop` VALUES (1,1),(2,1),(3,1),(4,1),(5,1),(6,1),(7,1),(8,1),(9,1),(10,1),(11,1),(12,1),(13,1),(14,1),(15,1),(16,1),(17,1),(18,1),(19,1),(20,1),(21,1),(22,1),(23,1),(24,1),(25,1),(26,1),(27,1),(28,1),(29,1),(30,1),(31,1),(32,1),(33,1),(34,1),(35,1),(36,1),(37,1),(38,1),(39,1),(40,1),(41,1),(42,1),(43,1),(44,1),(45,1),(46,1),(47,1),(48,1),(49,1),(50,1),(51,1),(52,1),(53,1),(54,1),(55,1),(56,1),(57,1),(58,1),(59,1),(60,1),(61,1),(62,1),(63,1),(64,1),(65,1),(66,1),(67,1),(68,1),(69,1),(70,1),(71,1),(72,1),(73,1),(74,1),(75,1),(76,1),(77,1),(78,1),(79,1),(80,1),(81,1),(82,1),(83,1),(84,1),(85,1),(86,1),(87,1),(88,1),(89,1),(90,1),(91,1),(92,1),(93,1),(94,1),(95,1),(96,1),(97,1),(98,1),(99,1),(100,1),(101,1),(102,1),(103,1),(104,1),(105,1),(106,1),(107,1),(108,1),(109,1),(110,1),(111,1),(112,1),(113,1),(114,1),(115,1),(116,1),(117,1),(118,1),(119,1),(120,1),(121,1),(122,1),(123,1),(124,1),(125,1),(126,1),(127,1),(128,1),(129,1),(130,1),(131,1),(132,1),(133,1),(134,1),(135,1),(136,1),(137,1),(138,1),(139,1),(140,1),(141,1);

--
-- Table structure for table `prstshp_carrier_tax_rules_group_shop`
--

CREATE TABLE `prstshp_carrier_tax_rules_group_shop` (
  `id_carrier` int(11) unsigned NOT NULL,
  `id_tax_rules_group` int(11) unsigned NOT NULL,
  `id_shop` int(11) unsigned NOT NULL,
  PRIMARY KEY (`id_carrier`,`id_tax_rules_group`,`id_shop`)
) ENGINE=InnoDB DEFAULT CHARSET=utf8mb4 ROW_FORMAT=DYNAMIC;

--
-- Dumping data for table `prstshp_carrier_tax_rules_group_shop`
--

INSERT INTO `prstshp_carrier_tax_rules_group_shop` VALUES (1,0,1),(2,13,1),(3,13,1),(4,13,1),(5,13,1),(6,13,1),(7,13,1),(8,0,1),(9,13,1),(10,13,1),(11,13,1),(12,13,1),(13,0,1),(14,0,1),(15,0,1),(16,0,1),(17,0,1),(18,0,1),(19,0,1),(20,0,1),(21,0,1),(22,0,1),(23,0,1),(24,0,1),(25,0,1),(26,0,1),(27,0,1),(28,0,1),(29,0,1),(30,0,1),(31,0,1),(32,0,1),(33,0,1),(34,0,1),(35,0,1),(36,0,1),(37,0,1),(38,0,1),(39,0,1),(40,0,1),(41,0,1),(42,0,1),(43,0,1),(44,0,1),(45,0,1),(46,0,1),(47,0,1),(48,0,1),(49,0,1),(50,0,1),(51,0,1),(52,0,1),(53,0,1),(54,0,1),(55,0,1),(56,0,1),(57,0,1),(58,0,1),(59,0,1),(60,0,1),(61,0,1),(62,0,1),(63,0,1),(64,0,1),(65,0,1),(66,0,1),(67,0,1),(68,0,1),(69,0,1),(70,0,1),(71,0,1),(72,0,1),(73,0,1),(74,0,1),(75,0,1),(76,0,1),(77,0,1),(78,0,1),(79,0,1),(80,0,1),(81,0,1),(82,0,1),(83,0,1),(84,0,1),(85,0,1),(86,0,1),(87,0,1),(88,0,1),(89,0,1),(90,0,1),(91,8,1),(92,8,1),(93,8,1),(94,8,1),(95,8,1),(96,8,1),(97,8,1),(98,8,1),(99,8,1),(100,8,1),(101,8,1),(102,0,1),(103,0,1),(104,0,1),(105,0,1),(106,0,1),(107,0,1),(108,0,1),(109,0,1),(110,0,1),(111,8,1),(112,8,1),(113,0,1),(114,0,1),(115,0,1),(116,0,1),(117,0,1),(118,0,1),(119,0,1),(120,0,1),(121,0,1),(122,8,1),(123,0,1),(124,8,1),(125,8,1),(126,8,1),(127,0,1),(128,0,1),(129,8,1),(130,0,1),(131,8,1),(132,0,1),(133,0,1),(134,8,1),(135,8,1),(136,8,1),(137,0,1),(138,8,1),(139,8,1),(140,0,1),(141,0,1);

--
-- Table structure for table `prstshp_carrier_zone`
--

CREATE TABLE `prstshp_carrier_zone` (
  `id_carrier` int(10) unsigned NOT NULL,
  `id_zone` int(10) unsigned NOT NULL,
  PRIMARY KEY (`id_carrier`,`id_zone`)
) ENGINE=InnoDB DEFAULT CHARSET=utf8mb4 ROW_FORMAT=DYNAMIC;

--
-- Dumping data for table `prstshp_carrier_zone`
--

INSERT INTO `prstshp_carrier_zone` VALUES (1,1),(2,1),(3,1),(4,1),(5,9),(7,1),(7,9),(8,1),(9,1),(10,1),(10,10),(10,11),(10,12),(10,13),(10,14),(11,1),(11,9),(11,10),(11,11),(11,12),(11,13),(11,14),(12,1),(12,9),(12,10),(12,11),(12,12),(12,13),(13,1),(13,9),(13,10),(13,11),(13,12),(13,13),(14,1),(14,9),(15,1),(15,9),(15,10),(15,11),(15,12),(15,13),(16,1),(16,9),(16,10),(16,11),(16,12),(16,13),(17,1),(17,9),(18,1),(18,9),(18,10),(18,11),(18,12),(18,13),(19,1),(19,9),(19,10),(19,11),(19,12),(19,13),(20,1),(20,9),(20,10),(20,11),(20,12),(20,13),(21,1),(21,9),(21,10),(21,11),(21,12),(21,13),(22,9),(22,15),(23,9),(24,9),(25,1),(25,9),(25,10),(25,11),(25,12),(25,13),(26,1),(26,9),(26,10),(26,11),(26,12),(26,13),(27,1),(27,9),(27,10),(27,11),(27,12),(27,13),(28,9),(29,9),(30,9),(31,1),(31,9),(31,10),(31,11),(31,12),(31,13),(32,1),(32,9),(32,10),(32,11),(32,12),(32,13),(33,1),(33,9),(33,10),(33,11),(33,12),(33,13),(34,1),(34,9),(34,10),(34,11),(34,12),(34,13),(35,1),(35,9),(35,10),(35,11),(35,12),(35,13),(36,10),(38,1),(38,9),(38,10),(38,11),(38,12),(38,13),(39,9),(40,1),(40,9),(40,10),(40,11),(40,12),(40,13),(41,1),(42,9),(43,9),(44,9),(45,1),(45,9),(45,10),(45,11),(45,12),(45,13),(46,1),(46,9),(46,10),(46,11),(46,12),(46,13),(47,1),(47,9),(47,10),(47,11),(47,12),(47,13),(48,9),(49,1),(49,9),(49,10),(49,11),(49,12),(49,13),(50,1),(50,9),(50,10),(50,11),(50,12),(50,13),(51,1),(51,9),(51,10),(51,11),(51,12),(51,13),(52,9),(53,9),(54,1),(54,9),(54,10),(54,11),(54,12),(54,13),(55,1),(55,9),(55,10),(55,11),(55,12),(55,13),(55,17),(56,1),(56,9),(56,10),(56,11),(56,12),(56,13),(56,17),(57,1),(57,9),(57,10),(57,11),(57,12),(57,13),(57,17),(58,1),(58,9),(58,10),(58,11),(58,12),(58,13),(58,14),(58,17),(59,1),(59,9),(59,10),(59,11),(59,12),(59,13),(59,14),(59,17),(60,1),(60,9),(60,10),(60,11),(60,12),(60,13),(60,14),(60,17),(61,1),(61,9),(61,10),(61,11),(61,12),(61,13),(61,14),(61,17),(62,9),(63,1),(63,9),(63,10),(63,11),(63,12),(63,13),(63,14),(63,15),(63,17),(64,1),(64,9),(64,10),(64,11),(64,12),(64,13),(64,14),(64,15),(64,17),(65,1),(65,9),(65,10),(65,11),(65,12),(65,13),(65,14),(65,15),(65,17),(66,1),(66,9),(66,10),(66,11),(66,12),(66,13),(66,14),(66,15),(66,17),(67,1),(67,9),(67,10),(67,11),(67,12),(67,13),(67,14),(67,15),(67,17),(68,1),(68,9),(68,10),(68,11),(68,12),(68,13),(68,14),(68,15),(68,17),(69,1),(69,9),(69,10),(69,11),(69,12),(69,13),(69,14),(69,15),(69,17),(70,1),(70,9),(70,10),(70,11),(70,12),(70,13),(70,14),(70,15),(70,17),(71,1),(71,9),(71,10),(71,11),(71,12),(71,13),(71,14),(71,15),(71,17),(72,1),(72,9),(72,10),(72,11),(72,12),(72,13),(72,14),(72,15),(72,17),(73,1),(73,9),(73,10),(73,11),(73,12),(73,13),(73,14),(73,15),(73,17),(74,1),(74,9),(74,10),(74,11),(74,12),(74,13),(74,14),(74,15),(74,17),(75,1),(75,9),(75,10),(75,11),(75,12),(75,13),(75,14),(75,15),(75,17),(76,1),(76,9),(76,10),(76,11),(76,12),(76,13),(76,14),(76,15),(76,17),(77,1),(77,9),(77,10),(77,11),(77,12),(77,13),(77,14),(77,15),(77,17),(78,1),(78,9),(78,10),(78,11),(78,12),(78,13),(78,14),(78,15),(78,17),(79,1),(79,9),(79,10),(79,11),(79,12),(79,13),(79,14),(79,15),(79,17),(80,1),(80,9),(80,10),(80,11),(80,12),(80,13),(80,14),(80,15),(80,17),(81,1),(81,9),(81,10),(81,11),(81,12),(81,13),(81,14),(81,15),(81,17),(82,1),(82,9),(82,10),(82,11),(82,12),(82,13),(82,14),(82,15),(82,17),(83,1),(83,9),(83,10),(83,11),(83,12),(83,13),(83,14),(83,15),(83,17),(84,1),(84,9),(84,10),(84,11),(84,12),(84,13),(84,14),(84,15),(84,17),(85,1),(85,9),(85,10),(85,11),(85,12),(85,13),(85,14),(85,15),(85,17),(86,1),(86,9),(86,10),(86,11),(86,12),(86,13),(86,14),(86,15),(86,17),(87,1),(87,9),(87,10),(87,11),(87,12),(87,13),(87,14),(87,15),(87,17),(88,1),(88,9),(88,10),(88,11),(88,12),(88,13),(88,14),(88,15),(88,17),(89,1),(89,9),(89,10),(89,11),(89,12),(89,13),(89,14),(89,15),(89,17),(90,1),(90,9),(90,10),(90,11),(90,12),(90,13),(90,14),(90,15),(90,17),(91,1),(91,9),(91,10),(91,11),(91,12),(91,13),(91,14),(91,15),(91,17),(92,1),(92,9),(92,10),(92,11),(92,12),(92,13),(92,14),(92,15),(92,17),(93,1),(93,9),(93,10),(93,11),(93,12),(93,13),(93,14),(93,15),(93,17),(94,1),(94,9),(94,10),(94,11),(94,12),(94,13),(94,14),(94,15),(94,17),(95,1),(95,9),(95,10),(95,11),(95,12),(95,13),(95,14),(95,15),(95,17),(96,1),(96,9),(96,10),(96,11),(96,12),(96,13),(96,14),(96,15),(96,17),(97,1),(97,9),(97,10),(97,11),(97,12),(97,13),(97,14),(97,15),(97,17),(98,1),(98,9),(98,10),(98,11),(98,12),(98,13),(98,14),(98,15),(98,17),(99,1),(99,9),(99,10),(99,11),(99,12),(99,13),(99,14),(99,15),(99,17),(100,1),(100,9),(100,10),(100,11),(100,12),(100,13),(100,14),(100,15),(100,17),(101,1),(101,9),(101,10),(101,11),(101,12),(101,13),(101,14),(101,15),(101,17),(102,9),(103,1),(103,9),(104,9),(105,1),(105,9),(106,1),(106,9),(107,1),(107,9),(108,9),(109,1),(109,9),(110,9),(111,1),(111,9),(111,10),(111,11),(111,12),(111,13),(111,14),(111,15),(111,17),(112,1),(112,9),(112,10),(112,11),(112,12),(112,13),(112,14),(112,15),(112,17),(112,23),(112,24),(112,25),(112,26),(113,9),(113,24),(114,9),(114,23),(114,24),(115,9),(115,23),(115,24),(115,25),(116,9),(116,23),(116,24),(116,25),(116,26),(117,9),(117,23),(117,24),(117,25),(117,26),(118,9),(118,23),(118,24),(118,25),(118,26),(119,9),(119,23),(119,24),(119,25),(120,9),(121,9),(122,1),(122,9),(122,10),(122,11),(122,12),(122,13),(122,14),(122,15),(122,17),(122,23),(122,24),(122,25),(122,26),(123,9),(124,1),(124,9),(124,10),(124,11),(124,12),(124,13),(124,14),(124,15),(124,17),(124,23),(124,24),(124,25),(124,26),(124,27),(125,1),(125,9),(125,10),(125,11),(125,12),(125,13),(125,14),(125,15),(125,17),(125,23),(125,24),(125,25),(125,26),(125,27),(125,28),(126,1),(126,9),(126,10),(126,11),(126,12),(126,13),(126,14),(126,15),(126,17),(126,23),(126,24),(126,25),(126,26),(126,27),(126,28),(127,9),(127,23),(128,9),(128,23),(129,1),(129,9),(129,10),(129,11),(129,12),(129,13),(129,14),(129,15),(129,17),(129,18),(129,23),(129,24),(129,25),(129,26),(129,27),(129,28),(130,9),(130,23),(131,1),(131,9),(131,10),(131,11),(131,12),(131,13),(131,14),(131,15),(131,17),(131,18),(131,23),(131,24),(131,25),(131,26),(131,27),(131,28),(132,9),(132,23),(133,9),(133,23),(134,1),(134,9),(134,10),(134,11),(134,12),(134,13),(134,14),(134,15),(134,17),(134,23),(134,24),(134,25),(134,26),(134,27),(134,28),(135,1),(135,9),(135,10),(135,11),(135,12),(135,13),(135,14),(135,15),(135,17),(135,18),(135,23),(135,24),(135,25),(135,26),(135,27),(135,28),(136,29),(137,9),(137,23),(138,1),(138,9),(138,10),(138,11),(138,12),(138,13),(138,14),(138,15),(138,17),(138,18),(138,23),(138,24),(138,25),(138,26),(138,27),(138,28),(139,1),(139,9),(139,10),(139,11),(139,12),(139,13),(139,14),(139,15),(139,17),(139,18),(139,23),(139,24),(139,25),(139,26),(139,27),(139,28),(140,9),(140,23),(141,9),(141,23);

--
-- Table structure for table `prstshp_cart`
--

CREATE TABLE `prstshp_cart` (
  `id_cart` int(10) unsigned NOT NULL AUTO_INCREMENT,
  `id_shop_group` int(11) unsigned NOT NULL DEFAULT '1',
  `id_shop` int(11) unsigned NOT NULL DEFAULT '1',
  `id_carrier` int(10) unsigned NOT NULL,
  `delivery_option` mediumtext NOT NULL,
  `id_lang` int(10) unsigned NOT NULL,
  `id_address_delivery` int(10) unsigned NOT NULL,
  `id_address_invoice` int(10) unsigned NOT NULL,
  `id_currency` int(10) unsigned NOT NULL,
  `id_payment` int(10) NOT NULL DEFAULT '0',
  `id_customer` int(10) unsigned NOT NULL,
  `id_guest` int(10) unsigned NOT NULL,
  `secure_key` varchar(32) NOT NULL DEFAULT '-1',
  `recyclable` tinyint(1) unsigned NOT NULL DEFAULT '1',
  `gift` tinyint(1) unsigned NOT NULL DEFAULT '0',
  `gift_message` mediumtext,
  `mobile_theme` tinyint(1) NOT NULL DEFAULT '0',
  `allow_seperated_package` tinyint(1) unsigned NOT NULL DEFAULT '0',
  `date_add` datetime NOT NULL,
  `date_upd` datetime NOT NULL,
  `checkout_session_data` longtext,
  PRIMARY KEY (`id_cart`),
  KEY `cart_customer` (`id_customer`),
  KEY `id_address_delivery` (`id_address_delivery`),
  KEY `id_address_invoice` (`id_address_invoice`),
  KEY `id_carrier` (`id_carrier`),
  KEY `id_lang` (`id_lang`),
  KEY `id_currency` (`id_currency`),
  KEY `id_guest` (`id_guest`),
  KEY `id_group_shop` (`id_shop_group`),
  KEY `id_shop_2` (`id_shop`,`date_upd`),
  KEY `id_shop` (`id_shop`,`date_add`)
) ENGINE=InnoDB AUTO_INCREMENT=75886 DEFAULT CHARSET=utf8mb4 ROW_FORMAT=DYNAMIC;

--
-- Dumping data for table `prstshp_cart`
--

INSERT INTO `prstshp_cart` VALUES (1,1,1,2,'',2,6,6,1,0,1,1,'47ce86627c1f3c792a80773c5d2deaf8',1,0,NULL,0,0,'2012-02-12 17:57:11','2012-02-12 18:08:23',NULL),(8,1,1,3,'',4,991,991,1,0,991,28,'7e63f6dc903ad46ea6af231a6133600b',0,0,NULL,0,0,'2012-04-11 16:22:25','2012-04-11 16:24:09',NULL),(11,1,1,23,'',4,991,991,1,0,991,28,'7e63f6dc903ad46ea6af231a6133600b',0,0,NULL,0,0,'2012-04-19 18:25:34','2012-04-19 18:27:57',NULL),(13,1,1,20,'',4,991,991,1,0,991,28,'7e63f6dc903ad46ea6af231a6133600b',0,0,NULL,0,0,'2012-05-10 16:35:21','2012-05-10 16:36:05',NULL),(14,1,1,24,'',4,991,991,1,0,991,28,'7e63f6dc903ad46ea6af231a6133600b',0,0,NULL,0,0,'2012-05-10 16:40:14','2012-05-10 17:51:30',NULL),(19,1,1,28,'',4,991,991,1,0,991,28,'7e63f6dc903ad46ea6af231a6133600b',0,0,NULL,0,0,'2012-05-21 16:42:31','2012-05-21 16:42:44',NULL),(33,1,1,27,'',4,993,993,1,0,994,276,'0adc7e92534d47c961116c31f739ff83',0,0,NULL,0,0,'2012-12-04 19:09:36','2012-12-04 19:21:26',NULL),(35,1,1,27,'',4,994,994,1,0,995,259,'2af24f7fe8d770e896d69a092eff9834',0,0,NULL,0,0,'2012-12-04 21:46:38','2012-12-04 21:52:58',NULL),(38,1,1,27,'',4,995,995,1,0,996,699,'3e0e03b5cce94fecc69c014a795572aa',0,0,NULL,0,0,'2012-12-05 15:07:36','2012-12-05 15:11:36',NULL),(39,1,1,27,'',4,997,997,1,0,998,197,'d722f5399712ac56ec5ba73e223a3c84',0,0,NULL,0,0,'2012-12-06 09:38:05','2012-12-06 10:05:53',NULL),(41,1,1,27,'',4,998,998,1,0,999,929,'22adba60e65105a5d2cbed6b6e4d44f3',0,0,NULL,0,0,'2012-12-06 11:34:47','2012-12-06 11:39:36',NULL),(44,1,1,27,'',4,999,999,1,0,1000,992,'39976ea96c22b98d79104c04222b65e3',0,0,NULL,0,0,'2012-12-06 20:16:46','2012-12-06 20:22:41',NULL),(45,1,1,27,'',4,1000,1000,1,0,1001,999,'d428fe47273dd6e3c5b0e4b7ecd20832',0,0,NULL,0,0,'2012-12-06 21:18:42','2012-12-06 21:22:33',NULL),(48,1,1,27,'',4,1001,1001,1,0,1002,944,'7588535c02b824f6db66b8a42c1ae7e0',0,0,NULL,0,0,'2012-12-07 10:10:09','2012-12-07 12:12:05',NULL),(50,1,1,27,'',4,1002,1002,1,0,1003,1398,'9592bbea9c93e0e76b6e3bddc769bf9e',0,0,NULL,0,0,'2012-12-08 08:27:29','2012-12-08 08:30:47',NULL),(52,1,1,27,'',4,1003,1003,1,0,1004,1443,'78aba4c27b5c340eb3320153c14540d1',0,0,NULL,0,0,'2012-12-08 16:51:41','2012-12-08 17:00:05',NULL),(53,1,1,27,'',4,1004,1005,1,0,1005,1453,'205a723129935fa3dabb62610e94ea19',0,0,NULL,0,0,'2012-12-08 17:42:13','2012-12-08 17:52:26',NULL),(62,1,1,27,'',4,1007,1006,1,0,1006,1783,'589bf9f14403fc9bdf3c2dbae34c74a7',0,0,NULL,0,0,'2012-12-09 20:26:02','2012-12-09 20:36:04',NULL),(65,1,1,27,'',4,991,991,1,0,991,28,'7e63f6dc903ad46ea6af231a6133600b',0,0,NULL,0,0,'2012-12-10 10:41:30','2012-12-10 10:41:40',NULL),(69,1,1,27,'',4,1011,1011,1,0,1010,2136,'3bd2b18629ddb763ff24b10de72a0c5d',0,0,NULL,0,0,'2012-12-11 10:12:09','2012-12-11 23:14:46',NULL),(70,1,1,27,'',4,991,991,1,0,991,28,'7e63f6dc903ad46ea6af231a6133600b',0,0,NULL,0,0,'2012-12-11 10:25:44','2012-12-11 10:34:52',NULL),(71,1,1,27,'',4,1008,1008,1,0,1007,2093,'6ea213ccafc56b5d1c010f2a749a03e9',0,0,NULL,0,0,'2012-12-11 14:02:46','2012-12-11 14:07:34',NULL),(72,1,1,27,'',4,1009,1009,1,0,1008,2171,'845e2e8cea539df967f73dcd918ec02c',0,0,NULL,0,0,'2012-12-11 14:33:50','2012-12-11 14:41:46',NULL),(73,1,1,27,'',4,991,991,1,0,991,2169,'7e63f6dc903ad46ea6af231a6133600b',0,0,NULL,0,0,'2012-12-11 14:51:26','2012-12-11 14:52:04',NULL),(74,1,1,27,'',4,991,991,1,0,991,28,'7e63f6dc903ad46ea6af231a6133600b',0,0,NULL,0,0,'2012-12-11 15:02:47','2012-12-11 15:03:00',NULL),(85,1,1,27,'',4,1022,1022,1,0,1017,2412,'73d950704b5d194dacd735a1d7535178',0,0,NULL,0,0,'2012-12-12 11:08:42','2012-12-18 10:49:56',NULL),(92,1,1,27,'',4,545,545,1,0,545,1192,'ed687e2844dd12c3df31e2db542aa37e',0,0,NULL,0,0,'2012-12-12 23:40:46','2012-12-13 00:08:47',NULL),(94,1,1,27,'',4,1012,1012,1,0,1011,2652,'1bcd1fd856da03d3963fcc69a49c43fa',0,0,NULL,0,0,'2012-12-13 15:28:55','2012-12-13 22:38:10',NULL),(102,1,1,27,'',4,335,1014,1,0,335,3018,'e6313db14bd0aa7c965131d9f0b77387',0,0,NULL,0,0,'2012-12-15 09:02:50','2012-12-15 09:16:32',NULL),(115,1,1,27,'',4,1023,1023,1,0,1018,3745,'dbc3d9fb19515d78264358b71dfa2a1f',0,0,NULL,0,0,'2012-12-18 18:08:43','2012-12-18 18:16:34',NULL),(119,1,1,27,'',4,1027,1027,1,0,1022,3945,'1addda03b36f8b199e1271764481e32c',0,0,NULL,0,0,'2012-12-19 13:28:34','2012-12-22 13:46:10',NULL),(123,1,1,27,'',4,1024,1024,1,0,1019,3474,'87fdf7733f53c9d6db34cfd689f91bd9',0,0,NULL,0,0,'2012-12-19 18:36:16','2012-12-19 18:48:31',NULL),(125,1,1,27,'',4,1025,1025,1,0,1020,4187,'904b6e51e7f50edb411ef1bf178f260e',0,0,NULL,0,0,'2012-12-20 19:20:36','2012-12-20 20:51:18',NULL),(128,1,1,27,'',4,1026,1026,1,0,1021,4540,'bb5e80e127ff4a27f96fe8eee90330b4',0,0,NULL,0,0,'2012-12-22 11:25:30','2012-12-22 11:36:38',NULL),(133,1,1,27,'',4,1028,1028,1,0,1023,4748,'f630c17b9dde38067340a1220d45f032',0,0,NULL,0,0,'2012-12-23 14:04:46','2012-12-23 14:10:50',NULL),(134,1,1,27,'',4,1037,1037,1,0,1031,4939,'69f2c30ac67384d4026f3606488081b9',0,0,NULL,0,0,'2012-12-24 14:59:08','2013-01-05 15:47:04',NULL),(147,1,1,27,'',1,1029,1029,1,0,1024,6318,'1a1d011305919546bf1c8a2c3110c6da',0,0,NULL,0,0,'2012-12-30 15:44:40','2012-12-30 15:53:04',NULL),(151,1,1,27,'',1,1030,1030,1,0,1025,6988,'66b60d39b04d82e9f5f6c45e826d9611',0,0,NULL,0,0,'2013-01-02 23:00:25','2013-01-02 23:40:04',NULL),(152,1,1,27,'',4,1031,1031,1,0,1026,7192,'402e4fc2ee79d085a69872c27e971b7b',0,0,NULL,0,0,'2013-01-03 14:50:45','2013-01-03 15:05:59',NULL),(153,1,1,27,'',4,1032,1032,1,0,1027,7212,'4ef7535d2188ed99ab272bfa9f173f74',0,0,NULL,0,0,'2013-01-03 21:52:12','2013-01-03 22:00:35',NULL),(154,1,1,27,'',4,1033,1033,1,0,1028,7206,'57e59311033d13a6d95a748e44deabd6',0,0,NULL,0,0,'2013-01-03 22:54:48','2013-01-03 23:01:09',NULL),(163,1,1,27,'',4,1035,1036,1,0,1030,7554,'2867d11a32be64633d6daadede75521a',0,0,NULL,0,0,'2013-01-04 20:35:41','2013-01-04 20:42:39',NULL),(168,1,1,27,'',4,1038,1038,1,0,1032,8073,'761e791c6504baa2e3d8bafce261ef5d',0,0,NULL,0,0,'2013-01-06 20:03:54','2013-01-06 20:13:04',NULL),(172,1,1,27,'',4,1039,1039,1,0,1033,8404,'60fc95ecb96044137a8c058b90006807',0,0,NULL,0,0,'2013-01-07 23:07:03','2013-01-07 23:53:27',NULL),(175,1,1,27,'',4,1040,1040,1,0,1034,8582,'c3ec0ffc9ecccffffb3a76310c4ae79b',0,0,NULL,0,0,'2013-01-08 11:27:29','2013-01-08 11:30:42',NULL),(179,1,1,27,'',1,1041,1041,1,0,1035,8889,'c72e7a2a4191164a7cfdb852f4cfdd50',0,0,NULL,0,0,'2013-01-09 19:13:23','2013-01-09 19:17:17',NULL),(191,1,1,27,'',1,1045,1045,1,0,1038,8827,'b5cf9b6043474ef0fb10ffca581e6d79',0,0,NULL,0,0,'2013-01-12 21:02:21','2013-01-12 21:13:16',NULL),(192,1,1,27,'',1,1045,1045,1,0,1038,8827,'b5cf9b6043474ef0fb10ffca581e6d79',0,0,NULL,0,0,'2013-01-12 21:14:13','2013-01-12 21:15:22',NULL),(193,1,1,27,'',1,1045,1045,1,0,1038,8827,'b5cf9b6043474ef0fb10ffca581e6d79',0,0,NULL,0,0,'2013-01-12 21:16:37','2013-01-12 21:17:16',NULL),(198,1,1,27,'',4,1046,1046,1,0,1039,9571,'0c9a96a88b230704fcfe78613ac39fb3',0,0,NULL,0,0,'2013-01-13 17:38:03','2013-01-13 18:04:32',NULL),(199,1,1,27,'',4,1047,1047,1,0,1040,9586,'7de0beec9968291349bf12830b4d7756',0,0,NULL,0,0,'2013-01-13 19:26:49','2013-01-13 19:47:02',NULL),(203,1,1,32,'',4,1049,1049,1,0,1041,9601,'090cce4ff6fad2cfe194e6b2b0ebfbff',0,0,NULL,0,0,'2013-01-13 22:47:24','2013-01-14 10:58:14',NULL),(204,1,1,32,'',1,991,991,1,0,991,28,'7e63f6dc903ad46ea6af231a6133600b',0,0,NULL,0,0,'2013-01-14 09:10:12','2013-01-14 09:28:25',NULL),(205,1,1,32,'',4,1048,1048,1,0,991,9631,'7e63f6dc903ad46ea6af231a6133600b',0,0,NULL,0,0,'2013-01-14 10:44:01','2013-01-14 10:48:20',NULL),(207,1,1,32,'',1,1048,1048,1,0,991,28,'7e63f6dc903ad46ea6af231a6133600b',0,0,NULL,0,0,'2013-01-14 11:03:54','2013-01-14 11:04:17',NULL),(208,1,1,32,'',1,1048,1048,1,0,991,28,'7e63f6dc903ad46ea6af231a6133600b',0,0,NULL,0,0,'2013-01-14 11:18:52','2013-01-14 11:19:06',NULL),(209,1,1,32,'',1,1048,1048,1,0,991,28,'7e63f6dc903ad46ea6af231a6133600b',0,0,NULL,0,0,'2013-01-14 11:37:04','2013-01-14 11:37:20',NULL),(210,1,1,32,'',1,1048,1048,1,0,991,28,'7e63f6dc903ad46ea6af231a6133600b',0,0,NULL,0,0,'2013-01-14 12:00:53','2013-01-14 12:01:11',NULL),(211,1,1,32,'',2,1050,1050,1,0,1042,9654,'4472685064cfca887a5cec14c84365d3',0,0,NULL,0,0,'2013-01-14 13:11:56','2013-01-14 13:52:00',NULL),(212,1,1,32,'',4,1051,1051,1,0,1043,9702,'4764aee88db7caeab073e4c6895c489d',0,0,NULL,0,0,'2013-01-14 21:35:34','2013-01-14 21:42:29',NULL),(219,1,1,32,'',4,1053,1053,1,0,1045,10038,'13547b299fd10e8f1e1621eeca4e49ca',0,0,NULL,0,0,'2013-01-16 08:41:55','2013-01-17 23:19:38',NULL),(230,1,1,32,'',4,1054,1054,1,0,1046,10595,'a310a0a83dd09383047ab48823ba319e',0,0,NULL,0,0,'2013-01-18 14:17:17','2013-01-18 14:26:27',NULL),(231,1,1,30,'',4,1055,1055,1,0,1047,10692,'a596c0f64e54f2a8426e27c8209e5d29',0,0,NULL,0,0,'2013-01-18 20:49:07','2013-01-18 20:58:18',NULL),(239,1,1,32,'',4,1058,1058,1,0,1050,10118,'caea3cef8fe96b4673f7f60185a12a44',0,0,NULL,0,0,'2013-01-20 20:51:38','2013-01-20 20:58:25',NULL),(241,1,1,32,'',4,1059,1059,1,0,1051,11351,'380c9f8a842f22aff6e7792b88d1281a',0,0,NULL,0,0,'2013-01-21 13:29:54','2013-01-21 13:44:22',NULL),(243,1,1,32,'',4,1060,1061,1,0,1052,11661,'4ca352c01ea308808147b5c54f3b84c9',0,0,NULL,0,0,'2013-01-22 13:31:58','2013-01-22 13:34:49',NULL),(247,1,1,32,'',4,1063,1063,1,0,1053,12001,'c65f9a933aabbeb70d5527d23972a204',0,0,NULL,0,0,'2013-01-23 21:14:09','2013-01-23 21:17:26',NULL),(251,1,1,32,'',4,1064,1064,1,0,1054,12211,'487b32c05b161a93ea3084f137f19a9c',0,0,NULL,0,0,'2013-01-24 12:21:26','2013-01-24 12:23:19',NULL),(261,1,1,32,'',4,1065,1065,1,0,1055,12991,'307e54e7e8bf53c734d68f44d73d1391',0,0,NULL,0,0,'2013-01-27 16:59:25','2013-01-27 17:02:18',NULL),(263,1,1,32,'',4,1066,1066,1,0,1056,13086,'2ee58c948200dc7f422db52e326dfc8a',0,0,NULL,0,0,'2013-01-27 22:00:23','2013-01-27 22:09:21',NULL),(266,1,1,32,'',4,1063,1063,1,0,1053,13293,'c65f9a933aabbeb70d5527d23972a204',0,0,NULL,0,0,'2013-01-28 14:05:38','2013-01-28 14:08:13',NULL),(271,1,1,32,'',4,1070,1070,1,0,1060,8619,'811022ebe64e4d71fd2fc415d3ec6231',0,0,NULL,0,0,'2013-01-28 21:00:15','2013-01-28 21:03:05',NULL),(272,1,1,32,'',4,1071,1071,1,0,1061,13362,'c7a5a78d5dc7c583bbe87abd21f1b7e1',0,0,NULL,0,0,'2013-01-29 00:34:31','2013-01-29 00:47:17',NULL),(284,1,1,30,'',4,1048,1048,1,0,991,28,'7e63f6dc903ad46ea6af231a6133600b',0,0,NULL,0,0,'2013-01-31 14:40:38','2013-01-31 17:54:12',NULL),(285,1,1,32,'',4,1076,1076,1,0,1065,14053,'d5742fa4f77d0d91fbe72e7430f4b650',0,0,NULL,0,0,'2013-01-31 15:22:48','2013-01-31 15:27:38',NULL),(286,1,1,32,'',4,1077,1077,1,0,1066,14055,'f3c43adedf492993cc57ba70e561217b',0,0,NULL,0,0,'2013-01-31 16:18:50','2013-01-31 16:27:36',NULL),(288,1,1,32,'',4,1078,1078,1,0,1067,14371,'34b406264ae9a13489081c61af5600b8',0,0,NULL,0,0,'2013-02-01 07:32:08','2013-02-01 07:45:57',NULL),(290,1,1,32,'',4,1073,1073,1,0,1062,11655,'3c7fe31ec59989b55c8e8f00dd0b7fa2',0,0,NULL,0,0,'2013-02-01 14:09:07','2013-02-01 16:18:20',NULL),(291,1,1,32,'',4,335,335,1,0,335,14543,'e6313db14bd0aa7c965131d9f0b77387',0,0,NULL,0,0,'2013-02-01 16:33:54','2013-02-01 16:42:21',NULL),(312,1,1,32,'',4,1080,1080,1,0,1069,14433,'0fecc8ea260740d244fd61c172cb22af',0,0,NULL,0,0,'2013-02-05 19:27:21','2013-02-05 21:29:58',NULL),(313,1,1,32,'',4,1081,1081,1,0,1070,15687,'1e2366bc7ec3b00121f466384a381769',0,0,NULL,0,0,'2013-02-05 20:41:35','2013-02-05 21:44:30',NULL),(315,1,1,32,'',4,1080,1080,1,0,1069,14433,'0fecc8ea260740d244fd61c172cb22af',0,0,NULL,0,0,'2013-02-05 22:07:57','2013-02-05 22:09:47',NULL),(317,1,1,32,'',2,1080,1080,1,0,1069,14433,'0fecc8ea260740d244fd61c172cb22af',0,0,NULL,0,0,'2013-02-05 22:23:48','2013-02-05 22:24:18',NULL),(319,1,1,32,'',2,1080,1080,1,0,1069,14433,'0fecc8ea260740d244fd61c172cb22af',0,0,NULL,0,0,'2013-02-06 14:11:35','2013-02-06 14:13:42',NULL),(332,1,1,32,'',4,1084,1084,1,0,1072,16869,'165da146ab3d1e6deddcbea33b28a295',0,0,NULL,0,0,'2013-02-10 11:48:05','2013-02-10 11:56:23',NULL),(344,1,1,32,'',4,1086,1086,1,0,1074,17447,'2c3ef5382c6f15fcd1cf271809182c7b',0,0,NULL,0,0,'2013-02-12 16:44:58','2013-02-12 17:03:31',NULL),(348,1,1,32,'',4,1087,1087,1,0,1075,17630,'e77859c9f847302c4eba56760614c762',0,0,NULL,0,0,'2013-02-13 08:05:47','2013-02-13 08:12:26',NULL),(349,1,1,32,'',4,1088,1088,1,0,1076,17635,'9e12add155a56d1f64073cded1a0f8c8',0,0,NULL,0,0,'2013-02-13 08:52:20','2013-02-13 08:56:54',NULL),(357,1,1,32,'',2,1089,1089,1,0,1077,17687,'a6fe4837830a40445e54ad1e2a304817',0,0,NULL,0,0,'2013-02-13 21:10:05','2013-02-13 21:27:23',NULL),(358,1,1,32,'',2,1089,1089,1,0,1077,17687,'a6fe4837830a40445e54ad1e2a304817',0,0,NULL,0,0,'2013-02-13 21:28:57','2013-02-13 21:29:26',NULL),(359,1,1,32,'',2,1089,1089,1,0,1077,17687,'a6fe4837830a40445e54ad1e2a304817',0,0,NULL,0,0,'2013-02-13 21:43:33','2013-02-13 21:44:11',NULL),(361,1,1,32,'',4,1090,1090,1,0,1078,16914,'59cf3f74491fc928613da57026085960',0,0,NULL,0,0,'2013-02-14 11:12:38','2013-02-14 15:04:07',NULL),(395,1,1,32,'',4,1093,1093,1,0,1081,19969,'dfd423d024d4ba18ac07170276621c2f',0,0,NULL,0,0,'2013-02-22 13:41:15','2013-02-22 13:43:26',NULL),(401,1,1,32,'',4,448,448,1,0,448,17378,'966c6924924c1a77655a443c933c5de0',0,0,NULL,0,0,'2013-02-23 10:47:15','2013-02-23 11:08:19',NULL),(408,1,1,32,'',4,1095,1095,1,0,1083,20472,'86e9d51d4983fe4e05a181149a6419b9',0,0,NULL,0,0,'2013-02-24 14:36:13','2013-02-24 14:41:18',NULL),(411,1,1,32,'',4,1096,1096,1,0,1084,20512,'006f4a8e8803ae196f9183cc02b76ddd',0,0,NULL,0,0,'2013-02-24 20:57:58','2013-02-24 21:04:39',NULL),(420,1,1,32,'',4,1097,1097,1,0,1085,20729,'a7c2f0ce9e49a44adfab01addee95609',0,0,NULL,0,0,'2013-02-25 15:58:33','2013-02-25 16:02:53',NULL),(426,1,1,32,'',4,1100,1085,1,0,1073,14442,'82313df23e9572c28613f9a3c664b5fc',0,0,NULL,0,0,'2013-02-27 18:20:56','2013-02-27 18:31:07',NULL),(428,1,1,32,'',4,1101,1101,1,0,1088,22282,'2694aa58aaf1a75c6bbfffa42f5f6a58',0,0,NULL,0,0,'2013-02-27 21:12:48','2013-02-27 21:16:16',NULL),(432,1,1,32,'',4,1102,1102,1,0,1089,22310,'27823b2522abfddf4c436f8733d9a2de',0,0,NULL,0,0,'2013-02-28 03:19:29','2013-02-28 03:35:56',NULL),(441,1,1,32,'',4,1104,1104,1,0,1090,23114,'0f35a72055dfc3a0fc01ef09cfbc2c93',0,0,NULL,0,0,'2013-03-02 11:59:28','2013-03-02 12:06:32',NULL),(450,1,1,32,'',4,1107,1107,1,0,1092,23383,'97b9a5d28b8b1a9620fc0e5d57cfbf87',0,0,NULL,0,0,'2013-03-03 17:56:25','2013-03-04 13:21:40',NULL),(465,1,1,32,'',4,1108,1108,1,0,1093,23980,'303f36093dc81eff9e6c856ada6755d5',0,0,NULL,0,0,'2013-03-05 21:39:11','2013-03-05 21:54:38',NULL),(468,1,1,32,'',4,1109,1109,1,0,1094,24219,'41991ad9077e76773b7fffef6d3e8943',0,0,NULL,0,0,'2013-03-06 14:26:35','2013-03-06 14:28:21',NULL),(470,1,1,32,'',4,472,472,1,0,472,24456,'184c313abbfd0c1749a93c398eb5cec2',0,0,NULL,0,0,'2013-03-07 11:35:04','2013-03-07 11:53:17',NULL),(475,1,1,32,'',1,1111,1111,1,0,1096,24699,'e9cf872af0f383be5796f7be1a0d6d24',0,0,NULL,0,0,'2013-03-08 09:09:05','2013-03-08 09:41:37',NULL),(476,1,1,32,'',4,788,788,1,0,788,24723,'872056ee3227a10b2358f1d2577500e5',0,0,NULL,0,0,'2013-03-08 10:56:47','2013-03-08 11:06:03',NULL),(477,1,1,32,'',4,1112,1112,1,0,1097,24848,'3c71225cee5b2cfeeffa1de5e568529f',0,0,NULL,0,0,'2013-03-08 18:00:44','2013-03-08 18:05:08',NULL),(488,1,1,32,'',4,1113,1113,1,0,1098,26233,'55cbb44cca3cc73a5adefa8621503b3b',0,0,NULL,0,0,'2013-03-11 14:46:59','2013-03-11 14:51:58',NULL),(489,1,1,32,'',4,1117,1117,1,0,1101,26276,'c691b4970109bca669002c6fcf9e415a',0,0,NULL,0,0,'2013-03-11 19:27:46','2013-03-14 17:35:20',NULL),(491,1,1,32,'',4,1022,1022,1,0,1017,20684,'73d950704b5d194dacd735a1d7535178',0,0,NULL,0,0,'2013-03-12 09:49:02','2013-04-10 16:58:35',NULL),(498,1,1,32,'',4,1115,1115,1,0,1099,24491,'893c2a9a8a6fec13c81b68dc7c5d371f',0,0,NULL,0,0,'2013-03-13 14:15:24','2013-03-13 14:30:57',NULL),(499,1,1,32,'',4,1116,1116,1,0,1100,25299,'a48cf7784bc49494d7063035d823dbb0',0,0,NULL,0,0,'2013-03-13 18:14:44','2013-03-14 13:53:19',NULL),(504,1,1,32,'',4,1118,1118,1,0,1102,27548,'d1aacc882b8793353f7d39d643d4c861',0,0,NULL,0,0,'2013-03-14 17:52:41','2013-03-14 18:00:04',NULL),(506,1,1,32,'',4,1119,1119,1,0,1103,27559,'eb8b97fad7f0c985ad8c818afbea3e3a',0,0,NULL,0,0,'2013-03-14 19:42:38','2013-03-14 19:50:02',NULL),(513,1,1,32,'',4,1120,1120,1,0,1104,27967,'658d8dfc383deb7bb01c9001eefe1f37',0,0,NULL,0,0,'2013-03-15 17:05:08','2013-03-15 17:21:56',NULL),(524,1,1,32,'',1,1130,1130,1,0,1114,28687,'66760b930470f1de6b767823bdd587f1',0,0,NULL,0,0,'2013-03-17 19:26:29','2013-03-21 21:07:02',NULL),(526,1,1,32,'',4,1124,1124,1,0,1108,28689,'15d0d0bd288cc3c63696fda3b8135695',0,0,NULL,0,0,'2013-03-17 19:47:20','2013-03-17 19:53:25',NULL),(529,1,1,32,'',4,558,927,1,0,558,26743,'396a11f08bdc83c623b449f09508322c',0,0,NULL,0,0,'2013-03-18 15:59:51','2013-03-20 08:59:45',NULL),(544,1,1,30,'',4,1126,1126,1,0,1110,29716,'141e3b9d5df4e3303d66229c0c180cc0',0,0,NULL,0,0,'2013-03-20 10:06:14','2013-03-20 10:13:04',NULL),(547,1,1,32,'',4,1128,1128,1,0,1112,27500,'c8824df679c4dd7b5eeb95ac0a03d903',0,0,NULL,0,0,'2013-03-20 16:27:30','2013-03-20 16:29:38',NULL),(553,1,1,32,'',4,1129,1129,1,0,1113,28181,'6f341b82ca66b979620b9f436e9b8fda',0,0,NULL,0,0,'2013-03-20 20:36:11','2013-03-20 20:38:50',NULL),(563,1,1,32,'',4,1131,1131,1,0,1115,28224,'5dbc47468e3e545ef0e39fdaf1ceecfb',0,0,NULL,0,0,'2013-03-22 18:33:32','2013-03-22 18:39:29',NULL),(578,1,1,32,'',4,1119,1119,1,0,1103,27559,'eb8b97fad7f0c985ad8c818afbea3e3a',0,0,NULL,0,0,'2013-03-24 19:08:09','2013-03-25 18:45:42',NULL),(582,1,1,32,'',4,1134,1134,1,0,1118,31078,'fdd9d838f48dd56c29fcfbfcbfb33b5e',0,0,NULL,0,0,'2013-03-25 12:50:04','2013-03-25 13:04:29',NULL),(594,1,1,32,'',4,1135,1136,1,0,1119,26751,'cf0e371686916952eea21f8cb72a9e29',0,0,NULL,0,0,'2013-03-27 18:08:10','2013-03-27 18:22:59',NULL),(595,1,1,32,'',4,812,812,1,0,812,29022,'33da4b3647233bb95080e26deecb351d',0,0,NULL,0,0,'2013-03-27 18:30:05','2013-03-29 09:28:15',NULL),(623,1,1,32,'',4,1137,1137,1,0,1120,34889,'4ce33ca990344df3e3dae19d0fa2cd9a',0,0,NULL,0,0,'2013-04-01 13:57:47','2013-04-01 15:16:26',NULL),(624,1,1,32,'',4,1176,1176,1,0,1152,34891,'1eec8a3a9f00c031cfc94ed44fd395c9',0,0,NULL,0,0,'2013-04-01 14:09:03','2013-05-06 15:57:15',NULL),(632,1,1,32,'',4,1140,1140,1,0,1123,35371,'57ee136c37f0a10b60e92bd6c8057a85',0,0,NULL,0,0,'2013-04-02 22:06:20','2013-04-02 22:19:19',NULL),(656,1,1,32,'',4,1143,1143,1,0,1126,36832,'d111a988d2b308da3e481d144ce6ce01',0,0,NULL,0,0,'2013-04-07 11:08:58','2013-04-07 11:18:42',NULL),(658,1,1,32,'',4,1144,1144,1,0,1127,36895,'f3272f3de7e92940cb57a41b88cf57ea',0,0,NULL,0,0,'2013-04-07 15:11:24','2013-04-07 15:18:50',NULL),(668,1,1,30,'',4,1145,1145,1,0,1128,36614,'1ef18023ce8ce2829b1f55b9b31aa2c7',0,0,NULL,0,0,'2013-04-08 17:39:10','2013-04-08 18:04:56',NULL),(670,1,1,32,'',4,1146,1146,1,0,1129,37311,'3b5b5d6942c866a5249eac8919d7ebb5',0,0,NULL,0,0,'2013-04-08 20:02:46','2013-04-08 20:11:57',NULL),(693,1,1,32,'',4,1153,1154,1,0,1134,35673,'48539a37c9fa99a2b485eb2c5783fcf1',0,0,NULL,0,0,'2013-04-11 20:33:02','2013-04-13 19:15:40',NULL),(696,1,1,32,'',4,1150,1151,1,0,1132,39193,'b453423757d9b458a2860e5b06e6d3f9',0,0,NULL,0,0,'2013-04-12 11:28:46','2013-04-12 12:12:48',NULL),(706,1,1,32,'',1,1157,1157,1,0,1137,39229,'fdcf101a8b6e47590ca6db6938aef5c9',0,0,NULL,0,0,'2013-04-12 15:50:51','2013-04-16 15:23:21',NULL),(720,1,1,32,'',4,548,548,1,0,548,39984,'3c15bda920801aa8a11ffb48c68d0576',0,0,NULL,0,0,'2013-04-14 13:45:45','2013-04-14 14:21:31',NULL),(722,1,1,32,'',4,1155,1155,1,0,1135,40044,'2f21d60b8f70812bc36a8cc3cc201c39',0,0,NULL,0,0,'2013-04-14 19:53:35','2013-04-14 19:55:25',NULL),(724,1,1,32,'',4,485,485,1,0,485,40061,'d2d43daf74815a3ac7014e5edf6b787d',0,0,NULL,0,0,'2013-04-14 21:46:00','2013-04-14 21:47:34',NULL),(742,1,1,32,'',4,1002,1002,1,0,1003,38518,'9592bbea9c93e0e76b6e3bddc769bf9e',0,0,NULL,0,0,'2013-04-17 12:03:58','2013-04-17 12:09:11',NULL),(747,1,1,32,'',4,918,918,1,0,475,41434,'10cedbd4d348ec5aa03374503db22a1e',0,0,NULL,0,0,'2013-04-18 07:29:39','2013-04-18 07:59:49',NULL),(751,1,1,32,'',4,1033,1033,1,0,1028,7206,'57e59311033d13a6d95a748e44deabd6',0,0,NULL,0,0,'2013-04-18 17:11:26','2013-04-18 17:12:06',NULL),(779,1,1,32,'',4,1159,1159,1,0,1139,42458,'c68953655d279db41450f13fbccf3a48',0,0,NULL,0,0,'2013-04-21 17:13:11','2013-04-21 17:18:07',NULL),(781,1,1,32,'',4,1161,1161,1,0,1140,42469,'2e69cb0b0bb8efb0f3424e7a0f9b545e',0,0,NULL,0,0,'2013-04-21 18:51:16','2013-04-21 19:22:01',NULL),(784,1,1,32,'',4,1162,1162,1,0,1141,42486,'dbbc214236b8c8839d6b0929b68a3621',0,0,NULL,0,0,'2013-04-21 20:55:08','2013-04-21 21:07:46',NULL),(791,1,1,32,'',1,1079,1163,1,0,1068,42389,'d37cb5357d4d52af142f6e7f96c280c5',0,0,NULL,0,0,'2013-04-22 12:43:57','2013-04-22 13:09:43',NULL),(793,1,1,32,'',4,965,965,1,0,965,41814,'1a25b84f851c00742762f0b7d0831976',0,0,NULL,0,0,'2013-04-22 14:44:52','2013-04-30 10:26:18',NULL),(794,1,1,32,'',4,1164,1164,1,0,1142,42739,'ddb8f3605445a08887ded4d9ad726f57',0,0,NULL,0,0,'2013-04-22 16:33:23','2013-04-22 16:39:35',NULL),(802,1,1,32,'',4,515,515,1,0,515,41146,'1f7dbaf78f9f4c3bbfa7e12bfbff56d2',0,0,NULL,0,0,'2013-04-23 09:44:24','2013-04-23 10:45:03',NULL),(809,1,1,30,'',4,1166,1166,1,0,1144,42784,'019704a666e7e0654ad9e9a2dadc96d8',0,0,NULL,0,0,'2013-04-24 08:45:34','2013-04-24 08:49:16',NULL),(821,1,1,32,'',1,1167,1167,1,0,1145,43828,'e98e2bb04fbd0d979c14ef4a36a098e2',0,0,NULL,0,0,'2013-04-25 17:33:28','2013-04-25 17:56:13',NULL),(822,1,1,32,'',1,1167,1167,1,0,1145,43828,'e98e2bb04fbd0d979c14ef4a36a098e2',0,0,NULL,0,0,'2013-04-25 17:57:54','2013-04-25 17:58:18',NULL),(835,1,1,32,'',4,171,1168,1,0,171,44395,'43e0113628101edfb807bfae59ef1fa3',0,0,NULL,0,0,'2013-04-27 16:06:01','2013-04-27 16:20:38',NULL),(852,1,1,32,'',1,1170,1171,1,0,1147,41532,'0c34830a43418ebc0a608b42826306ed',0,0,NULL,0,0,'2013-05-01 13:50:22','2013-05-01 14:00:47',NULL),(858,1,1,32,'',4,1169,1169,1,0,1146,45760,'7081ebbfbb203a9910fe2e2ed140c052',0,0,NULL,0,0,'2013-05-02 18:21:15','2013-05-02 18:28:20',NULL),(866,1,1,32,'',4,1008,1008,1,0,1007,41199,'6ea213ccafc56b5d1c010f2a749a03e9',0,0,NULL,0,0,'2013-05-03 14:04:07','2013-05-03 14:07:14',NULL),(874,1,1,32,'',4,809,809,1,0,809,45577,'3f0af522e6b5233c3d2215cc3e9f0afa',0,0,NULL,0,0,'2013-05-04 16:16:42','2013-05-04 16:58:05',NULL),(887,1,1,32,'',4,1177,1177,1,0,1153,46762,'416c1bf2e42b97ce3421a2a54fcb16f0',0,0,NULL,0,0,'2013-05-06 20:51:28','2013-05-06 20:53:25',NULL),(889,1,1,32,'',4,1179,1178,1,0,1154,47496,'fcdd222f1536805880c7c9a7608ff4e5',0,0,NULL,0,0,'2013-05-06 23:03:19','2013-05-07 09:09:10',NULL),(897,1,1,32,'',4,1180,1180,1,0,1155,47761,'0d672f93a7752ef0580fbeec798e79ca',0,0,NULL,0,0,'2013-05-07 16:09:17','2013-05-07 16:12:54',NULL),(899,1,1,32,'',4,1181,1181,1,0,1156,47772,'5981322082a5f652f003576c9ee8f162',0,0,NULL,0,0,'2013-05-07 16:46:47','2013-05-07 18:17:38',NULL),(901,1,1,32,'',4,918,918,1,0,475,41434,'10cedbd4d348ec5aa03374503db22a1e',0,0,NULL,0,0,'2013-05-07 17:42:36','2013-05-07 17:46:03',NULL),(910,1,1,32,'',4,1183,1183,1,0,1158,48383,'4c310f5ec55829b9a256bd0944e83995',0,0,NULL,0,0,'2013-05-09 12:14:57','2013-05-09 15:57:13',NULL),(926,1,1,32,'',4,1186,1186,1,0,1161,49054,'55211c3ac1bd9ae6b631c14e9e593bb0',0,0,NULL,0,0,'2013-05-11 17:33:29','2013-05-11 17:39:01',NULL),(973,1,1,32,'',4,1187,1187,1,0,1162,50312,'76fe1663fd6120b798f9c23966911904',0,0,NULL,0,0,'2013-05-18 20:10:14','2013-05-18 20:17:56',NULL),(975,1,1,32,'',4,1188,1188,1,0,1163,51011,'ac41ccb16231b712ec278ae8a4d15188',0,0,NULL,0,0,'2013-05-19 11:56:49','2013-05-19 12:10:56',NULL),(980,1,1,32,'',2,1190,1189,1,0,1164,52188,'0a22d59c639f9c3ba8c6a36670cbd991',0,0,NULL,0,0,'2013-05-21 17:09:34','2013-05-21 17:37:14',NULL),(984,1,1,32,'',4,1138,1138,1,0,1121,53066,'babdc08b3440bb7c113732b9a89e2ac6',0,0,NULL,0,0,'2013-05-24 16:53:41','2013-05-24 16:57:47',NULL),(987,1,1,32,'',4,1191,1191,1,0,1165,53525,'dbbe2325addef461700f7dd8ad0d4d5d',0,0,NULL,0,0,'2013-05-25 14:28:15','2013-05-25 14:39:33',NULL),(992,1,1,32,'',4,1192,1192,1,0,1166,54121,'cd6439aaa17f9f7f3b9ad58909f4f508',0,0,NULL,0,0,'2013-05-27 14:26:32','2013-05-27 14:28:46',NULL),(995,1,1,32,'',4,1193,1193,1,0,1167,54168,'67ca7dac4a2da96256a201a9f99e360d',0,0,NULL,0,0,'2013-05-27 20:13:34','2013-05-27 20:19:41',NULL),(1011,1,1,32,'',1,1196,1196,1,0,1170,50587,'6b2e9081557c7eabad183cedf58c750e',0,0,NULL,0,0,'2013-05-30 11:40:53','2013-05-30 13:21:10',NULL),(1026,1,1,30,'',4,1215,1215,1,0,1185,49064,'88bf489cd21c5b1a4d89d417d1a3fd1e',0,0,NULL,0,0,'2013-06-02 14:27:30','2013-06-10 17:45:36',NULL),(1027,1,1,32,'',4,1203,1203,1,0,1174,56305,'ba9f3657e2b82399d4b1a0405afbe49a',0,0,NULL,0,0,'2013-06-02 15:41:39','2013-06-02 20:32:59',NULL),(1035,1,1,32,'',1,1205,1205,1,0,1176,56615,'4fa222b5f2aad2787f6fa2a18eb33c04',0,0,NULL,0,0,'2013-06-03 14:07:50','2013-06-03 14:11:37',NULL),(1037,1,1,30,'',4,1206,1206,1,0,1177,56613,'70ced39e174fec4f717796ee0a3a846f',0,0,NULL,0,0,'2013-06-03 14:19:46','2013-06-03 14:25:06',NULL),(1039,1,1,32,'',1,1207,1207,1,0,1178,56339,'ee65374c2b2a443766d41725d5838413',0,0,NULL,0,0,'2013-06-03 16:52:47','2013-06-03 16:57:51',NULL),(1040,1,1,32,'',4,1209,1209,1,0,1179,51884,'b04233e9e085763e44fbb744acee4a02',0,0,NULL,0,0,'2013-06-03 19:29:28','2013-06-03 19:35:01',NULL),(1046,1,1,32,'',4,1214,1214,1,0,1184,57025,'5499b5595984f707bfe2c3500e0d8218',0,0,NULL,0,0,'2013-06-04 21:46:46','2013-06-10 16:52:38',NULL),(1052,1,1,32,'',4,1210,1210,1,0,1180,49697,'01ca31ead2c8900e1e77d7752463b28b',0,0,NULL,0,0,'2013-06-05 19:21:43','2013-06-05 19:25:50',NULL),(1071,1,1,32,'',1,1172,1172,1,0,1148,59534,'461abfc96e93b9126e90eaf448b2cb0e',0,0,NULL,0,0,'2013-06-09 13:15:00','2013-06-09 13:21:27',NULL),(1073,1,1,32,'',4,1216,1216,1,0,1186,56912,'b8526566362d782c3f8892adab4ef42a',0,0,NULL,0,0,'2013-06-09 14:36:29','2013-06-11 17:53:29',NULL),(1079,1,1,30,'',4,1213,1213,1,0,1183,59901,'902034d97e10e4c9cfbbb330def66914',0,0,NULL,0,0,'2013-06-10 12:27:03','2013-06-10 12:38:54',NULL),(1081,1,1,32,'',4,867,867,1,0,867,59948,'88f027d79943d414d6af987ffa0a5776',0,0,NULL,0,0,'2013-06-10 15:44:06','2013-06-10 15:55:47',NULL),(1090,1,1,30,'',4,1195,1195,1,0,1169,54387,'e961f49aa4ec69cf8016d5f8234a1738',0,0,NULL,0,0,'2013-06-11 22:27:25','2013-06-11 22:28:33',NULL),(1094,1,1,32,'',4,1234,1234,1,0,1199,60633,'a89d4b12450e01d3f9d0509471bae33e',0,0,NULL,0,0,'2013-06-12 17:29:30','2013-06-26 14:43:49',NULL),(1106,1,1,32,'',4,1217,1217,1,0,1187,60879,'6ea348265e16c1c7fca7ab7020624c16',0,0,NULL,0,0,'2013-06-13 14:53:19','2013-06-13 14:57:53',NULL),(1138,1,1,32,'',4,1221,1221,1,0,1190,62141,'579aff32dce68b1f12e276ff3f20c529',0,0,NULL,0,0,'2013-06-17 17:14:33','2013-06-17 17:18:25',NULL),(1139,1,1,32,'',4,1222,1222,1,0,1191,62441,'26a9ce1d586346575278b4f749e84216',0,0,NULL,0,0,'2013-06-18 11:43:41','2013-06-18 11:46:00',NULL),(1140,1,1,32,'',1,1223,1223,1,0,1192,62462,'9575a8c3e8c0ce44a8059a443f84a75e',0,0,NULL,0,0,'2013-06-18 14:18:58','2013-06-18 14:25:28',NULL),(1155,1,1,32,'',4,1227,1228,1,0,983,61191,'85e6b138c156597dc85ec1c888f51a86',0,0,NULL,0,0,'2013-06-21 17:35:41','2013-06-21 17:43:48',NULL),(1164,1,1,32,'',4,1229,1229,1,0,1195,64383,'c73af98941b0e8fcf08eb10a38849e99',0,0,NULL,0,0,'2013-06-23 12:25:53','2013-06-23 13:07:36',NULL),(1165,1,1,32,'',4,1232,1232,1,0,1198,64433,'0697c85110185e4b2858f50124ed7ddd',0,0,NULL,0,0,'2013-06-23 13:30:21','2013-06-25 12:56:34',NULL),(1166,1,1,32,'',4,1230,1230,1,0,1196,64450,'5fde61270bf84b8eb42eef81b9a5a71d',0,0,NULL,0,0,'2013-06-23 15:47:51','2013-06-23 16:47:29',NULL),(1180,1,1,32,'',4,861,861,1,0,861,64457,'db16c7c92bc99c2c16fa6a7f7ef7f65d',0,0,NULL,0,0,'2013-06-24 13:17:50','2013-06-24 15:46:04',NULL),(1204,1,1,32,'',4,1235,1235,1,0,1200,66826,'1dfcf84011ec5da1bf83ea21b76289a8',0,0,NULL,0,0,'2013-06-30 17:28:18','2013-06-30 17:39:15',NULL),(1211,1,1,32,'',4,1022,1022,1,0,1017,67179,'73d950704b5d194dacd735a1d7535178',0,0,NULL,0,0,'2013-07-01 18:11:32','2013-07-03 16:41:35',NULL),(1213,1,1,32,'',4,1238,1238,1,0,1203,67673,'7b55ac3b6217b9304845480d09ec718d',0,0,NULL,0,0,'2013-07-02 20:22:25','2013-07-02 20:30:59',NULL),(1214,1,1,32,'',4,1239,1239,1,0,1204,67681,'e011c129d7c942e18b59e4efd0bb25ec',0,0,NULL,0,0,'2013-07-02 21:02:47','2013-07-02 23:32:57',NULL),(1220,1,1,32,'',4,1240,1240,1,0,1205,68052,'fc879db0182f4c8c1a771bcfd4b91b8b',0,0,NULL,0,0,'2013-07-03 20:46:49','2013-07-03 21:25:27',NULL),(1243,1,1,32,'',4,1243,1243,1,0,1208,69805,'9b244c6837db95acdebff217f02a89bf',0,0,NULL,0,0,'2013-07-08 21:29:57','2013-07-08 21:56:40',NULL),(1247,1,1,32,'',4,1246,1246,1,0,1204,67681,'e011c129d7c942e18b59e4efd0bb25ec',0,0,NULL,0,0,'2013-07-09 13:31:10','2013-07-09 13:33:35',NULL),(1250,1,1,32,'',4,1247,1247,1,0,1210,65191,'e7c39b4734c0035bb2efd7f22efcda95',0,0,NULL,0,0,'2013-07-09 16:26:06','2013-07-09 16:27:42',NULL),(1260,1,1,32,'',4,1251,1251,1,0,1213,70400,'b7368a8254b2dc58745cdcc01a4a57aa',0,0,NULL,0,0,'2013-07-10 18:30:10','2013-07-10 18:34:39',NULL),(1262,1,1,32,'',1,1252,1252,1,0,1214,70412,'06ace74d0cc3369cac9ccda1b17ec637',0,0,NULL,0,0,'2013-07-10 20:07:58','2013-07-11 15:36:58',NULL),(1266,1,1,32,'',4,867,867,1,0,867,70929,'88f027d79943d414d6af987ffa0a5776',0,0,NULL,0,0,'2013-07-12 10:23:43','2013-07-12 10:32:08',NULL),(1269,1,1,32,'',4,1254,1254,1,0,1216,70980,'5c80b2102f51a4d8f194ddb634e85b94',0,0,NULL,0,0,'2013-07-13 12:30:50','2013-07-13 12:39:58',NULL),(1270,1,1,32,'',4,1255,1255,1,0,1217,71289,'de2302e6f82f5dead668327b40f6d998',0,0,NULL,0,0,'2013-07-13 22:14:12','2013-07-13 22:26:51',NULL),(1275,1,1,30,'',4,1257,1257,1,0,1219,71528,'0589dcce5e5ad2c94654430c493f72fc',0,0,NULL,0,0,'2013-07-14 16:59:09','2013-07-14 17:06:25',NULL),(1281,1,1,32,'',4,1258,1258,1,0,1220,72013,'319dab493b8a0c68534486c99c566272',0,0,NULL,0,0,'2013-07-15 21:06:35','2013-07-15 21:15:06',NULL),(1282,1,1,32,'',4,1262,1262,1,0,1223,72079,'0cc31266356aadd27f0dcfd30cfa192e',0,0,NULL,0,0,'2013-07-16 00:08:24','2013-07-16 23:53:11',NULL),(1283,1,1,32,'',4,1260,1259,1,0,1221,71897,'eddbb338c17b40e25b6260998b878ba4',0,0,NULL,0,0,'2013-07-16 12:48:21','2013-07-16 13:04:58',NULL),(1287,1,1,32,'',4,1263,1263,1,0,1224,70045,'949ab02949b1f8604d6d22c47bc84db3',0,0,NULL,0,0,'2013-07-17 12:16:03','2013-07-17 12:34:45',NULL),(1298,1,1,32,'',4,1266,1266,1,0,1227,72759,'66b3d30f01f3af6c5f3fb8ca01a1d239',0,0,NULL,0,0,'2013-07-22 11:32:53','2013-07-22 11:37:10',NULL),(1309,1,1,32,'',1,1269,1269,1,0,1230,72617,'e0f20d7749217346d2f16b53890c77cd',0,0,NULL,0,0,'2013-07-23 18:05:19','2013-07-25 23:27:20',NULL),(1311,1,1,30,'',4,1270,1270,1,0,1231,73404,'453acfb86277877a21ffa773f22cf697',0,0,NULL,0,0,'2013-07-23 20:49:00','2013-07-23 20:55:33',NULL),(1315,1,1,32,'',4,1271,1271,1,0,1154,73510,'fcdd222f1536805880c7c9a7608ff4e5',0,0,NULL,0,0,'2013-07-24 14:53:26','2013-07-24 22:05:40',NULL),(1330,1,1,30,'',4,740,740,1,0,740,73999,'b9399fbb0962df5e59942d2b018f7102',0,0,NULL,0,0,'2013-07-28 00:21:14','2013-07-28 00:30:51',NULL),(1332,1,1,32,'',4,1266,1266,1,0,1227,72759,'66b3d30f01f3af6c5f3fb8ca01a1d239',0,0,NULL,0,0,'2013-07-29 09:42:20','2013-07-29 09:43:57',NULL),(1340,1,1,32,'',4,1277,1277,1,0,1235,74584,'02e612c007603084f3d5bd94d3ab4621',0,0,NULL,0,0,'2013-07-31 14:40:41','2013-07-31 14:55:29',NULL),(1344,1,1,32,'',4,1278,1278,1,0,1236,74854,'267cafc087a26d94a783631be1d3db77',0,0,NULL,0,0,'2013-08-01 19:52:39','2013-08-01 20:04:03',NULL),(1348,1,1,32,'',4,1279,1279,1,0,1237,74881,'8de6d85e479bbc744115c8637ddce75e',0,0,NULL,0,0,'2013-08-01 22:48:58','2013-08-02 07:21:42',NULL),(1350,1,1,32,'',4,1280,1280,1,0,1238,74978,'e8d478f5fd434c02085869ab8da0fa52',0,0,NULL,0,0,'2013-08-02 16:33:36','2013-08-02 16:40:02',NULL),(1368,1,1,32,'',4,1243,1243,1,0,1208,69805,'9b244c6837db95acdebff217f02a89bf',0,0,NULL,0,0,'2013-08-08 15:42:02','2013-08-08 15:42:50',NULL),(1374,1,1,32,'',4,1286,1286,1,0,1243,76401,'6ce17b26c423551706530b7cc6ba8f50',0,0,NULL,0,0,'2013-08-10 21:24:44','2013-08-10 21:29:08',NULL),(1375,1,1,32,'',1,1287,1287,1,0,1244,76494,'23f1dfa06da3f9821b25cbcdbbd5546e',0,0,NULL,0,0,'2013-08-11 13:50:47','2013-08-11 20:02:01',NULL),(1377,1,1,32,'',4,1288,1288,1,0,1245,76333,'ace10a770531ae4078d091b6c0bb0b70',0,0,NULL,0,0,'2013-08-11 20:19:03','2013-08-11 20:30:55',NULL),(1385,1,1,32,'',4,1289,1289,1,0,1246,76937,'e16c53ff03a9a6bc5c0594bd026f6613',0,0,NULL,0,0,'2013-08-13 17:46:40','2013-08-13 18:11:53',NULL),(1386,1,1,32,'',4,1289,1289,1,0,1246,76937,'e16c53ff03a9a6bc5c0594bd026f6613',0,0,NULL,0,0,'2013-08-13 18:24:05','2013-08-13 18:24:47',NULL),(1390,1,1,32,'',4,1290,1290,1,0,1247,77062,'7ab5fa5ebdbae37248595f7cd9d80ee7',0,0,NULL,0,0,'2013-08-14 10:10:11','2013-08-14 10:26:26',NULL),(1394,1,1,32,'',4,1292,1292,1,0,1249,77369,'6c4d4d9bfc2534db732431531e4e78b4',0,0,NULL,0,0,'2013-08-15 13:50:18','2013-08-15 14:07:59',NULL),(1399,1,1,32,'',4,1293,1293,1,0,1250,77634,'01205779bfe02cbbb9c7901c1defab6a',0,0,NULL,0,0,'2013-08-17 08:50:48','2013-08-17 08:56:50',NULL),(1402,1,1,32,'',4,1296,1296,1,0,1253,77714,'d283cff2db3258f1a37a2787fa40cc4d',0,0,NULL,0,0,'2013-08-17 23:20:37','2013-08-18 22:21:24',NULL),(1405,1,1,32,'',4,1294,1294,1,0,1251,77157,'e2a7cc3b8197286abe88e5d74075fe98',0,0,NULL,0,0,'2013-08-18 14:06:06','2013-08-18 14:20:13',NULL),(1408,1,1,32,'',4,1301,1301,1,0,1257,77867,'350b18440558202d6bb0e4182fb35272',0,0,NULL,0,0,'2013-08-18 21:18:23','2013-08-21 10:27:36',NULL),(1411,1,1,32,'',4,1310,1310,1,0,1265,78064,'8bbeb13b0589e8be584e8cad17ec2392',0,0,NULL,0,0,'2013-08-19 17:04:41','2013-08-29 18:53:25',NULL),(1419,1,1,32,'',4,1298,1298,1,0,1255,78246,'c455a87530142480c866572d6e1a07d0',0,0,NULL,0,0,'2013-08-20 16:31:52','2013-08-20 16:35:46',NULL),(1421,1,1,32,'',4,1300,1300,1,0,1154,73510,'fcdd222f1536805880c7c9a7608ff4e5',0,0,NULL,0,0,'2013-08-20 23:15:31','2013-08-20 23:20:30',NULL),(1451,1,1,32,'',4,1304,1304,1,0,1259,79065,'334a046bbba9ff3d55b5ab97350be62d',0,0,NULL,0,0,'2013-08-25 19:48:06','2013-08-26 17:02:16',NULL),(1456,1,1,32,'',4,1306,1306,1,0,1261,79056,'a0076f79673240df34a0f2efb270ce29',0,0,NULL,0,0,'2013-08-27 12:52:32','2013-08-27 13:02:34',NULL),(1461,1,1,32,'',4,1307,1307,1,0,1262,79597,'2977c5dc1abed27a7883ac1e06cf686b',0,0,NULL,0,0,'2013-08-28 18:39:27','2013-08-28 19:01:08',NULL),(1462,1,1,32,'',4,49,49,1,0,49,79628,'509b0b9638386edcee4809ded5144577',0,0,NULL,0,0,'2013-08-28 22:36:41','2013-08-29 21:39:15',NULL),(1463,1,1,32,'',4,1308,1308,1,0,1263,79632,'741c5892f8b7be2ea9495586a6d1917a',0,0,NULL,0,0,'2013-08-28 22:44:27','2013-08-28 22:59:49',NULL),(1464,1,1,32,'',4,1309,1309,1,0,1264,79685,'3cde118f7ec2521759e51bfbc9cfc783',0,0,NULL,0,0,'2013-08-29 09:17:25','2013-08-29 09:24:37',NULL),(1474,1,1,32,'',4,1149,1149,1,0,1131,79981,'9c74297687934e7217b9123287236d1f',0,0,NULL,0,0,'2013-08-31 14:10:02','2013-08-31 14:20:52',NULL),(1478,1,1,32,'',1,1312,1312,1,0,1267,80366,'6717bbd595363fec6e824dee4747e2ca',0,0,NULL,0,0,'2013-09-02 16:58:24','2013-09-02 17:04:56',NULL),(1480,1,1,32,'',4,1313,1313,1,0,1268,80386,'702dbbf3918185d8ee3d1f4e247cfda5',0,0,NULL,0,0,'2013-09-02 19:38:36','2013-09-02 19:44:25',NULL),(1482,1,1,32,'',4,1315,1315,1,0,1270,80507,'e761035b79ac5a388a21f5b86b7e142a',0,0,NULL,0,0,'2013-09-03 18:27:04','2013-09-03 20:12:45',NULL),(1483,1,1,32,'',4,1315,1315,1,0,1270,80507,'e761035b79ac5a388a21f5b86b7e142a',0,0,NULL,0,0,'2013-09-03 20:21:53','2013-09-03 20:22:38',NULL),(1490,1,1,30,'',4,1316,1316,1,0,1271,80603,'bfd270da85d99be913cd259fa4271762',0,0,NULL,0,0,'2013-09-04 10:21:12','2013-09-04 10:25:45',NULL),(1517,1,1,32,'',4,1321,1320,1,0,1275,81660,'626279a770f248d85f5111ccea3dea6c',0,0,NULL,0,0,'2013-09-11 12:14:18','2013-09-11 12:25:02',NULL),(1520,1,1,32,'',4,1322,1322,1,0,317,82471,'eceeed4180566038d55824fd34b8594b',0,0,NULL,0,0,'2013-09-15 15:38:58','2013-09-15 15:50:48',NULL),(1521,1,1,30,'',4,1324,1323,1,0,1276,82503,'024a38e3aae2c3cb6d9559d57a8405fe',0,0,NULL,0,0,'2013-09-15 19:58:34','2013-09-15 20:06:00',NULL),(1530,1,1,32,'',4,1325,1325,1,0,1277,82699,'348a1c3b2d40502592062635b20693dd',0,0,NULL,0,0,'2013-09-16 10:45:07','2013-09-16 10:58:25',NULL),(1534,1,1,32,'',4,1326,1327,1,0,1278,82740,'9a806de74f414ae09b92f0cc3d851f69',0,0,NULL,0,0,'2013-09-16 16:06:10','2013-09-16 16:31:23',NULL),(1537,1,1,32,'',4,867,867,1,0,867,82775,'88f027d79943d414d6af987ffa0a5776',0,0,NULL,0,0,'2013-09-16 21:37:37','2013-09-16 21:40:39',NULL),(1543,1,1,32,'',4,1329,1329,1,0,1280,83650,'b1392fd3a5cdcc53d15776ef537130c3',0,0,NULL,0,0,'2013-09-19 21:24:47','2013-09-19 21:31:35',NULL),(1559,1,1,32,'',4,1331,1331,1,0,1282,84956,'9ca6039a95fca543fc44b0b8153b7740',0,0,NULL,0,0,'2013-09-24 11:13:27','2013-09-24 13:37:40',NULL),(1566,1,1,32,'a:1:{i:1332;s:3:\"32,\";}',4,1332,1332,1,1,64,84979,'c6c61a2e4e3a9df56d9df3c95dd4e231',0,0,NULL,0,0,'2013-09-24 16:38:39','2013-09-24 17:29:29',NULL),(1580,1,1,0,'',4,1048,1048,1,1,991,86278,'7e63f6dc903ad46ea6af231a6133600b',0,0,NULL,0,0,'2013-09-26 12:16:32','2013-09-26 12:19:18',NULL),(1582,1,1,32,'a:1:{i:996;s:3:\"32,\";}',4,996,996,1,1,997,85569,'f7a3aa6b38f7603d55d40fc6c02a68fd',0,0,NULL,0,0,'2013-09-26 12:55:55','2013-09-26 12:57:17',NULL),(1584,1,1,32,'a:1:{i:1071;s:3:\"32,\";}',4,1071,1071,1,1,1061,86471,'c7a5a78d5dc7c583bbe87abd21f1b7e1',0,0,NULL,0,0,'2013-09-26 16:14:33','2013-09-26 16:25:48',NULL),(1590,1,1,32,'a:1:{i:1333;s:3:\"32,\";}',4,1333,1333,1,1,1284,86509,'670114dee3a1f5fb981e62fde194453c',0,0,NULL,0,0,'2013-09-26 17:02:56','2013-09-26 17:07:04',NULL),(1594,1,1,0,'',4,1334,1334,1,1,1285,87143,'551a5ef974e1fe87ab41590092e3bddb',0,0,NULL,0,0,'2013-09-27 19:02:11','2013-09-27 19:13:02',NULL),(1598,1,1,32,'a:1:{i:1335;s:3:\"32,\";}',4,1335,1335,1,1,1286,88204,'0eba6edc30168f27b91e12b4e1a38329',0,0,NULL,0,0,'2013-09-29 17:02:12','2013-09-29 17:33:26',NULL),(1610,1,1,0,'',4,1337,1337,1,1,1288,89829,'360d6b25803331e6c51499eff1f3669e',0,0,NULL,0,0,'2013-10-02 08:58:03','2013-10-02 15:31:04',NULL),(1614,1,1,0,'',4,1338,1338,1,1,1289,90774,'45a9b08f57d7599870ce2ffd404f8a17',0,0,NULL,0,0,'2013-10-03 19:40:38','2013-10-03 19:49:37',NULL),(1617,1,1,0,'',4,1339,1339,1,1,1290,91902,'060524d1f4edb8840fa79aff04095f13',0,0,NULL,0,0,'2013-10-05 17:33:54','2013-10-05 17:54:10',NULL),(1626,1,1,32,'a:1:{i:1341;s:3:\"32,\";}',4,1341,1341,1,1,1292,93438,'a4f97d050dc74c3153a045aa39ecd3f5',0,0,NULL,0,0,'2013-10-08 12:50:40','2013-10-08 13:17:38',NULL),(1631,1,1,0,'',4,1342,1342,1,1,1294,94742,'7db0728c99c736d6ec43d9dbf60edd1e',0,0,NULL,0,0,'2013-10-10 12:22:54','2013-10-10 12:30:00',NULL),(1650,1,1,32,'a:1:{i:1345;s:3:\"32,\";}',4,1345,1346,1,1,1297,98503,'5f187214d880efb344f42c4befa15ba6',0,0,NULL,0,0,'2013-10-16 14:16:22','2013-10-16 14:25:52',NULL),(1654,1,1,32,'a:1:{i:1348;s:3:\"32,\";}',4,1348,1348,1,1,1300,98624,'0ee2409e5b6ade1e0bca88c44ccf90e7',0,0,NULL,0,0,'2013-10-16 20:15:20','2013-10-16 20:23:18',NULL),(1661,1,1,32,'a:1:{i:625;s:3:\"32,\";}',4,625,625,1,1,625,99613,'eb087f27b1d227ecb622f56a6ef949bb',0,0,NULL,0,0,'2013-10-18 21:31:41','2013-10-18 21:34:06',NULL),(1667,1,1,32,'a:1:{i:1347;s:3:\"32,\";}',4,1347,1347,1,1,1299,98605,'eb885380dd36278869e10acbff6a6cb4',0,0,NULL,0,0,'2013-10-20 21:45:14','2013-10-20 21:53:05',NULL),(1671,1,1,0,'',4,1349,1349,1,1,1302,103840,'d9fa73de316a6a83e3425144c3bab62a',0,0,NULL,0,0,'2013-10-23 14:55:20','2013-10-23 14:59:37',NULL),(1678,1,1,0,'',4,1350,1350,1,1,1303,106050,'49b54c3f9f19eca05fed5914c58be526',0,0,NULL,0,0,'2013-10-27 13:54:26','2013-10-27 14:04:57',NULL),(1679,1,1,0,'',4,1351,1351,1,1,1304,106057,'508875058f3b27557c540986437b37f9',0,0,NULL,0,0,'2013-10-27 14:14:37','2013-10-27 14:17:19',NULL),(1681,1,1,0,'',1,1352,1352,1,1,1305,106660,'8c5765de20bac9d1f8450cf6ed9a9732',0,0,NULL,0,0,'2013-10-28 09:34:08','2013-10-28 10:06:29',NULL),(1688,1,1,0,'',4,1354,1354,1,1,1307,108011,'d23cea31c5730dee73399bd93f393230',0,0,NULL,0,0,'2013-10-30 12:01:26','2013-10-30 12:08:45',NULL),(1699,1,1,0,'',1,1355,1355,1,1,1309,110753,'595b627ebebbbdcc24495a4c0a7d8ec2',0,0,NULL,0,0,'2013-11-03 16:17:45','2013-11-03 16:24:41',NULL),(1700,1,1,0,'',4,1356,1356,1,1,1310,100764,'9605e59705ab591b92ad9ffad15ea4d4',0,0,NULL,0,0,'2013-11-03 17:41:51','2013-11-03 17:47:27',NULL),(1707,1,1,32,'a:1:{i:1360;s:3:\"32,\";}',4,1360,1360,1,1,1317,109539,'04e85168f2a7abcf113b5c0fad12cc18',0,0,NULL,0,0,'2013-11-04 21:54:04','2013-11-17 20:08:08',NULL),(1711,1,1,0,'',4,1278,1278,1,1,1236,112622,'267cafc087a26d94a783631be1d3db77',0,0,NULL,0,0,'2013-11-05 18:32:10','2013-11-05 18:32:57',NULL),(1714,1,1,32,'a:1:{i:996;s:3:\"32,\";}',4,996,996,1,1,997,111497,'f7a3aa6b38f7603d55d40fc6c02a68fd',0,0,NULL,0,0,'2013-11-06 12:59:56','2013-11-06 13:01:13',NULL),(1717,1,1,30,'a:1:{i:1366;s:3:\"30,\";}',4,1367,1366,1,1,1322,113228,'88a05f532074a390053887e09cc7b1e9',0,0,NULL,0,0,'2013-11-07 16:53:11','2013-11-18 18:52:13',NULL),(1727,1,1,32,'a:1:{i:1358;s:3:\"32,\";}',4,1358,1358,1,1,1315,116070,'11ffe53227a833a10d68bf1dddd7274d',0,0,NULL,0,0,'2013-11-10 17:37:09','2013-11-10 17:51:44',NULL),(1728,1,1,32,'a:1:{i:1359;s:3:\"32,\";}',4,1359,1359,1,1,1316,116075,'8c0026bca6ac331e3b77f61c83fb3916',0,0,NULL,0,0,'2013-11-10 18:14:19','2013-11-10 18:18:06',NULL),(1731,1,1,0,'',4,1361,1361,1,1,1318,116143,'93e196f159b96dd9e77a1e6a37804dbe',0,0,NULL,0,0,'2013-11-10 20:39:25','2013-11-10 20:43:09',NULL),(1735,1,1,0,'',4,1362,1362,1,1,1319,117238,'05c6a6f953cc9b6aaaed99a046c8da08',0,0,NULL,0,0,'2013-11-12 15:10:43','2013-11-12 15:14:26',NULL),(1736,1,1,0,'',4,1363,1363,1,1,1320,117259,'32b5bc16bc70b29bedd39ddb161adc24',0,0,NULL,0,0,'2013-11-12 15:51:28','2013-11-12 15:54:59',NULL),(1749,1,1,32,'a:1:{i:1365;s:3:\"32,\";}',4,1365,1365,1,1,1321,118920,'6d5d99124cc373e18238dbe142e7608e',0,0,NULL,0,0,'2013-11-15 22:08:19','2013-11-15 22:39:49',NULL),(1760,1,1,32,'a:1:{i:1368;s:3:\"32,\";}',4,1368,1368,1,1,1324,121061,'d174ad5244f1305ce0c00286a7ab05b5',0,0,NULL,0,0,'2013-11-19 18:57:46','2013-11-19 19:19:41',NULL),(1766,1,1,0,'',4,1369,1369,1,1,1325,122512,'ec846647416f7f05fd4e152cd0917710',0,0,NULL,0,0,'2013-11-21 19:09:48','2013-11-21 19:17:46',NULL),(1769,1,1,32,'a:1:{i:1370;s:3:\"32,\";}',4,1370,1370,1,1,1326,123733,'cc5cfe02ab3426b2012639196f9304d8',0,0,NULL,0,0,'2013-11-22 22:51:15','2013-11-23 11:51:51',NULL),(1772,1,1,32,'a:1:{i:1371;s:3:\"32,\";}',4,1371,437,1,1,195,123511,'d1836b5faf07cba6fd4ee302b93a6777',0,0,NULL,0,0,'2013-11-24 09:51:37','2013-11-24 09:58:57',NULL),(1774,1,1,0,'',4,1372,1372,1,1,1327,124926,'051e22d7dc5654e768c53ecb99943e2e',0,0,NULL,0,0,'2013-11-24 21:10:44','2013-11-24 21:15:59',NULL),(1788,1,1,32,'a:1:{i:1375;s:3:\"32,\";}',4,1375,1375,1,1,1330,126681,'abba75dc81d6d856ff36b0da36cc4f3d',0,0,NULL,0,0,'2013-11-27 08:19:11','2013-11-27 08:26:57',NULL),(1789,1,1,0,'',4,1376,1376,1,1,1331,120470,'760aa7cce49ec6986fb4c76c34c22960',0,0,NULL,0,0,'2013-11-27 09:57:26','2013-11-27 10:07:58',NULL),(1805,1,1,32,'a:1:{i:1378;s:3:\"32,\";}',4,1378,1378,1,1,1334,128038,'82aebec947f6f3e3a6675f7c1a2abcfc',0,0,NULL,0,0,'2013-11-29 09:11:58','2013-11-29 09:17:30',NULL),(1806,1,1,0,'',4,1379,1379,1,1,1335,126439,'b083d3d2629cfba86d2ed1165eef4891',0,0,NULL,0,0,'2013-11-29 22:05:02','2013-11-29 22:10:21',NULL),(1808,1,1,0,'',4,1397,1397,1,1,1350,128502,'8abc7fb94ba756f74927e66f0362c1e3',0,0,NULL,0,0,'2013-11-30 21:03:22','2013-12-05 20:59:19',NULL),(1812,1,1,0,'',4,1381,1381,1,1,1337,128800,'d4ca4164c8addca56957234a05e77265',0,0,NULL,0,0,'2013-12-01 14:21:50','2013-12-01 14:33:08',NULL),(1813,1,1,0,'',4,1382,1383,1,1,1338,118682,'e8fde5d197a9e689692c14540ccf1087',0,0,NULL,0,0,'2013-12-01 15:04:04','2013-12-01 15:16:20',NULL),(1816,1,1,0,'',4,1384,1385,1,1,1339,128870,'2f276ff486667a6b7f02554f80d8489d',0,0,NULL,0,0,'2013-12-01 19:14:39','2013-12-01 19:25:08',NULL),(1821,1,1,0,'',4,1387,1387,1,1,1341,128208,'06e52b4b80dd95fc8e13f0e34a44d5a6',0,0,NULL,0,0,'2013-12-02 18:52:32','2013-12-02 18:58:14',NULL),(1823,1,1,0,'',4,1393,1393,1,1,1345,129577,'d58b2c05c68510829760da4960c772ff',0,0,NULL,0,0,'2013-12-02 19:51:42','2013-12-03 17:37:08',NULL),(1824,1,1,32,'a:1:{i:1389;s:3:\"32,\";}',4,1389,1389,1,1,1033,129616,'60fc95ecb96044137a8c058b90006807',0,0,NULL,0,0,'2013-12-02 21:12:05','2013-12-02 21:44:47',NULL),(1825,1,1,0,'',4,1426,1426,1,1,1375,129655,'dbbc4208737b2585c50cb3a83ba03716',0,0,NULL,0,0,'2013-12-02 22:30:46','2013-12-17 21:31:37',NULL),(1828,1,1,0,'',4,1390,1390,1,1,1342,130091,'81b3de50e95caff34901693a4ce82995',0,0,NULL,0,0,'2013-12-03 15:09:23','2013-12-03 15:12:00',NULL),(1830,1,1,0,'',4,1391,1391,1,1,1343,126805,'82b3c06c3b52fb78c6219a9758bf46d8',0,0,NULL,0,0,'2013-12-03 16:37:12','2013-12-03 16:44:58',NULL),(1831,1,1,0,'',1,1392,1392,1,1,1344,118235,'086fa5d540d6dc8694d201a0983fc340',0,0,NULL,0,0,'2013-12-03 16:59:19','2013-12-03 17:05:28',NULL),(1837,1,1,0,'',4,1394,1394,1,1,1347,130855,'94d36bb7862c1eb0c89484ae4634f1a3',0,0,NULL,0,0,'2013-12-04 18:33:55','2013-12-04 18:37:07',NULL),(1839,1,1,0,'',4,1415,1415,1,1,1366,130149,'f17853b518b1e2d8515bb996bbb0f605',0,0,NULL,0,0,'2013-12-04 21:48:04','2013-12-13 14:49:04',NULL),(1840,1,1,32,'a:1:{i:1396;s:3:\"32,\";}',4,1396,1396,1,1,1348,129704,'8913227c657ad9539b73dfb8ffa59305',0,0,NULL,0,0,'2013-12-04 23:49:10','2013-12-05 19:21:58',NULL),(1846,1,1,0,'',4,1395,1395,1,1,1349,120486,'8fd866671594b9767838768509e735d9',0,0,NULL,0,0,'2013-12-05 17:58:21','2013-12-05 18:02:16',NULL),(1849,1,1,32,'a:1:{i:1398;s:3:\"32,\";}',4,1398,1065,1,1,1055,131749,'307e54e7e8bf53c734d68f44d73d1391',0,0,NULL,0,0,'2013-12-05 20:49:53','2013-12-05 21:39:21',NULL),(1859,1,1,32,'a:1:{i:333;s:3:\"32,\";}',4,333,333,1,1,333,126876,'24163c5d6fb7b7de548e4c50bd706f62',0,0,NULL,0,0,'2013-12-06 22:25:51','2013-12-06 22:42:23',NULL),(1860,1,1,0,'',4,1400,1400,1,1,1353,133054,'6d47fc8c3f15c1279905628cc731c730',0,0,NULL,0,0,'2013-12-07 11:15:52','2013-12-07 11:48:03',NULL),(1864,1,1,32,'a:1:{i:1402;s:3:\"32,\";}',4,1402,1402,1,1,1354,133233,'a11b60d21b65c63722ae6ef255c56d10',0,0,NULL,0,0,'2013-12-07 18:10:58','2013-12-07 18:17:12',NULL),(1867,1,1,32,'a:1:{i:1403;s:3:\"32,\";}',4,1404,1404,1,1,1355,133393,'c6fbee65c3c9728493378ac3a284895f',0,0,NULL,0,0,'2013-12-07 23:43:12','2013-12-10 17:58:31',NULL),(1875,1,1,32,'a:1:{i:1406;s:3:\"32,\";}',4,1406,1406,1,1,1357,134574,'7140aa4ad2b7dc001688e1aa45f97f47',0,0,NULL,0,0,'2013-12-09 09:23:34','2013-12-09 09:30:15',NULL),(1876,1,1,32,'a:1:{i:1407;s:3:\"32,\";}',4,1407,1407,1,1,1358,132463,'cbb18438386adce2bc2df79e1059c548',0,0,NULL,0,0,'2013-12-09 10:05:36','2013-12-09 10:16:06',NULL),(1879,1,1,32,'a:1:{i:1408;s:3:\"32,\";}',4,1408,1408,1,1,1359,134695,'4bbabf1c3b8f38e40cdc8e44601cb386',0,0,NULL,0,0,'2013-12-09 12:47:28','2013-12-09 12:54:39',NULL),(1895,1,1,0,'',4,1409,1409,1,1,1360,136038,'793ac22cad38d1380e3428b43018f6c3',0,0,NULL,0,0,'2013-12-10 19:57:00','2013-12-10 20:16:18',NULL),(1911,1,1,32,'a:1:{i:1411;s:3:\"32,\";}',4,1411,1411,1,1,1362,136700,'74766b20eee624a1b985b4e664eaf11e',0,0,NULL,0,0,'2013-12-11 18:23:59','2013-12-11 19:02:07',NULL),(1912,1,1,32,'a:1:{i:1412;s:3:\"32,\";}',4,1412,1412,1,1,1363,130882,'75abdae1d9a569dc0210342a31fa880b',0,0,NULL,0,0,'2013-12-11 20:23:55','2013-12-11 21:14:35',NULL),(1921,1,1,0,'',4,1413,1413,1,1,1364,137290,'b61a877b530b246163a16b50eab87843',0,0,NULL,0,0,'2013-12-12 18:16:04','2013-12-12 18:23:56',NULL),(1922,1,1,0,'',4,1414,1414,1,1,1365,137430,'01a5854c78ac437fe1f97b7cd567e9f5',0,0,NULL,0,0,'2013-12-12 21:33:24','2013-12-12 21:57:35',NULL),(1928,1,1,32,'a:1:{i:1416;s:3:\"32,\";}',2,1416,1416,1,1,1367,139013,'b4f1f7b725c22b94592282d42207afaa',0,0,NULL,0,0,'2013-12-14 19:11:09','2013-12-14 19:55:02',NULL),(1934,1,1,0,'',4,1420,1421,1,1,1371,140421,'efa8a5158fc880277155623ee2d18974',0,0,NULL,0,0,'2013-12-16 09:02:36','2013-12-16 13:45:14',NULL),(1939,1,1,0,'',1,1422,1422,1,1,1372,140600,'b945a7cef41ff11db90ba7c2d57bac32',0,0,NULL,0,0,'2013-12-16 19:26:24','2013-12-20 23:30:21',NULL),(1943,1,1,0,'',4,1423,1423,1,1,1373,140718,'662caeb2c41fa17a33b27d9dea545c04',0,0,NULL,0,0,'2013-12-17 09:49:43','2013-12-17 09:54:04',NULL),(1945,1,1,0,'',4,1424,1425,1,1,1374,140828,'ae706ae661bd9cfd522c73866a782a22',0,0,NULL,0,0,'2013-12-17 16:00:44','2013-12-17 16:20:31',NULL),(1947,1,1,32,'a:1:{i:1432;s:3:\"32,\";}',2,1432,1432,1,1,1380,137446,'a2b90cf47769f7fe692e886815e8eba2',0,0,NULL,0,0,'2013-12-17 16:14:46','2014-01-01 13:55:44',NULL),(1949,1,1,0,'',4,1427,1427,1,1,1376,140929,'db713a67918999fa3416185fd99b63a4',0,0,NULL,0,0,'2013-12-17 22:13:20','2013-12-17 22:16:39',NULL),(1957,1,1,32,'a:1:{i:1429;s:3:\"32,\";}',1,1429,1430,1,1,1378,142116,'8c8ae8faa58fada22f343b3532099151',0,0,NULL,0,0,'2013-12-19 11:10:24','2013-12-19 11:20:48',NULL),(1962,1,1,32,'a:1:{i:1428;s:3:\"32,\";}',2,1428,1428,1,1,1377,140870,'dea8a37c3f4a168056ed867238d04520',0,0,NULL,0,0,'2013-12-20 17:33:29','2013-12-20 17:40:42',NULL),(1966,1,1,0,'',4,1433,1433,1,1,1381,143377,'87d364ee2774c92714f2b1752ca99e9a',0,0,NULL,0,0,'2013-12-21 13:45:25','2013-12-21 13:51:21',NULL),(1969,1,1,32,'a:1:{i:809;s:3:\"32,\";}',4,809,809,1,1,809,128342,'3f0af522e6b5233c3d2215cc3e9f0afa',0,0,NULL,0,0,'2013-12-22 15:09:02','2013-12-22 15:45:44',NULL),(1970,1,1,0,'',4,1434,1434,1,1,1382,143910,'5ddcad9f3853416c7d10f3e12d53c906',0,0,NULL,0,0,'2013-12-22 18:41:13','2013-12-23 08:46:41',NULL),(1977,1,1,32,'a:1:{i:1435;s:3:\"32,\";}',4,1435,1435,1,1,1383,145440,'5da52bfc14892e6607bfddb805fbfb44',0,0,NULL,0,0,'2013-12-24 09:46:29','2013-12-24 09:54:06',NULL),(1982,1,1,0,'',4,681,681,1,1,681,146234,'206f1c16c6066172a8de544686cc4593',0,0,NULL,0,0,'2013-12-25 18:02:57','2013-12-25 18:10:14',NULL),(1986,1,1,0,'',2,1442,1442,1,1,1390,146880,'95e10b1660ad20b07599c4f3168195e8',0,0,NULL,0,0,'2013-12-26 18:34:12','2013-12-29 12:37:43',NULL),(1988,1,1,0,'',4,1437,1437,1,1,1385,147264,'15f6537da0d600f9132228f47f111daf',0,0,NULL,0,0,'2013-12-27 09:59:20','2013-12-27 10:12:22',NULL),(1993,1,1,0,'',4,1439,1439,1,1,1387,139615,'b143a21c83098ae071a57af5c7253709',0,0,NULL,0,0,'2013-12-27 17:20:31','2013-12-27 17:23:47',NULL),(1997,1,1,0,'',4,1440,1440,1,1,1388,147881,'7b247ee49da1781b9cd6f3b816efed35',0,0,NULL,0,0,'2013-12-28 21:06:55','2013-12-28 21:09:54',NULL),(2003,1,1,0,'',4,1443,1443,1,1,1391,117685,'08e2ab9379936f3ab2b81aebc19a6057',0,0,NULL,0,0,'2013-12-30 15:17:01','2013-12-30 15:19:47',NULL),(2009,1,1,32,'a:1:{i:1444;s:3:\"32,\";}',4,1444,1444,1,1,1392,150256,'17c7ee8fc0e578d12c839a117aefa3a4',0,0,NULL,0,0,'2014-01-01 23:10:38','2014-01-01 23:33:31',NULL),(2011,1,1,32,'a:1:{i:1445;s:3:\"32,\";}',4,1445,1445,1,1,1393,150724,'9c17df86113c9eee7628274e4e7c4433',0,0,NULL,0,0,'2014-01-02 11:07:41','2014-01-02 11:12:17',NULL),(2019,1,1,0,'',4,1446,1446,1,1,1394,151303,'4a27f0e9e84f281a75b44b696c522312',0,0,NULL,0,0,'2014-01-03 09:41:06','2014-01-03 09:49:59',NULL),(2023,1,1,0,'',4,1447,1447,1,1,1395,151445,'37fe4ba9205d4877ede6a11f617c7ac5',0,0,NULL,0,0,'2014-01-03 14:11:36','2014-01-03 14:22:04',NULL),(2026,1,1,32,'a:1:{i:1448;s:3:\"32,\";}',4,1448,1448,1,1,1396,142932,'02a3fa6e9919d5f04bb87823cc115cc7',0,0,NULL,0,0,'2014-01-04 09:47:47','2014-01-04 09:59:04',NULL),(2028,1,1,0,'',1,1170,1171,1,1,1147,145552,'0c34830a43418ebc0a608b42826306ed',0,0,NULL,0,0,'2014-01-04 15:29:56','2014-01-04 15:33:12',NULL),(2030,1,1,32,'a:1:{i:1449;s:3:\"32,\";}',1,1449,1449,1,1,1397,152378,'24544448ebf1a4d76ad3e01b87f53bb0',0,0,NULL,0,0,'2014-01-04 19:26:25','2014-01-04 20:10:26',NULL),(2035,1,1,32,'a:1:{i:1450;s:3:\"32,\";}',4,1450,1450,1,1,1398,152782,'9a492f0dd366ff21d8a01d7e3d02505c',0,0,NULL,0,0,'2014-01-05 10:28:22','2014-01-05 11:05:29',NULL),(2038,1,1,0,'',4,1459,1459,1,1,1406,152964,'1e865b13710054a31d023de2ccde8612',0,0,NULL,0,0,'2014-01-05 19:22:12','2014-01-12 21:36:45',NULL),(2048,1,1,32,'a:1:{i:1336;s:3:\"32,\";}',4,1336,1336,1,1,1287,153453,'02df33cc7ea850e086a11f3684b1e662',0,0,NULL,0,0,'2014-01-06 15:16:32','2014-01-09 22:40:01',NULL),(2050,1,1,32,'a:1:{i:851;s:3:\"32,\";}',4,851,851,1,1,851,153493,'d435e80ab7272951d2d6a7f097017c70',0,0,NULL,0,0,'2014-01-06 16:36:55','2014-01-06 16:47:18',NULL),(2058,1,1,32,'a:1:{i:1442;s:3:\"32,\";}',2,1442,1442,1,1,1390,153567,'95e10b1660ad20b07599c4f3168195e8',0,0,NULL,0,0,'2014-01-06 20:58:41','2014-01-07 22:17:24',NULL),(2073,1,1,32,'a:1:{i:1452;s:3:\"32,\";}',4,1452,1452,1,1,1400,154216,'754b5863f13f850677a815c8e940ce20',0,0,NULL,0,0,'2014-01-07 20:46:29','2014-01-07 21:02:09',NULL),(2075,1,1,32,'a:1:{i:1453;s:3:\"32,\";}',4,1453,723,1,1,723,154675,'cba6b43709b6258afee1fda123c46591',0,0,NULL,0,0,'2014-01-08 09:25:45','2014-01-08 10:35:50',NULL),(2076,1,1,32,'a:1:{i:1454;s:3:\"32,\";}',4,1454,1454,1,1,1401,154766,'44f2d7025d0b2b9ac385d4edbf66e4e8',0,0,NULL,0,0,'2014-01-08 13:25:20','2014-01-08 13:32:35',NULL),(2091,1,1,30,'a:1:{i:1455;s:3:\"30,\";}',4,1455,1455,1,1,1402,156012,'d6ba871c5eb9d94a10b8ae6b5e4b6146',0,0,NULL,0,0,'2014-01-10 17:22:07','2014-01-10 17:46:32',NULL),(2102,1,1,32,'a:1:{i:1405;s:3:\"32,\";}',4,1405,1405,1,1,1356,156479,'ac6053faaa7ef8dfc56b26359c8f3c07',0,0,NULL,0,0,'2014-01-11 16:36:51','2014-01-11 16:53:50',NULL),(2111,1,1,32,'a:1:{i:1472;s:3:\"32,\";}',1,1472,1472,1,1,1415,157649,'5445905da8ccf597106930f9860916e9',0,0,NULL,0,0,'2014-01-13 09:28:21','2014-01-24 19:19:04',NULL),(2118,1,1,0,'',4,1457,1457,1,1,1404,157882,'506c5b358b4eff6dbaf2d4bd81533edb',0,0,NULL,0,0,'2014-01-13 19:40:46','2014-01-13 19:42:50',NULL),(2126,1,1,32,'a:1:{i:1473;s:3:\"32,\";}',4,1473,1474,1,1,1417,158518,'b37e93a1efe29165dec8242ced692078',0,0,NULL,0,0,'2014-01-14 18:33:20','2014-01-25 11:46:48',NULL),(2127,1,1,32,'a:1:{i:1460;s:3:\"32,\";}',4,1460,1460,1,1,1407,155398,'de661d1ccb037ad1bf00f98f7f4b1b4c',0,0,NULL,0,0,'2014-01-14 19:59:55','2014-01-14 20:10:20',NULL),(2132,1,1,32,'a:1:{i:1461;s:3:\"32,\";}',4,1461,1461,1,1,1408,159127,'2d7a1d9680a4f98b5fdc9b85a4807f08',0,0,NULL,0,0,'2014-01-15 18:46:45','2014-01-15 19:06:46',NULL),(2136,1,1,32,'a:1:{i:1462;s:3:\"32,\";}',1,1462,1462,1,1,1409,159180,'6d79b5f37d7395602a7beff53f75e263',0,0,NULL,0,0,'2014-01-15 21:05:59','2014-01-15 21:11:38',NULL),(2139,1,1,0,'',4,1463,1463,1,1,1410,159203,'dc8706ffa7935ce14c63be1b6e8e06f8',0,0,NULL,0,0,'2014-01-15 22:06:18','2014-01-15 22:25:52',NULL),(2141,1,1,32,'a:1:{i:1465;s:3:\"32,\";}',4,1465,1466,1,1,974,159559,'b9ffca9da3d5bf8bb75d3cb497c144e9',0,0,NULL,0,0,'2014-01-16 11:37:29','2014-01-16 12:02:58',NULL),(2142,1,1,0,'',4,1467,1467,1,1,1412,159550,'36c17d3a787fe08f46dbd4608498ec7b',0,0,NULL,0,0,'2014-01-16 11:40:27','2014-01-16 12:08:14',NULL),(2146,1,1,0,'',4,1469,1469,1,1,1413,159720,'b9fc22e070b049ee147dc97689d90eb1',0,0,NULL,0,0,'2014-01-16 21:56:36','2014-01-16 22:11:10',NULL),(2153,1,1,0,'',4,1471,1471,1,1,1414,160677,'0f312f18d6ee919dffdc1c6e863fe674',0,0,NULL,0,0,'2014-01-18 19:48:50','2014-01-18 19:54:17',NULL),(2168,1,1,32,'a:1:{i:1475;s:3:\"32,\";}',2,1475,1475,1,1,1418,162610,'0ed89b9d16a75cedd7840ae4b237b177',0,0,NULL,0,0,'2014-01-22 08:52:19','2014-01-29 21:48:04',NULL),(2172,1,1,32,'a:1:{i:1170;s:3:\"32,\";}',1,1170,1171,1,1,1147,41532,'0c34830a43418ebc0a608b42826306ed',0,0,NULL,0,0,'2014-01-22 18:04:16','2014-01-22 18:06:14',NULL),(2182,1,1,32,'a:1:{i:1477;s:3:\"32,\";}',4,1477,1477,1,1,1416,164200,'971d72fd46ec441171b47bcf7bc38579',0,0,NULL,0,0,'2014-01-24 20:57:42','2014-01-24 21:02:38',NULL),(2186,1,1,0,'',4,1480,1480,1,1,1422,163506,'1ba41545dbbf4f2afc531cb73bf56232',0,0,NULL,0,0,'2014-01-25 16:09:54','2014-01-25 16:20:41',NULL),(2187,1,1,0,'',4,1479,1479,1,1,1421,154065,'83e0e2647b64e02f8a78861efdd4340d',0,0,NULL,0,0,'2014-01-25 16:10:24','2014-01-25 16:11:57',NULL),(2189,1,1,32,'a:1:{i:1482;s:3:\"32,\";}',1,1482,1483,1,1,1313,161094,'861fecb953164c590d0ef20b856dca0c',0,0,NULL,0,0,'2014-01-25 18:57:00','2014-01-25 19:07:47',NULL),(2190,1,1,32,'a:1:{i:1484;s:3:\"32,\";}',4,1484,1484,1,1,1423,164828,'05f2a058e8989b55b5798118e092f6ea',0,0,NULL,0,0,'2014-01-25 19:21:05','2014-01-25 19:25:03',NULL),(2192,1,1,32,'a:1:{i:733;s:3:\"32,\";}',4,733,733,1,1,733,164855,'1386ec9095582cc854732839f641c68f',0,0,NULL,0,0,'2014-01-25 21:08:39','2014-01-25 21:10:20',NULL),(2197,1,1,0,'',4,1485,1485,1,1,1424,165697,'f6f6167bffa4aadf6b5ff8c59b1a8046',0,0,NULL,0,0,'2014-01-27 11:06:43','2014-01-27 11:11:00',NULL),(2198,1,1,32,'a:1:{i:1085;s:3:\"32,\";}',4,1100,1100,1,1,1073,165722,'82313df23e9572c28613f9a3c664b5fc',0,0,NULL,0,0,'2014-01-27 11:53:02','2014-01-27 11:58:38',NULL),(2206,1,1,32,'a:1:{i:1487;s:3:\"32,\";}',2,1487,1487,1,1,1426,165910,'82a535011623cf7efbcaa91599f9790d',0,0,NULL,0,0,'2014-01-27 19:39:39','2014-01-29 21:38:43',NULL),(2212,1,1,32,'a:1:{i:1536;s:3:\"32,\";}',4,1536,1536,1,1,1467,164144,'ea95933d2a3e9dc97681934077f24b7b',0,0,NULL,0,0,'2014-01-28 13:25:07','2014-03-03 13:26:13',NULL),(2218,1,1,0,'',4,1490,1490,1,1,1429,165281,'9ac3c48092c98c35be637f1309347ae5',0,0,NULL,0,0,'2014-01-28 19:03:34','2014-01-28 19:11:25',NULL),(2222,1,1,32,'a:1:{i:732;s:3:\"32,\";}',4,787,787,1,1,732,167293,'bd702dc32a51eca76245038d8387d44f',0,0,NULL,0,0,'2014-01-29 12:22:30','2014-01-29 12:29:51',NULL),(2224,1,1,32,'a:1:{i:1493;s:3:\"32,\";}',4,1493,1493,1,1,1431,167407,'a80aa739daed99e5067e9a2a4cfc49e3',0,0,NULL,0,0,'2014-01-29 17:12:54','2014-02-02 07:31:04',NULL),(2230,1,1,0,'',4,1494,1494,1,1,1432,168282,'b034bda8da9d75e4c14c3aedc5675052',0,0,NULL,0,0,'2014-01-30 19:53:03','2014-01-30 20:03:03',NULL),(2234,1,1,0,'',4,625,625,1,1,625,168764,'eb087f27b1d227ecb622f56a6ef949bb',0,0,NULL,0,0,'2014-01-31 14:24:47','2014-01-31 14:26:26',NULL),(2235,1,1,32,'a:1:{i:625;s:3:\"32,\";}',4,1495,1495,1,1,625,99613,'eb087f27b1d227ecb622f56a6ef949bb',0,0,NULL,0,0,'2014-01-31 14:28:04','2014-01-31 14:29:36',NULL),(2249,1,1,32,'a:1:{i:1497;s:3:\"32,\";}',4,1497,1497,1,1,1433,170023,'440be5259995317f9056c3d77c7ec693',0,0,NULL,0,0,'2014-02-03 09:41:59','2014-02-03 09:52:30',NULL),(2253,1,1,0,'',4,1498,1498,1,1,1434,170665,'bf8b507d85b2e4ca7b1fe2717a00a5b7',0,0,NULL,0,0,'2014-02-03 19:18:14','2014-02-03 19:31:13',NULL),(2256,1,1,0,'',4,1499,1499,1,1,1435,170696,'bc521b40dba1ae427196f08a7e0b8914',0,0,NULL,0,0,'2014-02-03 21:33:40','2014-02-03 21:41:44',NULL),(2259,1,1,32,'a:1:{i:1503;s:3:\"32,\";}',4,1503,1503,1,1,1437,170519,'57c121ffbe0f0bfaa56f3569246dcc87',0,0,NULL,0,0,'2014-02-04 18:33:17','2014-02-04 19:35:54',NULL),(2261,1,1,0,'',4,1504,1504,1,1,1438,171772,'5bbfb48b2cbc15d4a5849fd124384845',0,0,NULL,0,0,'2014-02-05 09:08:49','2014-02-05 09:12:17',NULL),(2263,1,1,32,'a:1:{i:1505;s:3:\"32,\";}',4,1505,1505,1,1,1439,171371,'48ecbb839486e2d99f1c54041f69bb8f',0,0,NULL,0,0,'2014-02-05 17:26:24','2014-02-05 19:30:58',NULL),(2274,1,1,32,'a:1:{i:855;s:3:\"32,\";}',4,855,855,1,1,855,173048,'4b1271ccf493c736baef5ee7dc4c954b',0,0,NULL,0,0,'2014-02-07 15:35:14','2014-02-07 15:42:37',NULL),(2275,1,1,0,'',1,1508,1508,1,1,1441,173054,'1684cf3a28e6927f856c177ca4bb6414',0,0,NULL,0,0,'2014-02-07 15:52:19','2014-02-07 16:03:34',NULL),(2276,1,1,32,'a:1:{i:1509;s:3:\"32,\";}',4,1509,1509,1,1,1442,173051,'d9ca03588123a1b2649ed2546d2a6897',0,0,NULL,0,0,'2014-02-07 16:05:15','2014-02-07 16:29:32',NULL),(2277,1,1,0,'',2,1510,1510,1,1,1443,160982,'c944056bfc533c904dcac709712f22a1',0,0,NULL,0,0,'2014-02-07 20:39:21','2014-02-09 21:40:26',NULL),(2283,1,1,0,'',4,1512,1512,1,1,1445,173865,'1e37ec552b61ec4b7cdf37a8acd0e3bd',0,0,NULL,0,0,'2014-02-09 11:10:43','2014-02-09 11:30:52',NULL),(2284,1,1,0,'',4,1513,1513,1,1,1446,173918,'9c0132f44bb09c2479e4c7356b689ec0',0,0,NULL,0,0,'2014-02-09 14:10:13','2014-02-09 14:13:45',NULL),(2291,1,1,32,'a:1:{i:1515;s:3:\"32,\";}',4,1515,1515,1,1,1448,174489,'9440f2e16ecbbfadd120923b35d45a01',0,0,NULL,0,0,'2014-02-10 17:43:44','2014-02-10 19:43:17',NULL),(2296,1,1,32,'a:1:{i:1517;s:3:\"32,\";}',4,1517,1517,1,1,1451,175017,'e816cec1cf3d30f86d3a10cfc377ee04',0,0,NULL,0,0,'2014-02-11 14:20:06','2014-02-11 14:21:10',NULL),(2297,1,1,32,'a:1:{i:1519;s:3:\"32,\";}',4,1519,1519,1,1,1452,175061,'840fbad82975b5572c09043d57765a1b',0,0,NULL,0,0,'2014-02-11 15:05:16','2014-02-12 08:42:08',NULL),(2302,1,1,0,'',4,1520,1520,1,1,1453,175138,'56d3d7dbfd6d8ff4c7c29209cc29359d',0,0,NULL,0,0,'2014-02-11 19:53:32','2014-02-11 19:59:14',NULL),(2305,1,1,32,'a:1:{i:1523;s:3:\"32,\";}',4,1523,1523,1,1,1455,174416,'b17569441d999e3c53ddfb6cf801fdd2',0,0,NULL,0,0,'2014-02-11 22:01:24','2014-02-11 22:13:03',NULL),(2306,1,1,32,'a:1:{i:475;s:3:\"32,\";}',4,475,475,1,1,475,174951,'10cedbd4d348ec5aa03374503db22a1e',0,0,NULL,0,0,'2014-02-11 23:21:17','2014-02-11 23:25:02',NULL),(2319,1,1,0,'',4,1525,1525,1,1,1457,176218,'078b0b96bc85e53dad55e17bd6e9ff5f',0,0,NULL,0,0,'2014-02-13 20:42:38','2014-02-13 20:48:25',NULL),(2321,1,1,0,'',4,1526,1526,1,1,1458,174391,'70debe5d3fb98c6ac7fca8aace8f6894',0,0,NULL,0,0,'2014-02-14 10:19:41','2014-02-14 10:25:59',NULL),(2323,1,1,32,'a:1:{i:1230;s:3:\"32,\";}',4,1230,1230,1,1,1196,176785,'5fde61270bf84b8eb42eef81b9a5a71d',0,0,NULL,0,0,'2014-02-14 16:52:22','2014-02-14 17:02:15',NULL),(2326,1,1,0,'',4,1528,1528,1,1,1460,177344,'338d92dab802401f7750d26f17490b92',0,0,NULL,0,0,'2014-02-15 11:09:15','2014-02-15 11:12:03',NULL),(2329,1,1,0,'',4,1529,1529,1,1,1461,176161,'4f0da502a492c087682f709979017c79',0,0,NULL,0,0,'2014-02-15 18:17:28','2014-02-15 18:24:36',NULL),(2332,1,1,0,'',4,1530,1530,1,1,1462,169813,'5a6fd0def35c6199b51cdf0dbe20c09f',0,0,NULL,0,0,'2014-02-16 08:34:20','2014-02-16 08:39:37',NULL),(2338,1,1,0,'',4,1532,1532,1,1,1464,173880,'7b23d5ef828a5beab5051cff196ea3ff',0,0,NULL,0,0,'2014-02-17 17:01:50','2014-02-17 17:05:44',NULL),(2341,1,1,32,'a:1:{i:1556;s:3:\"32,\";}',4,1556,1556,1,1,1485,177860,'4e50f82cb88410b9b35f3dba8d46beec',0,0,NULL,0,0,'2014-02-17 19:59:07','2014-03-07 12:57:42',NULL),(2342,1,1,0,'',4,1547,1547,1,1,1476,165717,'6751bdd8e62a9de424d3c8a79f778907',0,0,NULL,0,0,'2014-02-17 20:06:04','2014-02-27 17:29:45',NULL),(2348,1,1,30,'a:1:{i:151;s:3:\"30,\";}',4,151,151,1,1,151,173498,'196a3fb94555f835a2b0a42bc7ef7a86',0,0,NULL,0,0,'2014-02-18 19:45:52','2014-02-18 19:54:06',NULL),(2355,1,1,0,'',4,1534,1534,1,1,1465,179545,'bc0b6df1ca820a9e2caceedf54f68d44',0,0,NULL,0,0,'2014-02-19 20:20:37','2014-02-19 20:33:45',NULL),(2357,1,1,32,'a:1:{i:1535;s:3:\"32,\";}',4,1535,1535,1,1,1466,170957,'2cd9863c450be4fb40bb80ed3e8e1caa',0,0,NULL,0,0,'2014-02-20 22:02:23','2014-02-20 22:14:34',NULL),(2360,1,1,32,'a:1:{i:1540;s:3:\"32,\";}',4,1540,1540,1,1,1470,180729,'aaab3dc1f18c9188100a5ade692a9abd',0,0,NULL,0,0,'2014-02-21 19:02:11','2014-02-23 14:19:07',NULL),(2368,1,1,32,'a:1:{i:1541;s:3:\"32,\";}',4,1541,1541,1,1,335,181972,'e6313db14bd0aa7c965131d9f0b77387',0,0,NULL,0,0,'2014-02-23 16:45:01','2014-02-23 16:50:25',NULL),(2375,1,1,0,'',4,1542,1542,1,1,1471,182434,'0250f990b677716a82ea446e3f562c13',0,0,NULL,0,0,'2014-02-24 13:29:48','2014-02-24 17:22:52',NULL),(2378,1,1,32,'a:1:{i:1543;s:3:\"32,\";}',4,1543,1543,1,1,1472,2863074,'24d84fce79bafe4c5f964e4ec74fb518',0,0,NULL,0,0,'2014-02-24 16:55:59','2014-02-24 16:59:30',NULL),(2382,1,1,0,'',4,1545,1545,1,1,1474,173047,'20b465574f67439ceae157aad0b38925',0,0,NULL,0,0,'2014-02-25 17:36:17','2014-02-25 22:19:52',NULL),(2385,1,1,0,'',1,1152,1152,1,1,1133,183202,'b5a73c0121c845ff833a5a117dac4b33',0,0,NULL,0,0,'2014-02-25 21:46:10','2014-02-25 21:56:55',NULL),(2387,1,1,0,'',4,1546,1546,1,1,1475,183639,'7536c53c3ea7352d81bc53bed03122f4',0,0,NULL,0,0,'2014-02-26 13:21:39','2014-02-26 13:48:06',NULL),(2394,1,1,32,'a:1:{i:1551;s:3:\"32,\";}',2,1551,1551,1,1,1480,185131,'f4b780b3521dcec95f7984d1943de8c4',0,0,NULL,0,0,'2014-02-28 15:33:36','2014-03-03 16:29:50',NULL),(2396,1,1,0,'',4,1548,1548,1,1,1477,176758,'2473130b9fc7aaebdc6c542ee2138ebd',0,0,NULL,0,0,'2014-02-28 16:20:31','2014-02-28 16:39:49',NULL),(2402,1,1,0,'',4,1549,1549,1,1,1478,186793,'abdd7dca7a385cdef134af55c0d9301f',0,0,NULL,0,0,'2014-03-03 11:35:32','2014-03-03 11:42:59',NULL),(2404,1,1,0,'',4,1550,1550,1,1,1479,186851,'ddfff80b8a46dd8f195d5871b856f1f6',0,0,NULL,0,0,'2014-03-03 15:20:11','2014-03-03 15:27:11',NULL),(2412,1,1,32,'a:1:{i:1552;s:3:\"32,\";}',1,1552,1552,1,1,1481,187482,'0d1100b2728c1737c42f48f423e28e11',0,0,NULL,0,0,'2014-03-04 18:03:51','2014-03-04 18:11:34',NULL),(2413,1,1,0,'',4,1553,1553,1,1,1482,187605,'696ff779a3994b9052d291008db6bf2d',0,0,NULL,0,0,'2014-03-04 21:32:16','2014-03-04 21:34:52',NULL),(2417,1,1,32,'a:1:{i:1537;s:3:\"32,\";}',4,1537,1537,1,1,1468,188324,'0e301583e17535f97dcbe6deab619cbf',0,0,NULL,0,0,'2014-03-05 22:03:32','2014-03-05 22:10:29',NULL),(2418,1,1,0,'',4,1555,1555,1,1,1484,188919,'b8cbb98ba690c42e5685cd81a613b22e',0,0,NULL,0,0,'2014-03-06 10:16:10','2014-03-06 10:23:15',NULL),(2423,1,1,0,'',4,1557,1557,1,1,1486,190134,'596f97ea4052dd5c552aedb226a5d2ea',0,0,NULL,0,0,'2014-03-07 15:20:41','2014-03-07 17:16:54',NULL),(2427,1,1,32,'a:1:{i:1558;s:3:\"32,\";}',4,1558,1558,1,1,1487,190241,'d4b6c6af135568feee38ed2d55a324ac',0,0,NULL,0,0,'2014-03-07 20:05:00','2014-03-07 20:12:22',NULL),(2430,1,1,0,'',4,1329,1329,1,1,1280,179428,'b1392fd3a5cdcc53d15776ef537130c3',0,0,NULL,0,0,'2014-03-08 17:58:13','2014-03-09 12:51:33',NULL),(2437,1,1,32,'a:1:{i:1559;s:3:\"32,\";}',4,1559,1559,1,1,1488,192620,'739556bcc4e841e727af7ffc5f057510',0,0,NULL,0,0,'2014-03-09 20:19:21','2014-03-09 20:22:02',NULL),(2446,1,1,0,'',4,1563,1563,1,1,1492,193193,'5e6d01cb1a3117e9f002854392bc4373',0,0,NULL,0,0,'2014-03-10 20:39:34','2014-03-12 22:17:19',NULL),(2449,1,1,0,'',4,1560,1560,1,1,1489,193576,'a791f5fda455a27cd63efd3f9966e124',0,0,NULL,0,0,'2014-03-11 14:06:47','2014-03-11 14:10:40',NULL),(2453,1,1,32,'a:1:{i:1561;s:3:\"32,\";}',1,1561,1561,1,1,1490,193681,'5da90c5e702120694a87db9e3a0000e6',0,0,NULL,0,0,'2014-03-11 20:33:27','2014-03-11 20:58:50',NULL),(2459,1,1,0,'',4,1562,1562,1,1,1491,194109,'1d0095c11e9e9044279d84ef39e8b3f5',0,0,NULL,0,0,'2014-03-12 16:29:52','2014-03-12 16:35:45',NULL),(2460,1,1,32,'a:1:{i:1508;s:3:\"32,\";}',4,1508,1508,1,1,1441,194114,'1684cf3a28e6927f856c177ca4bb6414',0,0,NULL,0,0,'2014-03-12 16:45:06','2014-03-12 16:53:05',NULL),(2464,1,1,0,'',4,1565,1565,1,1,1494,194745,'5b0ce3a6ee3b3d821860f623ee4e3b1b',0,0,NULL,0,0,'2014-03-13 18:58:32','2014-03-13 19:05:59',NULL),(2476,1,1,32,'a:1:{i:1567;s:3:\"32,\";}',4,1570,1570,1,1,1496,196712,'23eb272faea4428345cd31a3ffa4850f',0,0,NULL,0,0,'2014-03-16 20:17:27','2014-03-17 15:43:58',NULL),(2477,1,1,32,'a:1:{i:1568;s:3:\"32,\";}',4,1568,1569,1,1,1497,196710,'00076606850091e387e7056a208db786',0,0,NULL,0,0,'2014-03-16 20:33:20','2014-03-16 20:45:56',NULL),(2484,1,1,0,'',4,1571,1571,1,1,1498,197166,'bc570c45cacfcb3c930c2445a6d9fa35',0,0,NULL,0,0,'2014-03-17 21:27:47','2014-03-17 21:46:38',NULL),(2498,1,1,32,'a:1:{i:1572;s:3:\"32,\";}',4,1572,1572,1,1,1499,198092,'c035cc0b5cf7d6709334aff17fb53f5f',0,0,NULL,0,0,'2014-03-19 10:22:44','2014-03-19 10:43:26',NULL),(2502,1,1,0,'',4,1524,1524,1,1,1456,198538,'d6d137621397052457ef2906d7c90eea',0,0,NULL,0,0,'2014-03-20 10:06:06','2014-03-20 10:12:59',NULL),(2509,1,1,30,'a:1:{i:1322;s:3:\"30,\";}',4,1322,1322,1,1,317,200121,'eceeed4180566038d55824fd34b8594b',0,0,NULL,0,0,'2014-03-22 19:21:00','2014-03-22 19:39:17',NULL),(2518,1,1,32,'a:1:{i:1574;s:3:\"32,\";}',4,1574,1574,1,1,1501,201375,'65587407dd068f8728b0b9918ed982c4',0,0,NULL,0,0,'2014-03-24 18:53:17','2014-03-24 18:57:18',NULL),(2520,1,1,0,'',4,1576,1576,1,1,1503,201411,'411e6150ba4be25c0abb6606cda49e43',0,0,NULL,0,0,'2014-03-24 21:17:16','2014-03-24 21:22:13',NULL),(2535,1,1,32,'a:1:{i:1463;s:3:\"32,\";}',4,1463,1463,1,1,1410,201874,'dc8706ffa7935ce14c63be1b6e8e06f8',0,0,NULL,0,0,'2014-03-25 20:32:22','2014-03-25 21:09:01',NULL),(2536,1,1,32,'a:1:{i:1535;s:3:\"32,\";}',4,1535,1535,1,1,1466,180217,'2cd9863c450be4fb40bb80ed3e8e1caa',0,0,NULL,0,0,'2014-03-26 06:25:44','2014-03-26 06:36:16',NULL),(2542,1,1,0,'',4,559,559,1,1,559,203949,'605749f86c0fe9cac23600585930beaf',0,0,NULL,0,0,'2014-03-28 11:25:10','2014-03-28 11:35:56',NULL),(2552,1,1,32,'a:1:{i:1278;s:3:\"32,\";}',4,1278,1278,1,1,1236,205846,'267cafc087a26d94a783631be1d3db77',0,0,NULL,0,0,'2014-03-30 16:09:30','2014-03-30 16:13:55',NULL),(2558,1,1,32,'a:1:{i:1580;s:3:\"32,\";}',4,1580,1580,1,1,1505,205947,'706fdfda06f29b6312a93e02d58eda30',0,0,NULL,0,0,'2014-03-31 08:18:50','2014-03-31 08:21:56',NULL),(2561,1,1,0,'',4,1581,1582,1,1,1506,206538,'0dbe0c6753b17ae9b101c524a03317eb',0,0,NULL,0,0,'2014-03-31 21:03:12','2014-03-31 22:18:33',NULL),(2571,1,1,0,'',4,1583,1583,1,1,1507,207855,'ddfd5710558e835c8123740c505b95f1',0,0,NULL,0,0,'2014-04-02 18:51:56','2014-04-02 19:23:23',NULL),(2575,1,1,32,'a:1:{i:1194;s:3:\"32,\";}',1,1194,1194,1,1,1168,207770,'13e26e2501cf7f9d3b18cedca3a798f7',0,0,NULL,0,0,'2014-04-03 13:35:22','2014-04-07 11:42:27',NULL),(2588,1,1,32,'a:1:{i:1585;s:3:\"32,\";}',4,1585,1585,1,1,1509,209003,'a5088ca3ae6f6193a53fc63208d97617',0,0,NULL,0,0,'2014-04-04 20:22:57','2014-04-04 20:25:08',NULL),(2594,1,1,30,'a:1:{i:1587;s:3:\"30,\";}',4,1587,1588,1,1,1511,210176,'5b7cde50d41c38810a4307f6ea1079fd',0,0,NULL,0,0,'2014-04-06 14:57:11','2014-04-08 10:07:36',NULL),(2597,1,1,32,'a:1:{i:485;s:3:\"32,\";}',4,485,485,1,1,485,210225,'d2d43daf74815a3ac7014e5edf6b787d',0,0,NULL,0,0,'2014-04-06 17:51:16','2014-04-06 18:09:16',NULL),(2613,1,1,32,'a:1:{i:732;s:3:\"32,\";}',4,732,732,1,1,732,212104,'bd702dc32a51eca76245038d8387d44f',0,0,NULL,0,0,'2014-04-09 14:48:04','2014-04-09 14:56:18',NULL),(2615,1,1,32,'a:1:{i:1589;s:3:\"32,\";}',4,1589,1590,1,1,1512,212917,'c2970f89558752c6e1674351182b6f1a',0,0,NULL,0,0,'2014-04-10 08:47:57','2014-04-10 09:10:54',NULL),(2618,1,1,32,'a:1:{i:1216;s:3:\"32,\";}',4,1216,1216,1,1,1186,213091,'b8526566362d782c3f8892adab4ef42a',0,0,NULL,0,0,'2014-04-10 22:00:07','2014-04-10 22:25:29',NULL),(2624,1,1,32,'a:1:{i:1591;s:3:\"32,\";}',4,1591,1591,1,1,1513,214181,'02fc121bf9aacbaca81cf6129a954a45',0,0,NULL,0,0,'2014-04-12 21:47:12','2014-04-12 22:21:43',NULL),(2629,1,1,32,'a:1:{i:1040;s:3:\"32,\";}',4,1040,1040,1,1,1034,214813,'c3ec0ffc9ecccffffb3a76310c4ae79b',0,0,NULL,0,0,'2014-04-13 20:09:01','2014-04-13 20:32:00',NULL),(2631,1,1,0,'',4,1535,1535,1,1,1466,215093,'2cd9863c450be4fb40bb80ed3e8e1caa',0,0,NULL,0,0,'2014-04-14 07:58:07','2014-04-14 07:59:55',NULL),(2643,1,1,32,'a:1:{i:1361;s:3:\"32,\";}',4,1361,1361,1,1,1318,215917,'93e196f159b96dd9e77a1e6a37804dbe',0,0,NULL,0,0,'2014-04-15 19:58:44','2014-04-15 20:05:58',NULL),(2646,1,1,0,'',4,1595,1596,1,1,1518,213492,'6027d67996991e5712b86b3810ea4b1f',0,0,NULL,0,0,'2014-04-17 12:17:53','2014-04-17 13:08:32',NULL),(2648,1,1,0,'',4,1597,1598,1,1,1519,213990,'93d93b455fb6e7b0ebae4c58c97fbdc7',0,0,NULL,0,0,'2014-04-17 16:28:08','2014-04-17 16:35:01',NULL),(2654,1,1,0,'',4,1599,1599,1,1,1520,216943,'9582d4133777b11fc95063f784cf7da4',0,0,NULL,0,0,'2014-04-18 12:44:35','2014-04-18 13:05:43',NULL),(2655,1,1,0,'',4,1600,1600,1,1,1521,217677,'4b40729f1a890f175e785d57095b97f8',0,0,NULL,0,0,'2014-04-18 20:47:28','2014-04-18 20:56:25',NULL),(2658,1,1,0,'',1,1605,1605,1,1,1526,218029,'5ed0774d34949488a9fc961cd88f0e70',0,0,NULL,0,0,'2014-04-19 14:30:33','2014-04-22 19:40:14',NULL),(2676,1,1,0,'',4,1606,1607,1,1,1527,220323,'108006ceee870bc177521b943ef6953f',0,0,NULL,0,0,'2014-04-24 07:34:24','2014-04-24 07:43:55',NULL),(2683,1,1,0,'',4,1608,1608,1,1,1528,221676,'48545e93070532e0ee1847ff4e600d67',0,0,NULL,0,0,'2014-04-25 10:44:22','2014-04-25 10:50:52',NULL),(2685,1,1,32,'a:1:{i:1609;s:3:\"32,\";}',4,1609,1609,1,1,1530,210701,'54fbeb5c44efd2c4ac3d4cb88722a8ce',0,0,NULL,0,0,'2014-04-25 23:08:52','2014-04-25 23:45:02',NULL),(2687,1,1,0,'',1,1610,1610,1,1,1531,221829,'8517a779a719c2d578005be94ac1404a',0,0,NULL,0,0,'2014-04-26 19:46:18','2014-04-26 19:55:00',NULL),(2697,1,1,0,'',4,1614,1614,1,1,1534,223346,'0182f008abb9fb4f24f7c9fd16ebbd7f',0,0,NULL,0,0,'2014-04-28 11:29:12','2014-04-28 11:37:02',NULL),(2703,1,1,32,'a:1:{i:1615;s:3:\"32,\";}',4,1615,1615,1,1,557,223925,'b79ffe311c49346fe2d21594e58b687e',0,0,NULL,0,0,'2014-04-29 08:00:00','2014-04-29 08:13:22',NULL),(2709,1,1,32,'a:1:{i:1618;s:3:\"32,\";}',4,1618,1618,1,1,1537,224213,'6c9459177b9778d8d8757dbecfa6c0bd',0,0,NULL,0,0,'2014-04-29 22:46:00','2014-04-30 14:43:49',NULL),(2711,1,1,0,'',4,1072,1072,1,1,1062,223320,'3c7fe31ec59989b55c8e8f00dd0b7fa2',0,0,NULL,0,0,'2014-04-30 07:47:09','2014-04-30 07:52:26',NULL),(2719,1,1,0,'',2,1619,1619,1,1,1538,224825,'c9684d0c0294657420a3e934e5cd7372',0,0,NULL,0,0,'2014-04-30 15:48:15','2014-04-30 15:55:16',NULL),(2722,1,1,0,'',4,1258,1258,1,1,1220,224949,'319dab493b8a0c68534486c99c566272',0,0,NULL,0,0,'2014-04-30 22:44:43','2014-04-30 22:49:03',NULL),(2732,1,1,32,'a:1:{i:81;s:3:\"32,\";}',4,81,81,1,1,81,215835,'e2a91625fdb822103f64bf2198003d15',0,0,NULL,0,0,'2014-05-03 08:29:30','2014-05-03 08:55:21',NULL),(2735,1,1,0,'',4,1620,1620,1,1,1539,227066,'337cbf5cf6f4a720300190e652c4adb2',0,0,NULL,0,0,'2014-05-03 19:54:13','2014-05-03 20:04:58',NULL),(2741,1,1,32,'a:1:{i:1621;s:3:\"32,\";}',4,1621,1621,1,1,1540,227940,'32008248d464707ec8f45ff5bc73e9fe',0,0,NULL,0,0,'2014-05-05 06:23:20','2014-05-05 06:37:34',NULL),(2756,1,1,0,'',4,1622,1622,1,1,1541,230143,'cd3ca8cb2adc9ea6bf848492a9d8216f',0,0,NULL,0,0,'2014-05-07 18:56:30','2014-05-07 19:16:12',NULL),(2762,1,1,32,'a:1:{i:421;s:3:\"32,\";}',4,421,421,1,1,421,230953,'773bab6ec9911f5dab48cb84d169157c',0,0,NULL,0,0,'2014-05-08 20:47:09','2014-05-08 21:09:20',NULL),(2767,1,1,0,'',1,1625,1625,1,1,1543,231733,'d64ead129a8b4a8b03180f8d9a596013',0,0,NULL,0,0,'2014-05-09 12:37:12','2014-05-09 12:42:06',NULL),(2769,1,1,32,'a:1:{i:1624;s:3:\"32,\";}',4,1624,1624,1,1,1542,221787,'4c7b188aa5fc8590064a6796595a7e0b',0,0,NULL,0,0,'2014-05-09 15:28:12','2014-05-09 17:47:23',NULL),(2773,1,1,0,'',4,859,859,1,1,859,231922,'e1583a85cf1832a5fb7bf98c75d7b706',0,0,NULL,0,0,'2014-05-09 20:30:05','2014-05-09 20:53:59',NULL),(2780,1,1,0,'',4,1215,1215,1,1,1185,232798,'88bf489cd21c5b1a4d89d417d1a3fd1e',0,0,NULL,0,0,'2014-05-10 18:24:35','2014-05-10 18:25:30',NULL),(2792,1,1,0,'',4,1628,1628,1,1,1546,233672,'8e7d290d5e87ebcba2f16d6d3cd82205',0,0,NULL,0,0,'2014-05-11 16:43:29','2014-05-11 16:47:17',NULL),(2800,1,1,32,'a:1:{i:1629;s:3:\"32,\";}',1,1629,1629,1,1,1548,234175,'86efd3f6cbb8f187f7ec8efa548883a6',0,0,NULL,0,0,'2014-05-12 10:38:01','2014-05-12 10:42:50',NULL),(2813,1,1,0,'',4,1630,1630,1,1,1549,234967,'933bfaf1c0d5103581c626eb658afe9d',0,0,NULL,0,0,'2014-05-13 17:30:28','2014-05-13 17:37:59',NULL),(2815,1,1,32,'a:1:{i:1632;s:3:\"32,\";}',4,1632,1632,1,1,1547,234147,'de2719aeb7c56530a56c77aa97b9f033',0,0,NULL,0,0,'2014-05-13 19:26:05','2014-05-13 19:29:36',NULL),(2817,1,1,0,'',4,1633,1633,1,1,1551,235795,'4909e85a883044b275fb30abbd82fa3c',0,0,NULL,0,0,'2014-05-14 19:09:47','2014-05-14 19:14:51',NULL),(2823,1,1,32,'a:1:{i:1634;s:3:\"32,\";}',4,1634,1634,1,1,1552,236491,'4559ef2c20e82e3d9dec652e33aad497',0,0,NULL,0,0,'2014-05-15 18:24:19','2014-05-15 18:36:59',NULL),(2834,1,1,0,'',4,1636,1636,1,1,1554,238015,'761019ed09caf07923765578d7a35d5d',0,0,NULL,0,0,'2014-05-17 13:51:27','2014-05-17 13:56:23',NULL),(2839,1,1,0,'',4,1646,1646,1,1,1561,228635,'5e9dcb82013a53b2cef0102d2e1f183d',0,0,NULL,0,0,'2014-05-18 14:05:32','2014-05-24 12:55:49',NULL),(2840,1,1,32,'a:1:{i:1637;s:3:\"32,\";}',4,1637,1638,1,1,1555,227092,'0376e2631c8db20e9b84c9f96356de3b',0,0,NULL,0,0,'2014-05-18 18:29:12','2014-05-18 19:00:58',NULL),(2845,1,1,0,'',2,1639,1639,1,1,1556,232610,'6e99cc28ce84f26dd5598b6819e9d461',0,0,NULL,0,0,'2014-05-19 17:01:50','2014-05-19 22:19:46',NULL),(2846,1,1,32,'a:1:{i:1639;s:3:\"32,\";}',1,1639,1639,1,1,1556,239412,'6e99cc28ce84f26dd5598b6819e9d461',0,0,NULL,0,0,'2014-05-19 18:31:24','2014-05-19 18:44:59',NULL),(2847,1,1,32,'a:1:{i:1639;s:3:\"32,\";}',1,1639,1639,1,1,1556,239412,'6e99cc28ce84f26dd5598b6819e9d461',0,0,NULL,0,0,'2014-05-19 18:53:17','2014-05-19 18:55:28',NULL),(2849,1,1,32,'a:1:{i:1639;s:3:\"32,\";}',2,1639,1639,1,1,1556,239412,'6e99cc28ce84f26dd5598b6819e9d461',0,0,NULL,0,0,'2014-05-19 22:34:13','2014-05-19 22:34:53',NULL),(2853,1,1,32,'a:1:{i:1639;s:3:\"32,\";}',1,1639,1639,1,1,1556,239412,'6e99cc28ce84f26dd5598b6819e9d461',0,0,NULL,0,0,'2014-05-20 19:27:21','2014-05-20 19:27:48',NULL),(2861,1,1,0,'',2,1644,1644,1,1,1559,241132,'7116ace754963e5d62ed0008943c53d5',0,0,NULL,0,0,'2014-05-21 20:38:28','2014-05-21 20:46:05',NULL),(2884,1,1,32,'a:1:{i:1647;s:3:\"32,\";}',2,1647,1647,1,1,1562,244100,'f50a1fa1b44e1f03705e070cb44de9f0',0,0,NULL,0,0,'2014-05-25 10:05:27','2014-05-25 10:16:25',NULL),(2888,1,1,32,'a:1:{i:807;s:3:\"32,\";}',4,807,807,1,1,807,236751,'6d8c41a7097b7a649e39a5367f455bca',0,0,NULL,0,0,'2014-05-25 22:32:49','2014-05-25 23:02:07',NULL),(2890,1,1,32,'a:1:{i:1648;s:3:\"32,\";}',4,1648,1648,1,1,1563,244894,'29f984219bfde47fd9f3a014883ecc6a',0,0,NULL,0,0,'2014-05-26 09:02:29','2014-05-26 09:08:56',NULL),(2891,1,1,0,'',4,1649,1649,1,1,1564,244928,'f0ef42a866897ed39f8790c271974edd',0,0,NULL,0,0,'2014-05-26 09:41:31','2014-05-26 10:02:06',NULL),(2893,1,1,32,'a:1:{i:1651;s:3:\"32,\";}',4,1651,1651,1,1,1566,245004,'eeff0afaf41de6eeeb34a6557ee10af4',0,0,NULL,0,0,'2014-05-26 11:37:23','2014-05-26 11:39:54',NULL),(2896,1,1,30,'a:1:{i:1652;s:3:\"30,\";}',4,1652,1652,1,1,1567,238608,'6585760ad4a907fd203288a47629dc22',0,0,NULL,0,0,'2014-05-26 15:04:24','2014-05-26 15:49:08',NULL),(2905,1,1,32,'a:1:{i:1645;s:3:\"32,\";}',1,1645,1645,1,1,1560,245335,'f2c040db9512c9780e2c3884ea3cdd2d',0,0,NULL,0,0,'2014-05-26 22:34:21','2014-05-26 22:39:23',NULL),(2908,1,1,32,'a:1:{i:1788;s:3:\"32,\";}',4,1788,1788,1,1,1685,204982,'49a6fd4466fd3ee2ecd5f13122e0e6f9',0,0,NULL,0,0,'2014-05-27 08:48:53','2014-08-13 13:06:57',NULL),(2912,1,1,32,'a:1:{i:1657;s:3:\"32,\";}',1,1657,1657,1,1,1572,245895,'4f79606cb6fd25baa9bf26d3621b6a13',0,0,NULL,0,0,'2014-05-27 10:52:25','2014-05-27 10:55:12',NULL),(2913,1,1,0,'',2,1658,1658,1,1,1573,245933,'7e9e2e06ff9a2ab18073de5c0562a07d',0,0,NULL,0,0,'2014-05-27 11:37:40','2014-05-27 11:41:40',NULL),(2924,1,1,0,'',2,1660,1660,1,1,1575,246922,'5b3bd2b26b10df3a8f0bfefa4ff58398',0,0,NULL,0,0,'2014-05-28 09:07:32','2014-05-28 09:14:53',NULL),(2930,1,1,32,'a:1:{i:1661;s:3:\"32,\";}',4,1661,1661,1,1,1576,247495,'c8631daad9c049ccb84f4118ad1dad79',0,0,NULL,0,0,'2014-05-28 22:01:08','2014-05-28 22:13:16',NULL),(2935,1,1,32,'a:1:{i:1675;s:3:\"32,\";}',4,1675,1675,1,1,1580,247967,'3271a8942c6aae14a92191b12d93ed42',0,0,NULL,0,0,'2014-05-29 12:43:54','2014-06-09 14:35:17',NULL),(2944,1,1,32,'a:1:{i:1677;s:3:\"32,\";}',2,1677,1677,1,1,1590,249758,'577fb45247da5686fbed2b5bb6ea5216',0,0,NULL,0,0,'2014-05-31 11:20:24','2014-06-10 12:51:36',NULL),(2945,1,1,0,'',4,1664,1664,1,1,1579,249993,'a42b1215a4a8a5f2323413333d487103',0,0,NULL,0,0,'2014-05-31 20:56:52','2014-05-31 21:02:19',NULL),(2958,1,1,32,'a:1:{i:1185;s:3:\"32,\";}',4,1665,1665,1,1,1160,252142,'b04bba7d0e24f90189211a018fd350d0',0,0,NULL,0,0,'2014-06-03 08:26:03','2014-06-03 08:35:02',NULL),(2974,1,1,32,'a:1:{i:1397;s:3:\"32,\";}',4,1397,1397,1,1,1350,253849,'8abc7fb94ba756f74927e66f0362c1e3',0,0,NULL,0,0,'2014-06-04 21:50:43','2014-06-04 21:54:44',NULL),(2978,1,1,0,'',4,1203,1203,1,1,1174,254662,'ba9f3657e2b82399d4b1a0405afbe49a',0,0,NULL,0,0,'2014-06-05 17:12:29','2014-06-05 17:13:55',NULL),(2983,1,1,32,'a:1:{i:1672;s:3:\"32,\";}',4,1672,1672,1,1,1586,255256,'ef6cf40fd93e03abf5a5055901ce8134',0,0,NULL,0,0,'2014-06-06 10:07:49','2014-06-06 10:11:03',NULL),(2986,1,1,0,'',4,1673,1673,1,1,1587,245932,'387074f8313a49927eeacd175523acdf',0,0,NULL,0,0,'2014-06-07 09:29:50','2014-06-07 13:18:59',NULL),(2992,1,1,0,'',2,1693,1693,1,1,1605,240121,'1351fa053e4f5d9e6455e4f6969cb907',0,0,NULL,0,0,'2014-06-09 11:11:14','2014-06-15 20:23:56',NULL),(2997,1,1,0,'',4,1676,1676,1,1,1589,258548,'d3ad115d0b50fccee3c3ccd2326bc9fe',0,0,NULL,0,0,'2014-06-09 21:07:20','2014-06-09 21:20:27',NULL),(3006,1,1,0,'',4,1678,1678,1,1,1591,259256,'dfd340c21656034d07aaa6c5bf6c5646',0,0,NULL,0,0,'2014-06-10 17:42:29','2014-06-10 17:45:45',NULL),(3010,1,1,0,'',4,1681,1681,1,1,1594,259808,'3a056564c6a1d6686a790d876cb69fb4',0,0,NULL,0,0,'2014-06-11 09:21:37','2014-06-11 09:23:46',NULL),(3011,1,1,0,'',4,1682,1683,1,1,1595,259832,'d6bb16a418cbab2cab3ef21a762810dd',0,0,NULL,0,0,'2014-06-11 10:22:29','2014-06-11 10:26:53',NULL),(3015,1,1,0,'',1,1685,1685,1,1,1597,226293,'a179a02a748549136e6f66be869e7001',0,0,NULL,0,0,'2014-06-11 16:47:21','2014-06-11 16:55:46',NULL),(3016,1,1,32,'a:1:{i:1686;s:3:\"32,\";}',4,1686,1686,1,1,1598,260037,'a4e415e723abda5561ead0dc7c555478',0,0,NULL,0,0,'2014-06-11 17:37:27','2014-06-11 17:53:02',NULL),(3022,1,1,0,'',4,1687,1687,1,1,1599,258397,'9fbff893dde873fcf757743e45706a12',0,0,NULL,0,0,'2014-06-12 10:51:59','2014-06-12 11:20:58',NULL),(3024,1,1,0,'',4,1688,1688,1,1,1600,260655,'0281362f290cdd0dd80d16afa3bd6f23',0,0,NULL,0,0,'2014-06-12 13:01:38','2014-06-12 13:12:24',NULL),(3033,1,1,32,'a:1:{i:1689;s:3:\"32,\";}',1,1689,1689,1,1,1601,261987,'0c3e84372505797a46d09b349f7b650f',0,0,NULL,0,0,'2014-06-14 13:50:02','2014-06-14 13:56:50',NULL),(3038,1,1,32,'a:1:{i:1690;s:3:\"32,\";}',4,1690,1690,1,1,1602,262552,'9c29659c05fb2164170010403c755af0',0,0,NULL,0,0,'2014-06-15 12:35:50','2014-06-15 18:48:52',NULL),(3039,1,1,32,'a:1:{i:1679;s:3:\"32,\";}',1,1679,1679,1,1,1592,262560,'82dcedbc47221864803d73dff685d92c',0,0,NULL,0,0,'2014-06-15 12:50:06','2014-06-15 13:03:47',NULL),(3042,1,1,0,'',4,1692,1692,1,1,1604,262748,'95b1639305d8f0c6dbe55bec5f5a4ef2',0,0,NULL,0,0,'2014-06-15 19:21:52','2014-06-15 19:27:03',NULL),(3044,1,1,0,'',4,1694,1694,1,1,1606,262826,'859828f73829ea1b8c923dcf4d1c78d5',0,0,NULL,0,0,'2014-06-15 22:03:19','2014-06-15 22:14:43',NULL),(3046,1,1,32,'a:1:{i:976;s:3:\"32,\";}',4,976,976,1,1,976,263356,'bd768c3c947e75a76c4a43ee78bb06d0',0,0,NULL,0,0,'2014-06-16 11:03:39','2014-06-17 15:28:47',NULL),(3048,1,1,0,'',1,1602,1602,1,1,1523,256115,'b978c853fd51041fd0cd8c0364061c43',0,0,NULL,0,0,'2014-06-16 11:59:42','2014-06-16 12:10:05',NULL),(3057,1,1,0,'',4,1263,1263,1,1,1224,264210,'949ab02949b1f8604d6d22c47bc84db3',0,0,NULL,0,0,'2014-06-17 11:20:25','2014-06-17 11:52:23',NULL),(3058,1,1,30,'a:1:{i:456;s:3:\"30,\";}',4,456,456,1,1,456,264211,'cb27734aa20fc71e05ae36992c8d729c',0,0,NULL,0,0,'2014-06-17 11:21:10','2014-06-17 11:25:38',NULL),(3068,1,1,0,'',4,1696,1696,1,1,1608,265592,'dcd9d1727cffa6bb54ad95c787f6055a',0,0,NULL,0,0,'2014-06-19 10:44:18','2014-06-19 10:47:35',NULL),(3069,1,1,32,'a:1:{i:1329;s:3:\"32,\";}',4,1329,1329,1,1,1280,265602,'b1392fd3a5cdcc53d15776ef537130c3',0,0,NULL,0,0,'2014-06-19 11:00:23','2014-06-19 11:01:11',NULL),(3083,1,1,0,'',2,1712,1712,1,1,1621,267773,'82b98ea1c06ad9836e62551ceab7ef83',0,0,NULL,0,0,'2014-06-22 13:17:28','2014-07-02 21:23:39',NULL),(3087,1,1,32,'a:1:{i:1674;s:3:\"32,\";}',4,1674,1674,1,1,1588,259019,'d0e740420df1e36aa0a03d9d2a099964',0,0,NULL,0,0,'2014-06-23 15:47:54','2014-06-23 15:48:45',NULL),(3107,1,1,32,'a:1:{i:1196;s:3:\"32,\";}',1,1196,1196,1,1,1170,270424,'6b2e9081557c7eabad183cedf58c750e',0,0,NULL,0,0,'2014-06-26 18:11:16','2014-06-26 18:39:09',NULL),(3114,1,1,32,'a:1:{i:1065;s:3:\"32,\";}',4,1065,1065,1,1,1055,258468,'307e54e7e8bf53c734d68f44d73d1391',0,0,NULL,0,0,'2014-06-28 16:22:38','2014-06-28 16:28:07',NULL),(3117,1,1,32,'a:1:{i:1705;s:3:\"32,\";}',4,1705,1705,1,1,1615,271672,'862c180a6b9e1829ca70cac484a7ef82',0,0,NULL,0,0,'2014-06-28 22:53:11','2014-06-28 22:54:19',NULL),(3131,1,1,0,'',4,1698,1698,1,1,1610,273784,'c7db5ad71726e7f66fe16f4624065896',0,0,NULL,0,0,'2014-07-01 17:29:34','2014-07-01 17:31:24',NULL),(3133,1,1,32,'a:1:{i:1708;s:3:\"32,\";}',4,1708,1708,1,1,1619,273824,'6abf97134c4656e7eac6b4ae6f633739',0,0,NULL,0,0,'2014-07-01 18:30:14','2014-07-01 18:32:39',NULL),(3140,1,1,32,'a:1:{i:1196;s:3:\"32,\";}',1,1196,1196,1,1,1170,274652,'6b2e9081557c7eabad183cedf58c750e',0,0,NULL,0,0,'2014-07-02 18:26:54','2014-07-02 18:31:26',NULL),(3141,1,1,0,'',4,1710,1711,1,1,1620,274714,'13611044557808b6aa011ef633e140eb',0,0,NULL,0,0,'2014-07-02 21:01:19','2014-07-02 21:14:24',NULL),(3142,1,1,0,'',4,1713,1713,1,1,1622,273847,'74138c19a942389588ddf07b0781a123',0,0,NULL,0,0,'2014-07-02 22:40:53','2014-07-02 23:02:15',NULL),(3154,1,1,32,'a:1:{i:1717;s:3:\"32,\";}',4,1717,1717,1,1,1625,276838,'29db61b5acef800f7daa826ff6854736',0,0,NULL,0,0,'2014-07-05 20:54:50','2014-07-06 09:21:13',NULL),(3157,1,1,0,'',4,1718,1718,1,1,1626,277596,'f7dfa11d8d5c50c13646ee0b0c29a97f',0,0,NULL,0,0,'2014-07-06 19:36:01','2014-07-06 19:47:14',NULL),(3161,1,1,0,'',4,1722,1722,1,1,1629,278057,'23009d7dd25d52d42bb54108dc5c7baa',0,0,NULL,0,0,'2014-07-07 11:07:32','2014-07-07 11:43:03',NULL),(3171,1,1,32,'a:1:{i:1697;s:3:\"32,\";}',4,1697,1697,1,1,1609,267698,'5fb88608b9c2f8b23870e1c80f3997b5',0,0,NULL,0,0,'2014-07-07 23:17:09','2014-07-07 23:21:32',NULL),(3172,1,1,30,'a:1:{i:1316;s:3:\"30,\";}',4,1316,1316,1,1,1271,278748,'bfd270da85d99be913cd259fa4271762',0,0,NULL,0,0,'2014-07-08 08:30:57','2014-07-08 08:47:52',NULL),(3177,1,1,0,'',4,1725,1725,1,1,1632,279039,'bd122b8ddb4b4d4b13340cbcfad6ba91',0,0,NULL,0,0,'2014-07-08 21:37:59','2014-07-08 21:42:34',NULL),(3179,1,1,32,'a:1:{i:1726;s:3:\"32,\";}',1,1726,1726,1,1,1633,277529,'46039839f754ea1e0b29ca13c0cd7316',0,0,NULL,0,0,'2014-07-09 11:38:09','2014-07-09 11:50:11',NULL),(3180,1,1,32,'a:1:{i:1727;s:3:\"32,\";}',1,1727,1727,1,1,1634,279431,'eac27d11e3cd163a396162419a22ac7d',0,0,NULL,0,0,'2014-07-09 11:46:35','2014-07-11 11:51:25',NULL),(3181,1,1,0,'',4,1728,1728,1,1,1635,279503,'0f7602bd05b1439e0c40e6eac0e81020',0,0,NULL,0,0,'2014-07-09 12:53:59','2014-07-09 12:56:44',NULL),(3183,1,1,32,'a:1:{i:1730;s:3:\"32,\";}',4,1730,1730,1,1,1637,165305,'1a5aa7dcfc70f2ee3b09dc8b09940c0d',0,0,NULL,0,0,'2014-07-09 16:39:42','2014-07-09 20:22:24',NULL),(3187,1,1,0,'',4,1729,1729,1,1,1636,251812,'661d6d280561ec86c1ad957fb94a49c6',0,0,NULL,0,0,'2014-07-09 18:06:38','2014-07-09 18:10:59',NULL),(3192,1,1,0,'',4,1734,1734,1,1,1639,280003,'79c1564cefcf51323a12c5a8b9705314',0,0,NULL,0,0,'2014-07-10 10:55:03','2014-07-13 18:34:03',NULL),(3194,1,1,0,'',4,1731,1732,1,1,1638,280119,'3d64e1670b7af05240ae92672ab05166',0,0,NULL,0,0,'2014-07-10 18:24:10','2014-07-10 18:31:05',NULL),(3200,1,1,32,'a:1:{i:1179;s:3:\"32,\";}',4,1733,1733,1,1,1154,280122,'fcdd222f1536805880c7c9a7608ff4e5',0,0,NULL,0,0,'2014-07-10 22:22:50','2014-07-10 22:25:19',NULL),(3222,1,1,0,'',4,1739,1740,1,1,1643,283879,'cbebb5f88030847bcf2ced4760beb0a1',0,0,NULL,0,0,'2014-07-15 11:54:38','2014-07-20 17:14:28',NULL),(3230,1,1,30,'a:1:{i:1702;s:3:\"30,\";}',4,1702,1702,1,1,1613,279769,'69dacfd639b354372bc650471f593d80',0,0,NULL,0,0,'2014-07-17 11:42:16','2014-07-17 14:47:16',NULL),(3242,1,1,32,'a:1:{i:1737;s:3:\"32,\";}',4,1737,1737,1,1,1642,287745,'102fe2f8e102b4880fad5b45a0c4a845',0,0,NULL,0,0,'2014-07-20 13:46:44','2014-07-20 13:55:32',NULL),(3245,1,1,32,'a:1:{i:1741;s:3:\"32,\";}',2,1741,1741,1,1,1644,288054,'4ae3590e4e5a95fdbbbfcb65bfcb1e69',0,0,NULL,0,0,'2014-07-20 20:25:29','2014-07-20 20:31:28',NULL),(3253,1,1,32,'a:1:{i:1743;s:3:\"32,\";}',4,1743,1743,1,1,1646,253702,'fcdb38d764df590944ecd8ccbc7a42f3',0,0,NULL,0,0,'2014-07-22 00:24:14','2014-07-22 00:28:07',NULL),(3256,1,1,32,'a:1:{i:1744;s:3:\"32,\";}',4,1744,1745,1,1,1647,237244,'02d359ad82d3153a939f72ba80b8e234',0,0,NULL,0,0,'2014-07-22 11:41:28','2014-07-22 11:53:58',NULL),(3258,1,1,32,'a:1:{i:1746;s:3:\"32,\";}',4,1746,1746,1,1,1648,289498,'f9bb8cd7a1d25d6645006ada4a752169',0,0,NULL,0,0,'2014-07-22 16:50:07','2014-07-22 16:54:40',NULL),(3265,1,1,0,'',4,1535,1535,1,1,1466,284664,'2cd9863c450be4fb40bb80ed3e8e1caa',0,0,NULL,0,0,'2014-07-23 10:45:34','2014-07-23 11:49:27',NULL),(3269,1,1,0,'',4,1749,1749,1,1,1651,289446,'988dfba1a6081e9ce8ba59ce2eb1d371',0,0,NULL,0,0,'2014-07-23 15:59:16','2014-07-23 16:01:49',NULL),(3280,1,1,0,'',4,1752,1752,1,1,1653,292660,'7d694dda3a238259ca219cce7b2f43d2',0,0,NULL,0,0,'2014-07-26 09:37:45','2014-07-26 09:45:28',NULL),(3289,1,1,0,'',4,1754,1754,1,1,1655,294454,'882695aca3005cbd44cdab3b38d93ff9',0,0,NULL,0,0,'2014-07-28 09:17:25','2014-07-28 09:19:44',NULL),(3294,1,1,32,'a:1:{i:1755;s:3:\"32,\";}',4,1755,1755,1,1,1656,294909,'e8ea4d992238b7209662681f6c37cea2',0,0,NULL,0,0,'2014-07-28 21:21:06','2014-07-28 21:43:08',NULL),(3295,1,1,32,'a:1:{i:1756;s:3:\"32,\";}',4,1756,1756,1,1,1657,294944,'f2acde3a467822b1c47903a4ba3b0ff0',0,0,NULL,0,0,'2014-07-28 22:17:39','2014-07-29 11:56:44',NULL),(3299,1,1,0,'',4,1757,1757,1,1,1658,291272,'42229dd655833938b353dcafc1407ebb',0,0,NULL,0,0,'2014-07-29 22:29:28','2014-07-29 23:14:18',NULL),(3303,1,1,0,'',4,1759,1760,1,1,1660,295903,'3db6da3335e88d3afb24444d594df6dc',0,0,NULL,0,0,'2014-07-30 17:00:19','2014-07-31 21:03:13',NULL),(3308,1,1,30,'a:1:{i:1762;s:3:\"30,\";}',4,1762,1761,1,1,1661,297761,'5fc7ec4141238400ea822d047b980b15',0,0,NULL,0,0,'2014-07-31 19:01:39','2014-08-01 14:27:29',NULL),(3312,1,1,0,'',4,1317,1317,1,1,1272,288957,'b5d67a26baad49a18664fb5f34b3f815',0,0,NULL,0,0,'2014-08-01 21:51:38','2014-08-01 22:34:30',NULL),(3318,1,1,32,'a:1:{i:630;s:3:\"32,\";}',1,630,1765,1,1,630,299949,'7a0554e99e95ef38fe1758e45cc8f2f4',0,0,NULL,0,0,'2014-08-03 17:36:24','2014-08-03 17:52:40',NULL),(3326,1,1,0,'',4,1316,1316,1,1,1271,300702,'bfd270da85d99be913cd259fa4271762',0,0,NULL,0,0,'2014-08-04 12:07:18','2014-08-04 12:08:33',NULL),(3332,1,1,32,'a:1:{i:1768;s:3:\"32,\";}',4,1768,1768,1,1,1667,300781,'7f1c23738e0c4cf632c011720603dbae',0,0,NULL,0,0,'2014-08-04 17:09:01','2014-08-04 17:15:19',NULL),(3333,1,1,32,'a:1:{i:1769;s:3:\"32,\";}',4,1769,1769,1,1,1668,300859,'9fff4814663dd849d4de290954cd50e2',0,0,NULL,0,0,'2014-08-04 21:46:38','2014-08-04 21:58:02',NULL),(3335,1,1,32,'a:1:{i:1770;s:3:\"32,\";}',4,1770,1770,1,1,1669,302094,'d52a4910f7a7b90699cb0e1fb925ca03',0,0,NULL,0,0,'2014-08-05 19:10:05','2014-08-05 19:15:45',NULL),(3336,1,1,0,'',4,1833,1833,1,1,1725,302097,'ca38f53744d9697b1232a0d549a011ef',0,0,NULL,0,0,'2014-08-05 20:42:38','2014-09-19 13:22:08',NULL),(3340,1,1,32,'a:1:{i:1771;s:3:\"32,\";}',4,1771,1771,1,1,1670,303259,'0a59c0d53d6fda4fa9de5372c6f0db5a',0,0,NULL,0,0,'2014-08-06 19:47:37','2014-08-06 20:19:59',NULL),(3347,1,1,0,'',2,1773,1773,1,1,1672,304710,'48cbdb4e79326a2f389c254ed3024a7d',0,0,NULL,0,0,'2014-08-07 19:48:31','2014-08-07 19:53:37',NULL),(3348,1,1,0,'',4,1774,1774,1,1,1673,303057,'ceafe5822e3375b891466509d189d686',0,0,NULL,0,0,'2014-08-07 20:54:03','2014-08-07 21:03:14',NULL),(3350,1,1,0,'',4,1775,1776,1,1,1674,304776,'b9fc332ad3c83b391def010379cd71e7',0,0,NULL,0,0,'2014-08-07 21:37:50','2014-08-07 21:43:31',NULL),(3352,1,1,0,'',4,1777,1777,1,1,1675,306042,'f4bbf720ca12929440cec51a69de2d8b',0,0,NULL,0,0,'2014-08-09 09:35:31','2014-08-09 09:38:45',NULL),(3353,1,1,32,'a:1:{i:1778;s:3:\"32,\";}',4,1778,1778,1,1,1676,306046,'79498bd17eb5adc280a3888c7e74958b',0,0,NULL,0,0,'2014-08-09 09:47:31','2014-08-09 10:00:22',NULL),(3357,1,1,0,'',4,1780,1780,1,1,1678,306712,'5b72665b3b70c40056e10eada927e82a',0,0,NULL,0,0,'2014-08-10 16:36:07','2014-08-10 16:37:32',NULL),(3360,1,1,0,'',4,1782,1782,1,1,1680,306810,'3fd241a780b1c0969220b9d7c6f86a1d',0,0,NULL,0,0,'2014-08-10 22:00:18','2014-08-10 22:04:12',NULL),(3362,1,1,0,'',2,1783,1783,1,1,1681,306864,'4f9dab499485186e86d2c49e3a1b38d2',0,0,NULL,0,0,'2014-08-11 01:29:08','2014-08-11 01:37:46',NULL),(3369,1,1,30,'a:1:{i:1786;s:3:\"30,\";}',4,1786,1787,1,1,1683,308750,'de7807a760f45278f2aa67e019e837e2',0,0,NULL,0,0,'2014-08-12 18:32:25','2014-08-12 18:42:35',NULL),(3373,1,1,32,'a:1:{i:1800;s:3:\"32,\";}',4,1800,1800,1,1,1695,310399,'386ebc8ec21560b5745a8f6e0e2271d6',0,0,NULL,0,0,'2014-08-13 19:55:17','2014-08-25 19:40:45',NULL),(3382,1,1,32,'a:1:{i:1126;s:3:\"32,\";}',4,1791,1791,1,1,1110,312818,'141e3b9d5df4e3303d66229c0c180cc0',0,0,NULL,0,0,'2014-08-16 10:53:59','2014-08-16 11:01:03',NULL),(3389,1,1,32,'a:1:{i:1793;s:3:\"32,\";}',2,1793,1793,1,1,1689,317024,'9cc1f504e7cd1bb656ac43bcc12e1e10',0,0,NULL,0,0,'2014-08-19 08:52:34','2014-08-20 16:40:08',NULL),(3393,1,1,0,'',4,1350,1350,1,1,1303,317152,'49b54c3f9f19eca05fed5914c58be526',0,0,NULL,0,0,'2014-08-19 18:19:31','2014-08-19 18:23:31',NULL),(3397,1,1,32,'a:1:{i:1793;s:3:\"32,\";}',2,1793,1793,1,1,1689,317024,'9cc1f504e7cd1bb656ac43bcc12e1e10',0,0,NULL,0,0,'2014-08-20 16:44:09','2014-08-20 16:45:28',NULL),(3401,1,1,32,'a:1:{i:1795;s:3:\"32,\";}',1,1795,1795,1,1,1691,317048,'bf4133492fa4ec52b2dc6fe4be21e843',0,0,NULL,0,0,'2014-08-21 13:41:09','2014-08-21 14:01:04',NULL),(3403,1,1,0,'',4,1796,1797,1,1,1692,312858,'88566cd77cb932212e79265ccc7c503e',0,0,NULL,0,0,'2014-08-21 21:41:29','2014-08-21 21:51:33',NULL),(3408,1,1,0,'',4,1263,1263,1,1,1224,314754,'949ab02949b1f8604d6d22c47bc84db3',0,0,NULL,0,0,'2014-08-24 11:16:19','2014-09-09 15:22:45',NULL),(3413,1,1,32,'a:1:{i:1798;s:3:\"32,\";}',4,1798,1798,1,1,1693,321029,'c936797a5855dda626f5e363a6a38d78',0,0,NULL,0,0,'2014-08-25 13:27:45','2014-08-25 13:34:14',NULL),(3425,1,1,32,'a:1:{i:1091;s:3:\"32,\";}',1,1091,1091,1,1,1079,321912,'26edd5ffd9a3889133759023c339d8e0',0,0,NULL,0,0,'2014-08-27 11:58:24','2014-08-27 12:13:36',NULL),(3426,1,1,32,'a:1:{i:444;s:3:\"32,\";}',4,444,444,1,1,444,307282,'6a2a0adcf191fa95c8371114c69334fe',0,0,NULL,0,0,'2014-08-27 17:35:35','2014-08-27 17:46:07',NULL),(3436,1,1,32,'a:1:{i:1803;s:3:\"32,\";}',1,1803,1803,1,1,1698,320485,'0e58004e12ac720f843b8b200943dade',0,0,NULL,0,0,'2014-08-28 22:45:58','2014-08-28 22:58:59',NULL),(3438,1,1,0,'',4,1804,1804,1,1,1699,323864,'360c7ed60284a07156c04763d8dfec97',0,0,NULL,0,0,'2014-08-29 09:27:26','2014-08-29 09:37:37',NULL),(3444,1,1,0,'',4,1805,1805,1,1,1700,324639,'6b5ae027a5f21c020a926a71364a0987',0,0,NULL,0,0,'2014-08-30 13:45:18','2014-08-30 13:51:49',NULL),(3447,1,1,0,'',4,1806,1807,1,1,1701,324782,'f85a8bc6c6591eaeb476e636a50a9c9a',0,0,NULL,0,0,'2014-08-30 21:42:56','2014-08-30 21:54:51',NULL),(3449,1,1,0,'',4,1809,1809,1,1,1703,325195,'3e4430ebf940e9bf841339d39abfbf38',0,0,NULL,0,0,'2014-08-31 12:11:35','2014-08-31 13:30:21',NULL),(3450,1,1,0,'',4,1808,1808,1,1,1702,325206,'925ce5dafc8dc17ca5c20a3f3de84faa',0,0,NULL,0,0,'2014-08-31 12:13:31','2014-08-31 12:17:29',NULL),(3453,1,1,0,'',4,1810,1810,1,1,1704,325253,'993e5c5fcb17842b1976d83bc22ccfd9',0,0,NULL,0,0,'2014-08-31 13:58:30','2014-08-31 14:04:09',NULL),(3481,1,1,32,'a:1:{i:1770;s:3:\"32,\";}',4,1770,1770,1,1,1669,327958,'d52a4910f7a7b90699cb0e1fb925ca03',0,0,NULL,0,0,'2014-09-04 06:35:37','2014-09-04 06:58:56',NULL),(3492,1,1,0,'',4,1817,1817,1,1,1710,328937,'96944cde7add10639afa43fb0f29b9e9',0,0,NULL,0,0,'2014-09-05 15:30:15','2014-09-05 15:36:14',NULL),(3495,1,1,32,'a:1:{i:996;s:3:\"32,\";}',4,996,996,1,1,997,329033,'f7a3aa6b38f7603d55d40fc6c02a68fd',0,0,NULL,0,0,'2014-09-05 21:11:00','2014-09-05 21:12:26',NULL),(3497,1,1,32,'a:1:{i:1820;s:3:\"32,\";}',4,1820,1820,1,1,1713,330076,'f9b34e302280ec0584845db7727e7a1d',0,0,NULL,0,0,'2014-09-07 13:39:07','2014-09-07 13:40:19',NULL),(3507,1,1,0,'',4,1753,1753,1,1,1654,330421,'a325c9e45b0b8da434ca2f9cb2c2c9ad',0,0,NULL,0,0,'2014-09-07 22:08:10','2014-09-07 22:19:52',NULL),(3518,1,1,0,'',4,1826,1826,1,1,1718,331565,'8993fcd92922a01d83a4a5aaf6a2ec69',0,0,NULL,0,0,'2014-09-09 21:43:10','2014-09-09 21:50:53',NULL),(3526,1,1,32,'a:1:{i:1827;s:3:\"32,\";}',1,1827,1827,1,1,1719,331015,'28e5e224fce52a690310b075c07fda34',0,0,NULL,0,0,'2014-09-11 21:38:19','2014-09-11 21:54:08',NULL),(3537,1,1,32,'a:1:{i:1864;s:3:\"32,\";}',1,1864,1864,1,1,1755,335037,'844e2be330386c57999a73c3ba0457ba',0,0,NULL,0,0,'2014-09-14 17:06:40','2014-10-14 20:43:04',NULL),(3538,1,1,0,'',4,1832,1832,1,1,1724,335071,'d4546b75059fea172bc4e592ba8cec43',0,0,NULL,0,0,'2014-09-14 19:25:16','2014-09-19 12:17:38',NULL),(3539,1,1,32,'a:1:{i:1829;s:3:\"32,\";}',4,1829,1829,1,1,1721,335114,'281cc784a0be398fb11b062525d8037f',0,0,NULL,0,0,'2014-09-14 21:15:47','2014-09-14 21:26:19',NULL),(3540,1,1,32,'a:1:{i:1830;s:3:\"32,\";}',4,1830,1830,1,1,1722,326002,'5535b2dc5ed1db2b9ec582bfed7aa2fe',0,0,NULL,0,0,'2014-09-15 00:18:59','2014-09-15 00:30:10',NULL),(3545,1,1,32,'a:1:{i:1831;s:3:\"32,\";}',4,1831,1831,1,1,1723,335117,'96ce7c873dcb225ff5146f69775a40d7',0,0,NULL,0,0,'2014-09-15 21:55:08','2014-09-17 20:39:53',NULL),(3562,1,1,0,'',4,1834,1834,1,1,1726,320065,'b61638e0b4e992e25047fbc83b268810',0,0,NULL,0,0,'2014-09-20 14:59:14','2014-09-20 15:02:37',NULL),(3567,1,1,32,'a:1:{i:1835;s:3:\"32,\";}',4,1835,1835,1,1,1728,341257,'63ea235dfae489b1b5622e1eb3510e38',0,0,NULL,0,0,'2014-09-21 20:27:18','2014-09-22 20:33:10',NULL),(3573,1,1,0,'',4,1836,1836,1,1,1729,341233,'c302df8c8e7397dbbdab2fc2f8d76da1',0,0,NULL,0,0,'2014-09-22 21:08:54','2014-09-22 21:29:58',NULL),(3584,1,1,32,'a:1:{i:1828;s:3:\"32,\";}',2,1828,1828,1,1,1720,344451,'6e29c62c0526fa3e76136b71878d3de8',0,0,NULL,0,0,'2014-09-25 20:03:36','2014-09-26 00:16:06',NULL),(3595,1,1,32,'a:1:{i:1636;s:3:\"32,\";}',4,1636,1636,1,1,1554,347119,'761019ed09caf07923765578d7a35d5d',0,0,NULL,0,0,'2014-09-28 20:04:52','2014-09-28 20:20:46',NULL),(3609,1,1,32,'a:1:{i:1876;s:3:\"32,\";}',1,1877,1876,1,1,1766,350421,'930042f902fcfc32fce340a16a26944d',0,0,NULL,0,0,'2014-10-01 13:40:07','2014-10-21 17:44:36',NULL),(3613,1,1,30,'a:1:{i:1842;s:3:\"30,\";}',4,1842,1842,1,1,1735,348460,'6577d3efda85530fa9b1c76c6927e213',0,0,NULL,0,0,'2014-10-01 22:46:57','2014-10-01 22:53:19',NULL),(3621,1,1,0,'',4,1844,1844,1,1,1738,352480,'f8af7bcc4812dba30d13313c76fa7992',0,0,NULL,0,0,'2014-10-04 18:47:00','2014-10-04 18:56:56',NULL),(3622,1,1,32,'a:1:{i:1845;s:3:\"32,\";}',1,1845,1845,1,1,1739,353223,'210c34900774aca329fc769c9df5971a',0,0,NULL,0,0,'2014-10-05 16:17:56','2014-10-05 16:26:24',NULL),(3623,1,1,32,'a:1:{i:1846;s:3:\"32,\";}',4,1846,1846,1,1,1740,353349,'8d0a4c573c64b3261d91c375f1ee4202',0,0,NULL,0,0,'2014-10-05 18:52:47','2014-10-05 19:00:11',NULL),(3624,1,1,32,'a:1:{i:1565;s:3:\"32,\";}',4,1565,1565,1,1,1494,353394,'5b0ce3a6ee3b3d821860f623ee4e3b1b',0,0,NULL,0,0,'2014-10-05 19:42:35','2014-10-05 20:00:07',NULL),(3625,1,1,0,'',4,1288,1288,1,1,1245,353483,'ace10a770531ae4078d091b6c0bb0b70',0,0,NULL,0,0,'2014-10-05 21:06:49','2014-10-07 09:36:29',NULL),(3626,1,1,30,'a:1:{i:1847;s:3:\"30,\";}',4,1847,1847,1,1,1741,354048,'1820b43b9258738dc15f222f7f849f44',0,0,NULL,0,0,'2014-10-06 08:57:38','2014-10-06 09:09:07',NULL),(3627,1,1,0,'',4,1134,1134,1,1,1118,348409,'fdd9d838f48dd56c29fcfbfcbfb33b5e',0,0,NULL,0,0,'2014-10-06 09:49:00','2014-10-06 12:14:08',NULL),(3632,1,1,32,'a:1:{i:1091;s:3:\"32,\";}',1,1091,1091,1,1,1079,355016,'26edd5ffd9a3889133759023c339d8e0',0,0,NULL,0,0,'2014-10-07 14:01:27','2014-10-07 16:38:09',NULL),(3634,1,1,0,'',2,1849,1850,1,1,1742,355128,'5cf33e82ae8c2885036e2c8084eaecc0',0,0,NULL,0,0,'2014-10-07 20:48:53','2014-10-07 20:58:45',NULL),(3635,1,1,0,'',4,1851,1851,1,1,1743,354439,'2d89ed1a17b89ea463440a092e60a868',0,0,NULL,0,0,'2014-10-07 21:23:03','2014-10-07 21:50:30',NULL),(3636,1,1,32,'a:1:{i:1852;s:3:\"32,\";}',4,1852,1852,1,1,1622,355152,'74138c19a942389588ddf07b0781a123',0,0,NULL,0,0,'2014-10-07 21:58:36','2014-10-07 22:05:20',NULL),(3639,1,1,32,'a:1:{i:1854;s:3:\"32,\";}',4,1854,1854,1,1,1745,355457,'0df48cd3ee168f41f45562ee6ed13e48',0,0,NULL,0,0,'2014-10-08 10:32:03','2014-10-08 11:31:23',NULL),(3641,1,1,0,'',4,1361,1361,1,1,1318,355101,'93e196f159b96dd9e77a1e6a37804dbe',0,0,NULL,0,0,'2014-10-08 16:12:46','2014-10-08 16:15:05',NULL),(3642,1,1,32,'a:1:{i:1855;s:3:\"32,\";}',4,1855,1855,1,1,1746,355635,'9788daaab25a5835d4db718cedd90d6d',0,0,NULL,0,0,'2014-10-08 18:01:27','2014-10-08 18:15:14',NULL),(3643,1,1,32,'a:1:{i:1856;s:3:\"32,\";}',4,1856,1856,1,1,1747,355643,'b6f1b57bc9ce94c7889778a611fd5680',0,0,NULL,0,0,'2014-10-08 18:30:05','2014-10-08 18:46:40',NULL),(3650,1,1,0,'',4,1858,1858,1,1,1749,356871,'2af8247fe681cf2b24d564d9fd3c9bde',0,0,NULL,0,0,'2014-10-10 11:59:05','2014-10-10 12:04:25',NULL),(3653,1,1,32,'a:1:{i:1859;s:3:\"32,\";}',1,1859,1859,1,1,1750,357510,'2c70e123b7c3c070d04fab57552354e3',0,0,NULL,0,0,'2014-10-11 08:10:20','2014-10-11 08:17:18',NULL),(3654,1,1,0,'',4,1860,1860,1,1,1751,351660,'a60b628ea52d0676c722e292bfd27ac2',0,0,NULL,0,0,'2014-10-11 12:43:30','2014-10-11 12:47:09',NULL),(3655,1,1,0,'',4,1861,1861,1,1,1752,357918,'f50623a2e709859e7072dcbcbc169b8d',0,0,NULL,0,0,'2014-10-11 17:41:38','2014-10-11 17:52:45',NULL),(3659,1,1,0,'',4,1862,1862,1,1,1753,358503,'46345bab5357c6c7c2ccc46af6336490',0,0,NULL,0,0,'2014-10-12 17:14:06','2014-10-12 17:34:02',NULL),(3679,1,1,32,'a:1:{i:1865;s:3:\"32,\";}',4,1865,1865,1,1,1756,360317,'3bed21e0b85c0e9aa855d19388632503',0,0,NULL,0,0,'2014-10-14 23:15:57','2014-10-14 23:34:22',NULL),(3684,1,1,32,'a:1:{i:1789;s:3:\"32,\";}',1,1869,1869,1,1,1686,360688,'1a82597a142686fe5396fd8c557ce12b',0,0,NULL,0,0,'2014-10-16 07:27:31','2014-10-16 23:24:54',NULL),(3685,1,1,0,'',4,1867,1867,1,1,1758,361188,'61b2eadae17f32a855e087d3cdc6c081',0,0,NULL,0,0,'2014-10-16 09:05:05','2014-10-16 09:14:09',NULL),(3686,1,1,0,'',4,1885,1885,1,1,1773,349604,'ba735ddddfb86e6bc1c902a6b61891fe',0,0,NULL,0,0,'2014-10-16 11:22:13','2014-10-27 11:55:42',NULL),(3688,1,1,32,'a:1:{i:1868;s:3:\"32,\";}',4,1868,1868,1,1,1759,361528,'fcb1da1c43b2859adbc6f98912d6b344',0,0,NULL,0,0,'2014-10-16 18:45:28','2014-10-16 18:53:55',NULL),(3692,1,1,32,'a:1:{i:1359;s:3:\"32,\";}',4,1359,1359,1,1,1316,362457,'8c0026bca6ac331e3b77f61c83fb3916',0,0,NULL,0,0,'2014-10-17 18:31:24','2014-10-17 18:43:19',NULL),(3701,1,1,0,'',4,1872,1872,1,1,1763,364391,'918661a16de25b1fcfac56dad8fb9956',0,0,NULL,0,0,'2014-10-20 08:38:43','2014-10-20 08:46:11',NULL),(3710,1,1,32,'a:1:{i:1873;s:3:\"32,\";}',4,1873,1874,1,1,1764,365328,'d2ec43ec9de33f17c8050429a536ad38',0,0,NULL,0,0,'2014-10-21 13:16:25','2014-10-21 13:40:17',NULL),(3712,1,1,32,'a:1:{i:1879;s:3:\"32,\";}',4,1879,1878,1,1,1118,365949,'fdd9d838f48dd56c29fcfbfcbfb33b5e',0,0,NULL,0,0,'2014-10-22 15:17:30','2014-10-22 15:27:41',NULL),(3731,1,1,32,'a:1:{i:1367;s:3:\"32,\";}',4,1887,1886,1,1,1322,370131,'88a05f532074a390053887e09cc7b1e9',0,0,NULL,0,0,'2014-10-27 15:20:42','2014-10-27 15:25:13',NULL),(3733,1,1,32,'a:1:{i:1759;s:3:\"32,\";}',4,1759,1759,1,1,1660,370324,'3db6da3335e88d3afb24444d594df6dc',0,0,NULL,0,0,'2014-10-27 22:08:52','2014-10-27 22:15:58',NULL),(3737,1,1,32,'a:1:{i:1719;s:3:\"32,\";}',4,1719,1719,1,1,1627,371223,'c53dd86658bc81bb6a7b9aa11d1af668',0,0,NULL,0,0,'2014-10-29 00:05:59','2014-10-29 00:16:23',NULL),(3764,1,1,0,'',4,1895,1895,1,1,1782,375072,'c27d935c6485f639fc8f304f7db2ef5e',0,0,NULL,0,0,'2014-11-02 20:09:08','2014-11-02 20:17:44',NULL),(3765,1,1,32,'a:1:{i:1895;s:3:\"32,\";}',4,1895,1895,1,1,1782,375072,'c27d935c6485f639fc8f304f7db2ef5e',0,0,NULL,0,0,'2014-11-02 20:21:04','2014-11-02 20:23:27',NULL),(3766,1,1,32,'a:1:{i:1896;s:3:\"32,\";}',4,1896,1896,1,1,1783,375134,'1c65adbcce3f207169fe7d4089542e03',0,0,NULL,0,0,'2014-11-02 22:22:23','2014-11-09 13:17:38',NULL),(3772,1,1,0,'',1,1889,1889,1,1,1776,377062,'df6bb82dc655eacda929b4ea085a41b1',0,0,NULL,0,0,'2014-11-05 10:33:49','2014-11-05 10:38:05',NULL),(3773,1,1,0,'',4,1898,1898,1,1,1785,376446,'2efb1a3f7eca6a0cda65771c0df03e2e',0,0,NULL,0,0,'2014-11-05 14:57:03','2014-11-05 15:06:08',NULL),(3777,1,1,0,'',4,1899,1899,1,1,1786,378072,'bcc17085ef3c7f851968e9bd369fb8c8',0,0,NULL,0,0,'2014-11-06 10:46:19','2014-11-06 11:05:03',NULL),(3781,1,1,0,'',4,1900,1900,1,1,1787,379656,'f91b4c03fcb4c57546cb4e92a6e462a2',0,0,NULL,0,0,'2014-11-08 15:01:30','2014-11-08 15:07:54',NULL),(3782,1,1,32,'a:1:{i:1901;s:3:\"32,\";}',4,1901,1901,1,1,1788,380169,'a3b0021fa482192aba5e517adab0457a',0,0,NULL,0,0,'2014-11-09 09:59:00','2014-11-09 10:05:50',NULL),(3784,1,1,0,'',4,1369,1369,1,1,1325,380349,'ec846647416f7f05fd4e152cd0917710',0,0,NULL,0,0,'2014-11-09 16:34:49','2014-11-09 16:41:07',NULL),(3787,1,1,0,'',4,1904,1904,1,1,1790,376405,'b4e2fe59b3f090105624bc57b18b807a',0,0,NULL,0,0,'2014-11-10 15:52:56','2014-11-10 15:55:20',NULL),(3793,1,1,32,'a:1:{i:1905;s:3:\"32,\";}',4,1905,1905,1,1,1791,381758,'f57cfd9bc78faa17b49e38b4c5c26cf6',0,0,NULL,0,0,'2014-11-11 10:21:50','2014-11-11 11:00:01',NULL),(3797,1,1,0,'',4,1906,1906,1,1,1792,381859,'301290c5a6cfcc674612dded698260ca',0,0,NULL,0,0,'2014-11-11 13:51:51','2014-11-11 13:53:57',NULL),(3799,1,1,0,'',4,1535,1535,1,1,1466,381891,'2cd9863c450be4fb40bb80ed3e8e1caa',0,0,NULL,0,0,'2014-11-11 14:30:49','2014-11-11 14:34:14',NULL),(3801,1,1,32,'a:1:{i:1907;s:3:\"32,\";}',4,1907,1907,1,1,1793,382054,'64e452b5fd6abd90be1d2fbc5f9a51bd',0,0,NULL,0,0,'2014-11-11 15:46:03','2014-11-11 16:12:21',NULL),(3811,1,1,0,'',4,1908,1908,1,1,1794,383422,'a8dedf29dc14486c0aa07d390f6edb22',0,0,NULL,0,0,'2014-11-13 11:28:23','2014-11-13 12:22:33',NULL),(3814,1,1,0,'',4,1910,1910,1,1,1796,379192,'5e810b70df65c08c019358a5657f1008',0,0,NULL,0,0,'2014-11-14 07:16:21','2014-11-14 15:47:42',NULL),(3815,1,1,32,'a:1:{i:1508;s:3:\"32,\";}',4,1508,1508,1,1,1441,384225,'1684cf3a28e6927f856c177ca4bb6414',0,0,NULL,0,0,'2014-11-14 09:40:14','2014-11-14 09:47:28',NULL),(3819,1,1,32,'a:1:{i:1038;s:3:\"32,\";}',4,1038,1038,1,1,1032,384661,'761e791c6504baa2e3d8bafce261ef5d',0,0,NULL,0,0,'2014-11-14 22:31:49','2014-11-14 22:45:45',NULL),(3822,1,1,0,'',4,1939,1939,1,1,1823,385722,'985009a316a64787d22e78c9db2391af',0,0,NULL,0,0,'2014-11-16 11:17:54','2014-12-01 11:28:41',NULL),(3823,1,1,32,'a:1:{i:1434;s:3:\"32,\";}',4,1434,1434,1,1,1382,385880,'5ddcad9f3853416c7d10f3e12d53c906',0,0,NULL,0,0,'2014-11-16 16:48:43','2014-11-16 18:25:28',NULL),(3831,1,1,0,'',4,1914,1914,1,1,1801,387097,'d9a27d2b1b16e450ea85e72f77c76a47',0,0,NULL,0,0,'2014-11-18 09:36:13','2014-11-18 09:43:19',NULL),(3845,1,1,0,'',1,1919,1919,1,1,1805,387967,'888c4af1a4fcc738a0c43f3783a27bfe',0,0,NULL,0,0,'2014-11-19 14:28:33','2014-11-19 14:31:39',NULL),(3847,1,1,32,'a:1:{i:1920;s:3:\"32,\";}',1,1920,1920,1,1,1806,388222,'602e4cc8054fda38895cf580f321b9d3',0,0,NULL,0,0,'2014-11-19 21:30:36','2014-11-19 21:52:43',NULL),(3853,1,1,0,'',4,1922,1922,1,1,1808,382865,'8e84df33a104c999eabc4a1c454ac5de',0,0,NULL,0,0,'2014-11-20 20:22:26','2014-11-20 21:20:01',NULL),(3855,1,1,32,'a:1:{i:1921;s:3:\"32,\";}',4,1921,1921,1,1,1807,389266,'cd2eaf69089c826af584577343f40ab9',0,0,NULL,0,0,'2014-11-21 08:26:36','2014-11-21 08:32:15',NULL),(3869,1,1,32,'a:1:{i:1155;s:3:\"32,\";}',4,1155,1155,1,1,1135,391571,'2f21d60b8f70812bc36a8cc3cc201c39',0,0,NULL,0,0,'2014-11-23 15:48:41','2014-11-23 15:56:31',NULL),(3870,1,1,32,'a:1:{i:1926;s:3:\"32,\";}',4,1926,1926,1,1,1811,391668,'dcd5a6b8fb6f6ec8491baf0eba459f40',0,0,NULL,0,0,'2014-11-23 18:07:05','2014-11-23 18:50:38',NULL),(3872,1,1,32,'a:1:{i:1915;s:3:\"32,\";}',4,1915,1915,1,1,1802,391358,'3e59824975fcb786ecb8c1619d94e6fc',0,0,NULL,0,0,'2014-11-23 22:41:48','2014-11-23 22:43:31',NULL),(3877,1,1,0,'',4,1928,1928,1,1,1813,392650,'c86fde315e3ff239699b8874d4166e50',0,0,NULL,0,0,'2014-11-24 18:54:52','2014-11-24 18:59:52',NULL),(3880,1,1,32,'a:1:{i:1929;s:3:\"32,\";}',1,1929,1929,1,1,1814,393180,'3d4ce6dfa1b6ae3d82e753d6958093ab',0,0,NULL,0,0,'2014-11-25 10:16:40','2014-11-25 10:19:31',NULL),(3884,1,1,32,'a:1:{i:1931;s:3:\"32,\";}',4,1931,1931,1,1,1816,374491,'513c5b8daffcccb2c10d2338da659c45',0,0,NULL,0,0,'2014-11-25 19:42:24','2014-11-25 20:27:37',NULL),(3887,1,1,34,'a:1:{i:1944;s:3:\"34,\";}',4,1944,1944,1,1,1827,393610,'4555d8f9211dae32338b9fcc67668b15',0,0,NULL,0,0,'2014-11-25 21:06:52','2014-12-01 20:24:06',NULL),(3899,1,1,0,'',4,1933,1933,1,1,1818,394882,'b51e5b501b5b2f0f0275b29a75f47955',0,0,NULL,0,0,'2014-11-27 12:30:07','2014-11-27 12:36:40',NULL),(3906,1,1,0,'',2,1978,1978,1,1,1858,395969,'c5e7879b462d6882145c68bcf71e1e6e',0,0,NULL,0,0,'2014-11-28 16:25:54','2014-12-13 13:56:41',NULL),(3909,1,1,32,'a:1:{i:1936;s:3:\"32,\";}',4,1936,1936,1,1,1821,396627,'79bb762a5c0ef0b064c2e24b260e8ab7',0,0,NULL,0,0,'2014-11-29 11:43:15','2014-11-29 11:51:19',NULL),(3912,1,1,0,'',4,1937,1938,1,1,1822,396662,'1aa904e6910d0bb682c5616cbf67f010',0,0,NULL,0,0,'2014-11-29 13:31:03','2014-11-29 13:40:00',NULL),(3915,1,1,32,'a:1:{i:1294;s:3:\"32,\";}',4,1294,1294,1,1,1251,397318,'e2a7cc3b8197286abe88e5d74075fe98',0,0,NULL,0,0,'2014-11-30 13:48:00','2014-11-30 14:07:27',NULL),(3919,1,1,32,'a:1:{i:410;s:3:\"32,\";}',4,410,410,1,1,410,397488,'332bbd68b17093278dd32a68a9ea0092',0,0,NULL,0,0,'2014-11-30 20:51:36','2014-11-30 21:28:23',NULL),(3925,1,1,0,'',1,1950,1950,1,1,1833,398109,'3b7c454854e24262c41a0ed73def709b',0,0,NULL,0,0,'2014-12-01 15:59:52','2014-12-04 12:07:38',NULL),(3926,1,1,34,'a:1:{i:88;s:3:\"34,\";}',4,88,88,1,1,88,398124,'62ade72e463511320b649677ab0b991b',0,0,NULL,0,0,'2014-12-01 16:32:04','2014-12-01 16:37:29',NULL),(3927,1,1,0,'',4,1531,1531,1,1,1463,398141,'2c0db10810decee02fb362b880bfa90c',0,0,NULL,0,0,'2014-12-01 16:56:54','2014-12-01 17:03:48',NULL),(3934,1,1,0,'',4,1940,1940,1,1,1824,398899,'767bc1aa552ff4af827c5b6df0e9af33',0,0,NULL,0,0,'2014-12-02 15:25:23','2014-12-02 15:27:14',NULL),(3935,1,1,0,'',4,1947,1947,1,1,1830,399048,'64d8edbcc3e41d13cef2b701c7c149be',0,0,NULL,0,0,'2014-12-02 21:44:05','2014-12-02 21:48:38',NULL),(3943,1,1,35,'a:1:{i:1354;s:3:\"35,\";}',4,1354,1354,1,1,1307,398093,'d23cea31c5730dee73399bd93f393230',0,0,NULL,0,0,'2014-12-03 16:43:57','2014-12-03 17:10:57',NULL),(3944,1,1,35,'a:1:{i:1912;s:3:\"35,\";}',1,1912,1912,1,1,1798,399806,'8a8d66f9e5fe10c8c75e849ad313d42e',0,0,NULL,0,0,'2014-12-03 16:51:24','2014-12-03 17:09:57',NULL),(3951,1,1,35,'a:1:{i:996;s:3:\"35,\";}',4,996,996,1,1,997,377362,'f7a3aa6b38f7603d55d40fc6c02a68fd',0,0,NULL,0,0,'2014-12-04 18:03:54','2014-12-04 18:09:46',NULL),(3952,1,1,0,'',4,1951,1951,1,1,1834,388713,'4f4add573e494b1b0c863a75041f2ea7',0,0,NULL,0,0,'2014-12-04 19:29:09','2014-12-04 19:31:42',NULL),(3960,1,1,35,'a:1:{i:1952;s:3:\"35,\";}',4,1952,1952,1,1,1835,402114,'047cfd8e89d6ba9e9226bb12e9f0dc3a',0,0,NULL,0,0,'2014-12-05 21:18:24','2014-12-05 21:23:03',NULL),(3962,1,1,0,'',4,1953,1953,1,1,1836,402607,'f17a3349ada6fdc0f38b48fe87a3c425',0,0,NULL,0,0,'2014-12-06 12:28:37','2014-12-06 12:41:14',NULL),(3966,1,1,0,'',4,1954,1955,1,1,1837,385848,'db5a7e969f81b43882d36226181bfea4',0,0,NULL,0,0,'2014-12-06 22:00:22','2014-12-06 22:14:07',NULL),(3967,1,1,0,'',4,1960,1960,1,1,1840,402804,'4231829b53883b3c83cd447b114f7d78',0,0,NULL,0,0,'2014-12-06 22:11:41','2014-12-07 21:49:15',NULL),(3972,1,1,0,'',4,1956,1956,1,1,1838,403208,'b4e75c2514f3c14f008ab44d99c5e686',0,0,NULL,0,0,'2014-12-07 12:18:13','2014-12-07 12:22:48',NULL),(3975,1,1,0,'',4,1957,1957,1,1,1839,400594,'3c2a7e13b3c1dac4213ecc9cd1c7c88f',0,0,NULL,0,0,'2014-12-07 20:20:48','2014-12-07 20:30:04',NULL),(3976,1,1,35,'a:1:{i:1958;s:3:\"35,\";}',4,1958,1958,1,1,335,385819,'e6313db14bd0aa7c965131d9f0b77387',0,0,NULL,0,0,'2014-12-07 20:29:26','2014-12-07 20:35:58',NULL),(3977,1,1,35,'a:1:{i:1541;s:3:\"35,\";}',4,1541,1541,1,1,335,3018,'e6313db14bd0aa7c965131d9f0b77387',0,0,NULL,0,0,'2014-12-07 20:39:17','2014-12-07 20:41:53',NULL),(3978,1,1,35,'a:1:{i:1806;s:3:\"35,\";}',4,1959,1959,1,1,1701,403506,'f85a8bc6c6591eaeb476e636a50a9c9a',0,0,NULL,0,0,'2014-12-07 20:43:52','2014-12-07 20:50:29',NULL),(3980,1,1,35,'a:1:{i:1806;s:3:\"35,\";}',4,1959,1959,1,1,1701,324782,'f85a8bc6c6591eaeb476e636a50a9c9a',0,0,NULL,0,0,'2014-12-07 20:53:15','2014-12-07 20:57:34',NULL),(3983,1,1,35,'a:1:{i:1961;s:3:\"35,\";}',4,1961,1961,1,1,1841,403503,'5928fc9ae99108fd97c69fec2a2fba57',0,0,NULL,0,0,'2014-12-08 09:59:30','2014-12-10 11:26:44',NULL),(3985,1,1,30,'a:1:{i:1942;s:3:\"30,\";}',4,1942,1942,1,1,1685,403973,'49a6fd4466fd3ee2ecd5f13122e0e6f9',0,0,NULL,0,0,'2014-12-08 15:08:15','2014-12-08 15:09:17',NULL),(3988,1,1,0,'',4,1962,1962,1,1,1842,398059,'a16fc5be0a7910bb2d4eaa3523442135',0,0,NULL,0,0,'2014-12-08 20:34:26','2014-12-08 20:37:00',NULL),(3989,1,1,0,'',4,1963,1963,1,1,1843,404259,'1c11e8d6ce84be2afb77ec118ddcd138',0,0,NULL,0,0,'2014-12-08 20:43:11','2014-12-08 20:48:21',NULL),(4003,1,1,0,'',4,1965,1965,1,1,1846,400924,'fecb6a4b8efdbe8edf8c624505f5b068',0,0,NULL,0,0,'2014-12-09 18:24:15','2014-12-09 18:27:24',NULL),(4004,1,1,35,'a:1:{i:1966;s:3:\"35,\";}',4,1966,1966,1,1,1847,404985,'966431351e21bde721c37337d0f817de',0,0,NULL,0,0,'2014-12-09 19:41:27','2014-12-09 19:46:58',NULL),(4005,1,1,0,'',4,1967,1967,1,1,1848,404802,'d4532b43ff1209981a17f0c283dfdc77',0,0,NULL,0,0,'2014-12-09 20:45:58','2014-12-09 21:41:32',NULL),(4013,1,1,0,'',4,1969,1969,1,1,1850,405688,'2b671dcc6d78ad401700ce66e81112cc',0,0,NULL,0,0,'2014-12-10 16:57:14','2014-12-10 17:01:07',NULL),(4015,1,1,0,'',4,1970,1970,1,1,1851,405778,'7e2f30f8a29e39ce9a6dcee0379b775c',0,0,NULL,0,0,'2014-12-10 20:42:40','2014-12-10 20:53:51',NULL),(4017,1,1,35,'a:1:{i:1971;s:3:\"35,\";}',4,1972,1971,1,1,1852,406226,'09d0124aa242231650bcf39e27fa5a8c',0,0,NULL,0,0,'2014-12-11 12:21:29','2014-12-11 12:30:05',NULL),(4026,1,1,0,'',4,1974,1974,1,1,1854,400882,'3aaeacd9b93e71598f3f5d8b05acaf56',0,0,NULL,0,0,'2014-12-12 14:55:48','2014-12-12 15:04:45',NULL),(4029,1,1,0,'',4,1975,1975,1,1,1855,406868,'e0bcc0da1bd3e5b5ac80d4f7bd0a691d',0,0,NULL,0,0,'2014-12-12 17:19:26','2014-12-12 17:26:59',NULL),(4035,1,1,35,'a:1:{i:1977;s:3:\"35,\";}',4,1977,1977,1,1,1857,404812,'ddafc39d468466cdaed60d137e7e5a3a',0,0,NULL,0,0,'2014-12-13 12:52:02','2014-12-13 12:53:35',NULL),(4036,1,1,35,'a:1:{i:1978;s:3:\"35,\";}',2,1978,1978,1,1,1858,395969,'c5e7879b462d6882145c68bcf71e1e6e',0,0,NULL,0,0,'2014-12-13 14:13:52','2014-12-13 14:23:30',NULL),(4038,1,1,35,'a:1:{i:1980;s:3:\"35,\";}',4,1980,1980,1,1,1859,407576,'238cf10fc386327aa9819017a7d7e2d2',0,0,NULL,0,0,'2014-12-13 15:36:30','2014-12-13 15:45:08',NULL),(4041,1,1,35,'a:1:{i:1981;s:3:\"35,\";}',4,1981,1981,1,1,1860,407532,'d9fa19515afa3541c6d72b53712fe04b',0,0,NULL,0,0,'2014-12-13 22:20:37','2014-12-13 22:28:17',NULL),(4043,1,1,35,'a:1:{i:1982;s:3:\"35,\";}',1,1982,1982,1,1,1774,408242,'76b3147730ff43083beee6a87f5d8a2c',0,0,NULL,0,0,'2014-12-14 12:54:27','2014-12-14 13:16:52',NULL),(4044,1,1,0,'',4,1983,1983,1,1,1861,399052,'11496d9895487136848fdf12a122e7ba',0,0,NULL,0,0,'2014-12-14 14:29:44','2014-12-14 14:36:10',NULL),(4055,1,1,0,'',4,1985,1985,1,1,1863,409153,'65962c9c936bc26138cb19c136c619af',0,0,NULL,0,0,'2014-12-15 20:22:36','2014-12-15 20:28:20',NULL),(4067,1,1,0,'',2,1988,1988,1,1,1866,397869,'ac8e1157b39cbf25589ec154fc7d54b9',0,0,NULL,0,0,'2014-12-16 17:53:27','2014-12-16 17:57:50',NULL),(4073,1,1,0,'',4,1989,1989,1,1,1867,409692,'b7c9666c57bf1d1ff2192e078a671e84',0,0,NULL,0,0,'2014-12-16 21:24:11','2014-12-16 21:39:56',NULL),(4082,1,1,0,'',4,1992,1992,1,1,1870,410184,'7bc9a34def4fca3ad0bdaa6271788203',0,0,NULL,0,0,'2014-12-17 17:21:52','2014-12-17 17:25:04',NULL),(4088,1,1,35,'',4,1993,1993,1,1,1871,410966,'9f617fc6ae970e3ebce2b31ecccf6c50',0,0,NULL,0,0,'2014-12-18 21:07:50','2014-12-18 21:12:02',NULL),(4089,1,1,35,'a:1:{i:1994;s:3:\"35,\";}',4,1994,1994,1,1,1872,410255,'92bf7055e2ca197183ca89b34dea491a',0,0,NULL,0,0,'2014-12-18 21:14:40','2014-12-18 21:25:49',NULL),(4090,1,1,0,'',4,1565,1565,1,1,1494,409601,'5b0ce3a6ee3b3d821860f623ee4e3b1b',0,0,NULL,0,0,'2014-12-18 21:33:44','2014-12-18 21:38:47',NULL),(4101,1,1,0,'',4,1996,1996,1,1,1874,412046,'09734d855628ac8afd28ed2ba49b3360',0,0,NULL,0,0,'2014-12-20 09:57:53','2014-12-20 10:03:07',NULL),(4102,1,1,0,'',4,1990,1990,1,1,1868,409718,'740bd869c2448d40e33e16b663e207fd',0,0,NULL,0,0,'2014-12-20 13:31:23','2014-12-20 13:40:04',NULL),(4103,1,1,0,'',4,1997,1997,1,1,1875,412165,'8513e247ac7ab0319d0371727367d51f',0,0,NULL,0,0,'2014-12-20 13:41:24','2014-12-20 13:45:26',NULL),(4111,1,1,0,'',2,1999,1999,1,1,1877,412988,'0f3f46b820bf84aede59d381c36d8d66',0,0,NULL,0,0,'2014-12-22 00:30:32','2014-12-22 02:27:46',NULL),(4125,1,1,0,'',4,2000,2000,1,1,1878,415734,'006b4df365c8891808d5303e81fdbea7',0,0,NULL,0,0,'2014-12-25 11:34:28','2014-12-25 11:38:43',NULL),(4133,1,1,0,'',4,2002,2002,1,1,1880,416404,'e0c68a32b63dbdc8737536caf96bb664',0,0,NULL,0,0,'2014-12-26 19:18:59','2014-12-26 19:22:25',NULL),(4136,1,1,0,'',2,2004,2004,1,1,1882,416784,'874f57579bc757acb97bbf0799a302c9',0,0,NULL,0,0,'2014-12-27 13:30:34','2014-12-29 13:52:23',NULL),(4150,1,1,35,'a:1:{i:867;s:3:\"35,\";}',4,867,867,1,1,867,418971,'88f027d79943d414d6af987ffa0a5776',0,0,NULL,0,0,'2014-12-30 15:31:05','2014-12-30 15:38:50',NULL),(4151,1,1,0,'',1,1028,1028,1,1,1023,419115,'f630c17b9dde38067340a1220d45f032',0,0,NULL,0,0,'2014-12-30 20:22:52','2015-01-02 13:45:14',NULL),(4154,1,1,0,'',4,1053,1053,1,1,1045,419620,'13547b299fd10e8f1e1621eeca4e49ca',0,0,NULL,0,0,'2014-12-31 16:55:25','2014-12-31 17:09:00',NULL),(4166,1,1,0,'',4,2009,2010,1,1,1888,420897,'9e1031f1ca4cb61f6b58bdaaabcec2e9',0,0,NULL,0,0,'2015-01-02 18:44:01','2015-01-02 18:49:57',NULL),(4172,1,1,35,'a:1:{i:2011;s:3:\"35,\";}',4,2011,2011,1,1,1889,421297,'99d0d34fab713304d34fab55a2d6d5e9',0,0,NULL,0,0,'2015-01-03 13:14:37','2015-01-03 13:26:53',NULL),(4173,1,1,35,'a:1:{i:2012;s:3:\"35,\";}',4,2012,2012,1,1,1890,422003,'3ee62832c8990a11ff7d4370cdd80331',0,0,NULL,0,0,'2015-01-04 11:16:27','2015-01-04 11:33:02',NULL),(4184,1,1,35,'a:1:{i:809;s:3:\"35,\";}',4,809,809,1,1,809,423664,'3f0af522e6b5233c3d2215cc3e9f0afa',0,0,NULL,0,0,'2015-01-06 13:27:15','2015-01-06 13:43:59',NULL),(4185,1,1,35,'a:1:{i:2013;s:3:\"35,\";}',4,2013,2013,1,1,1891,423666,'c38213e20ef52e10a04b103fee0d9cba',0,0,NULL,0,0,'2015-01-06 13:34:59','2015-01-06 13:59:38',NULL),(4188,1,1,0,'',4,2014,2014,1,1,1892,423864,'92c2876407e2b9c6802b490542bad9a4',0,0,NULL,0,0,'2015-01-06 19:43:19','2015-01-06 19:46:16',NULL),(4205,1,1,35,'a:1:{i:2018;s:3:\"35,\";}',4,2018,2018,1,1,1441,425591,'1684cf3a28e6927f856c177ca4bb6414',0,0,NULL,0,0,'2015-01-09 11:08:52','2015-01-09 11:14:52',NULL),(4207,1,1,35,'a:1:{i:2019;s:3:\"35,\";}',1,2019,2019,1,1,1896,425808,'40e92ace1bf31ead0f816ba11ad3cf02',0,0,NULL,0,0,'2015-01-09 21:42:44','2015-01-11 11:25:40',NULL),(4216,1,1,35,'a:1:{i:2020;s:3:\"35,\";}',4,2020,2020,1,1,1897,426696,'af87ea7f5e0d078a9ffe8e6551431ceb',0,0,NULL,0,0,'2015-01-11 14:46:51','2015-01-11 14:53:50',NULL),(4217,1,1,0,'',1,1592,1592,1,1,1514,426858,'b413599ffb9721ab8ed5faa593f6f813',0,0,NULL,0,0,'2015-01-11 15:47:04','2015-01-11 15:49:30',NULL),(4223,1,1,35,'a:1:{i:1924;s:3:\"35,\";}',1,1924,1924,1,1,1810,428225,'52ede2e80db339cc143c38730672213e',0,0,NULL,0,0,'2015-01-12 09:11:32','2015-01-12 09:13:32',NULL),(4234,1,1,35,'a:1:{i:2023;s:3:\"35,\";}',4,2023,2023,1,1,1899,391736,'8604fec2d4a99a6979e61c8689e6c37e',0,0,NULL,0,0,'2015-01-13 15:55:28','2015-01-13 15:59:23',NULL),(4239,1,1,35,'a:1:{i:1524;s:3:\"35,\";}',4,1524,1524,1,1,1456,430355,'d6d137621397052457ef2906d7c90eea',0,0,NULL,0,0,'2015-01-14 09:24:36','2015-01-14 09:55:41',NULL),(4244,1,1,0,'',4,2025,2025,1,1,1901,421354,'a37658bb06d403925eeb4fd611eaf4dc',0,0,NULL,0,0,'2015-01-14 20:38:05','2015-01-14 20:48:09',NULL),(4246,1,1,0,'',4,2031,2031,1,1,1906,423624,'dc5a01b409de31a88a64a94e76c77ded',0,0,NULL,0,0,'2015-01-14 21:03:32','2015-01-18 15:55:47',NULL),(4250,1,1,35,'a:1:{i:1117;s:3:\"35,\";}',4,1117,1117,1,1,1101,433872,'c691b4970109bca669002c6fcf9e415a',0,0,NULL,0,0,'2015-01-16 13:57:43','2015-01-17 18:54:21',NULL),(4251,1,1,0,'',4,2027,2027,1,1,1903,432457,'962335d9b8d2c52381b6dd73c53ef72e',0,0,NULL,0,0,'2015-01-16 14:19:51','2015-01-17 10:00:46',NULL),(4254,1,1,35,'a:1:{i:2028;s:3:\"35,\";}',4,2028,2028,1,1,1113,434114,'6f341b82ca66b979620b9f436e9b8fda',0,0,NULL,0,0,'2015-01-16 20:52:01','2015-01-17 18:14:34',NULL),(4260,1,1,0,'',4,2026,2026,1,1,1902,433342,'78a4dbca6800563ba8fb813ebae5cf8b',0,0,NULL,0,0,'2015-01-17 17:08:46','2015-01-17 17:11:16',NULL),(4265,1,1,0,'',4,2029,2029,1,1,1904,434977,'28e507b44ea7a4fd779ac9716ec13eec',0,0,NULL,0,0,'2015-01-17 21:46:18','2015-01-17 22:00:14',NULL),(4268,1,1,0,'',1,2030,2030,1,1,1905,435220,'23a45c67be5df2348b32378de8dd7da5',0,0,NULL,0,0,'2015-01-18 05:59:22','2015-01-18 07:30:36',NULL),(4271,1,1,35,'a:1:{i:2033;s:3:\"35,\";}',4,2033,2033,1,1,1908,435650,'ec674101f7b529826297a06368bb432c',0,0,NULL,0,0,'2015-01-18 20:22:24','2015-01-19 06:35:37',NULL),(4272,1,1,0,'',4,2032,2032,1,1,1907,435677,'3f7d818d8f53f89fae50cb362ed0c6d5',0,0,NULL,0,0,'2015-01-18 21:17:49','2015-01-18 21:24:36',NULL),(4290,1,1,35,'a:1:{i:2038;s:3:\"35,\";}',4,2038,2037,1,1,1371,430291,'efa8a5158fc880277155623ee2d18974',0,0,NULL,0,0,'2015-01-21 07:16:16','2015-01-21 07:28:24',NULL),(4291,1,1,35,'a:1:{i:1072;s:3:\"35,\";}',4,1072,1072,1,1,1062,422650,'3c7fe31ec59989b55c8e8f00dd0b7fa2',0,0,NULL,0,0,'2015-01-21 08:03:16','2015-01-21 08:16:03',NULL),(4295,1,1,0,'',4,2018,2018,1,1,1441,437744,'1684cf3a28e6927f856c177ca4bb6414',0,0,NULL,0,0,'2015-01-21 11:41:11','2015-01-21 11:46:28',NULL),(4303,1,1,35,'a:1:{i:2040;s:3:\"35,\";}',4,2040,2040,1,1,1910,438834,'71ee601758c11e6ad98d455cf78e34a9',0,0,NULL,0,0,'2015-01-22 08:45:51','2015-01-22 08:49:52',NULL),(4305,1,1,35,'a:1:{i:2041;s:3:\"35,\";}',1,2041,2041,1,1,1911,438999,'0967a5e73cca505cff34352bd85e49cc',0,0,NULL,0,0,'2015-01-22 14:08:31','2015-01-22 14:22:35',NULL),(4307,1,1,0,'',2,2043,2043,1,1,1913,439151,'c09446ea6f3ff7ccd4dd4d1696f050d2',0,0,NULL,0,0,'2015-01-22 19:37:09','2015-01-22 19:47:14',NULL),(4308,1,1,0,'',2,2044,2044,1,1,1914,439240,'8dc22a554baacae27ae202512b7aea2e',0,0,NULL,0,0,'2015-01-22 22:11:59','2015-01-22 22:29:24',NULL),(4319,1,1,35,'a:1:{i:2045;s:3:\"35,\";}',4,2045,2045,1,1,1915,434898,'7f488c008a03f35f1f52ad62e84fca60',0,0,NULL,0,0,'2015-01-24 14:54:49','2015-01-24 15:02:23',NULL),(4321,1,1,0,'',4,2046,2046,1,1,1916,441049,'f43f03a521bf0ca0021fa5e076563649',0,0,NULL,0,0,'2015-01-24 22:35:47','2015-01-24 22:49:55',NULL),(4324,1,1,35,'a:1:{i:2047;s:3:\"35,\";}',1,2047,2047,1,1,1917,441785,'e157ca3ce801eef42d4292bfa6b36ec3',0,0,NULL,0,0,'2015-01-25 18:19:14','2015-01-25 18:24:47',NULL),(4327,1,1,0,'',4,2049,2049,1,1,1919,441839,'9563287e42f5f433146e525d5231b33d',0,0,NULL,0,0,'2015-01-25 19:32:47','2015-01-25 21:53:05',NULL),(4329,1,1,0,'',4,2048,2048,1,1,1918,441854,'6dd4021f6553b9a6ad36e902a8400e12',0,0,NULL,0,0,'2015-01-25 19:47:17','2015-01-25 19:51:32',NULL),(4332,1,1,35,'a:1:{i:1633;s:3:\"35,\";}',4,1633,1633,1,1,1551,442474,'4909e85a883044b275fb30abbd82fa3c',0,0,NULL,0,0,'2015-01-26 08:48:05','2015-01-26 08:55:50',NULL),(4342,1,1,35,'a:1:{i:2050;s:3:\"35,\";}',4,2050,2050,1,1,1920,438230,'4ef76c98609b26b77e025727f3e0b5e3',0,0,NULL,0,0,'2015-01-26 19:11:32','2015-01-26 19:20:31',NULL),(4346,1,1,35,'a:1:{i:1080;s:3:\"35,\";}',2,1080,1080,1,1,1069,443269,'0fecc8ea260740d244fd61c172cb22af',0,0,NULL,0,0,'2015-01-27 08:52:07','2015-01-27 09:19:37',NULL),(4350,1,1,35,'a:2:{i:1885;s:3:\"35,\";i:2053;s:3:\"35,\";}',4,2053,1885,1,1,1773,441832,'ba735ddddfb86e6bc1c902a6b61891fe',0,0,NULL,0,0,'2015-01-27 11:05:22','2015-01-27 12:19:53',NULL),(4353,1,1,35,'a:1:{i:2030;s:3:\"35,\";}',1,2030,2030,1,1,1905,435220,'23a45c67be5df2348b32378de8dd7da5',0,0,NULL,0,0,'2015-01-27 13:17:11','2015-01-27 13:20:40',NULL),(4363,1,1,35,'a:1:{i:2020;s:3:\"35,\";}',4,2020,2020,1,1,1897,426696,'af87ea7f5e0d078a9ffe8e6551431ceb',0,0,NULL,0,0,'2015-01-27 19:42:31','2015-01-28 16:42:44',NULL),(4364,1,1,30,'a:1:{i:2001;s:3:\"30,\";}',4,2001,2001,1,1,1879,443515,'a5fd63365369958ceea0a7c65986c1a3',0,0,NULL,0,0,'2015-01-28 07:36:49','2015-01-28 07:43:05',NULL),(4370,1,1,0,'',4,1646,1646,1,1,1561,437792,'5e9dcb82013a53b2cef0102d2e1f183d',0,0,NULL,0,0,'2015-01-28 20:31:25','2015-01-28 20:38:54',NULL),(4371,1,1,35,'a:1:{i:1316;s:3:\"35,\";}',4,1316,1316,1,1,1271,444686,'bfd270da85d99be913cd259fa4271762',0,0,NULL,0,0,'2015-01-29 06:20:10','2015-01-29 06:22:46',NULL),(4372,1,1,0,'',2,2057,2057,1,1,1926,444733,'e410eb958313013fbd2ed00486204666',0,0,NULL,0,0,'2015-01-29 09:44:51','2015-01-29 11:14:21',NULL),(4381,1,1,0,'',4,2058,2058,1,1,1927,445102,'f9d9ebbbb2fac6e3e3322d3b32e98b64',0,0,NULL,0,0,'2015-01-29 20:26:18','2015-01-29 20:40:51',NULL),(4382,1,1,0,'',4,2059,2059,1,1,1928,445155,'6ebc590d11e6e64d9e755dc686f0fde8',0,0,NULL,0,0,'2015-01-29 21:35:09','2015-01-29 21:43:12',NULL),(4386,1,1,0,'',2,2077,2077,1,1,1944,445690,'89ecd298e8b7d3f47178b09b23a9c0a2',0,0,NULL,0,0,'2015-01-30 14:06:52','2015-02-11 21:25:37',NULL),(4387,1,1,0,'',4,2061,2061,1,1,1930,445754,'abb9d831ecae4441e80b7701a75e763e',0,0,NULL,0,0,'2015-01-30 16:00:14','2015-01-30 16:03:57',NULL),(4388,1,1,0,'',4,2062,2062,1,1,1931,445785,'82afede8e5050da0a4a2c6cc39f82430',0,0,NULL,0,0,'2015-01-30 17:07:52','2015-01-30 17:14:20',NULL),(4390,1,1,0,'',4,1155,1155,1,1,1135,446176,'2f21d60b8f70812bc36a8cc3cc201c39',0,0,NULL,0,0,'2015-01-31 08:25:38','2015-01-31 08:27:02',NULL),(4397,1,1,0,'',4,2067,2067,1,1,1934,447032,'d186c99a3e0d1df5f441f1193b36c8be',0,0,NULL,0,0,'2015-02-01 12:22:44','2015-02-01 13:14:17',NULL),(4421,1,1,35,'a:1:{i:1212;s:3:\"35,\";}',4,1212,1212,1,1,1182,446259,'d69c6e4b4fe224abdf631d2150ff32e8',0,0,NULL,0,0,'2015-02-05 15:43:53','2015-02-05 15:47:58',NULL),(4425,1,1,35,'a:1:{i:2071;s:3:\"35,\";}',4,2071,2071,1,1,1938,449904,'0f77a87955d258a0ceb0bb8caf505c44',0,0,NULL,0,0,'2015-02-05 21:38:34','2015-02-06 10:46:41',NULL),(4426,1,1,35,'a:1:{i:2070;s:3:\"35,\";}',4,2070,2070,1,1,1937,449950,'70dce3897d31b39bf6a0ecbf9721e9e5',0,0,NULL,0,0,'2015-02-05 22:42:04','2015-02-05 22:52:22',NULL),(4431,1,1,35,'a:1:{i:2072;s:3:\"35,\";}',4,2072,2072,1,1,1939,450696,'920d0e7b68817f68b0a927e8d248adf3',0,0,NULL,0,0,'2015-02-06 21:32:30','2015-02-06 21:52:59',NULL),(4432,1,1,35,'a:1:{i:1530;s:3:\"35,\";}',4,1530,1530,1,1,1462,451069,'5a6fd0def35c6199b51cdf0dbe20c09f',0,0,NULL,0,0,'2015-02-07 09:37:03','2015-02-07 09:41:56',NULL),(4438,1,1,0,'',4,2073,2073,1,1,1940,452111,'9a13289b3ceb2e6feaa66871b7c4d0e1',0,0,NULL,0,0,'2015-02-08 16:26:11','2015-02-08 16:35:08',NULL),(4439,1,1,35,'a:1:{i:2074;s:3:\"35,\";}',4,2074,2074,1,1,1941,448611,'d605e763d327533103af82a963a20ddd',0,0,NULL,0,0,'2015-02-08 17:08:38','2015-02-08 17:13:49',NULL),(4460,1,1,35,'a:1:{i:2078;s:3:\"35,\";}',4,2078,2078,1,1,1945,448380,'82ff76a9f6ce43b24bd8cd3f2f798ef3',0,0,NULL,0,0,'2015-02-12 11:58:58','2015-02-12 18:23:28',NULL),(4464,1,1,35,'a:1:{i:2030;s:3:\"35,\";}',1,2030,2030,1,1,1905,435220,'23a45c67be5df2348b32378de8dd7da5',0,0,NULL,0,0,'2015-02-13 05:59:04','2015-02-13 09:50:04',NULL),(4477,1,1,0,'',4,2082,2082,1,1,1948,457900,'3d7361f3e079722ee0c0d191b5bab836',0,0,NULL,0,0,'2015-02-15 12:15:02','2015-02-15 12:18:57',NULL),(4478,1,1,0,'',4,2083,2083,1,1,1949,457907,'bb58d647effaa777d41a5fff2dca5de8',0,0,NULL,0,0,'2015-02-15 12:45:16','2015-02-15 12:59:02',NULL),(4492,1,1,0,'',4,1829,1829,1,1,1721,444988,'281cc784a0be398fb11b062525d8037f',0,0,NULL,0,0,'2015-02-17 15:04:55','2015-02-17 15:52:51',NULL),(4494,1,1,35,'a:1:{i:2115;s:3:\"35,\";}',4,2115,2115,1,1,1316,459376,'8c0026bca6ac331e3b77f61c83fb3916',0,0,NULL,0,0,'2015-02-17 17:29:14','2015-03-07 15:45:22',NULL),(4497,1,1,0,'',2,2090,2090,1,1,1956,459475,'6dd0b3f51a728cdba4d787a78ac5fe03',0,0,NULL,0,0,'2015-02-17 22:09:07','2015-02-17 22:11:36',NULL),(4502,1,1,35,'a:1:{i:2092;s:3:\"35,\";}',4,2092,2092,1,1,1958,459867,'f45e8e340a1197a817b7909ee5cba75a',0,0,NULL,0,0,'2015-02-18 12:05:15','2015-02-18 12:10:55',NULL),(4504,1,1,0,'',4,2093,2093,1,1,1959,459093,'86297a9e3d231ec6e13cc92bffcd76e3',0,0,NULL,0,0,'2015-02-18 16:06:19','2015-02-18 16:13:20',NULL),(4511,1,1,0,'',4,1927,1927,1,1,1812,460544,'5f775f6440086b2bf33edcab77d170dc',0,0,NULL,0,0,'2015-02-23 20:16:47','2015-02-23 20:24:27',NULL),(4515,1,1,0,'',2,2097,2098,1,1,1963,459466,'aff462b0a073ba2b7595f7376305e8c1',0,0,NULL,0,0,'2015-02-23 22:32:53','2015-02-23 22:44:21',NULL),(4520,1,1,30,'a:1:{i:1942;s:3:\"30,\";}',4,1942,1942,1,1,1685,461191,'49a6fd4466fd3ee2ecd5f13122e0e6f9',0,0,NULL,0,0,'2015-02-24 09:44:15','2015-02-24 09:44:41',NULL),(4521,1,1,35,'a:1:{i:1942;s:3:\"35,\";}',4,1942,1942,1,1,1685,204982,'49a6fd4466fd3ee2ecd5f13122e0e6f9',0,0,NULL,0,0,'2015-02-24 09:45:25','2015-02-24 09:45:38',NULL),(4525,1,1,0,'',4,2099,2099,1,1,1964,462359,'10fcf028f2d4f0a0f2ede303a5e9fb84',0,0,NULL,0,0,'2015-02-25 08:16:33','2015-02-25 08:24:41',NULL),(4532,1,1,35,'a:1:{i:2134;s:3:\"35,\";}',4,2134,2134,1,1,1995,463146,'9a47544e85f2f1cfec7a10621d9aae29',0,0,NULL,0,0,'2015-02-26 10:42:38','2015-03-22 18:54:05',NULL),(4533,1,1,35,'a:1:{i:1097;s:3:\"35,\";}',4,1097,1097,1,1,1085,463172,'a7c2f0ce9e49a44adfab01addee95609',0,0,NULL,0,0,'2015-02-26 10:59:50','2015-02-26 11:08:27',NULL),(4534,1,1,35,'a:1:{i:2100;s:3:\"35,\";}',2,2100,2100,1,1,1965,462729,'e77ffd314955da98adbbae5e79b7a88b',0,0,NULL,0,0,'2015-02-26 11:22:39','2015-02-26 12:21:32',NULL),(4535,1,1,35,'a:1:{i:2100;s:3:\"35,\";}',2,2100,2100,1,1,1965,462729,'e77ffd314955da98adbbae5e79b7a88b',0,0,NULL,0,0,'2015-02-26 12:24:53','2015-02-26 14:46:48',NULL),(4540,1,1,35,'a:1:{i:2100;s:3:\"35,\";}',2,2100,2100,1,1,1965,462729,'e77ffd314955da98adbbae5e79b7a88b',0,0,NULL,0,0,'2015-02-26 14:47:34','2015-02-28 09:08:58',NULL),(4548,1,1,35,'a:1:{i:176;s:3:\"35,\";}',4,176,176,1,1,176,464065,'4035b5536c1977f85025d8210a28422f',0,0,NULL,0,0,'2015-02-27 13:58:18','2015-02-27 14:08:24',NULL),(4551,1,1,35,'a:1:{i:2105;s:3:\"35,\";}',4,2105,2105,1,1,1968,464711,'fca3b744cfe7d0ff0a31a0e2930201c9',0,0,NULL,0,0,'2015-02-28 11:02:34','2015-02-28 11:05:28',NULL),(4553,1,1,35,'a:1:{i:2106;s:3:\"35,\";}',4,2106,2106,1,1,1969,464754,'89d95b5f1b010e28e10f6d821b1c2b47',0,0,NULL,0,0,'2015-02-28 13:01:42','2015-02-28 13:05:08',NULL),(4554,1,1,35,'a:1:{i:2107;s:3:\"35,\";}',4,2107,2107,1,1,1970,464782,'460753d69e484d731b9e1145201c8fe2',0,0,NULL,0,0,'2015-02-28 14:11:07','2015-02-28 14:21:06',NULL),(4557,1,1,35,'a:1:{i:2132;s:3:\"35,\";}',4,2132,2132,1,1,1366,465338,'f17853b518b1e2d8515bb996bbb0f605',0,0,NULL,0,0,'2015-03-01 09:53:56','2015-03-11 22:36:29',NULL),(4559,1,1,35,'a:1:{i:2108;s:3:\"35,\";}',4,2108,2108,1,1,1971,463236,'935cd7d8cd61c5800bf34be0453c1c1f',0,0,NULL,0,0,'2015-03-01 14:44:36','2015-03-01 14:48:29',NULL),(4564,1,1,0,'',4,1780,1780,1,1,1678,465648,'5b72665b3b70c40056e10eada927e82a',0,0,NULL,0,0,'2015-03-01 20:39:24','2015-03-01 20:44:49',NULL),(4566,1,1,0,'',4,1251,1251,1,1,1213,465724,'b7368a8254b2dc58745cdcc01a4a57aa',0,0,NULL,0,0,'2015-03-01 22:56:58','2015-03-01 23:07:21',NULL),(4571,1,1,0,'',2,2109,2109,1,1,1972,466414,'128bf4d5efc72c64aa0366cbe4bd3d43',0,0,NULL,0,0,'2015-03-02 17:11:17','2015-03-02 17:12:40',NULL),(4572,1,1,35,'a:1:{i:2110;s:3:\"35,\";}',4,2110,2110,1,1,1973,460197,'0677c7701d59970cbab334fbffe0ea8f',0,0,NULL,0,0,'2015-03-02 17:17:57','2015-03-02 17:23:13',NULL),(4573,1,1,35,'a:1:{i:1460;s:3:\"35,\";}',4,1460,1460,1,1,1407,466514,'de661d1ccb037ad1bf00f98f7f4b1b4c',0,0,NULL,0,0,'2015-03-02 20:17:08','2015-03-02 20:20:35',NULL),(4574,1,1,35,'a:1:{i:2131;s:3:\"35,\";}',1,2131,2131,1,1,1992,455770,'4742f4bdddf42087d5495a543fd43306',0,0,NULL,0,0,'2015-03-02 21:01:44','2015-03-11 16:51:36',NULL),(4576,1,1,35,'a:1:{i:2111;s:3:\"35,\";}',4,2111,2111,1,1,1974,466541,'00c4ed491997a821a598f94942d61828',0,0,NULL,0,0,'2015-03-02 22:10:10','2015-03-02 22:31:16',NULL),(4577,1,1,0,'',2,2112,2112,1,1,1975,465706,'b93812b7fa0288691470cc5b4fe81fa6',0,0,NULL,0,0,'2015-03-02 22:32:17','2015-03-02 22:37:10',NULL),(4599,1,1,35,'a:1:{i:2110;s:3:\"35,\";}',4,2110,2110,1,1,1973,460197,'0677c7701d59970cbab334fbffe0ea8f',0,0,NULL,0,0,'2015-03-05 12:15:00','2015-03-05 13:08:36',NULL),(4602,1,1,0,'',4,2114,2114,1,1,1977,465440,'6878078a86d12dc26047b37c2d85b5fc',0,0,NULL,0,0,'2015-03-06 21:32:30','2015-03-06 21:38:37',NULL),(4604,1,1,35,'a:1:{i:2116;s:3:\"35,\";}',2,2116,2116,1,1,1978,470234,'2cc1386ceca937fce7cfe96311c6eb8a',0,0,NULL,0,0,'2015-03-07 16:37:11','2015-03-07 17:33:36',NULL),(4605,1,1,0,'',4,2121,2121,1,1,1983,470350,'57621b708774af3fa4880a14a6d0681f',0,0,NULL,0,0,'2015-03-07 19:52:34','2015-03-09 09:35:30',NULL),(4606,1,1,35,'a:1:{i:2117;s:3:\"35,\";}',1,2117,2117,1,1,1979,470489,'59e8e17beb516796cdeee05772e45a2f',0,0,NULL,0,0,'2015-03-08 00:24:01','2015-03-08 00:36:02',NULL),(4612,1,1,0,'',4,2118,2118,1,1,1980,471225,'efccf3f6eb70f282cdb12dc4c4cfd818',0,0,NULL,0,0,'2015-03-08 20:23:20','2015-03-08 20:31:55',NULL),(4617,1,1,0,'',4,2123,2124,1,1,1985,468570,'731ea7662db7cbc9965668582ed28691',0,0,NULL,0,0,'2015-03-09 11:08:17','2015-03-09 11:14:31',NULL),(4619,1,1,0,'',4,2126,2126,1,1,1987,471119,'76f2b51dda85fe0bc12d9c9c4535f4d2',0,0,NULL,0,0,'2015-03-09 12:20:57','2015-03-09 12:22:59',NULL),(4622,1,1,35,'a:1:{i:629;s:3:\"35,\";}',4,629,629,1,1,629,471994,'cbb57cc216d1045401b1b8d0e7b2e9b3',0,0,NULL,0,0,'2015-03-09 21:34:23','2015-03-09 21:41:10',NULL),(4625,1,1,0,'',4,2128,2128,1,1,1988,472844,'8bf497db1a33de06e7e31e65ba548f89',0,0,NULL,0,0,'2015-03-10 18:24:38','2015-03-10 18:28:39',NULL),(4629,1,1,35,'a:1:{i:2130;s:3:\"35,\";}',4,2130,2130,1,1,1990,472889,'310d49cdf6f4e68efee6a059c595e0bd',0,0,NULL,0,0,'2015-03-10 20:15:55','2015-03-10 20:38:17',NULL),(4643,1,1,35,'a:1:{i:2045;s:3:\"35,\";}',4,2045,2045,1,1,1915,434898,'7f488c008a03f35f1f52ad62e84fca60',0,0,NULL,0,0,'2015-03-13 00:39:11','2015-03-13 00:46:58',NULL),(4648,1,1,0,'',4,2135,2135,1,1,1996,475620,'3c4e1997365a90933a47f2ab8cb50a63',0,0,NULL,0,0,'2015-03-13 20:06:50','2015-03-13 20:12:46',NULL),(4651,1,1,0,'',4,2136,2136,1,1,1997,476102,'30b2da4c0daaf7ddfdceb91849287dcd',0,0,NULL,0,0,'2015-03-14 10:14:57','2015-03-14 10:18:11',NULL),(4653,1,1,0,'',4,2137,2137,1,1,1998,473955,'4ab516ca9620bd353a0272e8b5fdf9f9',0,0,NULL,0,0,'2015-03-14 14:58:46','2015-03-14 15:04:00',NULL),(4654,1,1,35,'a:1:{i:2137;s:3:\"35,\";}',4,2137,2137,1,1,1998,473955,'4ab516ca9620bd353a0272e8b5fdf9f9',0,0,NULL,0,0,'2015-03-14 15:57:02','2015-03-14 15:59:17',NULL),(4655,1,1,30,'a:1:{i:2138;s:3:\"30,\";}',4,2138,2138,1,1,1999,476313,'977f9bfd61bf26b7357cdcebb88a7175',0,0,NULL,0,0,'2015-03-14 18:37:07','2015-03-14 18:45:24',NULL),(4657,1,1,35,'a:1:{i:2104;s:3:\"35,\";}',2,2104,2104,1,1,1965,462729,'e77ffd314955da98adbbae5e79b7a88b',0,0,NULL,0,0,'2015-03-14 22:06:58','2015-03-14 22:12:15',NULL),(4658,1,1,0,'',4,2139,2139,1,1,2000,477018,'5c719355e8bd72f48463b2aa637cf9ec',0,0,NULL,0,0,'2015-03-15 09:22:02','2015-03-15 09:27:11',NULL),(4663,1,1,35,'a:1:{i:1873;s:3:\"35,\";}',4,1873,1874,1,1,1764,478254,'d2ec43ec9de33f17c8050429a536ad38',0,0,NULL,0,0,'2015-03-16 10:17:40','2015-03-16 10:20:50',NULL),(4667,1,1,0,'',4,2141,2142,1,1,2002,478652,'3b5f130263123eeb0dfe2eb836300d77',0,0,NULL,0,0,'2015-03-16 21:19:16','2015-03-16 21:24:42',NULL),(4668,1,1,35,'a:1:{i:2143;s:3:\"35,\";}',4,2143,2143,1,1,2003,478653,'f8c71b8faf7818093ebf66343204291f',0,0,NULL,0,0,'2015-03-16 21:27:59','2015-03-16 21:37:24',NULL),(4671,1,1,0,'',4,2145,2145,1,1,2005,478408,'430772d95ed8dd7e9a9048e53008d321',0,0,NULL,0,0,'2015-03-17 09:54:23','2015-03-17 10:02:37',NULL),(4676,1,1,0,'',4,2146,2146,1,1,2006,479443,'94b51eccf165de09cf30d545df0a453e',0,0,NULL,0,0,'2015-03-17 16:26:09','2015-03-17 19:10:40',NULL),(4677,1,1,35,'a:1:{i:2147;s:3:\"35,\";}',4,2147,2147,1,1,2007,477477,'4dc40f04182dbdc2f4117f6be41729d6',0,0,NULL,0,0,'2015-03-17 20:34:41','2015-03-17 20:49:56',NULL),(4683,1,1,35,'a:1:{i:1923;s:3:\"35,\";}',2,1923,1923,1,1,1809,480903,'f49417ff05704f9391d295cc6cadbfd1',0,0,NULL,0,0,'2015-03-18 20:38:49','2015-03-21 19:03:18',NULL),(4684,1,1,35,'a:1:{i:1322;s:3:\"35,\";}',4,1322,1322,1,1,317,480946,'eceeed4180566038d55824fd34b8594b',0,0,NULL,0,0,'2015-03-18 21:47:28','2015-03-18 21:54:19',NULL),(4692,1,1,0,'',4,2149,2149,1,1,2009,482197,'56f9218107bbbdbb40254963c12ad9c7',0,0,NULL,0,0,'2015-03-19 19:46:25','2015-03-19 19:56:52',NULL),(4700,1,1,35,'a:1:{i:2152;s:3:\"35,\";}',4,2152,2152,1,1,2012,470185,'0426f17c1a9a7cee23a46bf3607fd86b',0,0,NULL,0,0,'2015-03-20 12:38:34','2015-03-20 12:41:52',NULL),(4707,1,1,35,'a:1:{i:2153;s:3:\"35,\";}',4,2153,2153,1,1,2013,485306,'a21a0eef131694f9138c8912ade08f67',0,0,NULL,0,0,'2015-03-22 17:02:53','2015-03-22 17:17:27',NULL),(4714,1,1,0,'',4,1907,1907,1,1,1793,486221,'64e452b5fd6abd90be1d2fbc5f9a51bd',0,0,NULL,0,0,'2015-03-23 11:55:27','2015-03-23 12:18:49',NULL),(4720,1,1,35,'a:1:{i:1424;s:3:\"35,\";}',4,1424,1425,1,1,1374,471115,'ae706ae661bd9cfd522c73866a782a22',0,0,NULL,0,0,'2015-03-23 21:08:06','2015-03-25 12:45:31',NULL),(4727,1,1,0,'',4,2156,2156,1,1,2016,487024,'585d6a5671d4b8f717966ed2bf68ce68',0,0,NULL,0,0,'2015-03-24 12:32:11','2015-03-24 12:38:33',NULL),(4735,1,1,0,'',4,2159,2159,1,1,2019,440855,'5805f81b7b0b3cc3aacfc2a9d359dd67',0,0,NULL,0,0,'2015-03-24 19:26:46','2015-03-24 19:33:01',NULL),(4736,1,1,0,'',1,2161,2161,1,1,2021,477154,'e92f8bd893f68ffd88a2ca1fdf9aa03e',0,0,NULL,0,0,'2015-03-24 21:14:35','2015-03-24 21:19:56',NULL),(4738,1,1,0,'',4,2162,2162,1,1,2022,487609,'2c5e1a37a56ff6c44a172f719e4875cf',0,0,NULL,0,0,'2015-03-24 23:34:44','2015-03-24 23:39:48',NULL),(4751,1,1,0,'',4,2165,2165,1,1,2025,489627,'7aef38349f186e1861e814e861e86dc2',0,0,NULL,0,0,'2015-03-26 13:44:48','2015-03-26 14:13:19',NULL),(4754,1,1,0,'',4,2166,2166,1,1,2026,489807,'18412cf289e076467e939eb07e5fa813',0,0,NULL,0,0,'2015-03-26 19:05:33','2015-03-26 19:10:52',NULL),(4757,1,1,35,'a:1:{i:1415;s:3:\"35,\";}',4,1415,1415,1,1,1366,130149,'f17853b518b1e2d8515bb996bbb0f605',0,0,NULL,0,0,'2015-03-26 20:36:33','2015-03-26 21:07:36',NULL),(4758,1,1,0,'',4,2167,2167,1,1,2027,489890,'23cb49b172615fda42041045db469ddf',0,0,NULL,0,0,'2015-03-26 21:18:03','2015-03-26 21:28:23',NULL),(4766,1,1,35,'a:1:{i:2168;s:3:\"35,\";}',4,2170,2169,1,1,2028,489913,'37b37661fc5af22865f65fe081b6be42',0,0,NULL,0,0,'2015-03-28 19:17:26','2015-03-28 19:30:54',NULL),(4769,1,1,0,'',4,2172,2172,1,1,2030,492780,'4ea22ace0726ef4e893ac62279fca7b5',0,0,NULL,0,0,'2015-03-29 15:16:59','2015-03-29 15:45:20',NULL),(4770,1,1,0,'',4,2173,2173,1,1,2031,489853,'c810fa56f28008ddcf55617089c7c2da',0,0,NULL,0,0,'2015-03-29 16:28:12','2015-03-29 16:34:28',NULL),(4774,1,1,0,'',4,2174,2175,1,1,2032,492879,'64edfa780285abcb70328e05aac265b9',0,0,NULL,0,0,'2015-03-29 19:34:22','2015-03-29 19:42:18',NULL),(4778,1,1,0,'',4,2176,2176,1,1,2033,492961,'6afde5e16b97d33c26908b88f728625f',0,0,NULL,0,0,'2015-03-29 22:16:40','2015-03-29 22:21:50',NULL),(4779,1,1,0,'',4,2177,2177,1,1,2034,473481,'99109bc6338e67abe6019467291369d0',0,0,NULL,0,0,'2015-03-30 00:10:02','2015-03-30 00:18:38',NULL),(4783,1,1,0,'',4,2178,2178,1,1,2035,488387,'00b49bc209d03e5a15f3dacd4860b76b',0,0,NULL,0,0,'2015-03-30 15:09:02','2015-03-30 15:35:50',NULL),(4793,1,1,0,'',4,2181,2181,1,1,2039,494207,'652f759d5b5ae6dc656c45d09dd96108',0,0,NULL,0,0,'2015-03-31 16:24:28','2015-03-31 16:28:41',NULL),(4795,1,1,0,'',4,410,410,1,1,410,494316,'332bbd68b17093278dd32a68a9ea0092',0,0,NULL,0,0,'2015-03-31 20:28:00','2015-03-31 20:44:46',NULL),(4801,1,1,35,'a:1:{i:1022;s:3:\"35,\";}',4,1022,1022,1,1,1017,494865,'73d950704b5d194dacd735a1d7535178',0,0,NULL,0,0,'2015-04-01 12:44:01','2015-04-01 12:49:58',NULL),(4803,1,1,35,'a:1:{i:2183;s:3:\"35,\";}',4,2183,2183,1,1,2040,494903,'1d384aaaf9ca01265b72066cd13fdce5',0,0,NULL,0,0,'2015-04-01 14:08:28','2015-04-01 14:23:47',NULL),(4807,1,1,35,'a:1:{i:2184;s:3:\"35,\";}',4,2184,2184,1,1,2041,476419,'424d877949c64e7e8f2353b8c208e25e',0,0,NULL,0,0,'2015-04-01 21:29:12','2015-04-01 21:37:32',NULL),(4810,1,1,0,'',4,410,410,1,1,410,496030,'332bbd68b17093278dd32a68a9ea0092',0,0,NULL,0,0,'2015-04-02 14:07:55','2015-04-02 14:12:00',NULL),(4814,1,1,35,'a:1:{i:2182;s:3:\"35,\";}',4,2182,2182,1,1,2038,493553,'950c7bf77ba1789bed3033ed649cadb8',0,0,NULL,0,0,'2015-04-02 23:25:48','2015-04-02 23:28:19',NULL),(4815,1,1,0,'',4,2188,2188,1,1,2044,496374,'d5a503c0ed0ffba2eabe6226f8764211',0,0,NULL,0,0,'2015-04-03 01:38:10','2015-04-03 01:42:30',NULL),(4816,1,1,0,'',4,1369,1369,1,1,1325,496971,'ec846647416f7f05fd4e152cd0917710',0,0,NULL,0,0,'2015-04-03 16:44:48','2015-04-03 16:55:17',NULL),(4818,1,1,35,'a:1:{i:2110;s:3:\"35,\";}',4,2110,2110,1,1,1973,497160,'0677c7701d59970cbab334fbffe0ea8f',0,0,NULL,0,0,'2015-04-03 21:47:05','2015-04-03 21:48:49',NULL),(4829,1,1,35,'a:1:{i:2190;s:3:\"35,\";}',1,2190,2190,1,1,2046,498824,'153fb93177f221c5b0bfab1da856628b',0,0,NULL,0,0,'2015-04-05 18:21:02','2015-04-05 18:33:22',NULL),(4831,1,1,35,'a:1:{i:2191;s:3:\"35,\";}',4,2191,2191,1,1,2047,498908,'bd52b56ca676a735edc4745f1ecdcfbd',0,0,NULL,0,0,'2015-04-05 19:53:52','2015-04-05 20:09:47',NULL),(4832,1,1,35,'a:1:{i:2200;s:3:\"35,\";}',4,2200,2200,1,1,2054,499368,'4c06208116038c3db2d6f66a55d830fc',0,0,NULL,0,0,'2015-04-06 07:38:49','2015-04-11 09:20:01',NULL),(4834,1,1,35,'a:1:{i:1538;s:3:\"35,\";}',4,1539,1538,1,1,1469,499694,'6a64fa703130a18931b7a13f6888a4fb',0,0,NULL,0,0,'2015-04-06 13:39:19','2015-04-06 14:02:26',NULL),(4838,1,1,30,'a:1:{i:2186;s:3:\"30,\";}',4,2186,2193,1,1,2043,496150,'4ca65b46cac65628f8ac27c959a43eb8',0,0,NULL,0,0,'2015-04-06 21:21:01','2015-04-06 21:30:40',NULL),(4848,1,1,30,'a:1:{i:2204;s:3:\"30,\";}',4,2204,2204,1,1,2058,501723,'4274081d5a9e8af8aa9888597d2317c1',0,0,NULL,0,0,'2015-04-08 13:11:26','2015-04-13 10:20:28',NULL),(4849,1,1,35,'a:1:{i:2197;s:3:\"35,\";}',4,2197,2197,1,1,2051,501782,'21dbbb81b82659e90ae4918110c0dd4d',0,0,NULL,0,0,'2015-04-08 14:18:58','2015-04-08 20:58:23',NULL),(4852,1,1,35,'a:1:{i:372;s:3:\"35,\";}',4,372,372,1,1,372,501894,'ea5236e5f82c37002c8ac4bc43237224',0,0,NULL,0,0,'2015-04-08 17:42:57','2015-04-08 19:15:13',NULL),(4855,1,1,0,'',4,2198,2198,1,1,2052,502557,'9dc65ee222f1e250e4d2b23b012aae28',0,0,NULL,0,0,'2015-04-09 08:54:27','2015-04-09 08:56:36',NULL),(4862,1,1,35,'a:1:{i:2199;s:3:\"35,\";}',4,2199,2199,1,1,2053,500979,'2af67ccae75006b3a6e54e380eca8e99',0,0,NULL,0,0,'2015-04-10 11:35:21','2015-04-10 11:43:25',NULL),(4880,1,1,0,'',4,2203,2203,1,1,2057,505866,'7701d793e0d4aa929c1a83af7b072383',0,0,NULL,0,0,'2015-04-13 09:05:43','2015-04-13 09:14:59',NULL),(4881,1,1,35,'a:1:{i:2114;s:3:\"35,\";}',4,2114,2114,1,1,1977,505900,'6878078a86d12dc26047b37c2d85b5fc',0,0,NULL,0,0,'2015-04-13 10:38:02','2015-04-13 12:54:41',NULL),(4888,1,1,0,'',4,2206,2206,1,1,2060,506241,'08f0c9e2c0e48c7be8ed2dbee5d39d94',0,0,NULL,0,0,'2015-04-13 21:57:23','2015-04-13 22:03:34',NULL),(4897,1,1,0,'',4,2207,2208,1,1,2061,505329,'c8830ca66c903ec31aa743c8c14cfceb',0,0,NULL,0,0,'2015-04-15 10:00:14','2015-04-15 10:08:13',NULL),(4899,1,1,0,'',4,2209,2209,1,1,2062,508486,'d4ceab8fe3e723eb7a23d8b28f69a8d9',0,0,NULL,0,0,'2015-04-15 18:03:59','2015-04-15 18:09:17',NULL),(4901,1,1,35,'a:1:{i:1730;s:3:\"35,\";}',4,1730,1730,1,1,1637,477170,'1a5aa7dcfc70f2ee3b09dc8b09940c0d',0,0,NULL,0,0,'2015-04-15 21:11:07','2015-04-20 14:16:55',NULL),(4902,1,1,35,'a:1:{i:2156;s:3:\"35,\";}',4,2156,2156,1,1,2016,488540,'585d6a5671d4b8f717966ed2bf68ce68',0,0,NULL,0,0,'2015-04-16 09:42:44','2015-04-16 09:50:36',NULL),(4903,1,1,0,'',4,456,456,1,1,456,509294,'cb27734aa20fc71e05ae36992c8d729c',0,0,NULL,0,0,'2015-04-16 11:12:31','2015-05-02 10:25:34',NULL),(4906,1,1,30,'a:1:{i:1535;s:3:\"30,\";}',4,1535,1535,1,1,1466,509458,'2cd9863c450be4fb40bb80ed3e8e1caa',0,0,NULL,0,0,'2015-04-16 13:56:40','2015-04-16 13:59:20',NULL),(4912,1,1,35,'a:1:{i:2212;s:3:\"35,\";}',4,2212,2212,1,1,2064,510264,'ffade43a20495c3d3b27208a38611af6',0,0,NULL,0,0,'2015-04-17 08:57:02','2015-04-17 09:05:07',NULL),(4915,1,1,0,'',4,1536,1536,1,1,1467,501041,'ea95933d2a3e9dc97681934077f24b7b',0,0,NULL,0,0,'2015-04-17 11:20:54','2015-04-17 11:22:31',NULL),(4922,1,1,35,'a:1:{i:2215;s:3:\"35,\";}',4,2215,2215,1,1,2067,510584,'bc71f91fd1ba5a472a586ed5b6639151',0,0,NULL,0,0,'2015-04-17 16:55:55','2015-04-17 20:20:06',NULL),(4937,1,1,0,'',4,2216,2216,1,1,2068,512109,'7b87077f8b3adfb10987ec1f94fd2b03',0,0,NULL,0,0,'2015-04-19 19:57:02','2015-04-19 20:12:42',NULL),(4938,1,1,35,'a:1:{i:1609;s:3:\"35,\";}',4,1609,1609,1,1,1530,512188,'54fbeb5c44efd2c4ac3d4cb88722a8ce',0,0,NULL,0,0,'2015-04-19 22:08:54','2015-04-19 22:25:34',NULL),(4941,1,1,35,'a:1:{i:2217;s:3:\"35,\";}',4,2217,2217,1,1,2069,512651,'ebc8cb50e803ff2677c9632ab3f800c6',0,0,NULL,0,0,'2015-04-20 09:08:51','2015-04-20 09:10:04',NULL),(4942,1,1,35,'a:1:{i:1907;s:3:\"35,\";}',4,1907,1907,1,1,1793,512665,'64e452b5fd6abd90be1d2fbc5f9a51bd',0,0,NULL,0,0,'2015-04-20 09:59:13','2015-04-20 22:17:08',NULL),(4946,1,1,35,'a:1:{i:1634;s:3:\"35,\";}',4,1634,1634,1,1,1552,513012,'4559ef2c20e82e3d9dec652e33aad497',0,0,NULL,0,0,'2015-04-20 18:15:20','2015-04-20 18:19:06',NULL),(4950,1,1,35,'a:1:{i:2219;s:3:\"35,\";}',1,2219,2219,1,1,2071,513152,'f94cc53a231bbd4ff1cd44f9d3bb7b9a',0,0,NULL,0,0,'2015-04-20 22:29:34','2015-05-12 20:17:06',NULL),(4952,1,1,0,'',2,2220,2220,1,1,2072,513588,'b3bbed767a5ecc3fa1c120ef6975e2be',0,0,NULL,0,0,'2015-04-21 08:54:59','2015-04-21 09:03:21',NULL),(4960,1,1,35,'a:1:{i:2221;s:3:\"35,\";}',2,2221,2221,1,1,2073,513853,'d3665e4229298b395508a45c9e5d7368',0,0,NULL,0,0,'2015-04-21 14:00:59','2015-04-21 14:02:46',NULL),(4961,1,1,35,'a:1:{i:2222;s:3:\"35,\";}',4,2222,2222,1,1,2074,513914,'c2368f2c03891388f796f58539d7dfb2',0,0,NULL,0,0,'2015-04-21 15:36:33','2015-04-21 15:47:36',NULL),(4963,1,1,0,'',4,2223,2223,1,1,2075,514073,'24e9ef9e040a45147f2bda06ca7bcffb',0,0,NULL,0,0,'2015-04-21 19:32:33','2015-04-21 19:36:10',NULL),(4974,1,1,0,'',4,2224,2224,1,1,2076,516600,'b9173d9fb30d7e2b470af57f9b2c2be8',0,0,NULL,0,0,'2015-04-24 06:53:19','2015-04-24 06:57:25',NULL),(4975,1,1,0,'',4,2225,2225,1,1,2077,515740,'f83f11eb0492c6ce56c1e3a30fa87969',0,0,NULL,0,0,'2015-04-24 10:46:15','2015-04-24 10:52:18',NULL),(4978,1,1,0,'',4,2227,2227,1,1,2079,517046,'fd0eee002e9fa6b8ba98787d01b53b0e',0,0,NULL,0,0,'2015-04-24 18:13:07','2015-04-24 18:21:03',NULL),(4984,1,1,35,'a:1:{i:2229;s:3:\"35,\";}',4,2229,2229,1,1,2081,518613,'ca4e5b4723b20c2f40e087e4e2f9adf1',0,0,NULL,0,0,'2015-04-26 09:15:59','2015-04-26 09:35:10',NULL),(4988,1,1,35,'a:1:{i:2230;s:3:\"35,\";}',4,2230,2230,1,1,2082,518820,'a505ddacb51331e4f815c3f447aaad36',0,0,NULL,0,0,'2015-04-26 16:05:21','2015-05-02 17:10:35',NULL),(4996,1,1,0,'',4,2233,2233,1,1,2084,519767,'748e30320d6380408d8e3e25baf6c12d',0,0,NULL,0,0,'2015-04-27 17:53:04','2015-04-27 22:07:06',NULL),(5000,1,1,0,'',4,2234,2234,1,1,2085,519808,'2d136ef9e8dd9071414621da11ebe182',0,0,NULL,0,0,'2015-04-28 06:50:27','2015-04-28 06:55:30',NULL),(5009,1,1,0,'',4,2236,2236,1,1,2087,521420,'fdcf677939b339383767fa7d2a4a9045',0,0,NULL,0,0,'2015-04-29 18:15:00','2015-04-29 18:42:09',NULL),(5014,1,1,35,'a:1:{i:2164;s:3:\"35,\";}',1,2164,2164,1,1,2024,522216,'5e04e054aaa78f9449ff286f0faaddbf',0,0,NULL,0,0,'2015-04-30 12:28:24','2015-04-30 12:32:44',NULL),(5018,1,1,0,'',4,2239,2239,1,1,2090,522433,'154f481abc7c99836b9e46303bcde97e',0,0,NULL,0,0,'2015-04-30 18:50:24','2015-04-30 18:56:03',NULL),(5021,1,1,0,'',4,2240,2240,1,1,2091,522498,'01d70be5cdda604513de511144428fff',0,0,NULL,0,0,'2015-04-30 22:15:41','2015-04-30 22:18:02',NULL),(5025,1,1,0,'',4,2243,2243,1,1,2094,523159,'05a67b8d7a5145ab2d43f14441de9a9f',0,0,NULL,0,0,'2015-05-01 15:16:10','2015-05-01 15:19:59',NULL),(5039,1,1,0,'',4,2247,2247,1,1,2097,525285,'3386c03f8a985719a6ddc61159226799',0,0,NULL,0,0,'2015-05-03 21:52:33','2015-05-03 21:56:59',NULL),(5042,1,1,35,'a:1:{i:2248;s:3:\"35,\";}',1,2248,2248,1,1,2098,525594,'413ed3039e17af7016e46275199771f5',0,0,NULL,0,0,'2015-05-04 07:48:03','2015-05-04 08:20:40',NULL),(5048,1,1,0,'',4,1770,1770,1,1,1669,526398,'d52a4910f7a7b90699cb0e1fb925ca03',0,0,NULL,0,0,'2015-05-04 20:11:37','2015-05-04 20:16:33',NULL),(5049,1,1,35,'a:1:{i:2249;s:3:\"35,\";}',4,2249,2249,1,1,2099,526416,'2026d5627b19d0ed56bf15c293b2584b',0,0,NULL,0,0,'2015-05-04 21:10:09','2015-05-04 21:16:18',NULL),(5055,1,1,35,'a:1:{i:2251;s:3:\"35,\";}',4,2251,2251,1,1,1661,527238,'5fc7ec4141238400ea822d047b980b15',0,0,NULL,0,0,'2015-05-05 13:23:46','2015-05-05 13:37:33',NULL),(5060,1,1,0,'',4,2252,2252,1,1,2101,527358,'dce5ddaff7e2fa4a6eb0e4a50559f01f',0,0,NULL,0,0,'2015-05-05 16:41:24','2015-05-05 16:44:07',NULL),(5066,1,1,35,'a:1:{i:1536;s:3:\"35,\";}',4,1536,1536,1,1,1467,164144,'ea95933d2a3e9dc97681934077f24b7b',0,0,NULL,0,0,'2015-05-05 22:14:44','2015-05-13 11:55:35',NULL),(5079,1,1,0,'',4,2256,2256,1,1,2105,528560,'1a7216919e03a0a2bcd7871d3532463f',0,0,NULL,0,0,'2015-05-06 20:48:06','2015-05-06 20:54:52',NULL),(5080,1,1,35,'a:1:{i:2257;s:3:\"35,\";}',4,2257,2257,1,1,2106,528587,'5a35858728be63290419970693534c46',0,0,NULL,0,0,'2015-05-06 22:02:22','2015-05-06 22:13:33',NULL),(5082,1,1,35,'a:1:{i:2258;s:3:\"35,\";}',4,1324,2258,1,1,1276,528613,'024a38e3aae2c3cb6d9559d57a8405fe',0,0,NULL,0,0,'2015-05-07 00:17:02','2015-05-07 00:21:53',NULL),(5083,1,1,35,'a:1:{i:1033;s:3:\"35,\";}',1,1033,1033,1,1,1028,519071,'57e59311033d13a6d95a748e44deabd6',0,0,NULL,0,0,'2015-05-07 18:06:04','2015-05-07 18:20:45',NULL),(5086,1,1,35,'a:1:{i:2259;s:3:\"35,\";}',4,2259,2259,1,1,2107,529286,'55a6f347452a4fdeb66596b8f5e8e34f',0,0,NULL,0,0,'2015-05-07 20:46:03','2015-05-07 20:49:22',NULL),(5091,1,1,35,'a:1:{i:2261;s:3:\"35,\";}',4,2261,2261,1,1,2109,529846,'255f224bd23c9b7dd3d8f4f620d908d2',0,0,NULL,0,0,'2015-05-08 13:40:27','2015-05-08 20:28:40',NULL),(5094,1,1,0,'',1,2262,2262,1,1,2110,529843,'24387de6baf88de2d558e0cfc4a04702',0,0,NULL,0,0,'2015-05-09 13:53:49','2015-05-09 13:59:24',NULL),(5102,1,1,0,'',4,1752,1752,1,1,1653,530774,'7d694dda3a238259ca219cce7b2f43d2',0,0,NULL,0,0,'2015-05-09 22:10:33','2015-05-09 22:12:23',NULL),(5105,1,1,35,'a:1:{i:2159;s:3:\"35,\";}',4,2159,2159,1,1,2019,531424,'5805f81b7b0b3cc3aacfc2a9d359dd67',0,0,NULL,0,0,'2015-05-10 11:13:48','2015-05-10 11:18:37',NULL),(5107,1,1,0,'',4,2265,2265,1,1,2113,529919,'d11e2bbb21f8edbdeab6c214c6e08a1f',0,0,NULL,0,0,'2015-05-10 12:21:21','2015-05-10 12:25:42',NULL),(5115,1,1,35,'a:1:{i:2266;s:3:\"35,\";}',4,2266,2266,1,1,2114,533098,'83a1f2f7b8cad165dcd6932e841a11d2',0,0,NULL,0,0,'2015-05-11 14:30:41','2015-05-11 14:54:14',NULL),(5120,1,1,0,'',4,1535,1535,1,1,1466,533978,'2cd9863c450be4fb40bb80ed3e8e1caa',0,0,NULL,0,0,'2015-05-12 06:34:10','2015-05-12 06:36:30',NULL),(5122,1,1,35,'a:1:{i:2271;s:3:\"35,\";}',4,2271,2271,1,1,2116,533216,'05d95fce012a2164764adafa5d2aa094',0,0,NULL,0,0,'2015-05-12 14:16:07','2015-05-12 14:34:50',NULL),(5127,1,1,35,'a:1:{i:2272;s:3:\"35,\";}',4,2272,2272,1,1,2117,534821,'71f21e11d6bd55d966335d5c197dec0f',0,0,NULL,0,0,'2015-05-13 10:56:34','2015-05-13 16:05:37',NULL),(5128,1,1,0,'',4,2273,2273,1,1,2118,528408,'b5461744c7bff009402a5d3ac457f351',0,0,NULL,0,0,'2015-05-13 12:26:35','2015-05-13 12:33:56',NULL),(5134,1,1,0,'',4,1203,1203,1,1,1174,533246,'ba9f3657e2b82399d4b1a0405afbe49a',0,0,NULL,0,0,'2015-05-14 13:47:01','2015-05-14 14:03:26',NULL),(5135,1,1,35,'a:1:{i:2274;s:3:\"35,\";}',4,2274,2274,1,1,2119,509756,'e7eb0bc5bd62148c2fdb10ab45565118',0,0,NULL,0,0,'2015-05-14 16:40:39','2015-05-14 16:44:58',NULL),(5137,1,1,0,'',1,2275,2275,1,1,2120,520919,'6ed3f0448ef62f193920c218a414dfc3',0,0,NULL,0,0,'2015-05-15 16:20:19','2015-05-15 16:31:48',NULL),(5141,1,1,35,'a:1:{i:2277;s:3:\"35,\";}',4,2277,2277,1,1,2122,537212,'7e5b05f4ba07b8113f3716aae2be2271',0,0,NULL,0,0,'2015-05-16 16:54:00','2015-05-16 17:45:34',NULL),(5144,1,1,35,'a:1:{i:2186;s:3:\"35,\";}',4,2186,2193,1,1,2043,520589,'4ca65b46cac65628f8ac27c959a43eb8',0,0,NULL,0,0,'2015-05-17 18:11:39','2015-05-17 18:13:27',NULL),(5145,1,1,0,'',4,732,732,1,1,732,538545,'bd702dc32a51eca76245038d8387d44f',0,0,NULL,0,0,'2015-05-18 12:13:09','2015-05-18 12:14:22',NULL),(5148,1,1,35,'a:1:{i:2278;s:3:\"35,\";}',4,2278,2278,1,1,2123,538607,'d0810e53848cdf5ee86ee51bc17d8de3',0,0,NULL,0,0,'2015-05-18 14:08:17','2015-05-18 14:18:32',NULL),(5149,1,1,35,'a:1:{i:2278;s:3:\"35,\";}',4,2278,2278,1,1,2123,538607,'d0810e53848cdf5ee86ee51bc17d8de3',0,0,NULL,0,0,'2015-05-18 14:23:08','2015-05-18 14:24:53',NULL),(5150,1,1,35,'a:1:{i:2279;s:3:\"35,\";}',4,2279,2279,1,1,2124,538702,'e7684c95414901095cd8a2a9026f488f',0,0,NULL,0,0,'2015-05-18 18:10:33','2015-05-18 19:07:52',NULL),(5155,1,1,0,'',4,2282,2282,1,1,2127,539614,'eeead239fea37713a42173fadb692854',0,0,NULL,0,0,'2015-05-19 19:42:30','2015-05-19 19:48:51',NULL),(5159,1,1,0,'',1,1925,1925,1,1,1810,540465,'52ede2e80db339cc143c38730672213e',0,0,NULL,0,0,'2015-05-20 09:16:07','2015-05-20 09:18:48',NULL),(5160,1,1,0,'',4,2284,2284,1,1,2130,540462,'f4b6a351f317e601d6d35ba66fe21f4e',0,0,NULL,0,0,'2015-05-20 11:33:10','2015-05-21 12:20:22',NULL),(5162,1,1,0,'',4,2283,2283,1,1,2129,540565,'36e21f7105645419dc3d76737585c876',0,0,NULL,0,0,'2015-05-20 13:54:53','2015-05-20 13:56:58',NULL),(5170,1,1,35,'a:1:{i:2002;s:3:\"35,\";}',4,2002,2002,1,1,1880,542063,'e0c68a32b63dbdc8737536caf96bb664',0,0,NULL,0,0,'2015-05-22 09:02:50','2015-05-22 09:09:19',NULL),(5175,1,1,0,'',4,2288,2288,1,1,2133,542537,'96a68479b0ecf4cc6c9169b0b332557e',0,0,NULL,0,0,'2015-05-23 00:18:12','2015-05-26 13:12:35',NULL),(5177,1,1,0,'',4,2285,2285,1,1,2131,542918,'5ab83a3329810eb912c94feade50cb7b',0,0,NULL,0,0,'2015-05-23 12:31:16','2015-05-23 12:42:51',NULL),(5186,1,1,35,'a:1:{i:2287;s:3:\"35,\";}',4,2287,2287,1,1,1110,487111,'141e3b9d5df4e3303d66229c0c180cc0',0,0,NULL,0,0,'2015-05-26 09:48:43','2015-05-26 09:53:25',NULL),(5192,1,1,35,'a:1:{i:1185;s:3:\"35,\";}',4,1185,1185,1,1,1160,545774,'b04bba7d0e24f90189211a018fd350d0',0,0,NULL,0,0,'2015-05-26 19:44:54','2015-05-26 19:51:28',NULL),(5194,1,1,35,'a:1:{i:2283;s:3:\"35,\";}',4,2283,2283,1,1,2129,545817,'36e21f7105645419dc3d76737585c876',0,0,NULL,0,0,'2015-05-26 20:41:43','2015-05-26 20:47:54',NULL),(5196,1,1,0,'',4,2289,2289,1,1,2134,545915,'4357b9adab06d77e5ad39944371f2da5',0,0,NULL,0,0,'2015-05-26 23:32:01','2015-05-26 23:38:14',NULL),(5202,1,1,0,'',4,2292,2292,1,1,2137,546699,'d67d53b5d05b4f80f792dccab8366448',0,0,NULL,0,0,'2015-05-27 16:16:14','2015-05-27 16:18:32',NULL),(5207,1,1,35,'a:1:{i:2294;s:3:\"35,\";}',4,2294,2294,1,1,2139,547640,'3bed8556baec0dc08145db994e2badfc',0,0,NULL,0,0,'2015-05-28 11:08:50','2015-05-28 12:22:47',NULL),(5212,1,1,0,'',4,2295,2295,1,1,2141,548031,'31fa8f04dca0cbebc359f74a5366dbf5',0,0,NULL,0,0,'2015-05-28 21:00:45','2015-05-28 21:25:48',NULL),(5220,1,1,0,'',4,2299,2299,1,1,2142,552478,'e7829a5f3b8d87dcce9678000d79f955',0,0,NULL,0,0,'2015-05-31 19:11:46','2015-05-31 19:16:17',NULL),(5222,1,1,35,'a:1:{i:1322;s:3:\"35,\";}',4,1322,1322,1,1,317,552644,'eceeed4180566038d55824fd34b8594b',0,0,NULL,0,0,'2015-05-31 22:32:51','2015-05-31 22:44:49',NULL),(5237,1,1,0,'',4,2301,2301,1,1,2145,537461,'758b37ba161cc3afecff0a512990b41c',0,0,NULL,0,0,'2015-06-03 15:32:18','2015-06-03 15:38:43',NULL),(5239,1,1,0,'',4,2302,2302,1,1,2146,529910,'30ae76af7cadc89a9671a40f45b98730',0,0,NULL,0,0,'2015-06-03 17:04:39','2015-06-03 17:12:27',NULL),(5240,1,1,0,'',4,2303,2303,1,1,2147,554939,'ce2104c588c8ee45206190dd45238b43',0,0,NULL,0,0,'2015-06-03 17:33:44','2015-06-03 17:35:47',NULL),(5243,1,1,0,'',4,2304,2304,1,1,2148,555602,'590da2a410af8b319d505bfefe294ffd',0,0,NULL,0,0,'2015-06-04 13:09:33','2015-06-04 13:14:49',NULL),(5244,1,1,0,'',4,2305,2305,1,1,2149,555561,'44e2d139ad9728d29a127c409a03178f',0,0,NULL,0,0,'2015-06-04 13:23:29','2015-06-04 13:31:28',NULL),(5248,1,1,35,'a:1:{i:2306;s:3:\"35,\";}',4,2306,2306,1,1,2150,539251,'0491edcf203945fe093dabbef3151214',0,0,NULL,0,0,'2015-06-05 15:50:52','2015-06-05 15:55:44',NULL),(5268,1,1,35,'a:1:{i:2156;s:3:\"35,\";}',4,2156,2156,1,1,2016,536336,'585d6a5671d4b8f717966ed2bf68ce68',0,0,NULL,0,0,'2015-06-08 08:59:51','2015-06-08 09:01:00',NULL),(5271,1,1,35,'a:1:{i:2309;s:3:\"35,\";}',4,2309,2309,1,1,2154,558727,'befd5b35142180239d314a8590468dbe',0,0,NULL,0,0,'2015-06-08 17:36:30','2015-06-08 17:44:02',NULL),(5272,1,1,0,'',4,2310,2310,1,1,2155,558887,'00d048b808a23318514fadb192dfdb2e',0,0,NULL,0,0,'2015-06-08 20:36:30','2015-06-08 20:46:48',NULL),(5277,1,1,35,'a:1:{i:2311;s:3:\"35,\";}',1,2311,2311,1,1,2156,559629,'819e06dab4b31421a039a339bef08067',0,0,NULL,0,0,'2015-06-09 15:53:22','2015-06-09 15:59:54',NULL),(5279,1,1,0,'',4,2312,2313,1,1,2157,559817,'4455c5d5d216ecb6ab5a7d8624422b54',0,0,NULL,0,0,'2015-06-09 23:10:40','2015-06-09 23:36:17',NULL),(5284,1,1,35,'a:1:{i:326;s:3:\"35,\";}',4,326,326,1,1,326,561196,'ee854bcf503fd55751ff4a6e872e4a7c',0,0,NULL,0,0,'2015-06-11 08:05:59','2015-06-22 15:20:34',NULL),(5297,1,1,0,'',2,2314,2314,1,1,2158,561737,'37f537db8e5292865f15ddfb483cddb4',0,0,NULL,0,0,'2015-06-11 23:02:43','2015-06-11 23:15:35',NULL),(5301,1,1,0,'',4,2318,2318,1,1,2161,545894,'44825fb5cf6f1053aaf929819bccd4f7',0,0,NULL,0,0,'2015-06-13 10:53:06','2015-06-13 11:20:30',NULL),(5305,1,1,35,'a:1:{i:2319;s:3:\"35,\";}',1,2319,2319,1,1,2162,563494,'b27c58fb095e697c3b70a6ad5dfcc33c',0,0,NULL,0,0,'2015-06-13 23:28:24','2015-06-13 23:32:47',NULL),(5319,1,1,0,'',4,2321,2321,1,1,2165,566372,'3ff28a7d67473970e37eb4eecd3c5cff',0,0,NULL,0,0,'2015-06-16 15:21:08','2015-06-16 15:30:46',NULL),(5322,1,1,35,'a:1:{i:2323;s:3:\"35,\";}',4,2323,2322,1,1,2166,567079,'1e7c035d895766bac23a25eadb2852fe',0,0,NULL,0,0,'2015-06-17 10:32:04','2015-06-17 11:41:33',NULL),(5334,1,1,35,'a:1:{i:2327;s:3:\"35,\";}',4,2327,2327,1,1,2169,567459,'d84267a3568884b48a38c0035a120369',0,0,NULL,0,0,'2015-06-17 21:31:46','2015-06-17 21:43:02',NULL),(5353,1,1,0,'',4,2362,2362,1,1,2202,564871,'fb8c5231678caff5fac1c25d00cfff23',0,0,NULL,0,0,'2015-06-21 19:53:36','2015-07-07 14:02:37',NULL),(5361,1,1,0,'',4,176,176,1,1,176,571728,'4035b5536c1977f85025d8210a28422f',0,0,NULL,0,0,'2015-06-22 13:14:55','2015-06-22 13:20:03',NULL),(5363,1,1,0,'',4,2329,2329,1,1,2171,570329,'7d9ef1b112ad5f5b8b916d360142b628',0,0,NULL,0,0,'2015-06-22 14:36:26','2015-06-22 14:39:02',NULL),(5370,1,1,35,'a:1:{i:2328;s:3:\"35,\";}',4,2328,2333,1,1,2170,571820,'1e467498a50cf190b661fd8ce355e202',0,0,NULL,0,0,'2015-06-22 21:36:57','2015-06-24 11:11:06',NULL),(5374,1,1,35,'a:1:{i:2331;s:3:\"35,\";}',4,2331,2331,1,1,1298,572569,'10dd016b4f2e6cc5dbf9782e6de6c30a',0,0,NULL,0,0,'2015-06-23 16:56:22','2015-06-23 17:05:10',NULL),(5375,1,1,0,'',4,1762,1762,1,1,1661,571840,'5fc7ec4141238400ea822d047b980b15',0,0,NULL,0,0,'2015-06-23 20:42:38','2015-06-23 20:50:23',NULL),(5412,1,1,0,'',4,2339,2339,1,1,2178,576222,'c836cab0dd97017c2ec85b230135236e',0,0,NULL,0,0,'2015-06-28 12:11:14','2015-06-28 12:16:15',NULL),(5413,1,1,0,'',4,2341,2341,1,1,2180,576244,'cb047a0d1624a01bcb526ce5d3b69394',0,0,NULL,0,0,'2015-06-28 13:02:35','2015-06-28 13:09:05',NULL),(5425,1,1,35,'a:1:{i:755;s:3:\"35,\";}',4,755,755,1,1,755,577238,'513274ec34388d62199f64152c0bf1da',0,0,NULL,0,0,'2015-06-29 17:04:48','2015-06-29 17:17:24',NULL),(5430,1,1,0,'',4,883,883,1,1,883,578356,'c6e5065a8ab1bb409d7acdc37c5f5b36',0,0,NULL,0,0,'2015-06-30 22:12:32','2015-06-30 22:17:22',NULL),(5432,1,1,35,'a:1:{i:2350;s:3:\"35,\";}',4,2350,2349,1,1,2188,578836,'c5916b28ce72eeb23f58d53e82feea56',0,0,NULL,0,0,'2015-07-01 15:16:01','2015-07-01 15:27:55',NULL),(5436,1,1,35,'a:1:{i:2351;s:3:\"35,\";}',4,2351,2351,1,1,2189,579510,'839c6f5228cf4ffe06d0b0c6df35bebb',0,0,NULL,0,0,'2015-07-02 12:21:09','2015-07-02 12:31:34',NULL),(5438,1,1,0,'',4,2352,2352,1,1,2191,579623,'fab114f9dfaf33a7e8984fb77eba762e',0,0,NULL,0,0,'2015-07-02 14:39:21','2015-07-02 14:46:59',NULL),(5444,1,1,35,'a:1:{i:2355;s:3:\"35,\";}',4,2355,2355,1,1,2194,577351,'2e785ccfd152a825acd11e30f758b01b',0,0,NULL,0,0,'2015-07-04 12:23:55','2015-07-04 12:34:22',NULL),(5446,1,1,35,'a:1:{i:2356;s:3:\"35,\";}',4,2356,2356,1,1,2195,569207,'0e22dc0a12a061f3fcdbfcf13ded7f83',0,0,NULL,0,0,'2015-07-05 16:31:04','2015-07-05 16:37:01',NULL),(5452,1,1,0,'',4,2357,2357,1,1,2197,582483,'b3895fc02d7dfcedb8bb62714499bacb',0,0,NULL,0,0,'2015-07-05 20:05:48','2015-07-05 20:16:06',NULL),(5460,1,1,0,'',4,1003,1003,1,1,1004,582915,'78aba4c27b5c340eb3320153c14540d1',0,0,NULL,0,0,'2015-07-06 11:34:06','2015-07-06 11:37:53',NULL),(5465,1,1,0,'',4,2359,2359,1,1,2199,583018,'7a47db5a9fa032af478c0ea452d0ba86',0,0,NULL,0,0,'2015-07-06 14:46:29','2015-07-06 14:54:56',NULL),(5469,1,1,35,'a:1:{i:2360;s:3:\"35,\";}',4,2360,2360,1,1,2200,583679,'ea89f4409e4484cf140e4f1dd298177d',0,0,NULL,0,0,'2015-07-07 05:57:22','2015-07-07 06:06:59',NULL),(5482,1,1,0,'',2,2364,2364,1,1,2204,583921,'dfb4d37d213a3b6febd01e5919c220d0',0,0,NULL,0,0,'2015-07-08 16:34:59','2015-07-08 16:45:48',NULL),(5483,1,1,35,'a:1:{i:2365;s:3:\"35,\";}',4,2365,2365,1,1,2205,585140,'9ef2a9bb8c031b24a21a2cc756fabf9e',0,0,NULL,0,0,'2015-07-08 20:56:08','2015-07-08 21:15:16',NULL),(5491,1,1,0,'',4,2201,2201,1,1,2055,585846,'398688139ec691708756ff4393a31707',0,0,NULL,0,0,'2015-07-09 17:12:14','2015-07-09 17:16:45',NULL),(5498,1,1,35,'a:1:{i:2366;s:3:\"35,\";}',1,2366,2366,1,1,2206,586311,'a713ef9234c1d897a7719ccd3cb47b95',0,0,NULL,0,0,'2015-07-10 09:32:11','2015-07-10 09:41:05',NULL),(5501,1,1,35,'a:1:{i:2367;s:3:\"35,\";}',4,2367,2367,1,1,1262,586392,'2977c5dc1abed27a7883ac1e06cf686b',0,0,NULL,0,0,'2015-07-10 12:20:44','2015-07-10 12:25:41',NULL),(5507,1,1,35,'a:1:{i:918;s:3:\"35,\";}',4,918,918,1,1,475,587068,'10cedbd4d348ec5aa03374503db22a1e',0,0,NULL,0,0,'2015-07-11 11:27:04','2015-07-11 13:36:03',NULL),(5514,1,1,35,'a:1:{i:2369;s:3:\"35,\";}',4,2369,2369,1,1,2210,588088,'f82301eedec9edc434516f241d684a98',0,0,NULL,0,0,'2015-07-12 20:35:37','2015-07-28 09:28:25',NULL),(5518,1,1,0,'',4,2368,2368,1,1,2209,588714,'7c83351a4bd4a360761f081ee225ee5a',0,0,NULL,0,0,'2015-07-13 16:31:19','2015-07-13 16:32:58',NULL),(5526,1,1,0,'',4,2373,2373,1,1,2213,582383,'7c06d1bab0c147b55d178dc994e7b6ff',0,0,NULL,0,0,'2015-07-14 22:23:16','2015-07-14 22:34:05',NULL),(5531,1,1,0,'',4,2374,2374,1,1,2214,590047,'f0bb02b45c3079897259cdc17ab08199',0,0,NULL,0,0,'2015-07-15 11:52:18','2015-07-15 11:58:45',NULL),(5533,1,1,35,'a:1:{i:2375;s:3:\"35,\";}',4,2375,2375,1,1,2215,588161,'6fd836c29e2000ba0d8fb7250966e33f',0,0,NULL,0,0,'2015-07-15 17:11:53','2015-07-15 17:26:10',NULL),(5534,1,1,35,'a:1:{i:2372;s:3:\"35,\";}',4,2372,2372,1,1,2212,590258,'7b9c3b07a96e2bc30de72cd25f262f10',0,0,NULL,0,0,'2015-07-15 21:44:33','2015-07-19 10:45:03',NULL),(5549,1,1,35,'a:1:{i:1072;s:3:\"35,\";}',4,1072,1072,1,1,1062,592020,'3c7fe31ec59989b55c8e8f00dd0b7fa2',0,0,NULL,0,0,'2015-07-19 09:00:24','2015-07-19 09:03:24',NULL),(5550,1,1,0,'',4,1406,1406,1,1,1357,592935,'7140aa4ad2b7dc001688e1aa45f97f47',0,0,NULL,0,0,'2015-07-19 09:59:42','2015-07-19 10:10:09',NULL),(5558,1,1,0,'',4,1524,1524,1,1,1456,593813,'d6d137621397052457ef2906d7c90eea',0,0,NULL,0,0,'2015-07-20 12:57:45','2015-07-20 13:05:46',NULL),(5559,1,1,35,'a:1:{i:2383;s:3:\"35,\";}',4,2383,2383,1,1,2222,593995,'8a675f88095f1a41d60c67e12c691a5f',0,0,NULL,0,0,'2015-07-20 19:14:48','2015-07-20 20:23:10',NULL),(5563,1,1,35,'a:1:{i:2385;s:3:\"35,\";}',4,2385,2385,1,1,2224,594479,'f9f675d36af49645501201867030cfc6',0,0,NULL,0,0,'2015-07-21 09:52:33','2015-07-21 09:55:25',NULL),(5581,1,1,0,'',4,176,176,1,1,176,588802,'4035b5536c1977f85025d8210a28422f',0,0,NULL,0,0,'2015-07-22 23:40:31','2015-07-22 23:44:27',NULL),(5587,1,1,35,'a:1:{i:2389;s:3:\"35,\";}',4,2389,2389,1,1,2228,597159,'a6ba3f5c7475a09465864f467e7db222',0,0,NULL,0,0,'2015-07-24 12:40:32','2015-07-24 12:44:58',NULL),(5590,1,1,35,'a:1:{i:2391;s:3:\"35,\";}',4,2390,2391,1,1,1469,597353,'6a64fa703130a18931b7a13f6888a4fb',0,0,NULL,0,0,'2015-07-24 20:58:04','2015-07-24 21:09:16',NULL),(5594,1,1,0,'',4,2393,2393,1,1,2229,598025,'443d72116244bbc82290205b7af8f3d9',0,0,NULL,0,0,'2015-07-25 21:26:09','2015-07-25 21:30:15',NULL),(5598,1,1,0,'',4,485,485,1,1,485,598638,'d2d43daf74815a3ac7014e5edf6b787d',0,0,NULL,0,0,'2015-07-26 20:44:55','2015-07-26 20:52:04',NULL),(5602,1,1,30,'a:1:{i:2394;s:3:\"30,\";}',4,2394,2394,1,1,2230,590923,'c703481daf3f81f90b51e8f7603aa376',0,0,NULL,0,0,'2015-07-27 18:38:15','2015-07-27 18:40:05',NULL),(5603,1,1,35,'a:1:{i:1645;s:3:\"35,\";}',1,1645,1645,1,1,1560,599247,'f2c040db9512c9780e2c3884ea3cdd2d',0,0,NULL,0,0,'2015-07-27 21:41:33','2015-07-27 21:53:01',NULL),(5616,1,1,35,'a:1:{i:2395;s:3:\"35,\";}',4,2395,2395,1,1,2231,600635,'42ac485256b009d6e705dea9868a639c',0,0,NULL,0,0,'2015-07-29 00:12:42','2015-07-31 00:18:45',NULL),(5618,1,1,0,'',4,2396,2396,1,1,2234,601166,'34ffae3b68e75fa508f57d5fd96a8879',0,0,NULL,0,0,'2015-07-29 14:41:14','2015-07-29 17:51:53',NULL),(5627,1,1,0,'',4,2379,2379,1,1,2219,601993,'de585437da9a28e48ba7199c00237be7',0,0,NULL,0,0,'2015-07-30 18:46:44','2015-07-30 18:55:01',NULL),(5630,1,1,35,'a:1:{i:2398;s:3:\"35,\";}',4,2398,2398,1,1,2236,602349,'d8c0e34daaff1f916cd7e0260c4b0b61',0,0,NULL,0,0,'2015-07-30 19:32:48','2015-08-04 21:07:39',NULL),(5645,1,1,35,'a:1:{i:2401;s:3:\"35,\";}',4,2401,2401,1,1,2239,605411,'1aeeb09513c8ee502a49a1574a719a9a',0,0,NULL,0,0,'2015-08-03 19:20:51','2015-08-03 19:34:46',NULL),(5650,1,1,0,'',4,2402,2402,1,1,2240,606335,'eebd1f7fd9d67afefcf4317f7a435bbf',0,0,NULL,0,0,'2015-08-04 17:48:17','2015-08-04 18:03:02',NULL),(5654,1,1,0,'',4,2403,2403,1,1,2241,606932,'0732fbb2d2c630d6a1317a87741a298e',0,0,NULL,0,0,'2015-08-05 09:59:04','2015-08-05 10:06:03',NULL),(5655,1,1,0,'',4,2404,2404,1,1,2242,607029,'b5317d712619f1a52b2f2375983bbb32',0,0,NULL,0,0,'2015-08-05 13:05:38','2015-08-05 14:46:19',NULL),(5664,1,1,35,'a:1:{i:2405;s:3:\"35,\";}',2,2405,2405,1,1,2243,606043,'661280511c79808b588744420ba30529',0,0,NULL,0,0,'2015-08-06 13:26:57','2015-08-06 13:35:31',NULL),(5665,1,1,35,'a:1:{i:2406;s:3:\"35,\";}',4,2406,2406,1,1,1555,608090,'0376e2631c8db20e9b84c9f96356de3b',0,0,NULL,0,0,'2015-08-06 13:27:56','2015-08-06 13:57:17',NULL),(5671,1,1,30,'a:1:{i:2407;s:3:\"30,\";}',4,2407,2407,1,1,2244,608587,'8568b220f2dd2f8f1e994252a682f3fa',0,0,NULL,0,0,'2015-08-07 06:37:51','2015-08-07 10:31:16',NULL),(5675,1,1,0,'',4,2408,2409,1,1,2245,609249,'28f00ed913f8504c4ef112bf20651f31',0,0,NULL,0,0,'2015-08-08 09:53:37','2015-08-08 10:08:03',NULL),(5682,1,1,0,'',1,2410,2410,1,1,2246,610391,'cf68c0f94bf9ff3296c8cbe8962d4c92',0,0,NULL,0,0,'2015-08-10 14:45:01','2015-08-10 14:55:59',NULL),(5692,1,1,35,'',4,2412,2412,1,1,2249,611282,'03ce44857649684ea78a04d431a4810d',0,0,NULL,0,0,'2015-08-11 18:44:20','2015-08-11 18:49:18',NULL),(5703,1,1,35,'a:1:{i:2419;s:3:\"35,\";}',4,2419,2419,1,1,2251,612371,'fe2d0775c7d375cc133c320689b64265',0,0,NULL,0,0,'2015-08-13 11:19:33','2015-08-13 11:49:07',NULL),(5705,1,1,35,'a:1:{i:1003;s:3:\"35,\";}',4,1003,1003,1,1,1004,612617,'78aba4c27b5c340eb3320153c14540d1',0,0,NULL,0,0,'2015-08-13 17:57:50','2015-08-13 18:00:52',NULL),(5708,1,1,0,'',4,2420,2420,1,1,2059,612644,'99afc161ff0f1e886a5e56c925dfeaec',0,0,NULL,0,0,'2015-08-13 19:03:42','2015-08-13 19:09:40',NULL),(5721,1,1,35,'a:1:{i:2422;s:3:\"35,\";}',2,2422,2422,1,1,2252,614304,'cbd3d3c423ecea4b8c0ddee38567a7a6',0,0,NULL,0,0,'2015-08-16 09:56:27','2015-08-16 10:17:26',NULL),(5722,1,1,0,'',4,2159,2159,1,1,2019,614474,'5805f81b7b0b3cc3aacfc2a9d359dd67',0,0,NULL,0,0,'2015-08-16 15:10:53','2015-08-16 15:15:50',NULL),(5724,1,1,35,'a:1:{i:2423;s:3:\"35,\";}',1,2423,1643,1,1,1558,614860,'86bbcd9d6683fee345fca2a218925263',0,0,NULL,0,0,'2015-08-16 21:20:44','2015-08-16 21:40:30',NULL),(5725,1,1,35,'a:1:{i:356;s:3:\"35,\";}',4,356,356,1,1,356,615695,'ac33dacdd8e287562998cabc99ad3f50',0,0,NULL,0,0,'2015-08-17 15:01:35','2015-08-17 15:05:46',NULL),(5729,1,1,0,'',4,2430,2431,1,1,2258,604657,'a3cf1d330073bfd0c8c53f3761ea3755',0,0,NULL,0,0,'2015-08-17 20:25:04','2015-08-20 15:25:02',NULL),(5738,1,1,0,'',4,1065,1065,1,1,1055,616452,'307e54e7e8bf53c734d68f44d73d1391',0,0,NULL,0,0,'2015-08-18 18:04:18','2015-08-18 18:07:28',NULL),(5745,1,1,0,'',4,2427,2427,1,1,2255,616908,'8fa46a37ec8bc5d049ab32fe0ff06980',0,0,NULL,0,0,'2015-08-19 12:14:30','2015-08-19 12:17:09',NULL),(5746,1,1,35,'a:1:{i:2428;s:3:\"35,\";}',1,2428,2428,1,1,2256,613140,'986efbc99e855da840a8e3fc095a611a',0,0,NULL,0,0,'2015-08-19 15:33:57','2015-08-19 15:36:49',NULL),(5750,1,1,35,'a:1:{i:1536;s:3:\"35,\";}',4,1536,1536,1,1,1467,617207,'ea95933d2a3e9dc97681934077f24b7b',0,0,NULL,0,0,'2015-08-19 23:03:01','2015-08-19 23:07:43',NULL),(5752,1,1,35,'a:1:{i:1845;s:3:\"35,\";}',1,1845,1845,1,1,1739,618090,'210c34900774aca329fc769c9df5971a',0,0,NULL,0,0,'2015-08-20 14:53:05','2015-08-20 15:00:28',NULL),(5755,1,1,0,'',4,2432,2432,1,1,2259,618246,'e41abe6beedb4bec5ee0614e988e5b8d',0,0,NULL,0,0,'2015-08-20 19:32:01','2015-08-20 20:01:32',NULL),(5760,1,1,35,'a:1:{i:2400;s:3:\"35,\";}',4,2400,2400,1,1,2238,619936,'a1715c7e0b19480e615c3ba0d34fe5bd',0,0,NULL,0,0,'2015-08-22 18:59:19','2015-08-22 19:12:07',NULL),(5771,1,1,0,'',4,2434,2434,1,1,2261,621729,'319b612a43bd2721bd4acf18aca50ecc',0,0,NULL,0,0,'2015-08-24 22:14:56','2015-08-24 22:22:26',NULL),(5777,1,1,35,'a:1:{i:2435;s:3:\"35,\";}',4,2435,2435,1,1,2262,621598,'c7b4fb09d0e654622c7d2ac83d733fa3',0,0,NULL,0,0,'2015-08-25 21:27:30','2015-08-25 21:49:35',NULL),(5782,1,1,0,'',4,2437,2437,1,1,2263,622572,'7884d80ea6e8e5b8ce4743c8ac4a507d',0,0,NULL,0,0,'2015-08-26 12:41:18','2015-08-26 12:45:30',NULL),(5798,1,1,0,'',4,2444,2444,1,1,2269,623865,'e38b3cf9d429fd7d87d21ec6565b2888',0,0,NULL,0,0,'2015-08-28 14:55:11','2015-08-28 14:58:09',NULL),(5802,1,1,0,'',4,2446,2446,1,1,2271,624275,'b829a861fd8e63460d7bcfd891ccb17f',0,0,NULL,0,0,'2015-08-29 10:05:09','2015-08-29 10:10:52',NULL),(5805,1,1,0,'',4,2447,2447,1,1,2272,623762,'c15d3f9a1140a1c9caaefb211705a9e2',0,0,NULL,0,0,'2015-08-30 17:13:34','2015-08-30 17:18:15',NULL),(5815,1,1,0,'',4,2448,2448,1,1,2273,620506,'36fc1280d9105b7ecd2a0e7d23fc5951',0,0,NULL,0,0,'2015-08-31 17:07:34','2015-08-31 17:14:40',NULL),(5817,1,1,0,'',2,2461,2461,1,1,2287,625817,'651e109082fcea6b9979cdb324c0a49b',0,0,NULL,0,0,'2015-08-31 18:15:22','2015-09-05 21:12:46',NULL),(5827,1,1,35,'a:1:{i:2450;s:3:\"35,\";}',1,2450,2450,1,1,2275,626448,'f202e57c33eb83579412c56ab110209c',0,0,NULL,0,0,'2015-09-01 18:28:54','2015-09-01 18:42:51',NULL),(5833,1,1,0,'',4,2453,2453,1,1,2278,627185,'595e3db68f8dfa21e5b86f81e1654262',0,0,NULL,0,0,'2015-09-02 17:01:59','2015-09-02 17:06:12',NULL),(5838,1,1,35,'a:1:{i:2184;s:3:\"35,\";}',4,2184,2184,1,1,2041,627750,'424d877949c64e7e8f2353b8c208e25e',0,0,NULL,0,0,'2015-09-03 16:16:21','2015-09-03 16:19:51',NULL),(5853,1,1,35,'a:1:{i:1829;s:3:\"35,\";}',4,1829,1829,1,1,1721,629667,'281cc784a0be398fb11b062525d8037f',0,0,NULL,0,0,'2015-09-06 11:04:41','2015-09-06 11:31:46',NULL),(5854,1,1,35,'a:1:{i:917;s:3:\"35,\";}',4,917,917,1,1,917,629796,'a5ac04579d93a6d76616caebc423e948',0,0,NULL,0,0,'2015-09-06 16:11:09','2015-09-06 16:24:27',NULL),(5855,1,1,35,'a:1:{i:2462;s:3:\"35,\";}',4,2462,2462,1,1,2288,624527,'ecb9f74d84079817c8bf266efdac9e25',0,0,NULL,0,0,'2015-09-06 19:38:34','2015-09-06 20:13:09',NULL),(5859,1,1,35,'a:1:{i:2463;s:3:\"35,\";}',4,2463,2463,1,1,2289,630691,'b5a3de43143654f8b6f10d8c80862b92',0,0,NULL,0,0,'2015-09-07 16:07:39','2015-09-07 16:13:26',NULL),(5868,1,1,35,'a:1:{i:794;s:3:\"35,\";}',4,794,794,1,1,794,630833,'26b25a80930420501bd34f712b1b6368',0,0,NULL,0,0,'2015-09-07 22:18:24','2015-09-07 22:25:34',NULL),(5874,1,1,0,'',4,2467,2468,1,1,2291,631238,'4575b2778c260c037ca2707ed5768b9a',0,0,NULL,0,0,'2015-09-08 12:48:47','2015-09-08 12:57:26',NULL),(5877,1,1,35,'a:1:{i:2470;s:3:\"35,\";}',4,2470,2470,1,1,2293,628439,'e46a6849b4a1986b9c6cce6d0c41d945',0,0,NULL,0,0,'2015-09-09 15:56:10','2015-09-09 16:00:46',NULL),(5882,1,1,35,'a:1:{i:1155;s:3:\"35,\";}',4,1155,1155,1,1,1135,632876,'2f21d60b8f70812bc36a8cc3cc201c39',0,0,NULL,0,0,'2015-09-10 17:21:01','2015-09-11 15:48:47',NULL),(5883,1,1,35,'a:1:{i:1334;s:3:\"35,\";}',4,1334,1334,1,1,1285,632949,'551a5ef974e1fe87ab41590092e3bddb',0,0,NULL,0,0,'2015-09-10 19:07:06','2015-09-10 19:20:36',NULL),(5893,1,1,0,'',4,81,81,1,1,81,633734,'e2a91625fdb822103f64bf2198003d15',0,0,NULL,0,0,'2015-09-11 21:25:33','2015-09-11 21:38:54',NULL),(5898,1,1,35,'a:1:{i:2474;s:3:\"35,\";}',4,2474,2474,1,1,2295,635103,'13854d2ee32f84dc1d8c527d47130e58',0,0,NULL,0,0,'2015-09-13 14:15:55','2015-09-13 14:18:41',NULL),(5903,1,1,0,'',4,2274,2274,1,1,2119,635007,'e7eb0bc5bd62148c2fdb10ab45565118',0,0,NULL,0,0,'2015-09-14 11:18:44','2015-09-14 11:20:44',NULL),(5904,1,1,0,'',2,2475,2475,1,1,2296,635620,'dcebf4f9a44f499ef4db45451565189e',0,0,NULL,0,0,'2015-09-14 11:54:47','2015-09-14 11:58:28',NULL),(5910,1,1,0,'',4,2476,2476,1,1,2297,631595,'985734d69dfc9d49ecfc410d33d37bb2',0,0,NULL,0,0,'2015-09-15 15:18:09','2015-09-15 15:23:17',NULL),(5915,1,1,0,'',4,2273,2273,1,1,2118,636863,'b5461744c7bff009402a5d3ac457f351',0,0,NULL,0,0,'2015-09-16 14:03:12','2015-09-16 14:05:47',NULL),(5918,1,1,0,'',4,2244,2244,1,1,1441,637365,'1684cf3a28e6927f856c177ca4bb6414',0,0,NULL,0,0,'2015-09-17 09:41:50','2015-09-17 09:52:26',NULL),(5922,1,1,35,'a:1:{i:2478;s:3:\"35,\";}',4,2478,2478,1,1,1342,638106,'81b3de50e95caff34901693a4ce82995',0,0,NULL,0,0,'2015-09-18 17:08:04','2015-09-18 17:30:09',NULL),(5929,1,1,0,'',4,2479,2479,1,1,2300,639052,'b121815f4c7c7394770836eeac815f30',0,0,NULL,0,0,'2015-09-20 19:22:00','2015-09-20 19:27:51',NULL),(5933,1,1,35,'a:1:{i:2481;s:3:\"35,\";}',4,2481,2481,1,1,2302,639799,'f61f046427b7ce75330faa7089e18a53',0,0,NULL,0,0,'2015-09-21 18:20:26','2015-09-21 20:14:12',NULL),(5941,1,1,0,'',4,2482,2482,1,1,2304,642061,'7998dd64d1ca84408f9f3ce6268f68d7',0,0,NULL,0,0,'2015-09-23 18:32:41','2015-09-23 18:38:03',NULL),(5942,1,1,0,'',4,2483,2483,1,1,2305,629279,'587e4001238ea00932aa3c71a45d9279',0,0,NULL,0,0,'2015-09-23 18:55:27','2015-09-23 19:14:46',NULL),(5948,1,1,35,'a:1:{i:2079;s:3:\"35,\";}',4,2079,2079,1,1,1946,642407,'9fb4c6414b2b8d343ecc4e795fcad091',0,0,NULL,0,0,'2015-09-24 11:10:07','2015-09-24 11:40:40',NULL),(5950,1,1,0,'',2,2485,2485,1,1,2307,642876,'d0c16e75780bb5a60510fe36aedc8aaf',0,0,NULL,0,0,'2015-09-24 19:12:56','2015-09-24 19:18:05',NULL),(5955,1,1,0,'',2,2486,2486,1,1,2308,643547,'a6f3a4713e456dd2548ba39314bb52cf',0,0,NULL,0,0,'2015-09-25 15:59:43','2015-09-25 16:11:31',NULL),(5959,1,1,0,'',4,2487,2487,1,1,2309,642282,'24f6a710cd131f844b5093bb80c80dc0',0,0,NULL,0,0,'2015-09-27 16:57:15','2015-09-27 17:01:18',NULL),(5964,1,1,0,'',4,2488,2488,1,1,2310,642338,'7f45b11b4be15df3a1d29b8ac3036b14',0,0,NULL,0,0,'2015-09-28 09:12:05','2015-09-28 09:18:57',NULL),(6014,1,1,0,'',2,2496,2496,1,1,2318,637638,'7e532301354266dd9bd81ba37ac0b7a7',0,0,NULL,0,0,'2015-10-03 22:55:16','2015-10-03 23:20:16',NULL),(6016,1,1,0,'',4,2497,2497,1,1,2319,652395,'2db5ce89976ed79cbd5c658175bfdee7',0,0,NULL,0,0,'2015-10-04 13:25:44','2015-10-04 13:48:14',NULL),(6034,1,1,35,'a:1:{i:2498;s:3:\"35,\";}',4,2498,2498,1,1,2123,653979,'d0810e53848cdf5ee86ee51bc17d8de3',0,0,NULL,0,0,'2015-10-06 11:27:42','2015-10-06 11:34:05',NULL),(6038,1,1,0,'',2,2499,2499,1,1,2320,654787,'727d009720eac780e04f8ed45895d7f6',0,0,NULL,0,0,'2015-10-06 20:09:43','2015-10-06 20:15:11',NULL),(6043,1,1,35,'a:1:{i:2501;s:3:\"35,\";}',4,2501,2501,1,1,2322,655366,'1f7470a965a9bb04cd56b771fae7f78c',0,0,NULL,0,0,'2015-10-07 07:28:04','2015-10-07 17:25:26',NULL),(6046,1,1,0,'',4,2357,2357,1,1,2197,655784,'b3895fc02d7dfcedb8bb62714499bacb',0,0,NULL,0,0,'2015-10-07 18:21:21','2015-10-07 18:30:56',NULL),(6062,1,1,0,'',4,2503,2503,1,1,2324,657993,'a19fd4a09079eac2001f632b0ea80e2c',0,0,NULL,0,0,'2015-10-10 14:35:59','2015-10-10 14:42:44',NULL),(6066,1,1,35,'a:1:{i:2504;s:3:\"35,\";}',2,2505,2504,1,1,2325,659054,'5a3b28e1ab0aa7c5231773128119caff',0,0,NULL,0,0,'2015-10-11 18:30:36','2015-10-11 19:00:16',NULL),(6068,1,1,0,'',1,2506,2507,1,1,2326,659585,'66401d0eb8dd56ed12f170b64d440aaa',0,0,NULL,0,0,'2015-10-12 10:13:30','2015-10-12 10:25:24',NULL),(6072,1,1,0,'',1,2509,2509,1,1,2328,653309,'a7790132465c678b79d6a3480d7acedc',0,0,NULL,0,0,'2015-10-13 11:47:22','2015-10-13 13:08:40',NULL),(6073,1,1,35,'a:1:{i:2192;s:3:\"35,\";}',4,2192,2192,1,1,2048,660518,'c06d94bd263c41e75264ae4c20a85515',0,0,NULL,0,0,'2015-10-13 17:35:26','2015-10-13 17:44:49',NULL),(6090,1,1,0,'',4,2516,2516,1,1,2335,663750,'df74ad35d6b6c88c2221c35d099d4680',0,0,NULL,0,0,'2015-10-16 18:00:35','2015-10-16 18:08:33',NULL),(6097,1,1,0,'',2,2521,2521,1,1,2338,632215,'f81d54cff33b0587de21b2d05aca81b9',0,0,NULL,0,0,'2015-10-17 21:51:41','2015-10-17 21:55:24',NULL),(6100,1,1,35,'a:1:{i:2543;s:3:\"35,\";}',4,2543,2543,1,1,81,665205,'e2a91625fdb822103f64bf2198003d15',0,0,NULL,0,0,'2015-10-18 06:50:03','2015-10-30 18:59:45',NULL),(6125,1,1,0,'',4,2525,2525,1,1,2343,667628,'2ffa2d1c8b6df9b471298b71e06b63b9',0,0,NULL,0,0,'2015-10-20 19:59:34','2015-10-20 20:09:56',NULL),(6130,1,1,0,'',4,2529,2529,1,1,2346,669470,'bd42cf807538a3efb640da304226401e',0,0,NULL,0,0,'2015-10-22 09:02:00','2015-10-22 09:18:14',NULL),(6139,1,1,35,'a:1:{i:1770;s:3:\"35,\";}',4,1770,1770,1,1,1669,674936,'d52a4910f7a7b90699cb0e1fb925ca03',0,0,NULL,0,0,'2015-10-25 21:10:42','2015-10-26 22:52:21',NULL),(6145,1,1,35,'a:1:{i:2532;s:3:\"35,\";}',4,2532,2532,1,1,2349,675684,'de9577ca137fd67e3340289cd20f1480',0,0,NULL,0,0,'2015-10-26 19:12:47','2015-10-26 19:22:34',NULL),(6147,1,1,0,'',4,2534,2534,1,1,2350,675463,'aa58ba5e7c8d0ab12c554b8a3d4eb634',0,0,NULL,0,0,'2015-10-26 21:22:58','2015-10-26 21:38:46',NULL),(6149,1,1,35,'a:1:{i:2535;s:3:\"35,\";}',4,2535,2535,1,1,2351,654825,'fe83095c79a28eaca38cd4f78b6975a3',0,0,NULL,0,0,'2015-10-27 07:19:58','2015-10-27 07:23:47',NULL),(6150,1,1,35,'a:1:{i:2573;s:3:\"35,\";}',2,2573,2573,1,1,2379,652978,'19e201de8f6a6b1d1b9776ced26fd792',0,0,NULL,0,0,'2015-10-27 08:21:22','2015-11-10 22:33:51',NULL),(6151,1,1,0,'',4,2536,2536,1,1,2352,676252,'afbd598fbe508af9f714ed8885833023',0,0,NULL,0,0,'2015-10-27 11:12:28','2015-10-27 11:14:12',NULL),(6154,1,1,0,'',2,2537,2538,1,1,2353,662204,'4a317743dfffd704bd34d29fb03c9a94',0,0,NULL,0,0,'2015-10-27 16:55:19','2015-10-27 17:02:37',NULL),(6163,1,1,0,'',4,2540,2540,1,1,2355,676978,'7da213bf67fd693d26561d7d2e8b71e2',0,0,NULL,0,0,'2015-10-28 14:47:33','2015-10-28 14:49:51',NULL),(6169,1,1,0,'',4,2541,2541,1,1,2356,677923,'93bd299fe23994c0760eaf118a5626b6',0,0,NULL,0,0,'2015-10-29 17:11:40','2015-10-29 17:18:44',NULL),(6182,1,1,35,'a:1:{i:2035;s:3:\"35,\";}',1,2035,2034,1,1,1490,664732,'5da90c5e702120694a87db9e3a0000e6',0,0,NULL,0,0,'2015-10-31 11:27:13','2015-10-31 11:35:13',NULL),(6184,1,1,35,'a:1:{i:2545;s:3:\"35,\";}',1,2545,2545,1,1,2358,657284,'051fec4cd03e8253b4e29c3d1cbd6723',0,0,NULL,0,0,'2015-10-31 18:04:33','2015-10-31 19:13:13',NULL),(6188,1,1,0,'',2,2547,2547,1,1,2360,680368,'c5328cae1c9ab1af6f931067ad1edef2',0,0,NULL,0,0,'2015-11-01 21:02:11','2015-11-01 21:08:47',NULL),(6191,1,1,0,'',4,2548,2548,1,1,2361,680748,'49b526b73b2863e93aaddc26a11d9241',0,0,NULL,0,0,'2015-11-02 14:28:58','2015-11-02 14:31:40',NULL),(6196,1,1,35,'a:1:{i:2550;s:3:\"35,\";}',4,2550,2550,1,1,1088,681446,'2694aa58aaf1a75c6bbfffa42f5f6a58',0,0,NULL,0,0,'2015-11-03 14:59:09','2015-11-03 15:01:59',NULL),(6197,1,1,0,'',4,2551,2551,1,1,2362,681462,'2961221e29dcc3505cda95226e1e084a',0,0,NULL,0,0,'2015-11-03 15:43:03','2015-11-03 15:48:35',NULL),(6200,1,1,35,'a:1:{i:2552;s:3:\"35,\";}',4,2552,2552,1,1,2363,681553,'ef7ebb84e25317af864b4c925c70c5cf',0,0,NULL,0,0,'2015-11-03 19:32:45','2015-11-03 19:49:36',NULL),(6209,1,1,35,'a:1:{i:2586;s:3:\"35,\";}',4,2586,2587,1,1,2391,682285,'a927ea1134ce57dd86cd5eb269b3e309',0,0,NULL,0,0,'2015-11-04 12:22:37','2015-11-16 18:19:21',NULL),(6215,1,1,35,'a:1:{i:2649;s:3:\"35,\";}',4,2649,2649,1,1,2448,682700,'f953c64e7a2092d8951329ddf2165434',0,0,NULL,0,0,'2015-11-04 22:20:33','2015-12-08 18:56:04',NULL),(6220,1,1,35,'a:1:{i:2557;s:3:\"35,\";}',1,2557,2557,1,1,2367,683206,'f63cdd910fb56686e61d4eac1d2e6eb9',0,0,NULL,0,0,'2015-11-05 13:42:31','2015-11-05 13:56:02',NULL),(6221,1,1,35,'a:1:{i:2513;s:3:\"35,\";}',1,2513,2513,1,1,2332,683290,'17f7fbcaaac5d82a28ad4c9dd6009670',0,0,NULL,0,0,'2015-11-05 17:09:41','2015-11-05 17:18:31',NULL),(6222,1,1,35,'a:1:{i:2558;s:3:\"35,\";}',1,2558,2559,1,1,2368,683302,'84f3f63f68b02c7435923f47823157f7',0,0,NULL,0,0,'2015-11-05 17:31:55','2015-11-05 17:43:22',NULL),(6223,1,1,35,'a:1:{i:2558;s:3:\"35,\";}',1,2558,2558,1,1,2368,683302,'84f3f63f68b02c7435923f47823157f7',0,0,NULL,0,0,'2015-11-05 17:44:59','2015-11-05 17:46:11',NULL),(6225,1,1,0,'',4,2563,2563,1,1,2370,682702,'346c8fecbd5dd1c1a60e01db3cfaf904',0,0,NULL,0,0,'2015-11-05 18:38:13','2015-11-05 18:41:29',NULL),(6230,1,1,0,'',4,2565,2565,1,1,2372,685157,'a6442cfa23293c42232c51b69cd1c4b4',0,0,NULL,0,0,'2015-11-08 12:22:59','2015-11-08 12:28:02',NULL),(6231,1,1,35,'a:1:{i:2566;s:3:\"35,\";}',4,2566,2566,1,1,2373,686056,'1cfed17c58b752fd82c2efb8cb354566',0,0,NULL,0,0,'2015-11-08 15:16:54','2015-11-08 15:28:15',NULL),(6232,1,1,0,'',4,2567,2567,1,1,2374,686106,'d248070039f84fad2b37277a24e8d5ff',0,0,NULL,0,0,'2015-11-08 17:10:32','2015-11-08 17:27:24',NULL),(6238,1,1,35,'a:1:{i:2569;s:3:\"35,\";}',4,2569,2570,1,1,2376,686895,'8c207c9a037b8a6ebfbf7865d4c2044f',0,0,NULL,0,0,'2015-11-09 12:51:57','2015-11-09 13:13:10',NULL),(6242,1,1,35,'a:1:{i:2572;s:3:\"35,\";}',4,2572,2572,1,1,2378,687017,'c6991e1bf3c1fbcda41372f62105afa2',0,0,NULL,0,0,'2015-11-09 15:49:29','2015-11-09 15:50:42',NULL),(6243,1,1,35,'a:1:{i:2574;s:3:\"35,\";}',4,2574,2574,1,1,2380,687041,'47a3f8f5e9af6abcbb842db4df7fcff6',0,0,NULL,0,0,'2015-11-09 16:32:11','2015-11-09 16:42:27',NULL),(6244,1,1,0,'',4,2575,2575,1,1,2381,650665,'bf7ff4c5d94a729654073b751dd89f96',0,0,NULL,0,0,'2015-11-09 18:49:57','2015-11-09 19:22:16',NULL),(6249,1,1,35,'a:1:{i:537;s:3:\"35,\";}',4,537,537,1,1,537,688176,'4a6cb70b16b263dd6dd615e6aacfd12f',0,0,NULL,0,0,'2015-11-10 17:30:52','2015-11-10 18:14:11',NULL),(6250,1,1,35,'a:1:{i:2530;s:3:\"35,\";}',4,2530,2530,1,1,2347,688193,'bde1cefef2f6ddaa48c33541cc1d0bf0',0,0,NULL,0,0,'2015-11-10 17:44:27','2015-11-10 17:50:00',NULL),(6251,1,1,35,'a:1:{i:2576;s:3:\"35,\";}',1,2576,2576,1,1,2382,688417,'638cb77a9b3dfeaa73afa19654f40b44',0,0,NULL,0,0,'2015-11-10 20:43:24','2015-11-10 20:51:30',NULL),(6254,1,1,35,'a:1:{i:2577;s:3:\"35,\";}',2,2577,2577,1,1,2383,688804,'6ad6c630b765cb525685ed742f3329e2',0,0,NULL,0,0,'2015-11-11 09:21:30','2015-11-11 09:24:09',NULL),(6255,1,1,35,'a:1:{i:2573;s:3:\"35,\";}',2,2573,2573,1,1,2379,652978,'19e201de8f6a6b1d1b9776ced26fd792',0,0,NULL,0,0,'2015-11-11 12:23:27','2015-11-11 12:25:23',NULL),(6260,1,1,0,'',4,2578,2578,1,1,2384,689281,'14e7d8cbe771e6641f2be18992d4aedc',0,0,NULL,0,0,'2015-11-11 21:48:52','2015-11-11 21:53:06',NULL),(6275,1,1,35,'a:1:{i:2583;s:3:\"35,\";}',2,2583,2583,1,1,2388,686886,'cc5f651ca7825801746b8a79d87d7526',0,0,NULL,0,0,'2015-11-13 12:06:42','2015-11-13 12:08:16',NULL),(6278,1,1,0,'',4,2584,2584,1,1,2389,690856,'3a835c5874f28a3fd8a03c1f361c69fa',0,0,NULL,0,0,'2015-11-13 15:47:09','2015-11-13 15:52:09',NULL),(6294,1,1,35,'a:1:{i:2588;s:3:\"35,\";}',1,2589,2589,1,1,2392,694875,'1dbe954ec44c282c35bfa42c2ccd71e3',0,0,NULL,0,0,'2015-11-16 18:55:59','2015-11-16 19:06:22',NULL),(6301,1,1,0,'',4,2591,2591,1,1,2394,690103,'299a83fe71ccd515eafc67f68c0801d5',0,0,NULL,0,0,'2015-11-17 12:12:37','2015-11-17 12:23:02',NULL),(6309,1,1,35,'a:1:{i:2592;s:3:\"35,\";}',4,2592,2592,1,1,2395,698677,'e570a630659e824f4157e398d2b2f7e5',0,0,NULL,0,0,'2015-11-19 13:30:11','2015-11-19 13:36:10',NULL),(6310,1,1,35,'a:1:{i:2593;s:3:\"35,\";}',1,2593,2593,1,1,2396,698800,'95ef090d9ab4db38fd9f67ed180a50e9',0,0,NULL,0,0,'2015-11-19 18:14:30','2015-11-19 18:29:14',NULL),(6312,1,1,35,'a:1:{i:2594;s:3:\"35,\";}',1,2594,2594,1,1,2397,698846,'3afec1bbbf9c2be337b51280ffb2b895',0,0,NULL,0,0,'2015-11-19 20:59:14','2015-11-19 21:14:45',NULL),(6314,1,1,35,'a:1:{i:2595;s:3:\"35,\";}',1,2595,2596,1,1,2398,692801,'bc06befbfdabb8966f87ee9739e8e058',0,0,NULL,0,0,'2015-11-20 15:07:35','2015-11-20 15:18:44',NULL),(6317,1,1,0,'',1,2095,2095,1,1,1961,699397,'6f545e051500729ba0bbe77797fedf99',0,0,NULL,0,0,'2015-11-20 15:37:28','2015-11-20 15:42:16',NULL),(6322,1,1,35,'a:1:{i:2598;s:3:\"35,\";}',4,2598,2598,1,1,2400,699561,'77428ee96a321865345fc14522eba563',0,0,NULL,0,0,'2015-11-20 22:20:02','2015-11-20 22:22:02',NULL),(6324,1,1,0,'',4,2599,2599,1,1,2401,699849,'976016d13918aad1142390e79a4a26c7',0,0,NULL,0,0,'2015-11-21 07:34:37','2015-11-21 07:36:30',NULL),(6327,1,1,0,'',1,2579,2579,1,1,2385,688074,'9d81a2c56262d32099d7f2b4e7e52e77',0,0,NULL,0,0,'2015-11-21 11:31:18','2015-11-21 11:34:17',NULL),(6330,1,1,0,'',2,2601,2601,1,1,2403,700239,'890257f9c0097e15b2670de6f95eb70f',0,0,NULL,0,0,'2015-11-21 17:52:45','2015-11-21 17:55:17',NULL),(6334,1,1,0,'',4,2660,2660,1,1,2459,688450,'3df5526ab01167f6f2ffd13645c25026',0,0,NULL,0,0,'2015-11-21 22:35:34','2015-12-17 09:01:06',NULL),(6335,1,1,0,'',4,2602,2602,1,1,2404,696516,'36e895ade1421eaafeb3b22d834b5c30',0,0,NULL,0,0,'2015-11-21 22:42:11','2015-11-22 09:30:14',NULL),(6338,1,1,35,'a:1:{i:2702;s:3:\"35,\";}',4,2702,2702,1,1,2502,689273,'7efb0f00a65b4f6d64840ca572e9e51e',0,0,NULL,0,0,'2015-11-22 14:06:28','2016-01-20 20:15:54',NULL),(6340,1,1,0,'',4,2603,2603,1,1,2406,702077,'3822a44cd91cb72b4345915cf18b0a1c',0,0,NULL,0,0,'2015-11-22 17:50:01','2015-11-22 18:01:06',NULL),(6342,1,1,35,'a:1:{i:2604;s:3:\"35,\";}',1,2604,2604,1,1,2405,702183,'7cc105e74820322fd8ac61d80cebe884',0,0,NULL,0,0,'2015-11-22 20:32:59','2015-11-22 20:42:27',NULL),(6344,1,1,35,'a:1:{i:1395;s:3:\"35,\";}',4,1395,1395,1,1,1349,702230,'8fd866671594b9767838768509e735d9',0,0,NULL,0,0,'2015-11-22 21:43:02','2015-11-22 21:45:24',NULL),(6347,1,1,35,'a:1:{i:2605;s:3:\"35,\";}',4,2605,2605,1,1,2407,702802,'193a9ca36d1c70e10d92b1e8ecb17915',0,0,NULL,0,0,'2015-11-23 12:37:56','2015-11-23 12:46:12',NULL),(6348,1,1,0,'',4,2606,2606,1,1,2408,702827,'173de55770cfba69c250521ed1b386df',0,0,NULL,0,0,'2015-11-23 13:48:07','2015-11-23 13:54:12',NULL),(6350,1,1,0,'',1,2607,2607,1,1,2409,702824,'82c44178398d5bc1b3f4ecd966fa5de1',0,0,NULL,0,0,'2015-11-23 15:55:17','2015-11-23 16:13:32',NULL),(6352,1,1,35,'a:1:{i:2608;s:3:\"35,\";}',1,2608,2608,1,1,2410,703214,'4f20b9f7ef31f4584993d2f47cc51a07',0,0,NULL,0,0,'2015-11-23 19:03:58','2015-11-23 19:06:24',NULL),(6362,1,1,0,'',4,2357,2357,1,1,2197,704238,'b3895fc02d7dfcedb8bb62714499bacb',0,0,NULL,0,0,'2015-11-24 18:03:22','2015-11-24 18:08:24',NULL),(6366,1,1,35,'a:1:{i:2610;s:3:\"35,\";}',4,2610,2610,1,1,2411,704257,'77283983c4669c0a8acbd81b20a744b8',0,0,NULL,0,0,'2015-11-24 18:45:44','2015-11-24 18:53:26',NULL),(6370,1,1,35,'a:1:{i:1535;s:3:\"35,\";}',4,1535,1535,1,1,1466,703963,'2cd9863c450be4fb40bb80ed3e8e1caa',0,0,NULL,0,0,'2015-11-25 07:41:41','2015-11-25 08:43:01',NULL),(6379,1,1,0,'',2,2611,2611,1,1,2412,705799,'9ccfb2325059bcd75c5ef77f21eca4fb',0,0,NULL,0,0,'2015-11-26 06:24:07','2015-11-26 06:42:27',NULL),(6382,1,1,35,'a:1:{i:2613;s:3:\"35,\";}',1,2613,2613,1,1,2414,706072,'d20fb4406ff47cb9f70f6eba79dcbfc6',0,0,NULL,0,0,'2015-11-26 14:21:52','2015-11-26 14:25:09',NULL),(6383,1,1,35,'a:1:{i:2614;s:3:\"35,\";}',4,2614,2614,1,1,2415,688236,'42e3017038474a6e515062c3d14e79ca',0,0,NULL,0,0,'2015-11-26 17:55:07','2015-11-26 18:08:58',NULL),(6385,1,1,0,'',4,2615,2615,1,1,2416,706463,'b2527d829ad03e24e23a8db276d00e2a',0,0,NULL,0,0,'2015-11-26 19:12:20','2015-11-26 19:17:33',NULL),(6387,1,1,0,'',4,2616,2616,1,1,2417,702213,'e014597be270f70bb8fe25c388b2a36b',0,0,NULL,0,0,'2015-11-26 20:50:48','2015-11-26 21:00:54',NULL),(6391,1,1,0,'',1,2617,2617,1,1,2418,695104,'ef849fc8ef71880f0da3f93c4ab2b8e0',0,0,NULL,0,0,'2015-11-27 18:48:33','2015-11-27 18:52:56',NULL),(6394,1,1,0,'',1,2619,2619,1,1,2420,707241,'40c293b9701eaa6a31bed5dfbe2c6927',0,0,NULL,0,0,'2015-11-27 21:23:25','2015-11-27 21:37:08',NULL),(6397,1,1,0,'',4,1698,1698,1,1,1610,707309,'c7db5ad71726e7f66fe16f4624065896',0,0,NULL,0,0,'2015-11-27 22:55:03','2015-11-27 22:56:27',NULL),(6408,1,1,0,'',4,2620,2620,1,1,2421,708921,'56cf859de149434a6c466d82792ac1f9',0,0,NULL,0,0,'2015-11-29 13:16:35','2015-11-29 13:22:05',NULL),(6412,1,1,0,'',4,2622,2622,1,1,2423,709507,'9391bb271778c70f167f5d97bee4c4cf',0,0,NULL,0,0,'2015-11-30 08:14:25','2015-11-30 08:20:10',NULL),(6416,1,1,35,'a:1:{i:2623;s:3:\"35,\";}',4,2623,2623,1,1,2424,709897,'319503e06eb30d3684dbfb6c06908787',0,0,NULL,0,0,'2015-11-30 12:55:30','2015-11-30 13:06:26',NULL),(6419,1,1,35,'a:1:{i:2624;s:3:\"35,\";}',4,2624,2624,1,1,2425,710007,'7f78fe8f0581a1dc2d2020741a590bf8',0,0,NULL,0,0,'2015-11-30 15:58:26','2015-11-30 16:20:46',NULL),(6422,1,1,0,'',4,2627,2627,1,1,2428,711154,'c22deae58986cec7f82db2826b9e4bd0',0,0,NULL,0,0,'2015-11-30 20:02:57','2015-11-30 20:11:20',NULL),(6440,1,1,35,'a:1:{i:2645;s:3:\"35,\";}',1,2645,2645,1,1,2445,676961,'bf4fd45d1b2445e507241468369a4fed',0,0,NULL,0,0,'2015-12-01 22:04:55','2015-12-07 22:53:36',NULL),(6441,1,1,0,'',4,2630,2630,1,1,2431,712826,'a85c5e0ad2dac9a7d641669061c19845',0,0,NULL,0,0,'2015-12-02 08:59:33','2015-12-02 09:02:52',NULL),(6444,1,1,35,'a:1:{i:2631;s:3:\"35,\";}',4,2631,2631,1,1,2432,713041,'cf36edde13109caa71122f0d4e2ad51b',0,0,NULL,0,0,'2015-12-02 13:34:52','2015-12-02 13:43:09',NULL),(6447,1,1,0,'',4,2632,2632,1,1,2433,706878,'ef4ad71ad4a42275726cbecbd6c5ac9e',0,0,NULL,0,0,'2015-12-02 17:06:00','2015-12-02 17:16:50',NULL),(6450,1,1,35,'a:1:{i:2633;s:3:\"35,\";}',4,2633,2633,1,1,2434,713202,'72ae4f1b2e67ca5f57820d59853450e2',0,0,NULL,0,0,'2015-12-02 18:55:37','2015-12-02 18:59:11',NULL),(6451,1,1,35,'a:1:{i:1646;s:3:\"35,\";}',4,1646,1646,1,1,1561,713227,'5e9dcb82013a53b2cef0102d2e1f183d',0,0,NULL,0,0,'2015-12-02 19:17:26','2015-12-02 19:36:41',NULL),(6457,1,1,0,'',4,2635,2635,1,1,2436,713994,'6e41a4dff0ad935fe348c01e96392ef7',0,0,NULL,0,0,'2015-12-03 14:57:49','2015-12-03 15:02:53',NULL),(6463,1,1,0,'',4,2642,2643,1,1,2443,714343,'a853f4156178c3e56ac64e345c6705ad',0,0,NULL,0,0,'2015-12-03 21:48:47','2015-12-07 19:00:12',NULL),(6469,1,1,0,'',4,2637,2637,1,1,2438,715111,'295d74a92e37218f241b6c7b52bd27a5',0,0,NULL,0,0,'2015-12-05 10:19:02','2015-12-05 10:25:32',NULL),(6470,1,1,0,'',2,2638,2638,1,1,2439,714258,'e80868a347977be4d5901e11978f683b',0,0,NULL,0,0,'2015-12-05 12:27:57','2015-12-05 12:36:19',NULL),(6471,1,1,35,'a:1:{i:2430;s:3:\"35,\";}',4,2430,2430,1,1,2258,715902,'a3cf1d330073bfd0c8c53f3761ea3755',0,0,NULL,0,0,'2015-12-05 13:26:42','2015-12-05 13:40:53',NULL),(6481,1,1,35,'a:1:{i:2640;s:3:\"35,\";}',1,2640,2640,1,1,2441,712473,'fad5af9c4645f217b5239874d1744ca3',0,0,NULL,0,0,'2015-12-06 19:46:37','2015-12-06 19:53:19',NULL),(6482,1,1,35,'a:1:{i:2641;s:3:\"35,\";}',4,2641,2641,1,1,2442,716942,'c621a5cdf3a3e8dcb3d944d27ddae714',0,0,NULL,0,0,'2015-12-06 20:56:35','2015-12-06 20:59:47',NULL),(6485,1,1,35,'a:1:{i:2640;s:3:\"35,\";}',1,2640,2640,1,1,2441,712473,'fad5af9c4645f217b5239874d1744ca3',0,0,NULL,0,0,'2015-12-06 22:40:50','2015-12-06 22:41:30',NULL),(6514,1,1,0,'',4,1530,1530,1,1,1462,720268,'5a6fd0def35c6199b51cdf0dbe20c09f',0,0,NULL,0,0,'2015-12-10 08:17:54','2015-12-11 15:09:12',NULL),(6515,1,1,35,'a:1:{i:1907;s:3:\"35,\";}',4,1907,1907,1,1,1793,720275,'64e452b5fd6abd90be1d2fbc5f9a51bd',0,0,NULL,0,0,'2015-12-10 08:27:53','2015-12-11 11:30:02',NULL),(6521,1,1,0,'',2,2653,2653,1,1,2452,716748,'230c0ca485bf96ca1d5bc81069f5de4b',0,0,NULL,0,0,'2015-12-11 18:50:48','2015-12-11 19:03:36',NULL),(6522,1,1,0,'',1,2654,2654,1,1,2453,716113,'6f59a92b5dbc9fa679570be6a234cb0a',0,0,NULL,0,0,'2015-12-12 01:00:13','2015-12-12 01:04:38',NULL),(6523,1,1,35,'a:1:{i:2654;s:3:\"35,\";}',1,2654,2654,1,1,2453,716113,'6f59a92b5dbc9fa679570be6a234cb0a',0,0,NULL,0,0,'2015-12-12 01:10:58','2015-12-12 01:12:48',NULL),(6528,1,1,0,'',4,940,940,1,1,940,722934,'be367614cbf831762afa04684aed6fd4',0,0,NULL,0,0,'2015-12-12 23:52:09','2015-12-13 00:01:24',NULL),(6539,1,1,0,'',4,2182,2182,1,1,2038,723708,'950c7bf77ba1789bed3033ed649cadb8',0,0,NULL,0,0,'2015-12-14 14:27:56','2015-12-14 16:00:21',NULL),(6541,1,1,35,'a:1:{i:2655;s:3:\"35,\";}',4,2655,2655,1,1,2454,724428,'b1d24221aa460966fcf1746eea38f9e6',0,0,NULL,0,0,'2015-12-14 17:32:46','2015-12-14 20:37:07',NULL),(6543,1,1,0,'',4,2656,2656,1,1,2455,723311,'44242e2dba05b74f94d17189be7cb528',0,0,NULL,0,0,'2015-12-14 20:34:07','2015-12-14 20:41:20',NULL),(6544,1,1,35,'a:1:{i:2657;s:3:\"35,\";}',4,2657,2657,1,1,2456,724548,'2ac966736f7cdb03a8b1c8a229bb8c17',0,0,NULL,0,0,'2015-12-14 20:47:29','2015-12-14 20:59:03',NULL),(6550,1,1,0,'',1,2658,2658,1,1,2457,725422,'29170dd6dfc3e117108930e78b6e21d6',0,0,NULL,0,0,'2015-12-15 19:22:53','2015-12-15 19:26:49',NULL),(6553,1,1,35,'a:1:{i:2629;s:3:\"35,\";}',4,2629,2629,1,1,2430,725502,'60d1bdd8bebbdb39cd65d2f667bae264',0,0,NULL,0,0,'2015-12-15 21:53:10','2015-12-15 21:57:09',NULL),(6561,1,1,0,'',4,2661,2661,1,1,2460,727093,'a19bfa26712f6cadf768f53b1ec23af1',0,0,NULL,0,0,'2015-12-17 17:29:39','2015-12-17 17:33:51',NULL),(6572,1,1,35,'a:1:{i:2663;s:3:\"35,\";}',1,2663,2663,1,1,2462,713888,'f1eba63e87c3b171526d46f8b184949b',0,0,NULL,0,0,'2015-12-21 11:52:40','2015-12-21 11:57:51',NULL),(6576,1,1,0,'',4,2664,2664,1,1,2463,731720,'355a9fea01ff85ce2c34f65030301ef9',0,0,NULL,0,0,'2015-12-21 22:56:00','2015-12-22 00:34:46',NULL),(6581,1,1,0,'',2,2601,2601,1,1,2403,722882,'890257f9c0097e15b2670de6f95eb70f',0,0,NULL,0,0,'2015-12-22 15:15:39','2015-12-22 15:25:32',NULL),(6599,1,1,35,'a:1:{i:2669;s:3:\"35,\";}',4,2669,2669,1,1,2468,735526,'a478c52a5bd00d5a8a684b5f3d39bef5',0,0,NULL,0,0,'2015-12-26 13:24:38','2015-12-26 16:26:50',NULL),(6605,1,1,0,'',1,2670,2670,1,1,2469,737014,'720425f0aa6e49b8fa5540be1485c927',0,0,NULL,0,0,'2015-12-27 20:33:37','2015-12-27 20:38:58',NULL),(6613,1,1,35,'a:1:{i:2671;s:3:\"35,\";}',4,2671,2671,1,1,2470,737874,'f53a98ec7fc79c7e91dbbb42ce15ee5f',0,0,NULL,0,0,'2015-12-29 12:27:04','2015-12-30 16:34:17',NULL),(6618,1,1,0,'',4,2591,2591,1,1,2394,726931,'299a83fe71ccd515eafc67f68c0801d5',0,0,NULL,0,0,'2015-12-30 11:43:56','2015-12-30 11:46:16',NULL),(6631,1,1,35,'a:1:{i:2673;s:3:\"35,\";}',2,2673,2673,1,1,2472,741750,'ecaa4275925485ececd061a3d6dc933a',0,0,NULL,0,0,'2016-01-02 14:07:16','2016-01-02 14:30:41',NULL),(6633,1,1,35,'a:1:{i:2674;s:3:\"35,\";}',2,2674,2674,1,1,2473,741764,'2503aa56882cf6e0d9d381997d7f1ecd',0,0,NULL,0,0,'2016-01-02 14:35:43','2016-01-02 14:43:11',NULL),(6649,1,1,35,'a:1:{i:2676;s:3:\"35,\";}',1,2676,2676,1,1,2475,741737,'3ce6abfbc4795826f375c84b97a4f5f6',0,0,NULL,0,0,'2016-01-04 11:06:16','2016-01-04 11:13:56',NULL),(6656,1,1,35,'a:1:{i:2677;s:3:\"35,\";}',4,2677,2677,1,1,2476,743468,'3f746f3124c408ed37f3b8638f6025e2',0,0,NULL,0,0,'2016-01-04 19:42:51','2016-01-04 19:52:19',NULL),(6667,1,1,35,'a:1:{i:2678;s:3:\"35,\";}',4,2678,2678,1,1,2477,741155,'6788930ef17135d74cc3413065d3b28b',0,0,NULL,0,0,'2016-01-05 21:46:24','2016-01-05 21:55:27',NULL),(6670,1,1,0,'',4,2679,2679,1,1,2478,745133,'7421bfa6c0bb796f5865a00542e6d7e4',0,0,NULL,0,0,'2016-01-06 18:45:07','2016-01-06 18:50:30',NULL),(6678,1,1,0,'',4,2682,2682,1,1,2483,744237,'4168c6fcc7364f8bdd24f8a8f7b7aea4',0,0,NULL,0,0,'2016-01-07 16:51:52','2016-01-07 17:01:16',NULL),(6679,1,1,35,'a:1:{i:2683;s:3:\"35,\";}',2,2683,2683,1,1,2484,746104,'309177ffcf730d04a7692143fe45c018',0,0,NULL,0,0,'2016-01-07 21:13:46','2016-01-07 21:26:46',NULL),(6686,1,1,35,'a:1:{i:2159;s:3:\"35,\";}',4,2159,2159,1,1,2019,747204,'5805f81b7b0b3cc3aacfc2a9d359dd67',0,0,NULL,0,0,'2016-01-08 15:49:27','2016-01-08 15:57:33',NULL),(6688,1,1,35,'a:1:{i:2659;s:3:\"35,\";}',4,2659,2659,1,1,2458,745983,'4c889e71ec68557d95d2c8c2f802670b',0,0,NULL,0,0,'2016-01-08 19:18:41','2016-01-08 19:21:39',NULL),(6696,1,1,0,'',4,2684,2684,1,1,2485,749362,'d303dbd67de541ea59cd89b4d07f3a3b',0,0,NULL,0,0,'2016-01-09 14:17:40','2016-01-09 19:16:34',NULL),(6699,1,1,0,'',4,2685,2685,1,1,2486,749777,'f4ec6cd65cf25cac929ebca48eeea24b',0,0,NULL,0,0,'2016-01-09 19:05:03','2016-01-09 19:18:34',NULL),(6702,1,1,35,'a:1:{i:2681;s:3:\"35,\";}',4,2681,2681,1,1,2481,751300,'7e02503f57f937e14a86d624e2f308e7',0,0,NULL,0,0,'2016-01-10 11:44:01','2016-01-10 11:49:34',NULL),(6703,1,1,0,'',2,2686,2686,1,1,2487,751302,'af5a0b30cbaa85dc22b920c18d88144e',0,0,NULL,0,0,'2016-01-10 11:59:12','2016-01-10 12:07:38',NULL),(6707,1,1,0,'',1,2688,2688,1,1,2489,751558,'ec8ed42da34240f96a0a7c19689a1f0d',0,0,NULL,0,0,'2016-01-10 18:39:14','2016-01-10 19:38:30',NULL),(6709,1,1,0,'',2,2689,2689,1,1,2490,751600,'9017ef534dde89ccd16c0f803a206282',0,0,NULL,0,0,'2016-01-10 20:17:24','2016-01-10 20:23:53',NULL),(6710,1,1,35,'a:1:{i:2689;s:3:\"35,\";}',2,2689,2689,1,1,2490,751600,'9017ef534dde89ccd16c0f803a206282',0,0,NULL,0,0,'2016-01-10 20:25:57','2016-01-10 20:27:32',NULL),(6715,1,1,35,'a:1:{i:2690;s:3:\"35,\";}',4,2690,2690,1,1,2491,752061,'a6a770b4551e7e06eaf6ca2fef23a567',0,0,NULL,0,0,'2016-01-11 15:30:21','2016-01-11 15:38:16',NULL),(6742,1,1,35,'a:1:{i:2692;s:3:\"35,\";}',2,2692,2692,1,1,2493,753899,'442bb387909622cee2d0d0f7815d9a69',0,0,NULL,0,0,'2016-01-13 13:53:42','2016-01-13 15:34:46',NULL),(6757,1,1,35,'a:1:{i:2551;s:3:\"35,\";}',4,2551,2551,1,1,2362,755222,'2961221e29dcc3505cda95226e1e084a',0,0,NULL,0,0,'2016-01-14 23:21:13','2016-01-18 19:12:29',NULL),(6764,1,1,35,'a:1:{i:2694;s:3:\"35,\";}',4,2694,2694,1,1,2495,755024,'6d5e2702c3d6236bb4e3394cd00376fe',0,0,NULL,0,0,'2016-01-15 16:49:40','2016-01-15 16:59:27',NULL),(6767,1,1,35,'a:1:{i:2696;s:3:\"35,\";}',4,2696,2696,1,1,2497,756137,'93d81128f4147a9d72144c0cd994dad4',0,0,NULL,0,0,'2016-01-15 20:29:36','2016-01-15 20:36:29',NULL),(6776,1,1,35,'a:1:{i:690;s:3:\"35,\";}',4,690,690,1,1,690,749936,'18ea22f1128711e44900f49630b0be3a',0,0,NULL,0,0,'2016-01-17 17:00:56','2016-01-17 17:09:38',NULL),(6778,1,1,35,'a:1:{i:2698;s:3:\"35,\";}',4,2698,2698,1,1,2499,745111,'f38216cb04fd4213565305188862cb4d',0,0,NULL,0,0,'2016-01-17 19:46:57','2016-01-17 19:56:13',NULL),(6791,1,1,35,'a:1:{i:1995;s:3:\"35,\";}',2,1995,1995,1,1,1873,759273,'189f6f37ede0aae09ac447431500279e',0,0,NULL,0,0,'2016-01-19 10:25:15','2016-01-20 09:47:30',NULL),(6801,1,1,30,'a:1:{i:326;s:3:\"30,\";}',4,2330,2330,1,1,326,696133,'ee854bcf503fd55751ff4a6e872e4a7c',0,0,NULL,0,0,'2016-01-20 15:02:30','2016-01-20 16:24:35',NULL),(6805,1,1,0,'',4,2704,2704,1,1,2504,762099,'df6b8d21146b42b548c9489d44fad668',0,0,NULL,0,0,'2016-01-21 17:27:37','2016-01-21 17:41:26',NULL),(6815,1,1,35,'a:1:{i:2656;s:3:\"35,\";}',4,2656,2656,1,1,2455,766386,'44242e2dba05b74f94d17189be7cb528',0,0,NULL,0,0,'2016-01-24 13:50:54','2016-01-24 13:59:15',NULL),(6816,1,1,35,'a:1:{i:2215;s:3:\"35,\";}',4,2215,2215,1,1,2067,766578,'bc71f91fd1ba5a472a586ed5b6639151',0,0,NULL,0,0,'2016-01-24 18:24:59','2016-01-24 20:27:31',NULL),(6817,1,1,0,'',1,2728,2728,1,1,2522,758627,'cb9cdbf6f2cfe6927904f8afc55b2e41',0,0,NULL,0,0,'2016-01-24 21:09:16','2016-01-31 14:57:12',NULL),(6824,1,1,0,'',4,2707,2707,1,1,2507,767579,'081bac2ec4cb16c2de211bc1dfa6eb57',0,0,NULL,0,0,'2016-01-25 20:09:37','2016-01-25 20:16:26',NULL),(6825,1,1,35,'a:1:{i:2708;s:3:\"35,\";}',4,2708,2708,1,1,2508,759349,'3d3431d43e228c59e7d2339a477953da',0,0,NULL,0,0,'2016-01-26 08:07:06','2016-01-26 08:49:09',NULL),(6836,1,1,35,'a:1:{i:2713;s:3:\"35,\";}',4,2713,2714,1,1,2511,769127,'ddcbe7b581673687935a0b1fd024e17d',0,0,NULL,0,0,'2016-01-27 12:11:07','2016-01-27 12:21:38',NULL),(6838,1,1,0,'',4,2715,2715,1,1,2512,768203,'e4c86191b771c3cb42bef99f3c5ed531',0,0,NULL,0,0,'2016-01-27 17:13:29','2016-01-27 18:43:15',NULL),(6840,1,1,35,'a:1:{i:2716;s:3:\"35,\";}',4,2716,2717,1,1,2510,769335,'9c8eb9a6bdcc2dca2bd23e86fdf903f5',0,0,NULL,0,0,'2016-01-27 20:02:09','2016-01-27 20:07:33',NULL),(6843,1,1,35,'a:1:{i:2721;s:3:\"35,\";}',4,2721,2721,1,1,2516,769928,'ec528b28dba755fc7c63bb8fb93d7f5c',0,0,NULL,0,0,'2016-01-28 11:50:43','2016-01-28 12:05:03',NULL),(6844,1,1,0,'',4,2720,2720,1,1,2515,769930,'aba42d99e10566c536df08000312eae7',0,0,NULL,0,0,'2016-01-28 11:52:24','2016-01-28 11:54:43',NULL),(6847,1,1,0,'',4,2722,2722,1,1,2517,770389,'3a7d9569d77dd0aa6fb3c197ff5e8668',0,0,NULL,0,0,'2016-01-28 22:24:20','2016-01-28 22:30:15',NULL),(6848,1,1,0,'',1,2723,2723,1,1,2518,770824,'5d692745725b7c29878db7db382351de',0,0,NULL,0,0,'2016-01-29 07:20:19','2016-01-29 07:30:31',NULL),(6851,1,1,35,'a:1:{i:1923;s:3:\"35,\";}',2,1923,1923,1,1,1809,771003,'f49417ff05704f9391d295cc6cadbfd1',0,0,NULL,0,0,'2016-01-29 12:59:09','2016-01-29 21:29:49',NULL),(6854,1,1,35,'a:1:{i:2726;s:3:\"35,\";}',4,2726,2726,1,1,2520,766615,'3847e65fa77689757d05a18c9355c8f4',0,0,NULL,0,0,'2016-01-29 20:58:24','2016-01-29 22:42:48',NULL),(6858,1,1,35,'a:1:{i:2718;s:3:\"35,\";}',1,2718,2718,1,1,2513,771754,'63cc7147ecb114eeedf9bba53b3eaf5c',0,0,NULL,0,0,'2016-01-30 08:32:11','2016-01-30 08:34:31',NULL),(6860,1,1,35,'a:1:{i:2727;s:3:\"35,\";}',1,2727,2727,1,1,2521,769389,'8d24724f3fa785194ae1cdffac71a8a4',0,0,NULL,0,0,'2016-01-30 11:21:00','2016-01-30 11:22:06',NULL),(6866,1,1,35,'a:1:{i:2338;s:3:\"35,\";}',2,2338,2338,1,1,2177,773975,'4a46cb0111e91f718eed89d185ebaf5d',0,0,NULL,0,0,'2016-01-31 14:32:14','2016-01-31 14:38:38',NULL),(6867,1,1,0,'',4,2729,2729,1,1,2523,766409,'36e0d92725bd5016961e0f2ae61d9fd4',0,0,NULL,0,0,'2016-01-31 15:25:42','2016-01-31 15:36:33',NULL),(6872,1,1,35,'a:1:{i:2730;s:3:\"35,\";}',4,2730,2730,1,1,1325,775139,'ec846647416f7f05fd4e152cd0917710',0,0,NULL,0,0,'2016-02-01 11:07:18','2016-02-01 11:10:04',NULL),(6875,1,1,35,'a:1:{i:2731;s:3:\"35,\";}',4,2731,2731,1,1,2524,775271,'46709530003193b30db89f0dbdd72116',0,0,NULL,0,0,'2016-02-01 15:34:54','2016-02-01 15:49:15',NULL),(6878,1,1,0,'',4,2732,2732,1,1,2525,775364,'589795fe3de5d5018e98e748156e8524',0,0,NULL,0,0,'2016-02-01 19:02:42','2016-02-01 19:08:28',NULL),(6880,1,1,0,'',4,2790,2790,1,1,2578,772320,'4d87a1e10a5b70820c938c095e10cf5f',0,0,NULL,0,0,'2016-02-01 21:34:55','2016-02-24 07:35:19',NULL),(6881,1,1,0,'',4,2733,2733,1,1,2526,775450,'aa628c4ad735ee0ac790f85a01915c9a',0,0,NULL,0,0,'2016-02-01 21:53:16','2016-02-01 21:57:15',NULL),(6884,1,1,35,'a:1:{i:2730;s:3:\"35,\";}',4,2730,2730,1,1,1325,776086,'ec846647416f7f05fd4e152cd0917710',0,0,NULL,0,0,'2016-02-02 12:25:46','2016-02-02 12:26:58',NULL),(6895,1,1,0,'',4,2736,2736,1,1,2529,776901,'3f51f4a3f1106e628a24c55af75e2354',0,0,NULL,0,0,'2016-02-03 09:34:24','2016-02-03 09:45:36',NULL),(6897,1,1,0,'',4,2737,2737,1,1,2530,776937,'72ead19e5ed31e9b806548cf24e8486d',0,0,NULL,0,0,'2016-02-03 10:12:31','2016-02-03 10:19:07',NULL),(6902,1,1,0,'',4,2738,2738,1,1,2531,778547,'4995d7684f2423358aed6792cc5abe27',0,0,NULL,0,0,'2016-02-04 11:26:52','2016-02-04 11:30:45',NULL),(6914,1,1,0,'',4,2740,2740,1,1,2533,776440,'fd23ede199116912587821bfffc9610d',0,0,NULL,0,0,'2016-02-05 10:17:16','2016-02-05 10:26:41',NULL),(6915,1,1,0,'',4,2279,2279,1,1,2124,781064,'e7684c95414901095cd8a2a9026f488f',0,0,NULL,0,0,'2016-02-05 12:16:59','2016-02-05 12:18:18',NULL),(6916,1,1,35,'a:1:{i:2741;s:3:\"35,\";}',4,2741,2741,1,1,2534,773605,'f4f11435ebf2a7216f422f5019419f0b',0,0,NULL,0,0,'2016-02-05 18:08:27','2016-02-05 18:26:31',NULL),(6923,1,1,35,'a:1:{i:2743;s:3:\"35,\";}',4,2743,2743,1,1,2536,784901,'e94cb3bce2da176be6d3532323d13ad7',0,0,NULL,0,0,'2016-02-07 13:35:53','2016-02-07 18:44:17',NULL),(6929,1,1,0,'',4,2745,2745,1,1,2538,787046,'f030310a2f34d2eaeda7f6d08300971e',0,0,NULL,0,0,'2016-02-09 11:48:11','2016-02-09 11:57:07',NULL),(6933,1,1,0,'',1,2746,2746,1,1,2539,777469,'fb9e75581b2279acca9800ca424bd357',0,0,NULL,0,0,'2016-02-09 17:39:07','2016-02-09 17:55:57',NULL),(6940,1,1,0,'',1,2244,2244,1,1,1441,788981,'1684cf3a28e6927f856c177ca4bb6414',0,0,NULL,0,0,'2016-02-10 18:18:30','2016-02-10 18:45:20',NULL),(6941,1,1,0,'',4,2747,2747,1,1,2540,789151,'84177bf7ad378202196c535af457121b',0,0,NULL,0,0,'2016-02-10 21:26:55','2016-02-10 21:39:24',NULL),(6942,1,1,0,'',4,0,0,1,0,0,789165,'',0,0,NULL,0,0,'2016-02-10 21:31:31','2016-02-10 21:44:37',NULL),(6946,1,1,0,'',4,2750,2750,1,1,2542,790471,'4f30444bc7aed3ca791bdd04685faf31',0,0,NULL,0,0,'2016-02-11 14:24:15','2016-02-11 14:33:17',NULL),(6950,1,1,0,'',4,2598,2598,1,1,2400,766417,'77428ee96a321865345fc14522eba563',0,0,NULL,0,0,'2016-02-11 21:38:07','2016-02-11 21:41:00',NULL),(6959,1,1,0,'',4,2752,2752,1,1,2544,788667,'d5b0099936f7a4abc0e4c044d38fd29d',0,0,NULL,0,0,'2016-02-12 11:17:14','2016-02-12 11:30:28',NULL),(6963,1,1,35,'a:1:{i:2750;s:3:\"35,\";}',4,2750,2750,1,1,2542,792152,'4f30444bc7aed3ca791bdd04685faf31',0,0,NULL,0,0,'2016-02-12 14:37:02','2016-02-12 14:38:43',NULL),(6969,1,1,35,'a:1:{i:1766;s:3:\"35,\";}',4,1766,1766,1,1,1665,793316,'b92ef80a8f9db73433063442b7a17cf6',0,0,NULL,0,0,'2016-02-13 17:39:04','2016-02-14 12:43:36',NULL),(6975,1,1,35,'a:1:{i:2755;s:3:\"35,\";}',4,2755,2756,1,1,2546,794201,'1aec56dfff619754ee1de49c2e93a49f',0,0,NULL,0,0,'2016-02-14 17:57:26','2016-02-14 18:11:46',NULL),(6976,1,1,0,'',4,2758,2758,1,1,2548,794269,'54e1672fd40fd147dbf19f6eab189b3f',0,0,NULL,0,0,'2016-02-14 19:54:51','2016-02-14 19:59:00',NULL),(6979,1,1,35,'a:1:{i:1666;s:3:\"35,\";}',1,1666,1666,1,1,1581,794779,'66aa302d9e85303db7127fda346cb935',0,0,NULL,0,0,'2016-02-15 08:50:48','2016-02-15 09:34:40',NULL),(6980,1,1,0,'',2,2759,2759,1,1,2549,795534,'de64fa3b71bf0679490f7f576f531ac1',0,0,NULL,0,0,'2016-02-15 13:14:16','2016-02-15 13:18:07',NULL),(6986,1,1,35,'a:1:{i:2761;s:3:\"35,\";}',4,2761,2761,1,1,2552,796392,'06b45796c0ac3063c60b9716ad938f18',0,0,NULL,0,0,'2016-02-15 21:21:27','2016-02-15 21:30:52',NULL),(6988,1,1,0,'',4,1002,1002,1,1,1003,796828,'9592bbea9c93e0e76b6e3bddc769bf9e',0,0,NULL,0,0,'2016-02-16 08:01:11','2016-02-16 08:01:54',NULL),(6994,1,1,0,'',4,2763,2763,1,1,2554,797129,'3f233d8ca3be868b2cc17fa3bf7392ac',0,0,NULL,0,0,'2016-02-16 13:29:09','2016-02-16 13:33:50',NULL),(6997,1,1,35,'a:1:{i:2765;s:3:\"35,\";}',4,2765,2765,1,1,2556,776337,'a63d73ec4e9109dae2b334118174d527',0,0,NULL,0,0,'2016-02-16 16:03:35','2016-02-16 17:15:36',NULL),(6998,1,1,35,'a:1:{i:2764;s:3:\"35,\";}',2,2764,2764,1,1,2555,797227,'904e963119aeaeba86799e3575cc0a5b',0,0,NULL,0,0,'2016-02-16 17:02:55','2016-02-16 17:04:33',NULL),(7000,1,1,0,'',4,2766,2766,1,1,2557,797270,'025f89a5d1459dd1c05d88c3516d6d4f',0,0,NULL,0,0,'2016-02-16 17:47:05','2016-02-16 17:53:50',NULL),(7006,1,1,0,'',4,1535,1535,1,1,1466,797901,'2cd9863c450be4fb40bb80ed3e8e1caa',0,0,NULL,0,0,'2016-02-17 12:36:05','2016-02-17 12:39:16',NULL),(7007,1,1,35,'a:1:{i:2767;s:3:\"35,\";}',4,2767,2767,1,1,2558,797922,'ea483633d929dfa572c80f8a37f6c176',0,0,NULL,0,0,'2016-02-17 13:06:55','2016-02-17 13:44:04',NULL),(7008,1,1,35,'a:1:{i:1907;s:3:\"35,\";}',4,1907,1907,1,1,1793,795661,'64e452b5fd6abd90be1d2fbc5f9a51bd',0,0,NULL,0,0,'2016-02-17 13:10:14','2016-02-17 13:15:39',NULL),(7014,1,1,0,'',4,1040,1040,1,1,1034,798208,'c3ec0ffc9ecccffffb3a76310c4ae79b',0,0,NULL,0,0,'2016-02-17 21:24:21','2016-02-18 11:16:46',NULL),(7022,1,1,0,'',4,2769,2770,1,1,2560,802567,'66c7b0c6b164ea68e1ac8e42c1aa73b3',0,0,NULL,0,0,'2016-02-19 08:35:51','2016-02-19 08:38:01',NULL),(7024,1,1,0,'',4,2679,2679,1,1,2478,802616,'7421bfa6c0bb796f5865a00542e6d7e4',0,0,NULL,0,0,'2016-02-19 10:24:22','2016-02-19 10:26:29',NULL),(7031,1,1,35,'a:1:{i:2773;s:3:\"35,\";}',1,2773,2773,1,1,2562,802801,'0c4752910c2b1dc170ecf2ce874b1084',0,0,NULL,0,0,'2016-02-19 17:25:54','2016-02-19 18:12:19',NULL),(7032,1,1,35,'a:1:{i:2774;s:3:\"35,\";}',4,2774,2774,1,1,2563,802819,'e36f62585534a7cf8f2603f91db0adf3',0,0,NULL,0,0,'2016-02-19 18:05:28','2016-02-19 18:11:37',NULL),(7035,1,1,35,'a:1:{i:2778;s:3:\"35,\";}',4,2778,2778,1,1,2567,796370,'5d6755ec5b8ce46b957eb71e0884532a',0,0,NULL,0,0,'2016-02-19 21:27:58','2016-02-21 09:23:54',NULL),(7037,1,1,0,'',4,2776,2776,1,1,2565,803312,'effaddef6400aff183135236e6ab3208',0,0,NULL,0,0,'2016-02-20 11:12:45','2016-02-20 11:14:49',NULL),(7038,1,1,0,'',4,2777,2777,1,1,2566,803330,'52482100211fb9ce16ddc9821832a06d',0,0,NULL,0,0,'2016-02-20 11:43:55','2016-02-20 12:13:36',NULL),(7039,1,1,0,'',4,0,0,1,0,0,803584,'',0,0,NULL,0,0,'2016-02-20 17:11:19','2016-02-20 17:11:19',NULL),(7048,1,1,35,'a:1:{i:2779;s:3:\"35,\";}',4,2779,2780,1,1,2568,802951,'88cd17eb2ae43a427361b318124d9097',0,0,NULL,0,0,'2016-02-21 11:34:47','2016-02-21 11:58:51',NULL),(7053,1,1,0,'',4,2782,2782,1,1,2570,804398,'130f63b8b4cd37b34cff0e4a4d5d8cf6',0,0,NULL,0,0,'2016-02-21 13:44:08','2016-02-21 13:49:31',NULL),(7054,1,1,0,'',4,2789,2789,1,1,2577,804445,'1d7e250111a6bf4f7fb0ca5e8e01cd9b',0,0,NULL,0,0,'2016-02-21 15:16:14','2016-02-23 18:53:14',NULL),(7057,1,1,35,'a:1:{i:2783;s:3:\"35,\";}',4,2783,2783,1,1,2571,804552,'d55d6307aae86ab62badc5b6278aa874',0,0,NULL,0,0,'2016-02-21 20:08:23','2016-02-21 20:23:29',NULL),(7063,1,1,35,'a:1:{i:2786;s:3:\"35,\";}',1,2786,2786,1,1,2574,805458,'cbd719edecc20fd1f6ccda0d3539eba1',0,0,NULL,0,0,'2016-02-22 16:26:11','2016-02-22 17:48:46',NULL),(7066,1,1,35,'a:1:{i:2787;s:3:\"35,\";}',2,2787,2787,1,1,2575,805556,'8e3b5aee29e117d036fbda2ae8899014',0,0,NULL,0,0,'2016-02-22 19:12:19','2016-02-22 19:16:17',NULL),(7068,1,1,35,'a:1:{i:2751;s:3:\"35,\";}',4,2751,2751,1,1,2543,791069,'af38483a2b9212c27fa91eafdaefe363',0,0,NULL,0,0,'2016-02-22 20:08:03','2016-02-22 20:21:54',NULL),(7070,1,1,0,'',4,796,796,1,1,796,802933,'f57ca60dee878458d6031dab0ff11aa7',0,0,NULL,0,0,'2016-02-22 21:08:38','2016-02-22 21:20:21',NULL),(7084,1,1,35,'a:1:{i:1708;s:3:\"35,\";}',4,1708,1708,1,1,1619,806539,'6abf97134c4656e7eac6b4ae6f633739',0,0,NULL,0,0,'2016-02-23 19:30:02','2016-02-23 19:34:11',NULL),(7099,1,1,0,'',4,2792,2792,1,0,2580,25,'c744fe8e9d16a45a7569ec911e51b227',0,0,'',0,0,'2016-02-29 08:42:02','2016-02-29 12:05:36',NULL),(7101,1,1,0,'',4,2794,2794,1,0,2582,70,'d56e597f8c830d72863fe8f5446a4523',0,0,'',0,0,'2016-02-29 14:50:43','2016-02-29 14:56:28',NULL),(7104,1,1,0,'',4,2799,2799,1,0,2587,73,'b8601b154ebca3940bef980c52d4ec5d',0,0,'',0,0,'2016-02-29 15:43:46','2016-03-01 08:35:06',NULL),(7117,1,1,0,'',4,2803,2803,1,0,2591,99,'4dc0d3a5e184060f77df161f673cac00',0,0,'',0,0,'2016-03-01 15:34:28','2016-03-01 15:35:28',NULL),(7118,1,1,0,'',4,2804,2804,1,0,2592,100,'af9514bf23d0c6c1c882db2f943827d8',0,0,'',0,0,'2016-03-01 15:37:22','2016-03-01 15:37:55',NULL),(7120,1,1,0,'',4,2808,2808,1,0,2596,102,'159b493ee503f9e19437580f4f3feb77',0,0,'',0,0,'2016-03-02 08:21:42','2016-03-02 08:23:35',NULL),(7122,1,1,0,'',1,2809,2809,1,0,2597,332,'ca5365d30b602ddbfa815f3496d22342',0,0,'',0,0,'2016-03-02 12:26:10','2016-03-02 12:26:57',NULL),(7124,1,1,0,'',4,2811,2811,1,0,2599,2336,'6be8fd30143d3a7b133a6117f860757f',0,0,'',0,0,'2016-03-07 09:35:38','2016-03-07 11:03:18',NULL),(7127,1,1,0,'',4,2799,2799,1,0,2587,2771,'b8601b154ebca3940bef980c52d4ec5d',0,0,'',0,0,'2016-03-09 13:52:36','2016-03-09 13:53:41',NULL),(7132,1,1,0,'',4,2799,2799,1,0,2587,73,'b8601b154ebca3940bef980c52d4ec5d',0,0,'',0,0,'2016-03-09 15:42:18','2016-03-09 15:42:37',NULL),(7143,1,1,0,'',4,2750,2750,1,0,2542,4379,'4f30444bc7aed3ca791bdd04685faf31',0,0,'',0,0,'2016-03-14 12:56:02','2016-03-14 12:56:02',NULL),(7148,1,1,0,'',4,2822,2822,1,0,2607,4547,'9f25359d0e4ed7f24e3659d956a3613e',0,0,'',0,0,'2016-03-14 17:53:26','2016-03-14 17:53:26',NULL),(7149,1,1,0,'',1,2838,2838,1,0,2619,4571,'9eb05e4760ca3b11234a1ae53ed85041',0,0,'',0,0,'2016-03-14 18:46:14','2016-03-16 09:26:27',NULL),(7150,1,1,0,'',4,2170,2170,1,0,2028,4583,'37b37661fc5af22865f65fe081b6be42',0,0,'',0,0,'2016-03-14 19:15:46','2016-03-14 23:30:31',NULL),(7151,1,1,0,'',4,0,0,1,0,0,4596,'',0,0,'',0,0,'2016-03-14 19:53:32','2016-03-14 19:53:32',NULL),(7153,1,1,45,'a:1:{i:2836;s:3:\"45,\";}',4,2836,2836,1,0,2617,4615,'f4656dfa8ccb9311b71b3d6f750eca2d',0,0,'',0,0,'2016-03-14 20:32:45','2016-03-15 19:32:19',NULL),(7154,1,1,0,'',4,2830,2830,1,0,1888,4625,'9e1031f1ca4cb61f6b58bdaaabcec2e9',0,0,'',0,0,'2016-03-14 20:56:18','2016-03-14 21:18:30',NULL),(7160,1,1,0,'',2,0,0,1,0,0,5320,'',0,0,'',0,0,'2016-03-15 09:08:39','2016-03-15 09:08:39',NULL),(7162,1,1,0,'',1,0,0,1,0,0,5357,'',0,0,'',0,0,'2016-03-15 10:20:48','2016-03-15 10:20:48',NULL),(7165,1,1,0,'',4,2244,2244,1,0,1441,5466,'1684cf3a28e6927f856c177ca4bb6414',0,0,'',0,0,'2016-03-15 11:48:38','2016-03-15 11:55:02',NULL),(7166,1,1,40,'a:1:{i:2834;s:3:\"40,\";}',4,2834,2834,1,0,2615,5485,'ec412f0fcb8cbcf7625eec6fc12964c1',0,0,'',0,0,'2016-03-15 12:11:00','2016-03-15 14:45:24',NULL),(7168,1,1,40,'a:1:{i:2833;s:3:\"40,\";}',4,2833,2833,1,0,2614,5632,'f4b31da7808d9efa28d4d30dd12a2a5c',0,0,'',0,0,'2016-03-15 14:10:03','2016-03-15 14:14:06',NULL),(7172,1,1,0,'',4,0,0,1,0,0,5809,'',0,0,'',0,0,'2016-03-15 16:39:21','2016-03-15 16:39:21',NULL),(7177,1,1,0,'',4,1666,1666,1,0,1581,6301,'66aa302d9e85303db7127fda346cb935',0,0,'',0,0,'2016-03-15 22:33:35','2016-03-15 22:33:35',NULL),(7178,1,1,0,'',4,1666,1666,1,0,1581,6301,'66aa302d9e85303db7127fda346cb935',0,0,'',0,0,'2016-03-15 22:50:19','2016-03-15 22:50:19',NULL),(7185,1,1,45,'a:1:{i:2837;s:3:\"45,\";}',4,2837,2837,1,0,2618,6741,'755413860a6a060e1889fb4a22ba2072',0,0,'',0,0,'2016-03-16 09:01:32','2016-03-16 09:03:43',NULL),(7187,1,1,0,'',4,0,0,1,0,0,6743,'',0,0,'',0,0,'2016-03-16 09:50:54','2016-03-16 09:50:54',NULL),(7190,1,1,0,'',4,0,0,1,0,0,6794,'',0,0,'',0,0,'2016-03-16 10:02:36','2016-03-16 10:02:36',NULL),(7195,1,1,0,'',1,0,0,1,0,0,6890,'',0,0,'',0,0,'2016-03-16 11:18:47','2016-03-16 11:18:47',NULL),(7197,1,1,0,'',2,0,0,1,0,0,6901,'',0,0,'',0,0,'2016-03-16 11:28:05','2016-03-16 11:28:05',NULL),(7202,1,1,0,'',1,1170,1170,1,0,1147,7058,'0c34830a43418ebc0a608b42826306ed',0,0,'',0,0,'2016-03-16 15:00:49','2016-03-16 15:19:12',NULL),(7204,1,1,0,'',4,0,0,1,0,0,7088,'',0,0,'',0,0,'2016-03-16 15:48:02','2016-03-16 15:48:02',NULL),(7207,1,1,0,'',4,0,0,1,0,0,7120,'',0,0,'',0,0,'2016-03-16 16:38:04','2016-03-16 16:38:04',NULL),(7211,1,1,0,'',1,0,0,1,0,0,7294,'',0,0,'',0,0,'2016-03-16 21:32:09','2016-03-16 21:32:09',NULL),(7219,1,1,45,'a:1:{i:2407;s:3:\"45,\";}',4,2407,2407,1,0,2244,7933,'8568b220f2dd2f8f1e994252a682f3fa',0,0,'',0,0,'2016-03-17 10:40:57','2016-03-17 10:59:05',NULL),(7229,1,1,0,'',4,0,0,1,0,0,8393,'',0,0,'',0,0,'2016-03-17 16:13:33','2016-03-17 16:13:33',NULL),(7230,1,1,0,'',4,0,0,1,0,0,4487,'',0,0,'',0,0,'2016-03-17 17:32:59','2016-03-17 17:33:00',NULL),(7231,1,1,45,'a:1:{i:2840;s:3:\"45,\";}',4,2840,2840,1,0,2621,4487,'105e862bfd20b74ed6038d717aad1eff',0,0,'',0,0,'2016-03-17 17:34:58','2016-03-17 17:41:44',NULL),(7232,1,1,0,'',4,2841,2841,1,0,2622,8557,'c14c884e6e2d4f3e146b6f4a69cdfe5f',0,0,'',0,0,'2016-03-17 19:07:35','2016-03-17 19:12:54',NULL),(7242,1,1,45,'a:1:{i:2842;s:3:\"45,\";}',4,2842,2842,1,0,2623,9427,'346c16315d6fe633eb2fe7c5b9edcbf8',0,0,'',0,0,'2016-03-18 11:03:36','2016-03-18 11:07:21',NULL),(7253,1,1,45,'a:1:{i:2844;s:3:\"45,\";}',4,2844,2843,1,0,2624,11762,'124247f32c6fac46e0d51304e7a9d2ed',0,0,'',0,1,'2016-03-19 15:28:11','2016-03-19 15:41:49',NULL),(7254,1,1,0,'',1,2845,2845,1,0,2625,11790,'37372b674f2b6de8edf4dd8939a27971',0,0,'',0,0,'2016-03-19 15:35:44','2016-03-19 15:46:51',NULL),(7275,1,1,0,'',4,2851,2850,1,0,2629,16263,'61b002a54d1bbe4814053a2664ef4a74',0,0,'',0,0,'2016-03-21 14:44:38','2016-03-21 14:59:29',NULL),(7281,1,1,0,'',1,2856,2855,1,0,2633,16626,'869d6459e7b75c876786d9e544e32f66',0,0,'',0,0,'2016-03-21 20:14:01','2016-03-21 21:00:14',NULL),(7283,1,1,0,'',1,2858,2858,1,0,1168,17369,'13e26e2501cf7f9d3b18cedca3a798f7',0,0,'',0,0,'2016-03-22 12:58:26','2016-03-22 13:07:45',NULL),(7297,1,1,45,'a:1:{i:2860;s:3:\"45,\";}',4,2860,2860,1,0,2635,19162,'4d0c0394b14cff7778963ba0819e487e',0,0,'',0,0,'2016-03-23 16:32:58','2016-03-23 16:43:22',NULL),(7300,1,1,45,'a:1:{i:2862;s:3:\"45,\";}',4,2862,2862,1,0,2637,20355,'02b3799e5193b468fb802192463fda28',0,0,'',0,0,'2016-03-24 10:32:10','2016-03-24 10:38:54',NULL),(7302,1,1,45,'a:1:{i:2866;s:3:\"45,\";}',4,2866,2866,1,0,2639,17381,'5237bedff54a981df3583cab563387fd',0,0,'',0,0,'2016-03-24 13:19:16','2016-03-24 14:37:11',NULL),(7312,1,1,45,'a:1:{i:2868;s:3:\"45,\";}',4,2868,2868,1,0,2641,22645,'63166025f76126cd84417d39a13f5673',0,0,'',0,0,'2016-03-25 15:57:58','2016-03-25 16:03:04',NULL),(7313,1,1,45,'a:1:{i:328;s:3:\"45,\";}',4,328,328,1,0,328,23338,'0f3c6761363f052d459234094e7a607d',0,0,'',0,0,'2016-03-25 19:36:55','2016-03-25 19:46:42',NULL),(7314,1,1,45,'a:1:{i:2869;s:3:\"45,\";}',4,2869,2869,1,0,2642,23449,'fe3a5526d08c75d9c2c04d223aa4e95b',0,0,'',0,0,'2016-03-25 21:45:02','2016-03-25 22:11:58',NULL),(7320,1,1,45,'a:1:{i:2870;s:3:\"45,\";}',4,2870,2870,1,0,2643,25691,'16197b5fecee5b1e8e0dbbdced8c704f',0,0,'',0,0,'2016-03-27 10:52:08','2016-03-27 11:06:41',NULL),(7329,1,1,39,'a:1:{i:1203;s:3:\"39,\";}',4,1203,1203,1,0,1174,27368,'ba9f3657e2b82399d4b1a0405afbe49a',0,0,'',0,0,'2016-03-28 15:23:43','2016-03-28 15:28:18',NULL),(7330,1,1,0,'',4,1342,1342,1,0,1294,27371,'7db0728c99c736d6ec43d9dbf60edd1e',0,0,'',0,0,'2016-03-28 15:25:32','2016-04-16 10:03:08',NULL),(7332,1,1,45,'a:1:{i:2871;s:3:\"45,\";}',4,2871,2871,1,0,2644,27546,'ae331125754cb33151e1a5ad6f3b8e52',0,0,'',0,0,'2016-03-28 19:11:44','2016-03-28 20:43:31',NULL),(7337,1,1,45,'a:1:{i:2406;s:3:\"45,\";}',4,2406,1638,1,0,1555,27948,'0376e2631c8db20e9b84c9f96356de3b',0,0,'',0,0,'2016-03-29 00:34:45','2016-03-29 00:45:00',NULL),(7347,1,1,45,'a:1:{i:2873;s:3:\"45,\";}',4,2873,2873,1,0,2646,6917,'07e57ff730e03a201d9793751c952d7d',0,0,'',0,0,'2016-03-30 09:29:42','2016-03-30 09:37:34',NULL),(7350,1,1,45,'a:1:{i:2875;s:3:\"45,\";}',4,2875,2875,1,0,2648,30512,'7f3f6b6f4fc6810290e6cebf16a075a5',0,0,'',0,0,'2016-03-30 17:01:38','2016-03-30 17:25:52',NULL),(7353,1,1,0,'',4,2876,2876,1,0,2649,30784,'3ab3f33d1d24921f3f803efa51117260',0,0,'',0,0,'2016-03-30 20:42:56','2016-04-07 17:46:20',NULL),(7355,1,1,45,'a:1:{i:2664;s:3:\"45,\";}',4,2664,2664,1,0,2463,31007,'355a9fea01ff85ce2c34f65030301ef9',0,0,'',0,0,'2016-03-30 22:03:23','2016-03-30 22:53:33',NULL),(7357,1,1,45,'a:1:{i:2880;s:3:\"45,\";}',4,2880,2880,1,0,2653,31367,'85b18099383984d878e1d47c4c5d3f4b',0,0,'',0,0,'2016-03-30 23:43:00','2016-03-31 22:23:28',NULL),(7358,1,1,0,'',4,2877,2877,1,0,2650,32323,'243400b82f7a2ca726e7e4b165177ee8',0,0,'',0,0,'2016-03-31 06:20:56','2016-03-31 06:30:53',NULL),(7367,1,1,45,'a:1:{i:1065;s:3:\"45,\";}',4,1065,1065,1,0,1055,34078,'307e54e7e8bf53c734d68f44d73d1391',0,0,'',0,0,'2016-03-31 18:03:29','2016-03-31 18:15:59',NULL),(7368,1,1,45,'a:1:{i:2883;s:3:\"45,\";}',4,2883,2883,1,0,2656,34081,'1815840bdcc8ef8aa8bac2423e65390e',0,0,'',0,0,'2016-03-31 18:31:46','2016-04-02 17:56:51',NULL),(7369,1,1,0,'',4,2879,2879,1,0,2652,4722,'d28751c0ee6572dbefa034ac479f87bb',0,0,'',0,0,'2016-03-31 18:37:49','2016-03-31 18:51:42',NULL),(7378,1,1,0,'',4,2176,2176,1,0,2033,37170,'6afde5e16b97d33c26908b88f728625f',0,0,'',0,0,'2016-04-02 16:51:42','2016-04-02 17:01:44',NULL),(7379,1,1,0,'',4,2885,2885,1,0,2658,37455,'5e4ec8c12678aa445eadcc2e7c34a864',0,0,'',0,1,'2016-04-02 20:47:50','2016-04-02 20:53:32',NULL),(7396,1,1,45,'a:1:{i:2797;s:3:\"45,\";}',4,2797,2797,1,0,2406,22784,'3822a44cd91cb72b4345915cf18b0a1c',0,0,'',0,0,'2016-04-04 21:23:24','2016-04-04 21:49:54',NULL),(7399,1,1,45,'a:1:{i:2551;s:3:\"45,\";}',4,2551,2551,1,0,2362,41644,'2961221e29dcc3505cda95226e1e084a',0,0,'',0,1,'2016-04-05 07:49:49','2016-04-05 08:05:15',NULL),(7404,1,1,0,'',2,2890,2890,1,0,2663,42286,'4da0e911f25ec0b2ed36ebfa592ea56d',0,0,'',0,0,'2016-04-05 15:14:55','2016-04-05 15:21:11',NULL),(7405,1,1,0,'',2,2890,2890,1,0,2663,42286,'4da0e911f25ec0b2ed36ebfa592ea56d',0,0,'',0,0,'2016-04-05 15:25:40','2016-04-05 15:37:42',NULL),(7416,1,1,0,'',2,2889,2889,1,0,2662,43554,'66d6a9649b45c6e9d7e02c775634c849',0,0,'',0,0,'2016-04-06 09:25:53','2016-04-06 09:30:59',NULL),(7420,1,1,45,'a:1:{i:2892;s:3:\"45,\";}',4,2892,2892,1,0,2665,43970,'a92c66c5e6ca552d6720cece57f9c278',0,0,'',0,0,'2016-04-06 15:30:36','2016-04-06 16:14:11',NULL),(7439,1,1,0,'',4,2904,2904,1,0,2675,44589,'a9e9e209d3aa9a80839314b4a9743353',0,0,'',0,1,'2016-04-07 13:58:41','2016-04-07 20:58:41',NULL),(7440,1,1,0,'',4,2897,2897,1,0,2669,40442,'1e7a9fb322d4eee53f31bb088c15ac7c',0,0,'',0,0,'2016-04-07 14:37:44','2016-04-07 14:42:47',NULL),(7443,1,1,0,'',4,2899,2899,1,0,2671,46278,'100810b9f400076a71565cc0864ba5dc',0,0,'',0,0,'2016-04-07 19:23:44','2016-04-07 19:29:30',NULL),(7448,1,1,0,'',4,2903,2903,1,0,2273,46334,'36fc1280d9105b7ecd2a0e7d23fc5951',0,0,'',0,0,'2016-04-07 20:29:18','2016-04-07 20:41:34',NULL),(7458,1,1,0,'',4,2905,2905,1,0,2676,51258,'76616d362cdbec4e4d27a1627637f724',0,0,'',0,0,'2016-04-10 12:44:22','2016-04-10 12:53:33',NULL),(7461,1,1,0,'',1,2916,2916,1,0,2677,52554,'c344bad2f93ed22ac73f79a9e9ec1a18',0,0,'',0,0,'2016-04-10 20:41:51','2016-04-13 18:06:05',NULL),(7465,1,1,0,'',4,2906,2906,1,0,2678,35076,'0e59fbeba36ca1b4487ea1a2afbfd3c8',0,0,'',0,0,'2016-04-11 08:39:40','2016-04-11 15:57:07',NULL),(7468,1,1,0,'',4,2907,2907,1,0,2679,54076,'9f0b073c2d81c289c822c44045903545',0,0,'',0,0,'2016-04-11 15:01:22','2016-04-11 16:00:01',NULL),(7478,1,1,0,'',4,2909,2909,1,0,2681,25878,'2d027d2f7d47bf77e42caa00cff582ff',0,0,'',0,0,'2016-04-12 13:29:04','2016-04-12 14:05:54',NULL),(7482,1,1,0,'',1,2912,2912,1,0,2683,55973,'1997f415a4460f9f9acc6f86e43f71d2',0,0,'',0,0,'2016-04-12 18:26:09','2016-04-12 18:43:18',NULL),(7488,1,1,0,'',4,2913,2913,1,0,2684,56060,'e211088aa7bd431727f47281b8e56176',0,0,'',0,0,'2016-04-12 20:46:17','2016-04-12 20:59:17',NULL),(7490,1,1,0,'',1,1091,1091,1,0,1079,56879,'26edd5ffd9a3889133759023c339d8e0',0,0,'',0,1,'2016-04-13 09:51:02','2016-04-13 09:58:39',NULL),(7494,1,1,0,'',1,2916,2916,1,0,2677,52554,'c344bad2f93ed22ac73f79a9e9ec1a18',0,0,'',0,0,'2016-04-13 18:09:47','2016-04-13 18:11:19',NULL),(7495,1,1,0,'',1,2916,2916,1,0,2677,52167,'c344bad2f93ed22ac73f79a9e9ec1a18',0,0,'',0,0,'2016-04-13 18:28:16','2016-04-13 18:53:24',NULL),(7503,1,1,0,'',1,2911,2911,1,0,2682,55972,'cabc3f54fd6d114cfcf8c9b56321cfa0',0,0,'',0,0,'2016-04-14 14:31:37','2016-04-14 15:08:45',NULL),(7517,1,1,0,'',2,2917,2917,1,0,2687,59869,'453b0e07c5c452c71d781ed04c09375f',0,0,'',0,0,'2016-04-15 20:57:11','2016-04-15 21:23:14',NULL),(7523,1,1,0,'',4,2918,2918,1,0,2688,59367,'4b60d23e61444cd08201b3b9e21ba2ea',0,0,'',0,0,'2016-04-17 11:23:54','2016-04-18 17:26:20',NULL),(7532,1,1,0,'',4,2922,2922,1,0,2692,63201,'5cdd6f4b7824a884ad0c58251c96a938',0,0,'',0,0,'2016-04-17 18:58:25','2016-04-17 19:26:24',NULL),(7533,1,1,0,'',4,2924,2924,1,0,2693,63278,'6c12be62328e3b19bcfe400ea75f9186',0,0,'',0,0,'2016-04-17 20:12:48','2016-04-17 20:22:27',NULL),(7535,1,1,0,'',4,2919,2919,1,0,2689,63808,'111b81adc5dbe445b9aa8f077b2f7b68',0,0,'',0,0,'2016-04-18 07:44:03','2016-04-18 07:48:14',NULL),(7540,1,1,0,'',4,2925,2925,1,0,2695,59327,'5aa6eac7fb5dce2bc255fba2d338e6cc',0,0,'',0,0,'2016-04-18 14:10:37','2016-04-18 14:18:30',NULL),(7545,1,1,0,'',4,2926,2926,1,0,2696,64539,'09e961f83b6a54933db7e5f754210e9a',0,0,'',0,0,'2016-04-18 20:30:18','2016-04-18 20:39:44',NULL),(7557,1,1,0,'',4,2929,2929,1,0,2699,57074,'036da01854ab18ede2bcb541de54d830',0,0,'',0,0,'2016-04-19 15:41:14','2016-04-19 16:00:25',NULL),(7559,1,1,0,'',4,2929,2929,1,0,2699,57074,'036da01854ab18ede2bcb541de54d830',0,0,'',0,0,'2016-04-19 17:57:03','2016-04-19 17:59:55',NULL),(7566,1,1,0,'',4,2930,2930,1,0,2701,66728,'e4d815957f4e4be3c48a6477ee513a93',0,0,'',0,1,'2016-04-20 22:00:28','2016-04-20 22:11:19',NULL),(7579,1,1,0,'',4,2932,2932,1,0,2703,73494,'da6c5bcc2c5802edc6a7b775cd758541',0,0,'',0,0,'2016-04-23 17:54:48','2016-04-23 18:31:09',NULL),(7581,1,1,0,'',4,2933,2933,1,0,2704,73408,'133487a9fc4f3e5183c01a979be4631b',0,0,'',0,0,'2016-04-23 20:00:34','2016-04-23 20:06:40',NULL),(7582,1,1,0,'',4,2934,2934,1,0,2705,73616,'67c5e9ec9cabb44ae69a1d963e37acf7',0,0,'',0,0,'2016-04-24 10:17:29','2016-04-24 10:32:41',NULL),(7584,1,1,0,'',2,2920,2920,1,0,2690,62988,'187002e24a71aa434d614663439ca690',0,0,'',0,0,'2016-04-24 12:13:59','2016-04-24 12:41:55',NULL),(7585,1,1,0,'',4,2058,2058,1,0,1927,74901,'f9d9ebbbb2fac6e3e3322d3b32e98b64',0,0,'',0,0,'2016-04-24 12:44:57','2016-04-24 13:15:15',NULL),(7597,1,1,0,'',4,2937,2937,1,0,2708,73343,'acb9916c0bc9d2d42a4deba1babae8e7',0,0,'',0,0,'2016-04-25 12:21:59','2016-04-25 16:06:12',NULL),(7603,1,1,0,'',4,2938,2938,1,0,2709,76955,'6f09f93b95b0e77d52d19d19d295d03b',0,0,'',0,0,'2016-04-25 22:50:18','2016-04-25 23:08:12',NULL),(7604,1,1,0,'',4,2939,2939,1,0,2710,76961,'7783b0a00af1fae00c962224e8a30183',0,0,'',0,0,'2016-04-25 23:37:40','2016-04-26 01:24:35',NULL),(7606,1,1,0,'',4,2552,2940,1,0,2363,77352,'ef7ebb84e25317af864b4c925c70c5cf',0,0,'',0,0,'2016-04-26 08:00:07','2016-04-26 08:25:02',NULL),(7607,1,1,0,'',4,2941,2941,1,0,2711,77400,'027f71db77e5ccc9ce40877fb4504608',0,0,'',0,1,'2016-04-26 10:30:36','2016-04-26 10:43:12',NULL),(7613,1,1,0,'',4,2943,2943,1,0,2713,77630,'6726ea217e659e46a83a3a1ca69112bd',0,0,'',0,0,'2016-04-26 18:06:31','2016-04-26 18:10:26',NULL),(7622,1,1,0,'',4,2928,2928,1,0,2698,79299,'aa7b5049b94039a26bc3fbe6c21c25c3',0,0,'',0,0,'2016-04-27 13:56:50','2016-04-27 13:58:52',NULL),(7629,1,1,0,'',4,2584,2584,1,0,2389,59685,'3a835c5874f28a3fd8a03c1f361c69fa',0,0,'',0,0,'2016-04-28 17:51:21','2016-04-28 18:00:37',NULL),(7630,1,1,0,'',2,2920,2920,1,0,2690,80878,'187002e24a71aa434d614663439ca690',0,0,'',0,0,'2016-04-28 19:12:04','2016-04-28 19:20:00',NULL),(7648,1,1,0,'',4,205,205,1,0,205,85119,'ca610187214f57e07835917e20bc0738',0,0,'',0,0,'2016-05-01 14:17:20','2016-05-01 14:51:58',NULL),(7656,1,1,0,'',4,2948,2948,1,0,2717,86200,'ad55b9a31e9bde68d93cf60d976357bf',0,0,'',0,0,'2016-05-02 14:18:40','2016-05-02 14:25:09',NULL),(7663,1,1,0,'',1,2950,2950,1,0,2719,87138,'3c212823864cc58330d730c2fb0be680',0,0,'',0,0,'2016-05-03 08:38:08','2016-05-03 08:45:23',NULL),(7665,1,1,0,'',1,2951,2951,1,0,2720,87319,'c88d48d88b77dcee23a353fe5b606599',0,0,'',0,0,'2016-05-03 13:11:11','2016-05-03 13:16:34',NULL),(7666,1,1,0,'',4,2952,2953,1,0,2721,87169,'88c0a12be796c42ff5a395dcb4175e27',0,0,'',0,0,'2016-05-03 14:21:17','2016-05-03 14:33:48',NULL),(7670,1,1,0,'',1,2954,2954,1,0,1666,87700,'2945d076b74682894d4232c514c25950',0,0,'',0,0,'2016-05-03 21:04:30','2016-05-09 20:06:36',NULL),(7672,1,1,0,'',1,2955,2955,1,0,1313,87745,'861fecb953164c590d0ef20b856dca0c',0,0,'',0,0,'2016-05-03 21:54:51','2016-05-03 22:09:13',NULL),(7684,1,1,0,'',4,2957,2957,1,0,2723,90884,'26c07a862232c193bc7b935a9d445dfe',0,0,'',0,0,'2016-05-06 07:31:54','2016-05-06 07:43:07',NULL),(7698,1,1,0,'',4,2435,2436,1,0,2262,93933,'c7b4fb09d0e654622c7d2ac83d733fa3',0,0,'',0,0,'2016-05-08 21:34:43','2016-05-08 21:42:40',NULL),(7705,1,1,0,'',4,1587,1587,1,0,1511,94511,'5b7cde50d41c38810a4307f6ea1079fd',0,0,'',0,0,'2016-05-09 11:56:51','2016-05-09 12:01:42',NULL),(7707,1,1,0,'',1,2457,2457,1,0,2283,94856,'e5c690bf41621b3439bc4ed6b21b0cfd',0,0,'',0,0,'2016-05-09 14:32:39','2016-05-09 14:40:02',NULL),(7710,1,1,0,'',4,2959,2959,1,0,2725,95004,'9d3966e6e3e940644a567eb6e5e905da',0,0,'',0,0,'2016-05-09 17:42:36','2016-05-09 17:45:58',NULL),(7713,1,1,0,'',1,2960,2960,1,0,2726,95064,'e38b3da8f5b1eac14fe3f41da0ecb8dc',0,0,'',0,0,'2016-05-09 19:09:42','2016-05-09 19:17:53',NULL),(7717,1,1,0,'',4,2961,2961,1,0,2727,95617,'49e15069d73e6660a3a0942cf49151cf',0,0,'',0,0,'2016-05-10 00:12:59','2016-05-10 01:40:28',NULL),(7724,1,1,0,'',4,1490,1490,1,0,1429,96428,'9ac3c48092c98c35be637f1309347ae5',0,0,'',0,0,'2016-05-10 19:24:01','2016-05-11 07:13:18',NULL),(7728,1,1,0,'',4,1719,1719,1,0,1627,96480,'c53dd86658bc81bb6a7b9aa11d1af668',0,0,'',0,0,'2016-05-10 22:21:54','2016-05-10 22:28:57',NULL),(7733,1,1,0,'',4,2963,2963,1,0,2728,97567,'5f31ac4858befe282ddff00d213c31b9',0,0,'',0,0,'2016-05-11 11:42:20','2016-05-11 14:52:23',NULL),(7735,1,1,0,'',4,2964,2964,1,0,2729,98649,'e4c7a3a5f45b420405d0cd3b1fc233ac',0,0,'',0,0,'2016-05-11 17:02:09','2016-05-12 14:12:55',NULL),(7739,1,1,0,'',4,2993,2993,1,0,2757,96108,'55edcefb65ec1691371fdb9171405423',0,0,'',0,0,'2016-05-12 13:32:42','2016-05-25 14:32:22',NULL),(7751,1,1,0,'',4,2960,2960,1,0,2726,95072,'e38b3da8f5b1eac14fe3f41da0ecb8dc',0,0,'',0,0,'2016-05-13 17:13:12','2016-05-13 17:15:45',NULL),(7755,1,1,0,'',4,2969,2968,1,0,2733,96755,'e041e41f92b43d917a35e1a2b9e24cca',0,0,'',0,0,'2016-05-14 17:40:33','2016-05-14 18:00:21',NULL),(7760,1,1,0,'',4,2970,2970,1,0,2734,73045,'411442fe1d460a9dc9a93938964c1deb',0,0,'',0,1,'2016-05-15 11:35:47','2016-05-15 11:52:15',NULL),(7764,1,1,0,'',4,2971,2971,1,0,2735,103942,'558648ad36baa0aa50220938363d7ec5',0,0,'',0,1,'2016-05-15 12:17:23','2016-05-15 12:25:27',NULL),(7766,1,1,0,'',1,1803,1803,1,0,1698,78652,'0e58004e12ac720f843b8b200943dade',0,0,'',0,0,'2016-05-15 16:46:57','2016-05-16 10:48:40',NULL),(7770,1,1,0,'',4,2976,2976,1,0,2741,104178,'ef3b4e77c0ef2385a4709ede3c802f2e',0,0,'',0,0,'2016-05-15 19:45:01','2016-05-17 18:03:05',NULL),(7776,1,1,0,'',4,2973,2973,1,0,2737,105219,'141ce464ebed2ef46a5803c5e1ec6555',0,0,'',0,0,'2016-05-16 10:51:23','2016-05-16 10:57:39',NULL),(7789,1,1,0,'',2,2653,2653,1,0,2452,108173,'230c0ca485bf96ca1d5bc81069f5de4b',0,0,'',0,0,'2016-05-18 11:14:17','2016-05-18 11:36:59',NULL),(7796,1,1,0,'',4,2983,2983,1,0,2747,108592,'d29715ce3460e55996e4f3bd49945141',0,0,'',0,0,'2016-05-18 23:45:58','2016-05-22 01:01:54',NULL),(7801,1,1,0,'',1,2978,2978,1,0,2743,100963,'af2a33e0de98ba902ac4f3cbbff39c92',0,0,'',0,0,'2016-05-19 11:56:38','2016-05-19 12:05:23',NULL),(7805,1,1,0,'',4,2980,2979,1,0,2745,110612,'d716c81f647a9558bdcbab8d97b17a8a',0,0,'',0,1,'2016-05-20 10:00:33','2016-05-20 10:30:34',NULL),(7811,1,1,0,'',2,2981,2981,1,0,2746,86377,'6ef8bdb0dc448d78d23d534d55b1c26d',0,0,'',0,0,'2016-05-20 18:46:57','2016-05-20 19:00:51',NULL),(7826,1,1,0,'',4,2159,2159,1,0,2019,113840,'5805f81b7b0b3cc3aacfc2a9d359dd67',0,0,'',0,0,'2016-05-22 17:50:16','2016-05-22 18:03:26',NULL),(7829,1,1,0,'',4,2985,2985,1,0,2749,113857,'4c520fbaa0217cefdeb9c77da58b50ce',0,0,'',0,1,'2016-05-22 18:20:51','2016-05-22 18:24:01',NULL),(7830,1,1,0,'',4,2986,2986,1,0,2750,113864,'cc136b585250c1c19bdd707c22a48d6b',0,0,'',0,0,'2016-05-22 18:40:01','2016-05-22 18:45:27',NULL),(7833,1,1,0,'',4,2987,2987,1,0,2751,113913,'1f0db4349f15e643d022097a8a5a694a',0,0,'',0,0,'2016-05-22 20:22:06','2016-05-22 20:30:59',NULL),(7835,1,1,0,'',1,2988,2988,1,0,2752,111500,'8d171f9c2d09b8c5b88e5b9cc9230b61',0,0,'',0,0,'2016-05-22 21:44:01','2016-05-23 18:19:58',NULL),(7849,1,1,0,'',4,1277,1277,1,0,1235,117507,'02e612c007603084f3d5bd94d3ab4621',0,0,'',0,0,'2016-05-24 11:51:01','2016-05-24 12:02:54',NULL),(7854,1,1,0,'',4,2990,2990,1,0,2754,117820,'d0410140337e03ece984797ea3219526',0,0,'',0,0,'2016-05-24 19:10:40','2016-05-24 19:20:25',NULL),(7858,1,1,0,'',2,3016,3016,1,0,2775,126744,'05cb1879618572a4843c45d5b1755be2',0,0,'',0,0,'2016-05-24 22:31:11','2016-06-03 09:44:26',NULL),(7862,1,1,0,'',4,2991,2991,1,0,2755,118534,'d55aa69bf3abe8fc9cfc4c2f67662927',0,0,'',0,0,'2016-05-25 09:05:10','2016-05-25 09:45:41',NULL),(7865,1,1,0,'',4,2992,2992,1,0,2756,94940,'06d33e1d43f4481de18e0e1a0e1987db',0,0,'',0,0,'2016-05-25 13:41:47','2016-05-25 14:01:27',NULL),(7868,1,1,0,'',4,3013,3013,1,0,2772,98792,'9fdcb903140900e69b65cd1828e5e66c',0,0,'',0,0,'2016-05-25 19:19:14','2016-05-31 23:04:32',NULL),(7871,1,1,0,'',1,2994,2994,1,0,2758,119047,'663b9f4de17d9cad09b889e1d70d9939',0,0,'',0,0,'2016-05-25 21:39:35','2016-05-25 21:57:31',NULL),(7872,1,1,0,'',4,2995,2995,1,0,2759,119067,'c7eb6a3361acecc3ee7ee86ed6810493',0,0,'',0,0,'2016-05-25 22:26:00','2016-05-25 22:54:03',NULL),(7876,1,1,0,'',4,2566,2566,1,0,2373,117607,'1cfed17c58b752fd82c2efb8cb354566',0,0,'',0,1,'2016-05-26 19:23:40','2016-05-26 19:47:19',NULL),(7883,1,1,0,'',4,2997,2997,1,0,2761,120262,'e83aa8082f3f3ebda6cec58a6d3c2990',0,0,'',0,0,'2016-05-27 12:18:41','2016-05-27 12:27:06',NULL),(7898,1,1,0,'',4,2681,2681,1,0,2481,113843,'7e02503f57f937e14a86d624e2f308e7',0,0,'',0,0,'2016-05-29 19:23:59','2016-05-29 19:32:15',NULL),(7899,1,1,0,'',4,2998,2998,1,0,2762,105319,'d220b1990f5d9b2f9512c16c633a7f48',0,0,'',0,0,'2016-05-29 19:28:10','2016-05-29 19:57:55',NULL),(7900,1,1,0,'',4,3000,3001,1,0,2510,122212,'9c8eb9a6bdcc2dca2bd23e86fdf903f5',0,0,'',0,0,'2016-05-29 21:10:13','2016-05-29 21:49:51',NULL),(7902,1,1,0,'',4,3002,3002,1,0,2763,122225,'82499402bceef1d7a9e7a60c9ca55f5c',0,0,'',0,1,'2016-05-29 21:46:41','2016-05-29 21:54:02',NULL),(7907,1,1,0,'',4,3004,3003,1,0,2764,122620,'46fc0bd5ed16da4a8e169a0576486f67',0,0,'',0,0,'2016-05-30 10:54:49','2016-05-30 11:04:42',NULL),(7909,1,1,0,'',2,3007,3007,1,0,2766,122634,'70f8c8331d31ef545b31fd6f736088e9',0,0,'',0,0,'2016-05-30 11:37:17','2016-05-30 11:44:51',NULL),(7922,1,1,0,'',4,1615,1615,1,0,557,122933,'b79ffe311c49346fe2d21594e58b687e',0,0,'',0,0,'2016-05-30 19:43:46','2016-05-31 20:48:22',NULL),(7926,1,1,0,'',4,3009,3009,1,0,2768,123051,'94cd248e941a3ed6d43e44ddf575405a',0,0,'',0,0,'2016-05-30 22:45:52','2016-05-31 11:19:59',NULL),(7927,1,1,0,'',4,2076,2076,1,0,1943,123433,'786c7ccd4ca473bab52721f00796b857',0,0,'',0,0,'2016-05-31 08:32:23','2016-05-31 09:19:34',NULL),(7936,1,1,0,'',4,3012,3012,1,0,2771,124883,'2a0001d60f90c6643eb798cbc8dc5d26',0,0,'',0,0,'2016-05-31 22:13:57','2016-05-31 22:21:37',NULL),(7941,1,1,0,'',4,3014,3014,1,0,2773,122809,'8ee5695ad32092ee5372b26953b7a98e',0,0,'',0,0,'2016-06-01 09:39:56','2016-06-01 09:50:04',NULL),(7952,1,1,0,'',2,3016,3016,1,0,2775,126744,'05cb1879618572a4843c45d5b1755be2',0,0,'',0,0,'2016-06-01 21:19:02','2016-06-02 22:44:47',NULL),(7964,1,1,45,'a:1:{i:2883;s:3:\"45,\";}',4,2883,2883,1,0,2656,34081,'1815840bdcc8ef8aa8bac2423e65390e',0,0,'',0,0,'2016-06-02 17:32:39','2016-06-05 15:56:50',NULL),(7967,1,1,0,'',4,3019,3019,1,0,2777,128869,'957db2bb428236e944c412dd90ab09ad',0,0,'',0,0,'2016-06-02 20:50:29','2016-06-02 21:02:27',NULL),(7979,1,1,0,'',4,2824,2824,1,0,2607,108296,'9f25359d0e4ed7f24e3659d956a3613e',0,0,'',0,0,'2016-06-04 17:45:11','2016-06-04 17:47:22',NULL),(7986,1,1,45,'a:1:{i:2883;s:3:\"45,\";}',4,2883,2883,1,0,2656,34081,'1815840bdcc8ef8aa8bac2423e65390e',0,0,'',0,0,'2016-06-05 16:00:38','2016-06-05 16:03:01',NULL),(7989,1,1,0,'',1,3022,3022,1,0,2780,122216,'2a976c78c3a8073e41a76127c3d747e1',0,0,'',0,0,'2016-06-05 20:18:44','2016-06-05 20:29:10',NULL),(7990,1,1,0,'',4,3035,3035,1,0,2794,128772,'2afcf05828335de60bde5f99b862e1d2',0,0,'',0,0,'2016-06-05 20:26:54','2016-06-09 21:36:46',NULL),(7991,1,1,0,'',4,3023,3023,1,0,2781,131932,'d3e634ff696986f80c55add1db04571b',0,0,'',0,0,'2016-06-05 20:32:22','2016-06-05 21:01:37',NULL),(8000,1,1,0,'',4,3025,3025,1,0,2783,132713,'a6f4aba6940659750a31c9372e53dadb',0,0,'',0,0,'2016-06-06 11:38:20','2016-06-06 11:47:35',NULL),(8013,1,1,0,'',4,3027,3027,1,0,2786,134047,'bb07e511a68598d31bbaa34284831d65',0,0,'',0,0,'2016-06-07 18:37:47','2016-06-07 19:03:08',NULL),(8019,1,1,0,'',4,3029,3029,1,0,2788,134866,'121d7454defac842d683620f8238d5df',0,0,'',0,0,'2016-06-08 11:32:48','2016-06-08 11:35:51',NULL),(8025,1,1,0,'',4,3030,3030,1,0,2789,124765,'6fe961e9e230591ad5b9a6553243e5df',0,0,'',0,0,'2016-06-08 20:22:06','2016-06-08 21:18:52',NULL),(8031,1,1,0,'',4,3033,3033,1,0,2792,135891,'b8e169f4c65cd8542c15cc30361a1525',0,0,'',0,0,'2016-06-09 15:26:22','2016-06-09 15:31:31',NULL),(8036,1,1,0,'',2,3034,3034,1,0,2793,136122,'24a68ec58693487091a37a18f9d697bc',0,0,'',0,0,'2016-06-09 19:28:03','2016-06-09 19:42:13',NULL),(8040,1,1,0,'',4,3011,3011,1,0,2770,136884,'cb7d7d7d5e8b14c564dc39385862d37b',0,0,'',0,0,'2016-06-10 09:19:58','2016-06-10 09:22:17',NULL),(8045,1,1,0,'',4,3036,3036,1,0,2795,137254,'604b6d8f0fe80d1601fec4b3ebf7c78e',0,0,'',0,0,'2016-06-10 19:27:39','2016-06-10 19:59:37',NULL),(8047,1,1,0,'',4,2249,2249,1,0,2099,137276,'2026d5627b19d0ed56bf15c293b2584b',0,0,'',0,0,'2016-06-10 20:09:53','2016-06-21 18:09:18',NULL),(8051,1,1,0,'',1,3037,3037,1,0,2796,136779,'ee050fe98321fa91ef02a70222b8697a',0,0,'',0,0,'2016-06-10 22:17:13','2016-06-11 13:40:34',NULL),(8057,1,1,0,'',4,3038,3038,1,0,2797,139284,'92e1e092ea7ece7beb64d1164b4bf574',0,0,'',0,0,'2016-06-11 16:21:04','2016-06-11 16:42:50',NULL),(8064,1,1,0,'',4,3042,3042,1,0,2800,140245,'3226688677c260df347399b6090002f6',0,0,'',0,0,'2016-06-12 11:34:19','2016-06-12 12:07:21',NULL),(8065,1,1,0,'',4,3043,3043,1,0,2801,139279,'06838e013f08a2af23e0529f3f64bdb0',0,0,'',0,0,'2016-06-12 13:07:17','2016-06-12 13:42:48',NULL),(8066,1,1,0,'',1,3044,3044,1,0,2802,140396,'228fe7b0d7211ba31ea05e98517dd305',0,0,'',0,0,'2016-06-12 15:51:11','2016-06-12 16:23:01',NULL),(8067,1,1,0,'',1,3044,3044,1,0,2802,140396,'228fe7b0d7211ba31ea05e98517dd305',0,0,'',0,0,'2016-06-12 16:31:50','2016-06-12 16:34:26',NULL),(8071,1,1,0,'',4,3045,3045,1,0,2803,139633,'e9c2357d4462317647bd0810255ed442',0,0,'',0,0,'2016-06-12 21:27:17','2016-06-12 21:41:26',NULL),(8076,1,1,0,'',4,3046,3046,1,0,2804,140417,'f5b3e2612dfab3545c952989c2bf3891',0,0,'',0,0,'2016-06-13 06:51:41','2016-06-13 06:57:50',NULL),(8078,1,1,0,'',4,3047,3047,1,0,2805,141553,'e54821d0ed325c8b1b3c3b8914d59936',0,0,'',0,1,'2016-06-13 16:52:11','2016-06-13 16:58:40',NULL),(8081,1,1,0,'',4,3049,3049,1,0,2807,131098,'8a07c44bb65c6e7a936839448ab04b32',0,0,'',0,0,'2016-06-13 20:13:41','2016-06-13 20:23:22',NULL),(8084,1,1,0,'',4,3061,3060,1,0,2817,122239,'4b096663052cc93db024cae9d45186d8',0,0,'',0,0,'2016-06-13 21:51:12','2016-06-19 18:16:33',NULL),(8093,1,1,0,'',1,3051,3051,1,0,2809,141944,'d7e8cf2dc0dcb9826b99f27faa739da6',0,0,'',0,0,'2016-06-14 13:25:58','2016-06-14 13:50:24',NULL),(8097,1,1,0,'',4,2811,2811,1,0,1678,142781,'5b72665b3b70c40056e10eada927e82a',0,0,'',0,0,'2016-06-14 18:23:45','2016-06-14 18:31:06',NULL),(8101,1,1,0,'',4,3053,3052,1,0,2810,142931,'3e091c0e019bcd34ce6b3f548f40747c',0,0,'',0,1,'2016-06-14 21:07:32','2016-06-15 10:14:10',NULL),(8110,1,1,0,'',4,3054,3054,1,0,2811,144188,'7571e2cd61132ce38fa15dce0270ddfe',0,0,'',0,0,'2016-06-15 19:38:49','2016-06-15 19:47:14',NULL),(8114,1,1,0,'',4,2934,2934,1,0,2705,144709,'67c5e9ec9cabb44ae69a1d963e37acf7',0,0,'',0,0,'2016-06-16 06:56:18','2016-06-16 07:09:53',NULL),(8116,1,1,0,'',4,3057,3057,1,0,2814,144829,'cd4c3898b9790ba5a47a563512ca19bb',0,0,'',0,0,'2016-06-16 10:11:53','2016-06-16 10:38:12',NULL),(8117,1,1,0,'',1,2557,2557,1,0,2367,145942,'f63cdd910fb56686e61d4eac1d2e6eb9',0,0,'',0,0,'2016-06-17 08:05:10','2016-06-17 08:24:17',NULL),(8136,1,1,0,'',1,3062,3062,1,0,2818,149893,'6dcccc00f7d1e56b0ceb6839dd8074ed',0,0,'',0,0,'2016-06-20 18:15:41','2016-06-20 18:19:47',NULL),(8151,1,1,0,'',4,2244,2244,1,0,1441,152248,'1684cf3a28e6927f856c177ca4bb6414',0,0,'',0,0,'2016-06-21 16:59:48','2016-06-21 17:45:46',NULL),(8152,1,1,0,'',4,3065,3064,1,0,2820,148154,'2a91d7c9fb2868edb995c0e1fd7c7547',0,0,'',0,0,'2016-06-22 06:09:17','2016-06-22 12:06:21',NULL),(8156,1,1,0,'',4,3066,3066,1,0,2821,153928,'8ff23e6b2188800a0a7234f0c340a64c',0,0,'',0,0,'2016-06-22 21:10:12','2016-06-22 21:33:34',NULL),(8166,1,1,0,'',4,3067,3067,1,0,2822,152448,'84670dffc79744e4c9916fada329501d',0,0,'',0,0,'2016-06-23 20:49:22','2016-06-23 21:07:52',NULL),(8170,1,1,0,'',4,3069,3069,1,0,2824,155740,'5df1aac414ab86feb8407011ff7b8d91',0,0,'',0,0,'2016-06-24 13:03:20','2016-06-24 13:11:29',NULL),(8177,1,1,0,'',4,3071,3071,1,0,2826,156490,'0b7c269410bf6b92b24c506bf8e8cd32',0,0,'',0,0,'2016-06-24 19:32:56','2016-06-24 19:39:40',NULL),(8178,1,1,0,'',4,3072,3072,1,0,2827,157060,'2cab08cdb0bc6b080e65905ff7d58dbd',0,0,'',0,0,'2016-06-25 09:02:37','2016-06-25 09:22:57',NULL),(8189,1,1,0,'',4,3073,3073,1,0,2828,157951,'2824d81cdcf4ff4dd33eafd7204bf3e0',0,0,'',0,0,'2016-06-26 11:08:31','2016-06-26 17:27:30',NULL),(8191,1,1,0,'',4,326,326,1,0,326,143740,'ee854bcf503fd55751ff4a6e872e4a7c',0,0,'',0,1,'2016-06-26 16:25:08','2016-06-26 16:33:54',NULL),(8199,1,1,0,'',4,3074,3074,1,0,2829,158893,'258eb39d1314c4dbafd510de0bacc514',0,0,'',0,1,'2016-06-27 09:29:36','2016-06-27 10:04:13',NULL),(8204,1,1,0,'',4,3075,3075,1,0,2830,157410,'7adc909a60ccd20deb750cfab06251ae',0,0,'',0,0,'2016-06-27 22:05:52','2016-06-27 22:08:22',NULL),(8207,1,1,0,'',4,1293,1293,1,0,1250,159889,'01205779bfe02cbbb9c7901c1defab6a',0,0,'',0,0,'2016-06-28 08:29:47','2016-06-28 11:00:13',NULL),(8216,1,1,0,'',4,3077,3077,1,0,2832,160347,'12c24ab632b55a0f995f959284d049b8',0,0,'',0,0,'2016-06-28 21:23:56','2016-06-28 21:30:55',NULL),(8219,1,1,0,'',4,3078,3078,1,0,2833,159459,'8210a87bad0a18e8a695ecda14b924cb',0,0,'',0,0,'2016-06-29 14:57:02','2016-06-29 15:06:01',NULL),(8222,1,1,0,'',4,3079,3080,1,0,2834,161707,'14d97a731444fd51d3c7c48e65f596a1',0,0,'',0,0,'2016-06-30 11:45:30','2016-06-30 15:32:54',NULL),(8235,1,1,0,'',4,3081,3081,1,0,2835,161980,'7bb3be2f9213dede17276aea339de4ec',0,0,'',0,0,'2016-06-30 20:47:15','2016-06-30 21:05:50',NULL),(8242,1,1,0,'',1,3083,3083,1,0,2837,144984,'928310ed3e1b601cf9ac36fc711962ec',0,0,'',0,0,'2016-07-01 10:48:28','2016-07-01 11:03:55',NULL),(8245,1,1,0,'',4,3086,3086,1,0,2840,163981,'4d811712fda16f62b13ff55ffdd74bb4',0,0,'',0,0,'2016-07-01 21:58:12','2016-07-01 22:10:19',NULL),(8256,1,1,0,'',4,3092,3092,1,0,2846,167779,'0e93a6d77a7b0808d3f6eecbd0909092',0,0,'',0,0,'2016-07-03 18:29:32','2016-07-05 17:36:12',NULL),(8257,1,1,0,'',4,3087,3087,1,0,2842,165724,'eec6f0eee7f205e206c6969e3beae5ed',0,0,'',0,0,'2016-07-03 21:11:17','2016-07-03 21:30:16',NULL),(8258,1,1,0,'',4,3088,3088,1,0,475,165754,'10cedbd4d348ec5aa03374503db22a1e',0,0,'',0,0,'2016-07-03 21:43:06','2016-07-03 21:56:37',NULL),(8259,1,1,0,'',4,877,877,1,0,877,147403,'c477574914542978a3fddf2db104aca9',0,0,'',0,0,'2016-07-03 21:48:38','2016-07-10 22:46:34',NULL),(8263,1,1,0,'',4,3089,3089,1,0,2843,165789,'2210d3b494a73b1b042029bb9e50b89d',0,0,'',0,0,'2016-07-03 22:56:05','2016-07-03 23:09:05',NULL),(8265,1,1,0,'',4,681,681,1,0,681,166144,'206f1c16c6066172a8de544686cc4593',0,0,'',0,0,'2016-07-04 07:54:04','2016-07-04 08:03:28',NULL),(8266,1,1,0,'',4,2748,2748,1,0,2541,166196,'f5615df845c90b2461bf57ef72780ed6',0,0,'',0,0,'2016-07-04 09:29:50','2016-07-04 09:58:46',NULL),(8271,1,1,0,'',4,3090,3090,1,0,2844,166361,'88f0188729495675455d3e02f10bdc22',0,0,'',0,0,'2016-07-04 13:14:14','2016-07-04 13:27:24',NULL),(8272,1,1,0,'',2,3091,3091,1,0,2845,166429,'465b7f0990d50033f6540b76d5d5a451',0,0,'',0,0,'2016-07-04 14:44:41','2016-07-04 15:08:48',NULL),(8296,1,1,0,'',4,3054,3054,1,0,2811,144188,'7571e2cd61132ce38fa15dce0270ddfe',0,0,'',0,0,'2016-07-05 19:53:25','2016-07-05 20:05:09',NULL),(8298,1,1,0,'',4,3093,3093,1,0,2847,167954,'22fb3e94f53ab045e2dc33e88c7707ad',0,0,'',0,0,'2016-07-05 20:40:30','2016-07-05 20:45:22',NULL),(8307,1,1,0,'',1,3122,3122,1,0,2873,148387,'c94d35129c2b00475447c4cafb486729',0,0,'',0,0,'2016-07-07 09:47:32','2016-07-21 17:25:51',NULL),(8308,1,1,0,'',4,3094,3094,1,0,2848,170330,'380ea82334b581ab4e43381326056a6a',0,0,'',0,0,'2016-07-07 09:50:23','2016-07-07 09:57:39',NULL),(8324,1,1,0,'',4,1829,1829,1,0,1721,165521,'281cc784a0be398fb11b062525d8037f',0,0,'',0,0,'2016-07-10 15:28:01','2016-07-10 15:44:15',NULL),(8338,1,1,0,'',2,3101,3101,1,0,2857,171003,'f0eb7c571c7d5481e57c898b37a8f718',0,0,'',0,0,'2016-07-11 09:22:50','2016-07-12 21:51:37',NULL),(8341,1,1,0,'',4,3136,3136,1,0,2852,176060,'89b4dbc932bace90b3657652310e1e83',0,0,'',0,0,'2016-07-11 20:38:26','2016-07-28 16:54:59',NULL),(8349,1,1,0,'',2,3098,3098,1,0,2854,123884,'e0f318204ee7f3588c85646712c6ec67',0,0,'',0,0,'2016-07-12 09:46:13','2016-07-26 19:17:27',NULL),(8351,1,1,0,'',4,3099,3099,1,0,2855,177785,'97ce829ceb3f996c3580f2cde55da224',0,0,'',0,0,'2016-07-12 12:17:14','2016-07-12 12:21:25',NULL),(8353,1,1,0,'',4,3100,3100,1,0,2856,177462,'1698fca8a5d0e765f3fc175a694d7383',0,0,'',0,0,'2016-07-12 14:54:23','2016-07-12 14:57:25',NULL),(8355,1,1,0,'',1,3102,3102,1,0,2851,174969,'ff097f3264f6ce3d9b922ebd19b6a75b',0,0,'',0,0,'2016-07-12 22:40:41','2016-07-12 23:09:18',NULL),(8364,1,1,0,'',4,3104,3105,1,0,2859,180781,'a758bf877d82e44045c93872798b3175',0,0,'',0,1,'2016-07-14 12:33:52','2016-07-14 12:40:11',NULL),(8365,1,1,0,'',4,3153,3153,1,0,2901,175771,'68631396295448e34414df9d0eb07009',0,0,'',0,0,'2016-07-14 16:58:00','2016-08-04 11:03:57',NULL),(8366,1,1,0,'',4,3106,3106,1,0,2860,181040,'4e4a6a9f82b64c3b1d83fac9cf4b019c',0,0,'',0,0,'2016-07-14 17:20:35','2016-07-14 17:21:57',NULL),(8377,1,1,0,'',4,3107,3107,1,0,2861,182156,'90220b3977431e47c536e411a442a286',0,0,'',0,0,'2016-07-15 15:49:13','2016-07-15 16:02:50',NULL),(8389,1,1,0,'',2,3114,3114,1,0,2866,184827,'41cdbe6e93ad0b910f04a9d6e7af85cb',0,0,'',0,0,'2016-07-17 09:52:19','2016-07-17 10:01:16',NULL),(8390,1,1,0,'',4,2827,2827,1,0,2611,185052,'80fc562a0684b765ceda29bf00e3b511',0,0,'',0,0,'2016-07-17 14:52:23','2016-07-17 15:06:56',NULL),(8398,1,1,0,'',2,3118,3118,1,0,2857,171003,'f0eb7c571c7d5481e57c898b37a8f718',0,0,'',0,0,'2016-07-18 16:59:36','2016-07-20 11:01:28',NULL),(8399,1,1,0,'',4,3116,3116,1,0,2868,186238,'aa3783f483e677dc7845e52bbc92ecb9',0,0,'',0,0,'2016-07-18 19:39:23','2016-07-18 19:42:14',NULL),(8405,1,1,0,'',1,1170,1170,1,0,1147,184896,'0c34830a43418ebc0a608b42826306ed',0,0,'',0,0,'2016-07-19 10:08:14','2016-07-23 11:17:53',NULL),(8434,1,1,0,'',4,3123,3123,1,0,2874,192282,'e6b85ee765e85db133584e78273ef3e6',0,0,'',0,0,'2016-07-22 10:26:43','2016-07-22 10:36:16',NULL),(8443,1,1,0,'',4,3129,3129,1,0,2878,194533,'951f968a76fec1a42843f6512449a9b7',0,0,'',0,1,'2016-07-23 22:47:31','2016-07-24 17:17:20',NULL),(8445,1,1,0,'',4,326,326,1,0,326,195014,'ee854bcf503fd55751ff4a6e872e4a7c',0,0,'',0,0,'2016-07-24 08:17:14','2016-07-24 08:23:25',NULL),(8451,1,1,0,'',4,3130,3130,1,0,2879,195928,'1929ff137a1e6687719be8cc420518db',0,0,'',0,1,'2016-07-24 21:58:45','2016-07-24 22:09:27',NULL),(8452,1,1,0,'',1,3132,3131,1,0,2880,188103,'4de7ce6c743ee6f7789f4164ffab5339',0,0,'',0,0,'2016-07-25 14:07:17','2016-07-25 14:36:58',NULL),(8462,1,1,0,'',4,3133,3133,1,0,2881,198481,'d2cf2e9eac1bdbc8d5599b6b0742d208',0,0,'',0,0,'2016-07-26 15:18:58','2016-07-26 15:29:08',NULL),(8479,1,1,0,'',4,3135,3135,1,0,2883,200983,'b7047645eff96c1e7f18d8a9212f7afc',0,0,'',0,0,'2016-07-28 14:26:00','2016-07-28 14:58:13',NULL),(8482,1,1,0,'',4,3137,3137,1,0,2884,201384,'24279552d0d44e416b1b31f089cf08fe',0,0,'',0,0,'2016-07-28 21:20:27','2016-07-28 21:27:25',NULL),(8483,1,1,0,'',1,3167,3167,1,0,2914,201400,'177d87b8c07a62cd36d9cdef6453a416',0,0,'',0,0,'2016-07-28 21:46:59','2016-08-14 21:50:04',NULL),(8495,1,1,0,'',4,3141,3141,1,0,2889,203534,'1dd9237eee424d60ea18150a50c2784c',0,0,'',0,0,'2016-07-31 17:27:37','2016-07-31 17:42:49',NULL),(8499,1,1,0,'',2,3142,3142,1,0,2890,204804,'00c649a0ca633b4e506cb3cc8e6d9b4e',0,0,'',0,0,'2016-07-31 20:56:38','2016-07-31 21:10:35',NULL),(8510,1,1,0,'',4,1316,1316,1,0,1271,208548,'bfd270da85d99be913cd259fa4271762',0,0,'',0,0,'2016-08-02 20:32:16','2016-08-02 20:38:04',NULL),(8511,1,1,0,'',4,3145,3145,1,0,2893,208565,'f95712b6b087f65f52c7ded7ac2975bc',0,0,'',0,0,'2016-08-02 20:49:18','2016-08-02 21:14:26',NULL),(8518,1,1,0,'',4,3148,3148,1,0,2896,203635,'93de8a1ea0a9fa03dd8587048f278d3a',0,0,'',0,1,'2016-08-03 16:08:51','2016-08-03 16:26:53',NULL),(8522,1,1,0,'',1,3149,3149,1,0,2897,209986,'09f98cbda233a2a5933a2f82037b60e5',0,0,'',0,0,'2016-08-04 01:02:54','2016-08-04 01:20:02',NULL),(8523,1,1,0,'',4,3150,3150,1,0,2898,210324,'ee6957807d503029dc416039a7d2cf54',0,0,'',0,0,'2016-08-04 09:09:59','2016-08-04 09:12:29',NULL),(8525,1,1,0,'',4,3151,3151,1,0,2899,210332,'90001fc64900b48d7446fee3566432aa',0,0,'',0,0,'2016-08-04 09:22:04','2016-08-04 09:23:11',NULL),(8526,1,1,0,'',4,3152,3152,1,0,2900,210338,'6998a2473994f9f0a6163f1a49eea2c0',0,0,'',0,0,'2016-08-04 09:55:38','2016-08-04 09:57:05',NULL),(8532,1,1,0,'',4,3157,3156,1,0,2903,210809,'6ca0815319860d58ee6127aa6df09fc6',0,0,'',0,0,'2016-08-04 21:16:27','2016-08-04 21:36:06',NULL),(8534,1,1,0,'',4,3054,3054,1,0,2811,211331,'7571e2cd61132ce38fa15dce0270ddfe',0,0,'',0,0,'2016-08-05 08:00:44','2016-08-05 10:09:55',NULL),(8542,1,1,0,'',4,923,923,1,0,923,212734,'63c9496e7c932271b09e550f077843b7',0,0,'',0,0,'2016-08-06 13:08:56','2016-08-06 18:06:33',NULL),(8545,1,1,0,'',1,3091,3091,1,0,2845,213023,'465b7f0990d50033f6540b76d5d5a451',0,0,'',0,0,'2016-08-06 16:51:21','2016-08-06 23:49:42',NULL),(8564,1,1,0,'',4,49,49,1,0,49,216684,'509b0b9638386edcee4809ded5144577',0,0,'',0,0,'2016-08-09 13:03:53','2016-08-09 13:22:16',NULL),(8566,1,1,0,'',4,3160,3160,1,0,2907,216979,'dd7ae160427f4f070aab66e7a53d3411',0,0,'',0,0,'2016-08-09 20:18:24','2016-08-09 20:24:13',NULL),(8568,1,1,0,'',1,3170,3170,1,0,1036,196938,'ad404d78d1d2e9670a3186e34355164d',0,0,'',0,0,'2016-08-10 09:20:00','2016-08-15 13:23:53',NULL),(8570,1,1,0,'',4,3161,3161,1,0,2908,210390,'c73dec664454669ca75a6ba806f0693f',0,0,'',0,0,'2016-08-10 10:22:49','2016-08-10 10:24:52',NULL),(8575,1,1,0,'',4,3162,3162,1,0,2909,218210,'4c09dbdf889e2ceaad786697bce3e6f3',0,0,'',0,0,'2016-08-10 13:41:03','2016-08-10 13:53:20',NULL),(8576,1,1,0,'',4,3163,3163,1,0,2910,218028,'fd050fdd3880f8365c85b738b44d6393',0,0,'',0,0,'2016-08-10 14:15:10','2016-08-10 14:16:20',NULL),(8577,1,1,0,'',4,3164,3164,1,0,2911,218259,'03246fe8db243db3bf6c4b477cd52aff',0,0,'',0,0,'2016-08-10 14:21:54','2016-08-10 14:23:14',NULL),(8583,1,1,0,'',1,1625,1625,1,0,1543,218792,'d64ead129a8b4a8b03180f8d9a596013',0,0,'',0,0,'2016-08-11 01:04:56','2016-08-11 01:13:15',NULL),(8592,1,1,0,'',4,3166,3166,1,0,2913,220085,'8d4a18106aadeaa846742327477f2e25',0,0,'',0,0,'2016-08-11 17:21:23','2016-08-11 17:26:13',NULL),(8601,1,1,0,'',4,2698,2698,1,0,2499,223441,'f38216cb04fd4213565305188862cb4d',0,0,'',0,1,'2016-08-13 18:20:42','2016-08-13 19:01:43',NULL),(8605,1,1,0,'',4,2178,2178,1,0,2035,224543,'00b49bc209d03e5a15f3dacd4860b76b',0,0,'',0,0,'2016-08-14 19:05:41','2016-08-14 19:28:10',NULL),(8607,1,1,0,'',4,3169,3169,1,0,2915,224692,'bb4b1eab9f007951640a7da293e4ef4c',0,0,'',0,0,'2016-08-14 21:29:00','2016-08-14 21:41:40',NULL),(8620,1,1,0,'',4,3171,3171,1,0,2916,227043,'b09119817421a1808c9f2977b861bf6b',0,0,'',0,0,'2016-08-16 16:45:46','2016-08-16 16:49:48',NULL),(8633,1,1,35,'a:1:{i:2338;s:3:\"35,\";}',2,2338,2338,1,0,2177,228477,'4a46cb0111e91f718eed89d185ebaf5d',0,0,'',0,0,'2016-08-17 17:39:57','2016-08-17 17:50:33',NULL),(8634,1,1,0,'',4,3172,3172,1,0,2917,228630,'db8de8b365cf453f80ac5017eefd5dee',0,0,'',0,0,'2016-08-17 20:26:00','2016-08-17 21:20:28',NULL),(8646,1,1,0,'',4,3177,3179,1,0,2922,231156,'906797746b003b5db400fbfb62a690b7',0,0,'',0,1,'2016-08-19 15:18:47','2016-08-22 08:39:30',NULL),(8657,1,1,0,'',4,2478,2478,1,0,1342,233975,'81b3de50e95caff34901693a4ce82995',0,0,'',0,0,'2016-08-21 11:35:08','2016-08-21 11:43:19',NULL),(8663,1,1,0,'',4,1277,1277,1,0,1235,117893,'02e612c007603084f3d5bd94d3ab4621',0,0,'',0,0,'2016-08-22 09:00:48','2016-08-22 09:10:27',NULL),(8665,1,1,0,'',4,3180,3180,1,0,2924,235568,'5a55cf86673ef3a8a239353c05db9de8',0,0,'',0,0,'2016-08-22 09:58:44','2016-08-22 10:13:15',NULL),(8669,1,1,0,'',4,3196,3196,1,0,1464,226648,'7b23d5ef828a5beab5051cff196ea3ff',0,0,'',0,0,'2016-08-22 16:59:08','2016-08-28 10:39:58',NULL),(8679,1,1,0,'',1,3186,3186,1,0,2930,237118,'81dccfa8152a08bd4b4e5ee78c518ba9',0,0,'',0,0,'2016-08-23 08:57:51','2016-08-23 10:15:37',NULL),(8685,1,1,0,'',4,3189,3189,1,0,695,233900,'2b3914a2b8041c8746e855751ab3e12d',0,0,'',0,0,'2016-08-23 21:38:29','2016-08-23 21:57:14',NULL),(8698,1,1,0,'',4,3193,3193,1,0,2935,238107,'c4e0927ac2fe66dca0e006423af27ec5',0,0,'',0,0,'2016-08-24 19:55:29','2016-08-24 20:06:28',NULL),(8719,1,1,0,'',4,3195,3194,1,0,2937,235751,'9532804138a5ae81987bd8119710eb3f',0,0,'',0,0,'2016-08-27 21:16:17','2016-08-27 21:25:24',NULL),(8725,1,1,0,'',4,3199,3199,1,0,2939,245946,'76f1c963c6e65edec3d07d8cd374958e',0,0,'',0,0,'2016-08-28 20:53:19','2016-08-28 21:18:29',NULL),(8732,1,1,0,'',4,3200,3200,1,0,2940,246642,'a9c28b3b58ea2a59df5b37ed9bdd751a',0,0,'',0,0,'2016-08-29 10:42:30','2016-08-29 10:46:07',NULL),(8736,1,1,0,'',4,3207,3207,1,0,2945,247006,'5abad09f3ea7b1f160ff0fdb1dc759a5',0,0,'',0,0,'2016-08-29 18:19:26','2016-09-02 21:12:20',NULL),(8744,1,1,0,'',4,1908,1908,1,0,1794,247976,'a8dedf29dc14486c0aa07d390f6edb22',0,0,'',0,0,'2016-08-30 17:24:53','2016-09-01 17:40:03',NULL),(8763,1,1,0,'',4,3205,3205,1,0,2943,251106,'5ed1db7f4894b5c5f07a590666bc5f0d',0,0,'',0,0,'2016-09-01 23:20:33','2016-09-02 00:00:10',NULL),(8768,1,1,0,'',4,3206,3206,1,0,2944,251544,'f837f4d1d1018494e11b4993710b4abe',0,0,'',0,0,'2016-09-02 09:45:21','2016-09-02 10:02:33',NULL),(8778,1,1,0,'',4,3208,3208,1,0,2946,253599,'9229d1c7213f0a2ef923a8bc6f04c339',0,0,'',0,0,'2016-09-03 20:22:28','2016-09-03 20:30:53',NULL),(8783,1,1,0,'',4,3209,3209,1,0,2948,254361,'4d4ffc806693935bb7ded6ceffa1763d',0,0,'',0,0,'2016-09-04 12:53:27','2016-09-04 15:13:09',NULL),(8793,1,1,0,'',4,1393,1393,1,0,1345,255677,'d58b2c05c68510829760da4960c772ff',0,0,'',0,0,'2016-09-05 20:28:07','2016-09-05 21:47:33',NULL),(8800,1,1,0,'',1,3210,3210,1,0,1132,256815,'b453423757d9b458a2860e5b06e6d3f9',0,0,'',0,0,'2016-09-06 15:23:47','2016-09-06 15:44:18',NULL),(8809,1,1,0,'',4,3211,3211,1,0,2949,258006,'21b96d5907453c1f24dd8bfce9714e53',0,0,'',0,0,'2016-09-07 13:12:13','2016-09-07 13:16:08',NULL),(8810,1,1,0,'',4,3212,3212,1,0,2950,2863074,'4a0812740426bf7756d75337ebcb2c1a',0,0,'',0,0,'2016-09-07 14:39:50','2016-09-07 14:49:43',NULL),(8817,1,1,0,'',4,3214,3214,1,0,2952,259040,'510e9980c0a9621b3d05122a24f80eac',0,0,'',0,0,'2016-09-08 14:05:51','2016-09-08 14:08:43',NULL),(8830,1,1,0,'',1,2670,2670,1,0,2469,260236,'720425f0aa6e49b8fa5540be1485c927',0,0,'',0,0,'2016-09-09 20:46:51','2016-09-09 21:17:15',NULL),(8839,1,1,0,'',4,3216,3216,1,0,2955,263663,'7cf3bb2c21795f10d43076573b747f0e',0,0,'',0,0,'2016-09-11 17:13:32','2016-09-11 17:24:35',NULL),(8843,1,1,0,'',4,3221,3218,1,0,2956,263721,'72a407d8d20b76590afc021e53f95058',0,0,'',0,0,'2016-09-11 18:27:49','2016-09-18 09:40:07',NULL),(8854,1,1,0,'',4,3219,3219,1,0,2957,264738,'e2a91c3b6f92fb638c46bcae7b1463d9',0,0,'',0,1,'2016-09-12 18:18:30','2016-09-12 18:33:44',NULL),(8862,1,1,0,'',4,3223,3223,1,0,2960,254298,'78434d0bec5cee5258de5bff0b56e120',0,0,'',0,0,'2016-09-13 21:25:09','2016-09-13 21:31:58',NULL),(8871,1,1,0,'',4,3224,3224,1,0,2961,267778,'979a97066af242f2634bbdc44e0ac0e7',0,0,'',0,0,'2016-09-14 20:21:13','2016-09-14 20:26:27',NULL),(8884,1,1,0,'',4,3226,3226,1,0,2963,269273,'85c7bdc012ec19b3a2cf3fd4b6c70e16',0,0,'',0,0,'2016-09-16 08:19:58','2016-09-16 08:29:10',NULL),(8898,1,1,0,'',4,3221,3227,1,0,2956,263721,'72a407d8d20b76590afc021e53f95058',0,0,'',0,0,'2016-09-18 09:51:17','2016-09-18 09:52:41',NULL),(8909,1,1,0,'',4,3000,3001,1,0,2510,272452,'9c8eb9a6bdcc2dca2bd23e86fdf903f5',0,0,'',0,0,'2016-09-18 21:35:34','2016-09-18 22:11:25',NULL),(8915,1,1,0,'',1,2571,2571,1,0,2377,273075,'379c923861b21b448b06f9d34fe83575',0,0,'',0,0,'2016-09-19 11:33:13','2016-09-22 11:22:31',NULL),(8929,1,1,0,'',4,3229,3229,1,0,2965,274725,'33c93f5d5d00d9fbdd78c5a6a8ecebad',0,0,'',0,0,'2016-09-20 16:00:40','2016-09-20 16:06:53',NULL),(8934,1,1,0,'',4,3230,3231,1,0,2966,275765,'8ff1872aad5a3a72af847a33fe9e7a79',0,0,'',0,0,'2016-09-21 03:16:08','2016-09-21 03:22:43',NULL),(8939,1,1,0,'',1,2695,2695,1,0,2496,276336,'b95b4cbd5951f6605888d17c644cd4cc',0,0,'',0,0,'2016-09-21 09:20:39','2016-09-21 09:27:50',NULL),(8948,1,1,0,'',4,3233,3233,1,0,2968,276244,'3c0475880532649a9f051d244eba17df',0,0,'',0,0,'2016-09-21 20:59:03','2016-09-22 18:17:18',NULL),(8954,1,1,0,'',4,2584,2584,1,0,2389,277393,'3a835c5874f28a3fd8a03c1f361c69fa',0,0,'',0,0,'2016-09-22 13:58:29','2016-09-22 14:01:24',NULL),(8960,1,1,0,'',1,3235,3235,1,0,2969,278487,'e653e004dffe139276d54e190e4ce0ca',0,0,'',0,0,'2016-09-23 22:29:30','2016-09-23 23:01:05',NULL),(8970,1,1,0,'',4,3238,3238,1,0,2973,280928,'dd7aaa1344d582d583c0b99846e53658',0,0,'',0,0,'2016-09-25 13:31:37','2016-09-25 13:38:10',NULL),(8973,1,1,0,'',4,3239,3239,1,0,2974,281102,'5995cb8c1c80908c17acfbde592d0799',0,0,'',0,0,'2016-09-25 18:34:23','2016-09-25 18:51:21',NULL),(8975,1,1,0,'',4,3240,3240,1,0,2975,280555,'40ea6f1b5316f90a0960f3c35b33d2c0',0,0,'',0,0,'2016-09-25 19:23:01','2016-09-25 19:27:10',NULL),(8979,1,1,0,'',4,3241,3241,1,0,2976,281211,'dab37a160c22936fddb78a2a933f7e73',0,0,'',0,0,'2016-09-25 23:57:18','2016-09-25 23:59:37',NULL),(8989,1,1,0,'',1,3244,3244,1,0,2978,282006,'5b78815eea0d3ee3191d41fc6a6a57b5',0,0,'',0,0,'2016-09-26 15:16:14','2016-09-26 15:57:12',NULL),(8995,1,1,0,'',4,3247,3247,1,0,2972,280652,'0f2be8ac1fcf978b90384145cfe6472d',0,0,'',0,0,'2016-09-27 12:58:04','2016-09-27 13:40:01',NULL),(9007,1,1,0,'',4,3248,3248,1,0,2980,285035,'7d17a8fbc911b0a9d1bdda66853d7b49',0,0,'',0,0,'2016-09-28 19:51:37','2016-09-28 19:55:12',NULL),(9027,1,1,0,'',2,3251,3251,1,0,2983,289263,'b6675c71f8e97575fe1cd2632f4f985c',0,0,'',0,0,'2016-10-01 23:48:59','2016-10-01 23:54:55',NULL),(9043,1,1,0,'',4,3254,3254,1,0,2985,290687,'86c7bfa7a83941210723facc550f15d6',0,0,'',0,0,'2016-10-03 13:02:02','2016-10-03 13:11:59',NULL),(9050,1,1,0,'',1,3257,3257,1,0,2328,291455,'a7790132465c678b79d6a3480d7acedc',0,0,'',0,0,'2016-10-04 07:57:33','2016-10-04 08:17:49',NULL),(9052,1,1,0,'',1,2670,2670,1,0,2469,291599,'720425f0aa6e49b8fa5540be1485c927',0,0,'',0,0,'2016-10-04 12:40:54','2016-10-04 13:34:58',NULL),(9053,1,1,0,'',1,2911,2911,1,0,2682,58291,'cabc3f54fd6d114cfcf8c9b56321cfa0',0,0,'',0,0,'2016-10-04 13:27:28','2016-10-05 13:46:43',NULL),(9059,1,1,0,'',4,1395,1395,1,0,1349,292065,'8fd866671594b9767838768509e735d9',0,0,'',0,0,'2016-10-04 19:29:20','2016-10-04 19:35:24',NULL),(9062,1,1,0,'',1,3259,3259,1,0,2988,292152,'1e72290175ed2fa63d407e615067d5ef',0,0,'',0,0,'2016-10-04 21:52:07','2016-10-04 22:13:43',NULL),(9066,1,1,0,'',1,2762,2762,1,0,2553,292802,'f09f8c737a235ac78ad2945e954ae293',0,0,'',0,0,'2016-10-05 11:01:16','2016-10-05 11:15:43',NULL),(9070,1,1,0,'',4,3261,3261,1,0,2990,293830,'94aa6cae9e8de42cbb43b8e11a64dbd6',0,0,'',0,0,'2016-10-06 08:08:28','2016-10-06 08:12:19',NULL),(9078,1,1,0,'',4,3262,3262,1,0,2991,294803,'c743a7120e7b329745abc9a85622a962',0,0,'',0,0,'2016-10-06 22:16:37','2016-10-08 15:49:28',NULL),(9085,1,1,0,'',4,2765,2765,1,0,2556,290077,'a63d73ec4e9109dae2b334118174d527',0,0,'',0,0,'2016-10-07 17:00:49','2016-10-07 17:35:46',NULL),(9095,1,1,0,'',1,3269,3269,1,0,2996,287396,'f8429023b1168586436b0ca4ea5d0f70',0,0,'',0,0,'2016-10-08 11:16:43','2016-10-09 14:13:32',NULL),(9098,1,1,0,'',4,3267,3267,1,0,2993,270962,'bcb5412cb31251072b602a8015224d20',0,0,'',0,0,'2016-10-08 20:17:59','2016-10-08 20:25:59',NULL),(9108,1,1,0,'',4,3270,3270,1,0,2997,296038,'898f861a714e5909051a6800acc543e6',0,0,'',0,0,'2016-10-09 16:23:21','2016-10-09 19:31:00',NULL),(9112,1,1,0,'',4,3271,3271,1,0,2998,298531,'fbcd697a768bf4167557e31f387e9ff3',0,0,'',0,0,'2016-10-09 19:49:59','2016-10-09 19:53:58',NULL),(9119,1,1,0,'',1,3273,3273,1,0,3000,300819,'9ed51ca726177e6fbe505daab89aeff5',0,0,'',0,0,'2016-10-10 13:18:37','2016-10-10 13:47:10',NULL),(9132,1,1,0,'',1,3274,3274,1,0,3001,301742,'c6b0b6b1ddc0a3cd76d43a758a9573c3',0,0,'',0,0,'2016-10-11 09:07:54','2016-10-11 09:41:17',NULL),(9133,1,1,0,'',1,3274,3274,1,0,3001,301742,'c6b0b6b1ddc0a3cd76d43a758a9573c3',0,0,'',0,0,'2016-10-11 09:45:38','2016-10-11 09:46:08',NULL),(9141,1,1,0,'',4,3277,3277,1,0,3006,297215,'e43813704557659688c860da65b745d3',0,0,'',0,0,'2016-10-11 17:46:45','2016-10-11 17:55:06',NULL),(9144,1,1,0,'',4,2159,2159,1,0,2019,113840,'5805f81b7b0b3cc3aacfc2a9d359dd67',0,0,'',0,0,'2016-10-11 18:37:05','2016-10-11 18:50:18',NULL),(9148,1,1,0,'',1,3279,3279,1,0,3008,303333,'9366a467313cfa16a70d94de396c5d17',0,0,'',0,0,'2016-10-12 11:55:12','2016-10-12 12:01:34',NULL),(9156,1,1,0,'',4,3330,3330,1,0,3060,297449,'f8ae7d934431d63488d6cde5d86f0f82',0,0,'',0,0,'2016-10-12 17:57:30','2016-11-12 18:06:26',NULL),(9167,1,1,0,'',4,3281,3281,1,0,3010,298449,'2ac10b5a62be9131b66250eec364b0fd',0,0,'',0,0,'2016-10-13 18:34:47','2016-10-13 18:42:02',NULL),(9168,1,1,0,'',1,3312,3312,1,0,3040,305240,'119d33617c1d2fac76e6173133086687',0,0,'',0,0,'2016-10-13 22:43:20','2016-11-03 12:59:55',NULL),(9169,1,1,0,'',4,3282,3282,1,0,3011,304298,'5d416cd86076683de9f4731cbf13a6d6',0,0,'',0,0,'2016-10-14 08:50:23','2016-10-14 09:01:48',NULL),(9170,1,1,0,'',4,2829,2829,1,0,2603,305989,'0289e1f4a6eca43bcf4d40b31e7285d1',0,0,'',0,0,'2016-10-14 10:39:45','2016-10-14 10:50:08',NULL),(9207,1,1,0,'',4,3286,3286,1,0,3015,310231,'f4021e76e0fa055670ebef5ba0a04e77',0,0,'',0,0,'2016-10-18 21:42:12','2016-10-18 21:52:58',NULL),(9245,1,1,0,'',4,3293,3293,1,0,3021,314867,'9f40873e74834f1822f5a4bb8d669c97',0,0,'',0,0,'2016-10-23 17:23:37','2016-10-23 17:38:40',NULL),(9248,1,1,0,'',4,3294,3294,1,0,3022,314900,'4db0054036cf7c72970a31cb90db5fc3',0,0,'',0,0,'2016-10-23 18:34:01','2016-10-23 18:50:25',NULL),(9249,1,1,0,'',4,3295,3295,1,0,3023,314924,'83e5f52dba4ef13c5600e51bb1a455a8',0,0,'',1,0,'2016-10-23 18:52:39','2016-10-23 18:58:50',NULL),(9260,1,1,0,'',4,3297,3297,1,0,3025,316267,'28fefda9dfb1a6f55c25fce20fc0fd73',0,0,'',0,0,'2016-10-24 20:41:59','2016-10-24 20:50:20',NULL),(9262,1,1,0,'',4,2258,2258,1,0,1276,297308,'024a38e3aae2c3cb6d9559d57a8405fe',0,0,'',0,0,'2016-10-25 07:47:01','2016-10-25 08:01:34',NULL),(9276,1,1,0,'',4,3306,3306,1,0,3034,318778,'8025798b9c22841ea6bc615b5af08908',0,0,'',1,1,'2016-10-26 23:58:28','2016-11-02 09:34:21',NULL),(9282,1,1,0,'',4,3298,3298,1,0,3026,320222,'45892b10233175215511b01e36215913',0,0,'',0,0,'2016-10-27 19:19:30','2016-10-27 19:42:50',NULL),(9290,1,1,0,'',4,3299,3299,1,0,3027,298657,'8edf899684b51db459e9f7fbf3af0f9c',0,0,'',0,0,'2016-10-28 22:06:36','2016-10-28 22:17:41',NULL),(9304,1,1,0,'',1,3303,3303,1,0,3031,324448,'73af513e833ce990c2b935ac637ea0aa',0,0,'',0,0,'2016-10-31 19:01:33','2016-10-31 19:10:01',NULL),(9311,1,1,0,'',4,3305,3305,1,0,3033,325004,'be6f2ce41f80b996638cf88e7967cfcd',0,0,'',1,1,'2016-11-01 14:06:21','2016-11-01 14:13:42',NULL),(9318,1,1,0,'',4,3308,3308,1,0,3036,325644,'a23b5c416958e8373726c4c081d7b3ba',0,0,'',0,0,'2016-11-02 10:33:50','2016-11-02 12:35:21',NULL),(9321,1,1,0,'',4,3309,3309,1,0,3037,325859,'4aa037e5ab5766cb0e8643e8e545bd8b',0,0,'',1,0,'2016-11-02 14:32:21','2016-11-02 14:40:15',NULL),(9325,1,1,0,'',4,3310,3310,1,0,3038,326045,'145350f8f2c14e490c66a59a9053c336',0,0,'',1,0,'2016-11-02 20:04:35','2016-11-02 20:41:40',NULL),(9333,1,1,0,'',2,3335,3335,1,0,3065,327360,'9eb9b761ec3d379544fea20babd99e88',0,0,'',0,0,'2016-11-04 10:23:22','2016-11-14 16:14:13',NULL),(9335,1,1,0,'',4,3313,3313,1,0,3041,313478,'6f4ee129126afcaf7cda14be3d34b765',0,0,'',0,0,'2016-11-04 14:21:23','2016-11-04 14:27:23',NULL),(9344,1,1,0,'',4,3315,3315,1,0,3043,324467,'b9edb051653ee0d429ca0649ad798896',0,0,'',0,0,'2016-11-05 16:37:10','2016-11-06 12:58:01',NULL),(9346,1,1,0,'',1,3314,3314,1,0,3042,327698,'7d6a086cd60bec8829d960e010a0d9a4',0,0,'',0,0,'2016-11-05 17:23:34','2016-11-05 17:52:24',NULL),(9353,1,1,0,'',4,3316,3316,1,0,3044,329447,'fda6209471a6cbf228482624ac72dea3',0,0,'',0,0,'2016-11-06 13:33:24','2016-11-06 13:39:39',NULL),(9355,1,1,0,'',4,1155,1155,1,0,1135,329771,'2f21d60b8f70812bc36a8cc3cc201c39',0,0,'',0,0,'2016-11-06 16:11:42','2016-11-06 17:02:10',NULL),(9356,1,1,0,'',1,3317,3317,1,0,3045,330200,'e5cc46212bff1e679c2cd986c6647f9a',0,0,'',0,0,'2016-11-06 16:48:48','2016-11-06 16:59:46',NULL),(9358,1,1,0,'',4,2501,2501,1,0,2322,330276,'1f7470a965a9bb04cd56b771fae7f78c',0,0,'',0,0,'2016-11-06 17:40:14','2016-11-06 17:50:05',NULL),(9367,1,1,0,'',4,3318,3318,1,0,3046,330965,'1ae5b121d962299e73d882889f22fba0',0,0,'',0,0,'2016-11-07 13:44:09','2016-11-07 13:50:23',NULL),(9372,1,1,0,'',4,1316,1316,1,0,1271,331705,'bfd270da85d99be913cd259fa4271762',0,0,'',0,0,'2016-11-08 08:38:21','2016-11-08 08:43:11',NULL),(9374,1,1,0,'',4,3319,3319,1,0,3049,331779,'8fee1b0bc3740480aa19dcb6bc165659',0,0,'',0,0,'2016-11-08 10:54:23','2016-11-08 10:56:01',NULL),(9382,1,1,0,'',4,3321,3321,1,0,2445,332902,'bf4fd45d1b2445e507241468369a4fed',0,0,'',0,0,'2016-11-09 13:05:05','2016-11-09 13:24:05',NULL),(9391,1,1,0,'',4,3327,3327,1,0,3056,333729,'fd22f1c9089d8a661f7bf6ef1a8aab32',0,0,'',0,0,'2016-11-10 15:17:26','2016-11-10 15:23:27',NULL),(9400,1,1,0,'',2,3328,3328,1,0,3057,326829,'a3f475fd8c98c476b8262a56c7dd50d7',0,0,'',0,0,'2016-11-11 09:18:56','2016-11-11 09:29:11',NULL),(9422,1,1,0,'',1,3331,3331,1,0,3061,335962,'69bf3e276af727acd17ec643ec812d94',0,0,'',1,0,'2016-11-13 09:08:38','2016-11-13 09:15:43',NULL),(9430,1,1,0,'',4,3333,3333,1,0,3063,335205,'f222ecf9db234998e6db7433d9a0f5bc',0,0,'',1,0,'2016-11-14 08:31:35','2016-11-14 08:36:00',NULL),(9434,1,1,0,'',1,3334,3334,1,0,3064,337116,'0544c8e6914f087a5c188372c3b2d1eb',0,0,'',0,0,'2016-11-14 13:12:56','2016-11-14 13:18:24',NULL),(9446,1,1,0,'',2,3337,3337,1,0,3067,338787,'8e5354029c18ec83adac6905253056bb',0,0,'',0,0,'2016-11-15 16:57:12','2016-11-15 16:58:05',NULL),(9447,1,1,0,'',2,3337,3337,1,0,3067,338787,'8e5354029c18ec83adac6905253056bb',0,0,'',0,0,'2016-11-15 16:59:36','2016-11-15 17:03:40',NULL),(9450,1,1,0,'',4,3340,3340,1,0,3068,339233,'b8f3eb7398d323189a41ffdcd1a075c7',0,0,'',0,0,'2016-11-15 21:37:45','2016-11-15 21:44:30',NULL),(9451,1,1,0,'',1,3312,3312,1,0,3040,305240,'119d33617c1d2fac76e6173133086687',0,0,'',0,0,'2016-11-16 12:58:20','2016-11-16 13:01:45',NULL),(9452,1,1,0,'',1,3341,3341,1,0,3069,340826,'b252a405f2653ed5fc2bc8db385ca768',0,0,'',0,0,'2016-11-16 14:42:01','2016-11-16 18:03:29',NULL),(9479,1,1,0,'',4,2797,2797,1,0,2406,346069,'3822a44cd91cb72b4345915cf18b0a1c',0,0,'',0,0,'2016-11-20 14:08:04','2016-11-20 14:35:26',NULL),(9482,1,1,0,'',4,3343,3343,1,0,3071,346234,'823e67c1c4270a96e04674800017c333',0,0,'',1,0,'2016-11-20 17:50:47','2016-11-20 18:21:31',NULL),(9483,1,1,0,'',4,1886,1886,1,0,1322,346322,'88a05f532074a390053887e09cc7b1e9',0,0,'',0,0,'2016-11-20 19:27:46','2016-11-20 19:48:53',NULL),(9498,1,1,0,'',2,3353,3353,1,0,3080,346940,'755c955d10b0a2d3d7629ab33fe2f6e2',0,0,'',0,0,'2016-11-21 12:14:45','2016-11-23 21:21:54',NULL),(9508,1,1,0,'',4,3345,3345,1,0,3073,347752,'b9086736f7ee8c8205be9b84d2427088',0,0,'',0,0,'2016-11-22 11:50:44','2016-11-22 12:11:44',NULL),(9516,1,1,0,'',4,3349,3349,1,0,3076,347880,'e43578738c83909c0ba76af3c13f208e',0,0,'',0,0,'2016-11-22 17:01:53','2016-11-22 19:40:31',NULL),(9517,1,1,0,'',1,3352,3352,1,0,3079,347892,'df0c9ed756ad0f242bc1db0dcac84518',0,0,'',0,0,'2016-11-22 17:08:37','2016-11-23 19:26:47',NULL),(9528,1,1,0,'',4,3350,3350,1,0,3077,348526,'543fc6cd929fc167c181cf2b6f3fa01d',0,0,'',0,0,'2016-11-23 10:48:28','2016-11-23 10:51:44',NULL),(9545,1,1,0,'',4,3355,3355,1,0,3082,353131,'2093f006c3ad71abb9a827ea08f6f0c7',0,0,'',0,0,'2016-11-25 17:25:47','2016-11-25 17:32:44',NULL),(9553,1,1,0,'',4,3346,3346,1,0,3074,353344,'9908129f4dbf39e7ac8d32dfbd5c0037',0,0,'',0,0,'2016-11-26 00:08:49','2016-12-01 22:48:54',NULL),(9555,1,1,0,'',4,3366,3366,1,0,3091,353714,'0b8cb42aef758a8454f6faee981f83b0',0,0,'',0,0,'2016-11-26 08:40:04','2016-12-01 10:33:27',NULL),(9556,1,1,0,'',4,1945,1945,1,0,1828,353749,'f094ac49d5d7d3c8194b1f676ebbe3a8',0,0,'',0,0,'2016-11-26 09:11:56','2016-12-05 15:32:02',NULL),(9578,1,1,0,'',4,3649,3649,1,0,2603,354711,'0289e1f4a6eca43bcf4d40b31e7285d1',0,0,'',0,0,'2016-11-27 11:35:16','2017-03-16 10:03:45',NULL),(9579,1,1,0,'',4,3357,3357,1,0,3084,354778,'74013ca19d9dffd50a395a77258d9f1e',0,0,'',0,0,'2016-11-27 13:45:17','2016-11-28 20:29:11',NULL),(9586,1,1,0,'',4,3356,3356,1,0,3083,355023,'78b275a6951043901512c2f6178133ce',0,0,'',1,1,'2016-11-27 21:25:21','2016-11-27 21:37:13',NULL),(9600,1,1,0,'',4,1886,1886,1,0,1322,356600,'88a05f532074a390053887e09cc7b1e9',0,0,'',0,0,'2016-11-28 19:36:57','2016-11-28 19:59:48',NULL),(9603,1,1,0,'',4,3359,3359,1,0,3085,356931,'195d56fd06f8a436c5430a0f1cbb18d8',0,0,'',0,0,'2016-11-29 07:34:22','2016-11-29 07:41:47',NULL),(9604,1,1,0,'',4,3360,3360,1,0,3086,357067,'8afd901e33cd6912713172de724f84d4',0,0,'',0,0,'2016-11-29 10:49:33','2016-11-29 10:55:18',NULL),(9613,1,1,0,'',4,1636,1636,1,0,1554,357257,'761019ed09caf07923765578d7a35d5d',0,0,'',1,0,'2016-11-29 17:08:34','2016-11-29 17:44:30',NULL),(9619,1,1,0,'',4,3362,3363,1,0,3088,357416,'0cece09fb378eb3e9b7836261b4a09d9',0,0,'',0,0,'2016-11-29 22:32:33','2016-11-29 22:41:14',NULL),(9621,1,1,0,'',4,2730,2730,1,0,1325,357859,'ec846647416f7f05fd4e152cd0917710',0,0,'',0,0,'2016-11-30 10:19:58','2016-11-30 10:24:52',NULL),(9628,1,1,0,'',4,3365,3365,1,0,3090,358170,'ab6334250a0ea9e424ae577740a0107c',0,0,'',0,0,'2016-11-30 19:46:21','2016-11-30 19:52:16',NULL),(9635,1,1,0,'',4,3368,3368,1,0,3093,359034,'31182a6ad00aeebe3d4b0251f7bd46a2',0,0,'',1,0,'2016-12-01 12:49:12','2016-12-01 13:02:58',NULL),(9638,1,1,0,'',4,3369,3369,1,0,3094,359194,'bdd8d9bc5d625ce7bbff2fd2dcbda218',0,0,'',0,0,'2016-12-01 16:01:55','2016-12-01 16:08:09',NULL),(9640,1,1,0,'',4,3370,3370,1,0,3095,359244,'cb0d946241d4adaa62b5b5d96fb64ed6',0,0,'',0,0,'2016-12-01 17:37:53','2016-12-01 18:29:30',NULL),(9645,1,1,0,'',1,3381,3381,1,0,3105,359256,'f665b0aef6f56e912a44e88171843fa6',0,0,'',0,0,'2016-12-02 00:29:06','2016-12-05 15:08:25',NULL),(9648,1,1,0,'',4,3371,3371,1,0,3096,360116,'c7ddea0d387b939600a2c0735aedf6d7',0,0,'',0,0,'2016-12-02 15:21:07','2016-12-02 15:23:39',NULL),(9649,1,1,0,'',4,3372,3372,1,0,3097,360194,'d5c168549b479020ed8f57b1195e89c7',0,0,'',0,0,'2016-12-02 18:31:24','2016-12-04 21:30:00',NULL),(9652,1,1,0,'',4,3373,3373,1,0,3098,360825,'a08210361a107448b65df36494f55317',0,0,'',0,0,'2016-12-03 13:07:19','2016-12-03 13:10:53',NULL),(9654,1,1,0,'',4,3374,3374,1,0,3099,361020,'ac299e440e2acf9944f7de850d52e15c',0,0,'',0,0,'2016-12-03 18:38:50','2016-12-03 18:42:43',NULL),(9656,1,1,0,'',4,3375,3375,1,0,3100,361071,'9354634a2b560238dbb316a13b0f399a',0,0,'',0,0,'2016-12-03 20:35:39','2016-12-03 20:47:53',NULL),(9678,1,1,0,'',4,3377,3377,1,0,3102,361890,'15e62a5f81bc1756abe0c0bdaa695760',0,0,'',1,1,'2016-12-04 18:59:34','2016-12-04 19:05:00',NULL),(9684,1,1,0,'',1,3378,3378,1,0,3103,362497,'16bb85319dbaa63bf42ab9077ba3a288',0,0,'',0,0,'2016-12-05 09:07:09','2016-12-05 09:15:27',NULL),(9699,1,1,0,'',4,3382,3382,1,0,1730,357197,'e583f66f0820473ccfd5949c17a6ed6d',0,0,'',0,0,'2016-12-06 08:59:28','2016-12-06 09:54:29',NULL),(9700,1,1,0,'',4,3384,3385,1,0,3107,363809,'1448cdc78b9b5b5a62733186e304ec34',0,0,'',0,0,'2016-12-06 14:07:17','2016-12-06 14:38:15',NULL),(9702,1,1,0,'',4,3386,3386,1,0,3108,364150,'f94a21dfcb656ba7f7966b9eff821144',0,0,'',1,1,'2016-12-06 18:27:14','2016-12-06 18:34:24',NULL),(9703,1,1,0,'',2,3387,3387,1,0,3109,363004,'e881679d1c3644774ae571cafdeb4c01',0,0,'',0,0,'2016-12-06 18:35:19','2016-12-06 18:47:33',NULL),(9707,1,1,0,'',4,3388,3388,1,0,3110,365306,'51e5a66d9ad57eb432a6176f8b85c706',0,0,'',0,0,'2016-12-07 10:46:35','2016-12-07 10:50:22',NULL),(9714,1,1,0,'',4,3389,3389,1,0,3111,364457,'744ace664d4ced82988469472a784bac',0,0,'',0,0,'2016-12-07 21:30:51','2016-12-07 21:35:09',NULL),(9728,1,1,0,'',2,3393,3393,1,0,3115,362824,'a63c3db923f8849a124c0f717655b624',0,0,'',0,0,'2016-12-09 20:01:42','2016-12-09 20:06:25',NULL),(9729,1,1,0,'',4,3394,3394,1,0,3116,368822,'f02fa2ee5e3fbf06082aac8e59dcb68a',0,0,'',1,0,'2016-12-09 20:09:04','2016-12-09 20:43:59',NULL),(9731,1,1,0,'',4,3395,3395,1,0,3117,369382,'d506e414a389b79c2800e6fa3879b2c4',0,0,'',1,0,'2016-12-09 23:09:19','2016-12-09 23:21:48',NULL),(9733,1,1,0,'',4,3396,3396,1,0,3118,369880,'49a131af17a37419a7a6784af4b5c224',0,0,'',0,0,'2016-12-10 09:53:24','2016-12-10 09:59:26',NULL),(9734,1,1,0,'',4,3397,3397,1,0,3119,370002,'95e72159da9091e2daf6e7724ad1bc81',0,0,'',0,0,'2016-12-10 13:18:56','2016-12-10 14:39:32',NULL),(9735,1,1,0,'',4,3398,3398,1,0,3120,370062,'75526cecca1c5f247dc5e4b2d2f7a935',0,0,'',0,0,'2016-12-10 14:53:48','2016-12-10 14:59:57',NULL),(9736,1,1,0,'',2,3393,3393,1,0,3115,362570,'a63c3db923f8849a124c0f717655b624',0,0,'',0,1,'2016-12-10 15:02:37','2016-12-14 14:30:51',NULL),(9741,1,1,0,'',2,3399,3399,1,0,3121,360229,'c8a25ad875a9888940e9016d95603b8f',0,0,'',0,0,'2016-12-10 22:44:56','2016-12-10 22:55:24',NULL),(9743,1,1,0,'',4,3400,3400,1,0,3122,371458,'84e8976d8cd68b241b93d1a179c8b94c',0,0,'',0,0,'2016-12-11 13:37:26','2016-12-11 14:14:46',NULL),(9744,1,1,0,'',4,205,205,1,0,205,371537,'ca610187214f57e07835917e20bc0738',0,0,'',0,0,'2016-12-11 16:04:17','2016-12-11 16:13:04',NULL),(9748,1,1,0,'',4,3401,3401,1,0,3123,371625,'18d2276f95ec7da3321ae7f3c9efadf2',0,0,'',1,0,'2016-12-11 19:06:53','2016-12-11 19:10:03',NULL),(9750,1,1,0,'',4,879,879,1,0,879,371639,'329dd64c586dbeac1eda05694511a626',0,0,'',0,0,'2016-12-11 21:19:06','2016-12-11 21:52:24',NULL),(9755,1,1,0,'',4,2709,2709,1,0,2508,372237,'3d3431d43e228c59e7d2339a477953da',0,0,'',0,0,'2016-12-12 11:36:00','2016-12-18 17:42:13',NULL),(9760,1,1,0,'',4,3403,3403,1,0,3125,372453,'1f8e6391035f965079cf8d8d2fde8b04',0,0,'',1,0,'2016-12-12 19:10:27','2016-12-12 19:14:57',NULL),(9764,1,1,0,'',1,3450,3450,1,0,3166,372663,'3a1b946efc5065e81223824b9846870b',0,0,'',0,0,'2016-12-13 02:49:41','2017-01-10 14:54:39',NULL),(9766,1,1,0,'',4,3409,3409,1,0,3130,372956,'de356ff90f04681880398aadde516d6a',0,0,'',0,0,'2016-12-13 09:42:45','2016-12-15 15:37:13',NULL),(9771,1,1,0,'',1,1091,1091,1,0,1079,373187,'26edd5ffd9a3889133759023c339d8e0',0,0,'',0,0,'2016-12-13 18:41:57','2016-12-13 18:52:24',NULL),(9772,1,1,0,'',1,1091,1091,1,0,1079,373187,'26edd5ffd9a3889133759023c339d8e0',0,0,'',0,0,'2016-12-13 18:55:13','2016-12-13 19:04:05',NULL),(9774,1,1,0,'',4,3410,3410,1,0,3131,373298,'27c97206091f4f3eb591b8ee8c85cabd',0,0,'',1,0,'2016-12-13 21:49:51','2016-12-16 12:42:27',NULL),(9776,1,1,0,'',4,3407,3408,1,0,3129,373882,'37044de880a1297ffdf52cda8303abf2',0,0,'',0,0,'2016-12-14 10:06:56','2016-12-14 17:13:06',NULL),(9777,1,1,0,'',4,3406,3406,1,0,3128,365810,'3a78484602a8e131a3c803dd7145650e',0,0,'',0,0,'2016-12-14 11:30:00','2016-12-14 12:07:24',NULL),(9791,1,1,0,'',4,2566,2566,1,0,2373,373089,'1cfed17c58b752fd82c2efb8cb354566',0,0,'',0,0,'2016-12-15 17:27:32','2016-12-15 17:37:26',NULL),(9798,1,1,0,'',4,2453,2453,1,0,2278,377115,'595e3db68f8dfa21e5b86f81e1654262',0,0,'',0,0,'2016-12-16 08:15:09','2016-12-16 08:27:34',NULL),(9820,1,1,0,'',4,3417,3417,1,0,3136,360716,'47def22b19f2de316f2adf8a13a55a28',0,0,'',1,0,'2016-12-18 17:34:45','2016-12-18 17:42:07',NULL),(9825,1,1,0,'',4,3419,3420,1,0,3138,372921,'776f7aa980e68339389d74e73b2bdb72',0,0,'',0,0,'2016-12-19 08:19:37','2016-12-19 23:09:16',NULL),(9830,1,1,0,'',4,3418,3418,1,0,3137,379878,'cd37e9634aac63ac2bcfac9c499685d4',0,0,'',0,0,'2016-12-19 21:35:54','2016-12-19 21:37:49',NULL),(9844,1,1,0,'',2,3422,3422,1,0,3141,381897,'8645cd29db71cad7e2d6c9be10eac697',0,0,'',1,1,'2016-12-21 16:47:54','2016-12-21 16:56:03',NULL),(9866,1,1,0,'',4,3425,3425,1,0,3143,363704,'c88ab7a24f064bc8c0166e117ec49c02',0,0,'',0,0,'2016-12-24 13:09:46','2016-12-24 13:21:52',NULL),(9883,1,1,0,'',4,3426,3426,1,0,3146,383712,'d39f1da3924d67f70a13e2451883c272',0,0,'',0,0,'2016-12-27 14:17:13','2016-12-27 14:30:39',NULL),(9885,1,1,0,'',4,3423,3423,1,0,3142,388264,'8f2d0635ca3aab40d698c63b70946e8b',0,0,'',0,0,'2016-12-29 20:25:34','2016-12-29 20:34:12',NULL),(9892,1,1,45,'a:1:{i:2883;s:3:\"45,\";}',4,2883,2883,1,0,2656,34081,'1815840bdcc8ef8aa8bac2423e65390e',0,0,'',0,0,'2016-12-30 08:30:26','2017-01-01 19:50:32',NULL),(9893,1,1,0,'',4,3427,3427,1,0,3147,389324,'c178e410d7509ba2e118ae70d5d2a9cd',0,0,'',1,0,'2016-12-30 09:55:44','2016-12-30 10:03:54',NULL),(9899,1,1,0,'',4,3428,3428,1,0,3148,386775,'cd2cea9c403e93b49a989d920f802308',0,0,'',0,0,'2016-12-30 16:50:33','2016-12-30 16:54:10',NULL),(9905,1,1,0,'',4,3430,3430,1,0,3150,391084,'04137d05cc7883a96a5b8deec2c8f5cd',0,0,'',0,0,'2016-12-30 22:46:33','2016-12-30 22:58:36',NULL),(9906,1,1,0,'',1,3431,3431,1,0,3151,372340,'cb4c78e467f4df9f5f95da112d01c018',0,0,'',1,0,'2016-12-31 12:35:06','2016-12-31 12:42:37',NULL),(9927,1,1,0,'',4,3432,3432,1,0,3153,395500,'2b491f4044f676e999c1061be87924b7',0,0,'',0,0,'2017-01-04 17:39:01','2017-01-04 17:41:47',NULL),(9931,1,1,0,'',1,3433,3434,1,0,3154,395595,'e9d474548482d7ef04b9ef2eec523976',0,0,'',0,0,'2017-01-04 22:00:39','2017-01-04 22:21:13',NULL),(9935,1,1,0,'',4,3438,3438,1,0,3157,394592,'4695d6203c6e30e60abca4f69386fb1f',0,0,'',0,0,'2017-01-05 12:13:18','2017-01-05 12:32:10',NULL),(9941,1,1,0,'',4,3441,3442,1,0,3159,396274,'5eddf08826b9ae26f8a79da259c8330c',0,0,'',0,0,'2017-01-05 20:11:17','2017-01-05 20:20:07',NULL),(9945,1,1,0,'',1,3443,3443,1,0,3160,396772,'57ee5915de0dda1912d48870643ee50e',0,0,'',0,0,'2017-01-06 15:52:22','2017-01-06 16:58:53',NULL),(9946,1,1,0,'',1,3443,3443,1,0,3160,396772,'57ee5915de0dda1912d48870643ee50e',0,0,'',0,0,'2017-01-06 17:00:11','2017-01-06 17:03:03',NULL),(9953,1,1,0,'',4,3444,3444,1,0,1901,397414,'a37658bb06d403925eeb4fd611eaf4dc',0,0,'',0,0,'2017-01-07 13:28:37','2017-01-07 13:48:39',NULL),(9959,1,1,0,'',4,1898,1898,1,0,1785,398151,'2efb1a3f7eca6a0cda65771c0df03e2e',0,0,'',0,0,'2017-01-08 10:18:49','2017-01-08 10:22:57',NULL),(9961,1,1,0,'',4,3445,3445,1,0,3161,397417,'d67349576e547a443241e6d89bbc13da',0,0,'',0,0,'2017-01-08 11:38:25','2017-01-08 11:46:31',NULL),(9970,1,1,0,'',4,3447,3447,1,0,3163,398479,'30c21b10076cfd8c63c94dfd6e5f75f5',0,0,'',0,0,'2017-01-08 23:35:57','2017-01-08 23:41:54',NULL),(9985,1,1,49,'a:1:{i:3449;s:3:\"49,\";}',4,3449,3449,1,0,3165,394565,'724177e15386707979cd37f65aec0ecc',0,0,'',0,0,'2017-01-10 10:06:09','2017-01-10 15:48:41',NULL),(10005,1,1,0,'',4,1065,1065,1,0,1055,397430,'307e54e7e8bf53c734d68f44d73d1391',0,0,'',0,0,'2017-01-11 18:27:33','2017-01-11 18:28:28',NULL),(10008,1,1,0,'',4,3461,3462,1,0,3175,404359,'18fd85b17147786f1e498b87ef08603a',0,0,'',0,0,'2017-01-11 22:35:00','2017-01-17 11:55:07',NULL),(10009,1,1,0,'',4,3453,3452,1,0,3168,404399,'ad0e4608a8c9ce4a976ed001ff78d1d9',0,0,'',0,0,'2017-01-11 23:00:23','2017-01-11 23:38:02',NULL),(10014,1,1,0,'',4,3456,3456,1,0,3170,405892,'2e1e855b2e337e5d9349e127ed3b57ac',0,0,'',1,0,'2017-01-12 19:53:36','2017-01-12 20:04:25',NULL),(10015,1,1,0,'',1,3457,3457,1,0,3171,383101,'58ad48af870b99f103698ab5846785b1',0,0,'',1,0,'2017-01-12 22:30:50','2017-01-12 22:42:09',NULL),(10023,1,1,0,'',4,3458,3458,1,0,3172,407306,'991d81d61338411b880687f26919ad58',0,0,'',0,0,'2017-01-13 17:37:36','2017-01-13 17:46:25',NULL),(10050,1,1,0,'',4,923,923,1,0,923,412375,'63c9496e7c932271b09e550f077843b7',0,0,'',1,0,'2017-01-15 15:13:16','2017-01-15 15:38:04',NULL),(10066,1,1,0,'',1,3459,3459,1,0,3173,400256,'991dbc7159770d35e028177bba9c0e10',0,0,'',0,0,'2017-01-16 15:19:38','2017-01-16 15:30:21',NULL),(10075,1,1,0,'',4,3464,3463,1,0,3176,414129,'fa7d8c27e56b13f13b54904420975d5d',0,0,'',0,0,'2017-01-17 13:05:47','2017-01-17 13:18:19',NULL),(10077,1,1,0,'',4,3464,3463,1,0,3176,414129,'fa7d8c27e56b13f13b54904420975d5d',0,0,'',0,0,'2017-01-17 13:32:20','2017-01-17 13:35:50',NULL),(10081,1,1,0,'',4,3466,3466,1,0,3177,414316,'7c1b924ccbe9ca114e1804648bcdcb6e',0,0,'',0,0,'2017-01-17 19:44:54','2017-01-17 20:04:56',NULL),(10084,1,1,0,'',4,3467,3467,1,0,3178,414703,'1fc7314eb0cb51e3bd66787cb8d8c210',0,0,'',0,0,'2017-01-18 09:11:45','2017-01-18 09:47:53',NULL),(10085,1,1,0,'',4,515,515,1,0,515,414659,'1f7dbaf78f9f4c3bbfa7e12bfbff56d2',0,0,'',0,0,'2017-01-18 10:54:11','2017-01-18 11:54:18',NULL),(10090,1,1,0,'',4,3477,3477,1,0,3187,415065,'c63ae575b7c087683d9b0d4c7c7a72a0',0,0,'',1,0,'2017-01-18 20:55:27','2017-01-23 17:30:14',NULL),(10096,1,1,0,'',4,3469,3469,1,0,3180,415922,'a6225a486aee8bf9364dfe7430ffde9e',0,0,'',1,0,'2017-01-19 19:02:07','2017-01-19 19:08:51',NULL),(10097,1,1,0,'',4,3207,3207,1,0,2945,394709,'5abad09f3ea7b1f160ff0fdb1dc759a5',0,0,'',0,0,'2017-01-19 21:34:31','2017-01-31 20:00:35',NULL),(10100,1,1,0,'',4,3490,3490,1,0,3201,406912,'436870ef09ed5241028ac22f43ca451c',0,0,'',0,0,'2017-01-20 09:31:32','2017-01-30 07:15:21',NULL),(10101,1,1,0,'',4,433,433,1,0,433,416425,'3f0b19f5456e804db5365505acd6ad8c',0,0,'',0,1,'2017-01-20 13:02:41','2017-01-22 18:37:33',NULL),(10102,1,1,0,'',4,3470,3470,1,0,3182,416585,'90637cd857bc9c4fcbf852fb66b1ec77',0,0,'',0,0,'2017-01-20 17:16:41','2017-01-20 17:18:09',NULL),(10108,1,1,0,'',4,3471,3471,1,0,3183,417177,'055fbeab382965a4a27afe7d55acaec3',0,0,'',0,0,'2017-01-21 09:57:49','2017-01-21 11:53:46',NULL),(10111,1,1,0,'',4,3503,3503,1,0,3214,417462,'40738a0160f59c579bdcbe61c2b99c74',0,0,'',1,0,'2017-01-21 13:59:59','2017-02-04 09:23:39',NULL),(10122,1,1,0,'',4,3473,3473,1,0,3185,418166,'5cb384f5382b76f89e39aadc2121b70e',0,0,'',1,0,'2017-01-22 13:22:49','2017-01-22 13:33:06',NULL),(10129,1,1,0,'',4,3474,3474,1,0,3186,418672,'91df0bec986f9ca6cdab420971507c83',0,0,'',0,0,'2017-01-22 23:44:27','2017-01-22 23:58:12',NULL),(10159,1,1,0,'',4,3475,3476,1,0,3188,419671,'cd9e86f147a8931c4dd2123fd4b5ab1d',0,0,'',0,0,'2017-01-23 17:14:11','2017-01-23 17:26:50',NULL),(10160,1,1,0,'',1,3478,3478,1,0,3189,419698,'40cc78066f12e947cb7419795cea28f7',0,0,'',0,0,'2017-01-23 17:30:25','2017-01-24 15:15:57',NULL),(10168,1,1,0,'',4,3479,3479,1,0,3190,420966,'032b980d76a9f202894e56daa79e8715',0,0,'',0,0,'2017-01-24 21:37:07','2017-01-24 22:01:34',NULL),(10172,1,1,0,'',4,3480,3481,1,0,3191,416347,'3f7854bc6b7346791e64a81d591930d5',0,0,'',0,0,'2017-01-25 09:06:03','2017-01-25 09:40:24',NULL),(10182,1,1,0,'',4,3483,3483,1,0,3193,422221,'98ae06301d85ca16a0021d5a9dd5b5d4',0,0,'',1,0,'2017-01-25 19:49:21','2017-01-25 20:17:26',NULL),(10189,1,1,0,'',4,2439,2439,1,0,1667,421547,'7f1c23738e0c4cf632c011720603dbae',0,0,'',0,0,'2017-01-26 18:05:04','2017-01-26 18:06:08',NULL),(10191,1,1,0,'',4,3485,3485,1,0,3195,423181,'1c25e9fd7043f65efc2f4bda7d849395',0,0,'',0,0,'2017-01-26 19:13:14','2017-01-26 21:00:47',NULL),(10196,1,1,0,'',2,3487,3487,1,0,3197,424263,'590e9c198b070ee44e4b5b9b8f27e1d7',0,0,'',1,0,'2017-01-27 21:00:29','2017-01-27 21:36:43',NULL),(10201,1,1,0,'',4,3488,3488,1,0,3198,424853,'cf17b3d439a5fc3cb52e2e7a00f95923',0,0,'',0,0,'2017-01-28 13:30:21','2017-01-28 14:17:10',NULL),(10217,1,1,0,'',4,3493,3493,1,0,3204,425973,'97348face88aa857db007f35d193f987',0,0,'',0,0,'2017-01-29 18:08:23','2017-01-30 22:33:27',NULL),(10218,1,1,0,'',2,3489,3489,1,0,3199,426035,'a594ee9d42925b54629be36772f977cc',0,0,'',1,0,'2017-01-29 19:49:57','2017-01-29 19:57:55',NULL),(10223,1,1,0,'',2,3489,3489,1,0,3199,426568,'a594ee9d42925b54629be36772f977cc',0,0,'',1,0,'2017-01-30 13:33:44','2017-01-30 13:39:40',NULL),(10225,1,1,0,'',4,3491,3491,1,0,3202,426599,'86e0964ceecda9e0c11676296dfb5512',0,0,'',0,0,'2017-01-30 14:41:09','2017-01-30 14:51:37',NULL),(10229,1,1,0,'',4,3492,3492,1,0,3203,426722,'f28a44eb28bb4ba980d4064faa2a55f6',0,0,'',0,0,'2017-01-30 20:07:17','2017-01-30 20:16:37',NULL),(10231,1,1,0,'',4,3494,3494,1,0,3205,426761,'3778089f265abf0701800c9a1e252865',0,0,'',0,0,'2017-01-30 21:05:42','2017-01-31 11:34:41',NULL),(10235,1,1,0,'',1,3496,3496,1,0,3206,427150,'a3acc222980fbe8c1349bc63494145cd',0,0,'',0,0,'2017-01-31 10:58:31','2017-01-31 17:39:45',NULL),(10239,1,1,0,'',4,3517,3517,1,0,3228,420534,'577a6f04603c8ee75c0651f6228b691f',0,0,'',1,1,'2017-01-31 20:27:12','2017-02-07 18:05:21',NULL),(10253,1,1,0,'',4,3498,3498,1,0,3208,428063,'2524d2c365bd7c39064ebb7a92212167',0,0,'',0,0,'2017-02-01 22:04:26','2017-02-01 22:20:28',NULL),(10260,1,1,0,'',4,3499,3499,1,0,3210,397438,'2f011d4dda63526992af520c726cbf81',0,0,'',1,0,'2017-02-02 17:38:12','2017-02-02 17:42:26',NULL),(10263,1,1,0,'',4,3500,3500,1,0,3211,428697,'8beda95a62d44c678689ea257e9f06bd',0,0,'',0,0,'2017-02-02 21:46:48','2017-02-02 22:15:03',NULL),(10265,1,1,0,'',4,3502,3502,1,0,3213,428675,'1a3a185a9aba07320f29a3cc434e8b3f',0,0,'',1,0,'2017-02-03 14:37:41','2017-02-03 14:45:37',NULL),(10274,1,1,0,'',4,3504,3504,1,0,3215,429163,'a6d3e7a13c4954de96814024d9b63092',0,0,'',1,1,'2017-02-05 07:54:17','2017-02-05 08:20:54',NULL),(10277,1,1,0,'',4,3505,3505,1,0,3216,431557,'cdfcdf86f054ebc613a3cb2f52427d44',0,0,'',0,0,'2017-02-05 11:26:37','2017-02-05 11:31:32',NULL),(10278,1,1,0,'',4,3544,3544,1,0,3249,431571,'1772f9f2d3d2e5550e985f20e742e343',0,0,'',0,0,'2017-02-05 11:51:52','2017-02-15 19:18:03',NULL),(10280,1,1,0,'',4,3648,3648,1,0,3344,429898,'66b10fac00935ee1e5abacbe2b7e8229',0,0,'',1,0,'2017-02-05 15:12:31','2017-03-15 21:34:26',NULL),(10281,1,1,0,'',4,2820,2820,1,0,2605,431107,'62c865f93728f019b1751389fc05f20b',0,0,'',1,0,'2017-02-05 17:40:24','2017-02-05 17:47:44',NULL),(10284,1,1,0,'',4,3510,3510,1,0,3220,424745,'8b86a82abd8a69466a0da562d13e7f89',0,0,'',1,0,'2017-02-05 18:05:49','2017-02-05 22:07:13',NULL),(10285,1,1,0,'',1,3509,3509,1,0,3219,431738,'c397484d9089ec4695d1d6c414ee21af',0,0,'',0,0,'2017-02-05 18:23:07','2017-02-05 18:42:20',NULL),(10291,1,1,0,'',4,1186,1186,1,0,1161,431750,'55211c3ac1bd9ae6b631c14e9e593bb0',0,0,'',0,1,'2017-02-06 15:17:28','2017-02-06 17:48:27',NULL),(10294,1,1,0,'',4,3511,3511,1,0,3222,432142,'02a9d7624cc719ef940418f191db8cff',0,0,'',0,0,'2017-02-06 16:58:41','2017-02-06 17:02:43',NULL),(10297,1,1,0,'',4,3207,3207,1,0,2945,394709,'5abad09f3ea7b1f160ff0fdb1dc759a5',0,0,'',0,0,'2017-02-06 18:33:34','2017-02-06 18:35:59',NULL),(10300,1,1,0,'',4,3512,3512,1,0,3223,432234,'a8f19eefb2a0f6e002d30684e95724d6',0,0,'',0,0,'2017-02-06 20:13:26','2017-02-06 20:24:55',NULL),(10303,1,1,0,'',4,3513,3513,1,0,3224,432271,'7f5626abea7921a415feccf3215f34e0',0,0,'',0,0,'2017-02-06 22:00:02','2017-02-06 22:05:00',NULL),(10306,1,1,0,'',4,3520,3520,1,0,3231,432660,'93be6093ed19ed08a4bbec4be8227620',0,0,'',0,0,'2017-02-07 10:24:52','2017-02-07 22:39:51',NULL),(10310,1,1,0,'',4,3565,3566,1,0,3267,428647,'b82a0b8ff50afb3c6f519eff5f040766',0,0,'',0,0,'2017-02-07 14:07:14','2017-02-22 10:02:10',NULL),(10321,1,1,0,'',4,3519,3519,1,0,3230,432960,'ae96418ebf1f757a4e0c325c17dc1a8d',0,0,'',1,0,'2017-02-07 20:49:39','2017-02-07 22:36:00',NULL),(10322,1,1,0,'',4,3521,3521,1,0,3232,443058,'bc517288c7782c4148a7aeb300a3ee53',0,0,'',0,0,'2017-02-07 22:50:23','2017-02-07 23:11:50',NULL),(10326,1,1,0,'',1,3523,3524,1,0,3234,431962,'38e5eebd1712ae6965d6b7561074a549',0,0,'',0,0,'2017-02-08 09:02:21','2017-02-08 10:33:27',NULL),(10330,1,1,0,'',4,205,205,1,0,205,443665,'ca610187214f57e07835917e20bc0738',0,0,'',0,0,'2017-02-08 16:06:47','2017-02-08 16:13:41',NULL),(10342,1,1,0,'',4,3526,3526,1,0,3236,444133,'fab75142f6001c38f163c6feb63bc17c',0,0,'',0,0,'2017-02-09 08:43:09','2017-02-09 08:45:19',NULL),(10343,1,1,0,'',4,3527,3527,1,0,3237,419224,'23804af5e82e26005572e8947a22cc42',0,0,'',0,0,'2017-02-09 09:57:00','2017-02-09 10:02:25',NULL),(10345,1,1,0,'',4,3528,3528,1,0,3238,444227,'4e6569c5f1f31470667627b59b46f1d7',0,0,'',0,0,'2017-02-09 13:02:07','2017-02-09 13:11:56',NULL),(10346,1,1,0,'',1,3537,3537,1,0,3245,444259,'9c3b9840d34fe44b9e06d9f8d50ff91a',0,0,'',0,0,'2017-02-09 14:27:03','2017-02-13 10:57:25',NULL),(10354,1,1,0,'',4,2820,2820,1,0,2605,445167,'62c865f93728f019b1751389fc05f20b',0,0,'',1,0,'2017-02-10 19:06:21','2017-02-10 19:14:29',NULL),(10364,1,1,0,'',4,3531,3531,1,0,3240,446277,'ec66738a1c9fe5572496817497ee0e89',0,0,'',1,0,'2017-02-12 11:27:28','2017-02-12 11:34:09',NULL),(10366,1,1,0,'',4,3533,3533,1,0,3242,443656,'c9c628f402055a0522084dcf0503acc2',0,0,'',0,0,'2017-02-12 17:43:17','2017-02-12 19:33:31',NULL),(10377,1,1,0,'',4,3538,3538,1,0,3246,447388,'82ecccc8b969cce4027a2e747fcfa6ca',0,0,'',0,0,'2017-02-13 16:10:39','2017-02-13 16:12:41',NULL),(10380,1,1,0,'',4,3539,3539,1,0,3247,447624,'930210af4046fbe21aa9e6b157441304',0,0,'',0,0,'2017-02-13 21:40:07','2017-02-13 22:49:28',NULL),(10385,1,1,0,'',2,3571,3571,1,0,3272,449091,'20a6c0091d4631273c52c2d18e825bc4',0,0,'',0,0,'2017-02-14 14:08:48','2017-02-23 18:40:36',NULL),(10389,1,1,0,'',4,3542,3541,1,0,3248,449222,'2e45580b810f221330614eec317df3c3',0,0,'',0,0,'2017-02-14 19:17:14','2017-02-14 19:28:03',NULL),(10391,1,1,0,'',4,3543,3543,1,0,2605,443054,'62c865f93728f019b1751389fc05f20b',0,0,'',1,0,'2017-02-14 20:04:34','2017-02-14 20:13:30',NULL),(10402,1,1,0,'',1,3545,3545,1,0,3250,450524,'357307b5794f70c635e5a76dd59e1858',0,0,'',0,0,'2017-02-15 22:58:38','2017-02-15 23:13:18',NULL),(10406,1,1,0,'',4,3546,3547,1,0,3251,451197,'6b8808ba12a0c1e62593d7bd7bfbaed8',0,0,'',0,0,'2017-02-16 15:47:38','2017-02-16 15:50:52',NULL),(10409,1,1,0,'',4,3548,3548,1,0,3252,451260,'86e76b62542e3c0a7099049d639e0f97',0,0,'',0,0,'2017-02-16 17:43:42','2017-02-16 17:51:33',NULL),(10418,1,1,0,'',4,3550,3550,1,0,3255,451876,'84ddce6aa9c466de4294f77e1be95b48',0,0,'',0,0,'2017-02-17 08:30:32','2017-02-17 08:33:24',NULL),(10422,1,1,0,'',4,3551,3551,1,0,3256,452039,'6d114bfaa63c21e99b5584fd978ff8ae',0,0,'',1,0,'2017-02-17 15:24:37','2017-02-17 15:32:30',NULL),(10435,1,1,0,'',4,3553,3553,1,0,3258,453107,'cb78a971412b4169ebdfd02a550189aa',0,0,'',1,0,'2017-02-19 14:05:27','2017-02-19 17:49:06',NULL),(10440,1,1,0,'',1,2158,2158,1,0,2018,454001,'388e573c116bf651753d3e8a7ee3bc52',0,0,'',0,0,'2017-02-19 23:44:05','2017-02-19 23:53:18',NULL),(10448,1,1,0,'',4,3554,3554,1,0,3259,452993,'02a2c50a8a60793cd358d506bb2283cc',0,0,'',1,0,'2017-02-20 16:02:32','2017-02-20 16:05:47',NULL),(10451,1,1,0,'',4,3555,3555,1,0,3260,454598,'bfd84ec1f38a8de53c1c6127f9d8bb0b',0,0,'',0,0,'2017-02-20 18:10:59','2017-02-20 18:19:02',NULL),(10453,1,1,0,'',2,3627,3627,1,0,3322,454631,'6548efefbfb355ba09dd00955e622a1e',0,0,'',0,0,'2017-02-20 19:31:34','2017-03-10 18:01:06',NULL),(10455,1,1,0,'',4,3556,3556,1,0,3261,426775,'4e9cca542c239f4a714519bd7228b3d9',0,0,'',0,0,'2017-02-20 20:50:50','2017-02-20 21:58:02',NULL),